000
CDUS45 KLKN 230028
CLIP68


CLIMATE REPORT
NATIONAL WEATHER SERVICE ELKO NV
528 PM PDT TUE JUL 22 2014


...................................

...THE EUREKA AIRPORT NV CLIMATE SUMMARY FOR JULY 22 2014...
VALID TODAY AS OF 0500 PM LOCAL TIME.

CLIMATE NORMAL PERIOD 1981 TO 2010
CLIMATE RECORD PERIOD 1963 TO 2014


WEATHER ITEM   OBSERVED TIME   RECORD YEAR NORMAL DEPARTURE LAST
                VALUE   (LST)  VALUE       VALUE  FROM      YEAR
                                                  NORMAL
..................................................................
TEMPERATURE (F)
 TODAY
  MAXIMUM         94    344 PM 101    2003  91      3       99
  MINIMUM         46    454 AM  32    1987  50     -4       55
  AVERAGE         70                        70      0       77

PRECIPITATION (IN)
  TODAY            0.00          0.24 1970   0.02  -0.02     0.00
  MONTH TO DATE    0.24                      0.41  -0.17     0.54
  SINCE OCT 1      7.31                      7.62  -0.31     5.11
  SINCE JAN 1      4.91                      5.49  -0.58     3.67

DEGREE DAYS
 HEATING
  TODAY            0                         0      0        0
  MONTH TO DATE    0                         8     -8        1
  SINCE JUN 1    103                       168    -65       81
  SINCE JUL 1      0                         8     -8        1

 COOLING
  TODAY            5                         6     -1       12
  MONTH TO DATE  199                        93    106      206
  SINCE JUN 1    240                       122    118      298
  SINCE JAN 1    242                       125    117      299
..................................................................


WIND (MPH)
  HIGHEST WIND SPEED    29   HIGHEST WIND DIRECTION     S (170)
  HIGHEST GUST SPEED    35   HIGHEST GUST DIRECTION     S (180)




RELATIVE HUMIDITY (PERCENT)
 HIGHEST    66           400 AM
 LOWEST      6           300 PM
 AVERAGE    36

..........................................................


THE EUREKA AIRPORT NV CLIMATE NORMALS FOR TOMORROW
                         NORMAL    RECORD    YEAR
 MAXIMUM TEMPERATURE (F)   91        99      2003
 MINIMUM TEMPERATURE (F)   50        32      1987


SUNRISE AND SUNSET
JULY 22 2014..........SUNRISE   535 AM PDT   SUNSET   805 PM PDT
JULY 23 2014..........SUNRISE   536 AM PDT   SUNSET   805 PM PDT


-  INDICATES NEGATIVE NUMBERS.
R  INDICATES RECORD WAS SET OR TIED.
MM INDICATES DATA IS MISSING.
T  INDICATES TRACE AMOUNT.




$$
