000
CDUS45 KLKN 210935
CLIP68


CLIMATE REPORT
NATIONAL WEATHER SERVICE ELKO NV
231 AM PDT FRI JUL 21 2017


...................................

...THE EUREKA AIRPORT NV CLIMATE SUMMARY FOR JULY 20 2017...

CLIMATE NORMAL PERIOD 1981 TO 2010
CLIMATE RECORD PERIOD 1963 TO 2017


WEATHER ITEM   OBSERVED TIME   RECORD YEAR NORMAL DEPARTURE LAST
                VALUE   (LST)  VALUE       VALUE  FROM      YEAR
                                                  NORMAL
..................................................................
TEMPERATURE (F)
 YESTERDAY
  MAXIMUM         91    312 PM 100    2005  90      1       94
  MINIMUM         51    350 AM  31    1983  50      1       48
  AVERAGE         71                        70      1       71

PRECIPITATION (IN)
  YESTERDAY        0.00          1.27 1998   0.03  -0.03     0.00
  MONTH TO DATE    0.07                      0.36  -0.29     0.00
  SINCE OCT 1      9.33                      7.57   1.76    12.05
  SINCE JAN 1      7.24                      5.44   1.80     7.78

DEGREE DAYS
 HEATING
  YESTERDAY        0                         0      0        0
  MONTH TO DATE    0                         8     -8       13
  SINCE JUN 1     74                       168    -94       67
  SINCE JUL 1      0                         8     -8       13

 COOLING
  YESTERDAY        6                         5      1        6
  MONTH TO DATE  186                        81    105       94
  SINCE JUN 1    262                       110    152      185
  SINCE JAN 1    262                       113    149      185
..................................................................


WIND (MPH)
  HIGHEST WIND SPEED    20   HIGHEST WIND DIRECTION    SE (150)
  HIGHEST GUST SPEED    24   HIGHEST GUST DIRECTION    SE (150)
  AVERAGE WIND SPEED     5.6




RELATIVE HUMIDITY (PERCENT)
 HIGHEST    38           500 AM
 LOWEST     15           600 PM
 AVERAGE    27

..........................................................


THE EUREKA AIRPORT NV CLIMATE NORMALS FOR TODAY
                         NORMAL    RECORD    YEAR
 MAXIMUM TEMPERATURE (F)   91        99      2006
                                             2003
 MINIMUM TEMPERATURE (F)   50        32      1983


SUNRISE AND SUNSET
JULY 21 2017..........SUNRISE   534 AM PDT   SUNSET   806 PM PDT
JULY 22 2017..........SUNRISE   535 AM PDT   SUNSET   805 PM PDT


-  INDICATES NEGATIVE NUMBERS.
R  INDICATES RECORD WAS SET OR TIED.
MM INDICATES DATA IS MISSING.
T  INDICATES TRACE AMOUNT.




$$
