000
CDUS45 KLKN 270936
CLIP68


CLIMATE REPORT
NATIONAL WEATHER SERVICE ELKO NV
233 AM PDT FRI MAR 27 2015


...................................

...THE EUREKA AIRPORT NV CLIMATE SUMMARY FOR MARCH 26 2015...

CLIMATE NORMAL PERIOD 1981 TO 2010
CLIMATE RECORD PERIOD 1963 TO 2015


WEATHER ITEM   OBSERVED TIME   RECORD YEAR NORMAL DEPARTURE LAST
                VALUE   (LST)  VALUE       VALUE  FROM      YEAR
                                                  NORMAL
..................................................................
TEMPERATURE (F)
 YESTERDAY
  MAXIMUM         68    423 PM  72    1988  53     15       47
  MINIMUM         26    423 AM   4    1985  25      1       32
  AVERAGE         47                        39      8       40

PRECIPITATION (IN)
  YESTERDAY        0.00          0.41 1989   0.03  -0.03     0.15
  MONTH TO DATE    0.31                      0.76  -0.45     0.25
  SINCE OCT 1      2.02                      4.49  -2.47     4.39
  SINCE JAN 1      0.90                      2.36  -1.46     1.99

DEGREE DAYS
 HEATING
  YESTERDAY       18                        26     -8       25
  MONTH TO DATE  579                       745   -166      646
  SINCE MAR 1    579                       745   -166      646
  SINCE JUL 1   4622                      6030  -1408     5450

 COOLING
  YESTERDAY        0                         0      0        0
  MONTH TO DATE    0                         0      0        0
  SINCE MAR 1      0                         0      0        0
  SINCE JAN 1      0                         0      0        0
..................................................................


WIND (MPH)
  HIGHEST WIND SPEED    13   HIGHEST WIND DIRECTION     N (20)
  HIGHEST GUST SPEED    15   HIGHEST GUST DIRECTION    NE (30)
  AVERAGE WIND SPEED     5.7




RELATIVE HUMIDITY (PERCENT)
 HIGHEST    75           600 AM
 LOWEST     20           500 PM
 AVERAGE    48

..........................................................


THE EUREKA AIRPORT NV CLIMATE NORMALS FOR TODAY
                         NORMAL    RECORD    YEAR
 MAXIMUM TEMPERATURE (F)   54        73      1986
 MINIMUM TEMPERATURE (F)   25        12      2010
                                             1995


SUNRISE AND SUNSET
MARCH 27 2015.........SUNRISE   636 AM PDT   SUNSET   703 PM PDT
MARCH 28 2015.........SUNRISE   635 AM PDT   SUNSET   704 PM PDT


-  INDICATES NEGATIVE NUMBERS.
R  INDICATES RECORD WAS SET OR TIED.
MM INDICATES DATA IS MISSING.
T  INDICATES TRACE AMOUNT.




$$
