000
CDUS45 KLKN 250926
CLIP68


CLIMATE REPORT
NATIONAL WEATHER SERVICE ELKO NV
226 AM PDT WED MAY 25 2016


...................................

...THE EUREKA AIRPORT NV CLIMATE SUMMARY FOR MAY 24 2016...

CLIMATE NORMAL PERIOD 1981 TO 2010
CLIMATE RECORD PERIOD 1963 TO 2016


WEATHER ITEM   OBSERVED TIME   RECORD YEAR NORMAL DEPARTURE LAST
                VALUE   (LST)  VALUE       VALUE  FROM      YEAR
                                                  NORMAL
..................................................................
TEMPERATURE (F)
 YESTERDAY
  MAXIMUM         58    451 PM  88    2001  72    -14       64
  MINIMUM         35    433 AM  22    2010  36     -1       40
                                      1989
  AVERAGE         47                        54     -7       52

PRECIPITATION (IN)
  YESTERDAY        0.02          0.54 2000   0.02   0.00     0.13
  MONTH TO DATE    1.50                      0.58   0.92     1.56
  SINCE OCT 1     11.20                      6.21   4.99     3.93
  SINCE JAN 1      6.93                      4.08   2.85     2.81

DEGREE DAYS
 HEATING
  YESTERDAY       18                        11      7       13
  MONTH TO DATE  333                       339     -6      346
  SINCE MAR 1   1637                      1858   -221     1626
  SINCE JUL 1   6740                      7143   -403     5669

 COOLING
  YESTERDAY        0                         0      0        0
  MONTH TO DATE    0                         0      0        0
  SINCE MAR 1      0                         0      0        0
  SINCE JAN 1      0                         0      0        0
..................................................................


WIND (MPH)
  HIGHEST WIND SPEED    21   HIGHEST WIND DIRECTION     N (340)
  HIGHEST GUST SPEED    24   HIGHEST GUST DIRECTION     N (340)
  AVERAGE WIND SPEED     6.2




RELATIVE HUMIDITY (PERCENT)
 HIGHEST    85          1200 AM
 LOWEST     38          1000 AM
 AVERAGE    62

..........................................................


THE EUREKA AIRPORT NV CLIMATE NORMALS FOR TODAY
                         NORMAL    RECORD    YEAR
 MAXIMUM TEMPERATURE (F)   73        87      2001
 MINIMUM TEMPERATURE (F)   36        22      1989


SUNRISE AND SUNSET
MAY 25 2016...........SUNRISE   522 AM PDT   SUNSET   800 PM PDT
MAY 26 2016...........SUNRISE   521 AM PDT   SUNSET   801 PM PDT


-  INDICATES NEGATIVE NUMBERS.
R  INDICATES RECORD WAS SET OR TIED.
MM INDICATES DATA IS MISSING.
T  INDICATES TRACE AMOUNT.




$$
