000
CDUS45 KLKN 080932
CLIP68


CLIMATE REPORT
NATIONAL WEATHER SERVICE ELKO NV
131 AM PST MON FEB 8 2016


...................................

...THE EUREKA AIRPORT NV CLIMATE SUMMARY FOR FEBRUARY 7 2016...

CLIMATE NORMAL PERIOD 1981 TO 2010
CLIMATE RECORD PERIOD 1963 TO 2016


WEATHER ITEM   OBSERVED TIME   RECORD YEAR NORMAL DEPARTURE LAST
                VALUE   (LST)  VALUE       VALUE  FROM      YEAR
                                                  NORMAL
..................................................................
TEMPERATURE (F)
 YESTERDAY
  MAXIMUM         33    906 PM  62    2015  41     -8       62
  MINIMUM          0   1159 PM -37    1989  14    -14       34
  AVERAGE         17                        27    -10       48

PRECIPITATION (IN)
  YESTERDAY        0.00          0.33 2005   0.03  -0.03     0.00
  MONTH TO DATE    0.05                      0.20  -0.15     0.00
  SINCE OCT 1      5.96                      3.07   2.89     1.38
  SINCE JAN 1      1.69                      0.94   0.75     0.26

DEGREE DAYS
 HEATING
  YESTERDAY       48                        38     10       17
  MONTH TO DATE  383                       270    113      134
  SINCE DEC 1   2918                      2794    124     2105
  SINCE JUL 1   4404                      4553   -149     3445

 COOLING
  YESTERDAY        0                         0      0        0
  MONTH TO DATE    0                         0      0        0
  SINCE DEC 1      0                         0      0        0
  SINCE JAN 1      0                         0      0        0
..................................................................


WIND (MPH)
  HIGHEST WIND SPEED    13   HIGHEST WIND DIRECTION    SW (210)
  HIGHEST GUST SPEED    14   HIGHEST GUST DIRECTION     S (200)
  AVERAGE WIND SPEED     4.3




RELATIVE HUMIDITY (PERCENT)
 HIGHEST   100          1200 AM
 LOWEST     79           400 AM
 AVERAGE    90

..........................................................


THE EUREKA AIRPORT NV CLIMATE NORMALS FOR TODAY
                         NORMAL    RECORD    YEAR
 MAXIMUM TEMPERATURE (F)   41        63      2015
 MINIMUM TEMPERATURE (F)   14       -32      1989


SUNRISE AND SUNSET
FEBRUARY  8 2016......SUNRISE   645 AM PST   SUNSET   512 PM PST
FEBRUARY  9 2016......SUNRISE   644 AM PST   SUNSET   513 PM PST


-  INDICATES NEGATIVE NUMBERS.
R  INDICATES RECORD WAS SET OR TIED.
MM INDICATES DATA IS MISSING.
T  INDICATES TRACE AMOUNT.




$$
