000
CDUS45 KLKN 200929
CLIP68


CLIMATE REPORT
NATIONAL WEATHER SERVICE ELKO NV
129 AM PST TUE FEB 20 2018


...................................

...THE EUREKA AIRPORT NV CLIMATE SUMMARY FOR FEBRUARY 19 2018...

CLIMATE NORMAL PERIOD 1981 TO 2010
CLIMATE RECORD PERIOD 1963 TO 2018


WEATHER ITEM   OBSERVED TIME   RECORD YEAR NORMAL DEPARTURE LAST
                VALUE   (LST)  VALUE       VALUE  FROM      YEAR
                                                  NORMAL
..................................................................
TEMPERATURE (F)
 YESTERDAY
  MAXIMUM         25   1206 PM  65    2015  44    -19       53
  MINIMUM          6    710 PM  -9    2006  17    -11       26
  AVERAGE         16                        30    -14       40

PRECIPITATION (IN)
  YESTERDAY        0.03          0.26 1994   0.03   0.00     0.00
  MONTH TO DATE    0.20                      0.57  -0.37     0.20
  SINCE OCT 1      2.12                      3.44  -1.32     4.74
  SINCE JAN 1      0.93                      1.31  -0.38     2.65

DEGREE DAYS
 HEATING
  YESTERDAY       49                        35     14       25
  MONTH TO DATE  587                       705   -118      532
  SINCE DEC 1   2653                      3229   -576     3114
  SINCE JUL 1   4237                      4988   -751     4527

 COOLING
  YESTERDAY        0                         0      0        0
  MONTH TO DATE    0                         0      0        0
  SINCE DEC 1      0                         0      0        0
  SINCE JAN 1      0                         0      0        0
..................................................................


WIND (MPH)
  HIGHEST WIND SPEED    23   HIGHEST WIND DIRECTION     N (350)
  HIGHEST GUST SPEED    29   HIGHEST GUST DIRECTION     N (350)
  AVERAGE WIND SPEED     7.0




RELATIVE HUMIDITY (PERCENT)
 HIGHEST    91           100 AM
 LOWEST     49           400 PM
 AVERAGE    70

..........................................................


THE EUREKA AIRPORT NV CLIMATE NORMALS FOR TODAY
                         NORMAL    RECORD    YEAR
 MAXIMUM TEMPERATURE (F)   44        65      1995
 MINIMUM TEMPERATURE (F)   17       -18      1990


SUNRISE AND SUNSET
FEBRUARY 20 2018......SUNRISE   629 AM PST   SUNSET   526 PM PST
FEBRUARY 21 2018......SUNRISE   628 AM PST   SUNSET   527 PM PST


-  INDICATES NEGATIVE NUMBERS.
R  INDICATES RECORD WAS SET OR TIED.
MM INDICATES DATA IS MISSING.
T  INDICATES TRACE AMOUNT.




$$
