000
CDUS43 KPAH 220636
CLIPAH


CLIMATE REPORT
NATIONAL WEATHER SERVICE PADUCAH KY
132 AM CDT SAT JUL 22 2017


...................................

...THE PADUCAH KY CLIMATE SUMMARY FOR JULY 21 2017...

CLIMATE NORMAL PERIOD 1981 TO 2010
CLIMATE RECORD PERIOD 1937 TO 2017


WEATHER ITEM   OBSERVED TIME   RECORD YEAR NORMAL DEPARTURE LAST
                VALUE   (LST)  VALUE       VALUE  FROM      YEAR
                                                  NORMAL
..................................................................
TEMPERATURE (F)
 YESTERDAY
  MAXIMUM         97    259 PM  99    1983  89      8       95
  MINIMUM         76    240 AM  54    1971  69      7       71
  AVERAGE         87                        79      8       83

PRECIPITATION (IN)
  YESTERDAY        0.00          2.60 2009   0.14  -0.14     0.00
  MONTH TO DATE    1.95                      3.09  -1.14     6.85
  SINCE JUN 1      8.21                      7.15   1.06     8.57
  SINCE JAN 1     30.56                     28.37   2.19    31.77

SNOWFALL (IN)
  YESTERDAY        0.0           0.0  2002   0.0    0.0      0.0
                                      2001
  MONTH TO DATE    0.0                       0.0    0.0      0.0
  SINCE JUN 1      0.0                       0.0    0.0      0.0
  SINCE JUL 1      0.0                       0.0    0.0      0.0
  SNOW DEPTH       0

DEGREE DAYS
 HEATING
  YESTERDAY        0                         0      0        0
  MONTH TO DATE    0                         0      0        0
  SINCE JUN 1      0                         4     -4        0
  SINCE JUL 1      0                         0      0        0

 COOLING
  YESTERDAY       22                        14      8       18
  MONTH TO DATE  331                       294     37      334
  SINCE JUN 1    658                       614     44      750
  SINCE JAN 1    889                       786    103      900
..................................................................


WIND (MPH)
  HIGHEST WIND SPEED    10   HIGHEST WIND DIRECTION    SW (240)
  HIGHEST GUST SPEED    16   HIGHEST GUST DIRECTION     W (250)
  AVERAGE WIND SPEED     4.7


SKY COVER
  POSSIBLE SUNSHINE  MM
  AVERAGE SKY COVER 0.0


WEATHER CONDITIONS
 THE FOLLOWING WEATHER WAS RECORDED YESTERDAY.
  FOG
  HAZE


RELATIVE HUMIDITY (PERCENT)
 HIGHEST    88           200 AM
 LOWEST     51          1200 PM
 AVERAGE    70

..........................................................


THE PADUCAH KY CLIMATE NORMALS FOR TODAY
                         NORMAL    RECORD    YEAR
 MAXIMUM TEMPERATURE (F)   89        99      2012
 MINIMUM TEMPERATURE (F)   68        53      1944


SUNRISE AND SUNSET
JULY 22 2017..........SUNRISE   552 AM CDT   SUNSET   810 PM CDT
JULY 23 2017..........SUNRISE   553 AM CDT   SUNSET   810 PM CDT


-  INDICATES NEGATIVE NUMBERS.
R  INDICATES RECORD WAS SET OR TIED.
MM INDICATES DATA IS MISSING.
T  INDICATES TRACE AMOUNT.

&&

------------------------------------------------------------------

***** AGRICULTURAL DATA *****

SOIL TEMPERATURES AT A DEPTH OF FOUR INCHES

UNDER GRASS... MAX: 81     MIN: 81


$$
