000
CDUS43 KPAH 250632
CLIPAH


CLIMATE REPORT
NATIONAL WEATHER SERVICE PADUCAH KY
130 AM CDT MON MAY 25 2015


...................................

...THE PADUCAH KY CLIMATE SUMMARY FOR MAY 24 2015...

CLIMATE NORMAL PERIOD 1981 TO 2010
CLIMATE RECORD PERIOD 1937 TO 2015


WEATHER ITEM   OBSERVED TIME   RECORD YEAR NORMAL DEPARTURE LAST
                VALUE   (LST)  VALUE       VALUE  FROM      YEAR
                                                  NORMAL
..................................................................
TEMPERATURE (F)
 YESTERDAY
  MAXIMUM         86    217 PM  93    1996  80      6       83
  MINIMUM         62    304 AM  45    1963  59      3       65
                                      1961
  AVERAGE         74                        69      5       74

PRECIPITATION (IN)
  YESTERDAY        T             3.29 1966   0.14  -0.14     0.02
  MONTH TO DATE    2.63                      3.92  -1.29     2.07
  SINCE MAR 1     17.25                     12.61   4.64    14.19
  SINCE JAN 1     24.54                     20.20   4.34    19.37

SNOWFALL (IN)
  YESTERDAY        0.0           0.0  2002   0.0    0.0      0.0
                                      2001
  MONTH TO DATE    0.0                       0.0    0.0      0.0
  SINCE MAR 1     12.1                       0.6   11.5      5.6
  SINCE JUL 1     28.6                       9.1   19.5     18.5
  SNOW DEPTH       0

DEGREE DAYS
 HEATING
  YESTERDAY        0                         1     -1        0
  MONTH TO DATE   50                        58     -8       57
  SINCE MAR 1    806                       826    -20      886
  SINCE JUL 1   4475                      4122    353     4541

 COOLING
  YESTERDAY        9                         5      4        9
  MONTH TO DATE  120                        85     35      158
  SINCE MAR 1    162                       127     35      188
  SINCE JAN 1    162                       127     35      188
..................................................................


WIND (MPH)
  HIGHEST WIND SPEED    21   HIGHEST WIND DIRECTION     S (170)
  HIGHEST GUST SPEED    27   HIGHEST GUST DIRECTION     S (160)
  AVERAGE WIND SPEED    11.6


SKY COVER
  POSSIBLE SUNSHINE  MM
  AVERAGE SKY COVER 0.3


WEATHER CONDITIONS
 THE FOLLOWING WEATHER WAS RECORDED YESTERDAY.
  LIGHT RAIN


RELATIVE HUMIDITY (PERCENT)
 HIGHEST    79          1100 PM
 LOWEST     48          1200 PM
 AVERAGE    64

..........................................................


THE PADUCAH KY CLIMATE NORMALS FOR TODAY
                         NORMAL    RECORD    YEAR
 MAXIMUM TEMPERATURE (F)   80        93      2012
 MINIMUM TEMPERATURE (F)   59        43      1992


SUNRISE AND SUNSET
MAY 25 2015...........SUNRISE   540 AM CDT   SUNSET   804 PM CDT
MAY 26 2015...........SUNRISE   540 AM CDT   SUNSET   805 PM CDT


-  INDICATES NEGATIVE NUMBERS.
R  INDICATES RECORD WAS SET OR TIED.
MM INDICATES DATA IS MISSING.
T  INDICATES TRACE AMOUNT.

..........................................................

***** AGRICULTURAL DATA *****

SOIL TEMPERATURES AT A DEPTH OF FOUR INCHES

UNDER GRASS...  MAX: 67   MIN: 66


$$
