000
CDUS44 KLZK 210634
CLIPBF


CLIMATE REPORT
NATIONAL WEATHER SERVICE LITTLE ROCK AR
134 AM CDT SAT OCT 21 2017


...................................

...THE PINE BLUFF CLIMATE SUMMARY FOR OCTOBER 20 2017...

CLIMATE NORMAL PERIOD 1981 TO 2010
CLIMATE RECORD PERIOD 1883 TO 2017


WEATHER ITEM   OBSERVED TIME   RECORD YEAR NORMAL DEPARTURE LAST
                VALUE   (LST)  VALUE       VALUE  FROM      YEAR
                                                  NORMAL
..................................................................
TEMPERATURE (F)
 YESTERDAY
  MAXIMUM         76    248 PM  91    1927  74      2       74
                                      1920
  MINIMUM         47    540 AM  29    1917  50     -3       53
  AVERAGE         62                        62      0       64

PRECIPITATION (IN)
  YESTERDAY        0.00          1.65 1949   0.18  -0.18     0.06
  MONTH TO DATE    0.04                      3.16  -3.12     0.60
  SINCE SEP 1      0.84                      5.85  -5.01     1.92
  SINCE JAN 1     41.35                     39.04   2.31    45.87

SNOWFALL (IN)
  YESTERDAY        0.0           0.0  2002   0.0    0.0      0.0
                                      2001
  MONTH TO DATE    0.0                       0.0    0.0      0.0
  SINCE SEP 1      0.0                       0.0    0.0      0.0
  SINCE JUL 1      0.0                       0.0    0.0      0.0
  SNOW DEPTH       0

DEGREE DAYS
 HEATING
  YESTERDAY        3                         5     -2        1
  MONTH TO DATE   33                        56    -23        6
  SINCE SEP 1     35                        67    -32        6
  SINCE JUL 1     35                        67    -32        6

 COOLING
  YESTERDAY        0                         2     -2        0
  MONTH TO DATE  122                        59     63      108
  SINCE SEP 1    405                       345     60      480
  SINCE JAN 1   2051                      2103    -52     2288
..................................................................


WIND (MPH)
  HIGHEST WIND SPEED    13   HIGHEST WIND DIRECTION    SE (140)
  HIGHEST GUST SPEED    16   HIGHEST GUST DIRECTION    SE (130)
  AVERAGE WIND SPEED     4.0


SKY COVER
  POSSIBLE SUNSHINE  MM
  AVERAGE SKY COVER 0.0


WEATHER CONDITIONS
 THE FOLLOWING WEATHER WAS RECORDED YESTERDAY.
  FOG


RELATIVE HUMIDITY (PERCENT)
 HIGHEST   100           300 AM
 LOWEST     54          1200 PM
 AVERAGE    77

..........................................................


THE PINE BLUFF CLIMATE NORMALS FOR TODAY
                         NORMAL    RECORD    YEAR
 MAXIMUM TEMPERATURE (F)   73        93      1927
 MINIMUM TEMPERATURE (F)   50        29      1952


SUNRISE AND SUNSET
OCTOBER 21 2017.......SUNRISE   718 AM CDT   SUNSET   626 PM CDT
OCTOBER 22 2017.......SUNRISE   719 AM CDT   SUNSET   625 PM CDT


-  INDICATES NEGATIVE NUMBERS.
R  INDICATES RECORD WAS SET OR TIED.
MM INDICATES DATA IS MISSING.
T  INDICATES TRACE AMOUNT.




$$
