000
CDUS44 KLZK 281014
CLIPBF


CLIMATE REPORT
NATIONAL WEATHER SERVICE LITTLE ROCK AR
413 AM CST SUN DEC 28 2014


...................................

...THE PINE BLUFF CLIMATE SUMMARY FOR DECEMBER 27 2014...

CLIMATE NORMAL PERIOD 1981 TO 2010
CLIMATE RECORD PERIOD 1883 TO 2014


WEATHER ITEM   OBSERVED TIME   RECORD YEAR NORMAL DEPARTURE LAST
                VALUE   (LST)  VALUE       VALUE  FROM      YEAR
                                                  NORMAL
..................................................................
TEMPERATURE (F)
 YESTERDAY
  MAXIMUM         55   1217 PM  75    2005  51      4       54
  MINIMUM         42   1159 PM  12    1892  33      9       29
  AVERAGE         49                        42      7       42

PRECIPITATION (IN)
  YESTERDAY        0.25          4.38 1982   0.16   0.09     0.00
  MONTH TO DATE    1.19                      4.83  -3.64     7.73
  SINCE DEC 1      1.19                      4.83  -3.64     7.73
  SINCE JAN 1     41.40                     50.54  -9.14    52.66

SNOWFALL (IN)
  YESTERDAY        0.0           T    2000   0.0    0.0      0.0
  MONTH TO DATE    0.0                       0.2   -0.2      0.2
  SINCE DEC 1      0.0                       0.2   -0.2      0.2
  SINCE JUL 1      0.1                       0.2   -0.1      0.2
  SNOW DEPTH       0

DEGREE DAYS
 HEATING
  YESTERDAY       16                        23     -7       23
  MONTH TO DATE  489                       558    -69      574
  SINCE DEC 1    489                       558    -69      574
  SINCE JUL 1   1093                      1062     31     1174

 COOLING
  YESTERDAY        0                         0      0        0
  MONTH TO DATE    0                         0      0        3
  SINCE DEC 1      0                         0      0        3
  SINCE JAN 1   1901                      2131   -230     2151
..................................................................


WIND (MPH)
  HIGHEST WIND SPEED    21   HIGHEST WIND DIRECTION     N (340)
  HIGHEST GUST SPEED    25   HIGHEST GUST DIRECTION     N (360)
  AVERAGE WIND SPEED     8.0


SKY COVER
  POSSIBLE SUNSHINE  MM
  AVERAGE SKY COVER 1.0


WEATHER CONDITIONS
 THE FOLLOWING WEATHER WAS RECORDED YESTERDAY.
  HEAVY RAIN
  RAIN
  LIGHT RAIN
  FOG


RELATIVE HUMIDITY (PERCENT)
 HIGHEST   100           100 PM
 LOWEST     86           400 PM
 AVERAGE    93

..........................................................


THE PINE BLUFF CLIMATE NORMALS FOR TODAY
                         NORMAL    RECORD    YEAR
 MAXIMUM TEMPERATURE (F)   51        78      1928
                                             1907
 MINIMUM TEMPERATURE (F)   33        10      1925


SUNRISE AND SUNSET
DECEMBER 28 2014......SUNRISE   713 AM CST   SUNSET   506 PM CST
DECEMBER 29 2014......SUNRISE   713 AM CST   SUNSET   507 PM CST


-  INDICATES NEGATIVE NUMBERS.
R  INDICATES RECORD WAS SET OR TIED.
MM INDICATES DATA IS MISSING.
T  INDICATES TRACE AMOUNT.




$$
