000
CDUS44 KLZK 240640
CLIPBF


CLIMATE REPORT
NATIONAL WEATHER SERVICE LITTLE ROCK AR
139 AM CDT WED MAY 24 2017


...................................

...THE PINE BLUFF CLIMATE SUMMARY FOR MAY 23 2017...

CLIMATE NORMAL PERIOD 1981 TO 2010
CLIMATE RECORD PERIOD 1883 TO 2017


WEATHER ITEM   OBSERVED TIME   RECORD YEAR NORMAL DEPARTURE LAST
                VALUE   (LST)  VALUE       VALUE  FROM      YEAR
                                                  NORMAL
..................................................................
TEMPERATURE (F)
 YESTERDAY
  MAXIMUM         78    322 PM  98    1918  84     -6       84
  MINIMUM         60   1159 PM  48    1963  63     -3       55
  AVERAGE         69                        74     -5       70

PRECIPITATION (IN)
  YESTERDAY        0.25          2.65 1938   0.16   0.09     0.00
  MONTH TO DATE    6.22                      3.79   2.43     1.69
  SINCE MAR 1     16.66                     14.12   2.54    22.20
  SINCE JAN 1     22.96                     21.94   1.02    28.25

SNOWFALL (IN)
  YESTERDAY        0.0          MM      MM   0.0    0.0      0.0
  MONTH TO DATE    0.0                       0.0    0.0      0.0
  SINCE MAR 1      0.0                       0.0    0.0      0.0
  SINCE JUL 1      1.5                       3.1   -1.6      3.6
  SNOW DEPTH       0

DEGREE DAYS
 HEATING
  YESTERDAY        0                         0      0        0
  MONTH TO DATE   22                        15      7       28
  SINCE MAR 1    321                       491   -170      327
  SINCE JUL 1   2032                      2879   -847     2234

 COOLING
  YESTERDAY        4                         9     -5        5
  MONTH TO DATE  115                       142    -27       76
  SINCE MAR 1    253                       226     27      159
  SINCE JAN 1    274                       229     45      163
..................................................................


WIND (MPH)
  HIGHEST WIND SPEED    17   HIGHEST WIND DIRECTION    NW (300)
  HIGHEST GUST SPEED    23   HIGHEST GUST DIRECTION    NW (300)
  AVERAGE WIND SPEED     5.6


SKY COVER
  POSSIBLE SUNSHINE  MM
  AVERAGE SKY COVER 0.6


WEATHER CONDITIONS
 THE FOLLOWING WEATHER WAS RECORDED YESTERDAY.
  THUNDERSTORM
  HEAVY RAIN
  RAIN
  LIGHT RAIN
  FOG


RELATIVE HUMIDITY (PERCENT)
 HIGHEST    93           300 AM
 LOWEST     54           100 PM
 AVERAGE    74

..........................................................


THE PINE BLUFF CLIMATE NORMALS FOR TODAY
                         NORMAL    RECORD    YEAR
 MAXIMUM TEMPERATURE (F)   84        98      1918
 MINIMUM TEMPERATURE (F)   64        47      1913


SUNRISE AND SUNSET
MAY 24 2017...........SUNRISE   600 AM CDT   SUNSET   809 PM CDT
MAY 25 2017...........SUNRISE   600 AM CDT   SUNSET   810 PM CDT


-  INDICATES NEGATIVE NUMBERS.
R  INDICATES RECORD WAS SET OR TIED.
MM INDICATES DATA IS MISSING.
T  INDICATES TRACE AMOUNT.




$$
