000
CDUS44 KLZK 240751
CLIPBF


CLIMATE REPORT
NATIONAL WEATHER SERVICE LITTLE ROCK AR
251 AM CDT TUE MAY 24 2016


...................................

...THE PINE BLUFF CLIMATE SUMMARY FOR MAY 23 2016...

CLIMATE NORMAL PERIOD 1981 TO 2010
CLIMATE RECORD PERIOD 1883 TO 2016


WEATHER ITEM   OBSERVED TIME   RECORD YEAR NORMAL DEPARTURE LAST
                VALUE   (LST)  VALUE       VALUE  FROM      YEAR
                                                  NORMAL
..................................................................
TEMPERATURE (F)
 YESTERDAY
  MAXIMUM         84    247 PM  98    1918  84      0       84
                                      2005
                                      2000
  MINIMUM         55    417 AM  48    1963  63     -8       59
  AVERAGE         70                        74     -4       72

PRECIPITATION (IN)
  YESTERDAY        0.00          2.65 1938   0.16  -0.16     0.00
  MONTH TO DATE    1.69                      3.79  -2.10     3.09
  SINCE MAR 1     22.20                     14.12   8.08    18.80
  SINCE JAN 1     28.25                     21.94   6.31    25.73

SNOWFALL (IN)
  YESTERDAY        0.0          MM      MM   0.0    0.0      0.0
  MONTH TO DATE    0.0                       0.0    0.0      0.0
  SINCE MAR 1      0.0                       0.0    0.0      2.0
  SINCE JUL 1      3.6                       3.1    0.5      9.2
  SNOW DEPTH       0

DEGREE DAYS
 HEATING
  YESTERDAY        0                         0      0        0
  MONTH TO DATE   28                        15     13       13
  SINCE MAR 1    327                       491   -164      515
  SINCE JUL 1   2234                      2879   -645     3249

 COOLING
  YESTERDAY        5                         9     -4        7
  MONTH TO DATE   76                       142    -66      163
  SINCE MAR 1    159                       226    -67      248
  SINCE JAN 1    163                       229    -66      248
..................................................................


WIND (MPH)
  HIGHEST WIND SPEED    15   HIGHEST WIND DIRECTION    SE (120)
  HIGHEST GUST SPEED    19   HIGHEST GUST DIRECTION    SE (120)
  AVERAGE WIND SPEED     5.1


SKY COVER
  POSSIBLE SUNSHINE  MM
  AVERAGE SKY COVER 0.0


WEATHER CONDITIONS
 THE FOLLOWING WEATHER WAS RECORDED YESTERDAY.
  NO SIGNIFICANT WEATHER WAS OBSERVED.


RELATIVE HUMIDITY (PERCENT)
 HIGHEST    93           200 AM
 LOWEST     36          1100 AM
 AVERAGE    65

..........................................................


THE PINE BLUFF CLIMATE NORMALS FOR TODAY
                         NORMAL    RECORD    YEAR
 MAXIMUM TEMPERATURE (F)   84        98      1918
 MINIMUM TEMPERATURE (F)   64        47      1913


SUNRISE AND SUNSET
MAY 24 2016...........SUNRISE   600 AM CDT   SUNSET   810 PM CDT
MAY 25 2016...........SUNRISE   600 AM CDT   SUNSET   810 PM CDT


-  INDICATES NEGATIVE NUMBERS.
R  INDICATES RECORD WAS SET OR TIED.
MM INDICATES DATA IS MISSING.
T  INDICATES TRACE AMOUNT.




$$
