354
CDUS44 KLZK 210635
CLIPBF


CLIMATE REPORT
NATIONAL WEATHER SERVICE LITTLE ROCK AR
134 AM CDT MON AUG 21 2017


...................................

...THE PINE BLUFF CLIMATE SUMMARY FOR AUGUST 20 2017...

CLIMATE NORMAL PERIOD 1981 TO 2010
CLIMATE RECORD PERIOD 1883 TO 2017


WEATHER ITEM   OBSERVED TIME   RECORD YEAR NORMAL DEPARTURE LAST
                VALUE   (LST)  VALUE       VALUE  FROM      YEAR
                                                  NORMAL
..................................................................
TEMPERATURE (F)
 YESTERDAY
  MAXIMUM         96    329 PM 108    1925  92      4       86
  MINIMUM         76    624 AM  60    1953  70      6       74
                                      1940
                                      1927
  AVERAGE         86                        81      5       80

PRECIPITATION (IN)
  YESTERDAY        0.00          1.65 1915   0.08  -0.08     0.16
  MONTH TO DATE    2.35                      1.73   0.62     6.20
  SINCE JUN 1     11.14                      9.24   1.90    12.09
  SINCE JAN 1     36.26                     32.44   3.82    43.09

SNOWFALL (IN)
  YESTERDAY        0.0          MM      MM   0.0    0.0      0.0
  MONTH TO DATE    0.0                       0.0    0.0      0.0
  SINCE JUN 1      0.0                       0.0    0.0      0.0
  SINCE JUL 1      0.0                       0.0    0.0      0.0
  SNOW DEPTH       0

DEGREE DAYS
 HEATING
  YESTERDAY        0                         0      0        0
  MONTH TO DATE    0                         0      0        0
  SINCE JUN 1      0                         0      0        0
  SINCE JUL 1      0                         0      0        0

 COOLING
  YESTERDAY       21                        16      5       15
  MONTH TO DATE  294                       335    -41      339
  SINCE JUN 1   1166                      1285   -119     1370
  SINCE JAN 1   1509                      1592    -83     1618
..................................................................


WIND (MPH)
  HIGHEST WIND SPEED    15   HIGHEST WIND DIRECTION     E (110)
  HIGHEST GUST SPEED    19   HIGHEST GUST DIRECTION     E (110)
  AVERAGE WIND SPEED     3.9


SKY COVER
  POSSIBLE SUNSHINE  MM
  AVERAGE SKY COVER 0.1


WEATHER CONDITIONS
 THE FOLLOWING WEATHER WAS RECORDED YESTERDAY.
  NO SIGNIFICANT WEATHER WAS OBSERVED.


RELATIVE HUMIDITY (PERCENT)
 HIGHEST    97          1100 PM
 LOWEST     45           300 PM
 AVERAGE    71

..........................................................


THE PINE BLUFF CLIMATE NORMALS FOR TODAY
                         NORMAL    RECORD    YEAR
 MAXIMUM TEMPERATURE (F)   92       104      1899
 MINIMUM TEMPERATURE (F)   70        57      1956


SUNRISE AND SUNSET
AUGUST 21 2017........SUNRISE   634 AM CDT   SUNSET   747 PM CDT
AUGUST 22 2017........SUNRISE   634 AM CDT   SUNSET   746 PM CDT


-  INDICATES NEGATIVE NUMBERS.
R  INDICATES RECORD WAS SET OR TIED.
MM INDICATES DATA IS MISSING.
T  INDICATES TRACE AMOUNT.




$$
