000
CDUS44 KLZK 150907
CLIPBF


CLIMATE REPORT
NATIONAL WEATHER SERVICE LITTLE ROCK AR
407 AM CDT MON SEP 15 2014


...................................

...THE PINE BLUFF CLIMATE SUMMARY FOR SEPTEMBER 14 2014...

CLIMATE NORMAL PERIOD 1981 TO 2010
CLIMATE RECORD PERIOD 1883 TO 2014


WEATHER ITEM   OBSERVED TIME   RECORD YEAR NORMAL DEPARTURE LAST
                VALUE   (LST)  VALUE       VALUE  FROM      YEAR
                                                  NORMAL
..................................................................
TEMPERATURE (F)
 YESTERDAY
  MAXIMUM         78    359 PM 101    1939  86     -8       82
  MINIMUM         55    614 AM  42    1902  64     -9       56
  AVERAGE         67                        75     -8       69

PRECIPITATION (IN)
  YESTERDAY        0.00          5.02 1886   0.09  -0.09     0.00
  MONTH TO DATE    0.77                      1.10  -0.33     0.18
  SINCE SEP 1      0.77                      1.10  -0.33     0.18
  SINCE JAN 1     30.68                     34.29  -3.61    33.81

SNOWFALL (IN)
  YESTERDAY        0.0          MM      MM   0.0    0.0      0.0
  MONTH TO DATE    0.0                       0.0    0.0      0.0
  SINCE SEP 1      0.0                       0.0    0.0      0.0
  SINCE JUL 1      0.0                       0.0    0.0      0.0
  SNOW DEPTH       0

DEGREE DAYS
 HEATING
  YESTERDAY        0                         0      0        0
  MONTH TO DATE    3                         0      3        0
  SINCE SEP 1      3                         0      3        0
  SINCE JUL 1      4                         0      4        0

 COOLING
  YESTERDAY        2                        10     -8        4
  MONTH TO DATE  169                       169      0      228
  SINCE SEP 1    169                       169      0      228
  SINCE JAN 1   1670                      1927   -257     1892
..................................................................


WIND (MPH)
  HIGHEST WIND SPEED    13   HIGHEST WIND DIRECTION     N (10)
  HIGHEST GUST SPEED    20   HIGHEST GUST DIRECTION     N (20)
  AVERAGE WIND SPEED     4.9


SKY COVER
  POSSIBLE SUNSHINE  MM
  AVERAGE SKY COVER 0.0


WEATHER CONDITIONS
 THE FOLLOWING WEATHER WAS RECORDED YESTERDAY.
  NO SIGNIFICANT WEATHER WAS OBSERVED.


RELATIVE HUMIDITY (PERCENT)
 HIGHEST    93           200 AM
 LOWEST     50           300 PM
 AVERAGE    72

..........................................................


THE PINE BLUFF CLIMATE NORMALS FOR TODAY
                         NORMAL    RECORD    YEAR
 MAXIMUM TEMPERATURE (F)   86       101      1927
                                             1921
                                             1895
 MINIMUM TEMPERATURE (F)   63        40      1902
                                             1999


SUNRISE AND SUNSET
SEPTEMBER 15 2014.....SUNRISE   651 AM CDT   SUNSET   714 PM CDT
SEPTEMBER 16 2014.....SUNRISE   652 AM CDT   SUNSET   713 PM CDT


-  INDICATES NEGATIVE NUMBERS.
R  INDICATES RECORD WAS SET OR TIED.
MM INDICATES DATA IS MISSING.
T  INDICATES TRACE AMOUNT.




$$
