000
CDUS44 KLZK 272208
CLIPBF


CLIMATE REPORT
NATIONAL WEATHER SERVICE LITTLE ROCK AR
408 PM CST TUE JAN 27 2015


...................................

...THE PINE BLUFF CLIMATE SUMMARY FOR JANUARY 27 2015...
VALID TODAY AS OF 0400 PM LOCAL TIME.

CLIMATE NORMAL PERIOD 1981 TO 2010
CLIMATE RECORD PERIOD 1883 TO 2015


WEATHER ITEM   OBSERVED TIME   RECORD YEAR NORMAL DEPARTURE LAST
                VALUE   (LST)  VALUE       VALUE  FROM      YEAR
                                                  NORMAL
..................................................................
TEMPERATURE (F)
 TODAY
  MAXIMUM         62    247 PM  80    1975  53      9       45
  MINIMUM         35    636 AM   7    1940  33      2       24
  AVERAGE         49                        43      6       35

PRECIPITATION (IN)
  TODAY            0.00          2.85 1994   0.12  -0.12     0.00
  MONTH TO DATE    3.61                      3.24   0.37     1.67
  SINCE DEC 1      4.81                      8.68  -3.87     9.40
  SINCE JAN 1      3.61                      3.24   0.37     1.67

SNOWFALL (IN)
  TODAY            0.0          11.0  2000   0.1   -0.1      0.0
  MONTH TO DATE    T                         1.8   -1.8      0.0
  SINCE DEC 1      T                         2.0   -2.0      0.2
  SINCE JUL 1      0.1                       2.0   -1.9      0.2
  SNOW DEPTH       0

DEGREE DAYS
 HEATING
  TODAY           16                        22     -6       30
  MONTH TO DATE  687                       617     70      697
  SINCE DEC 1   1286                      1266     20     1373
  SINCE JUL 1   1890                      1770    120     1973

 COOLING
  TODAY            0                         0      0        0
  MONTH TO DATE    0                         0      0        0
  SINCE DEC 1      0                         1     -1        3
  SINCE JAN 1      0                         0      0        0
..................................................................


WIND (MPH)
  HIGHEST WIND SPEED    17   HIGHEST WIND DIRECTION     N (10)
  HIGHEST GUST SPEED    22   HIGHEST GUST DIRECTION     N (10)
  AVERAGE WIND SPEED     5.9


SKY COVER
  POSSIBLE SUNSHINE  MM
  AVERAGE SKY COVER 0.0


WEATHER CONDITIONS
 THE FOLLOWING WEATHER WAS RECORDED TODAY.
  NO SIGNIFICANT WEATHER WAS OBSERVED.


RELATIVE HUMIDITY (PERCENT)
 HIGHEST    85           500 AM
 LOWEST     36           300 PM
 AVERAGE    61

..........................................................


THE PINE BLUFF CLIMATE NORMALS FOR TOMORROW
                         NORMAL    RECORD    YEAR
 MAXIMUM TEMPERATURE (F)   53        79      1975
 MINIMUM TEMPERATURE (F)   33        11      1963


SUNRISE AND SUNSET
JANUARY 27 2015.......SUNRISE   708 AM CST   SUNSET   533 PM CST
JANUARY 28 2015.......SUNRISE   708 AM CST   SUNSET   534 PM CST


-  INDICATES NEGATIVE NUMBERS.
R  INDICATES RECORD WAS SET OR TIED.
MM INDICATES DATA IS MISSING.
T  INDICATES TRACE AMOUNT.




$$
