000
CDUS42 KMFL 060935
CLIPBI


CLIMATE REPORT
NATIONAL WEATHER SERVICE MIAMI, FL
435 AM EST TUE DEC 6 2016


...................................

...THE WEST PALM BEACH CLIMATE SUMMARY FOR DECEMBER 5 2016...

CLIMATE NORMAL PERIOD 1981 TO 2010
CLIMATE RECORD PERIOD 1888 TO 2016


WEATHER ITEM   OBSERVED TIME   RECORD YEAR NORMAL DEPARTURE LAST
                VALUE   (LST)  VALUE       VALUE  FROM      YEAR
                                                  NORMAL
..................................................................
TEMPERATURE (F)
 YESTERDAY
  MAXIMUM         83    158 PM  90    1941  78      5       76
  MINIMUM         75    710 AM  41    1968  62     13       70
  AVERAGE         79                        70      9       73

PRECIPITATION (IN)
  YESTERDAY        0.00          2.65 1994   0.11  -0.11     1.03
  MONTH TO DATE    0.44                      0.56  -0.12     4.98
  SINCE NOV 1      1.44                      5.31  -3.87     8.04
  SINCE JAN 1     48.05                     59.51 -11.46    48.26

SNOWFALL (IN)
  YESTERDAY        0.0
  MONTH TO DATE    0.0
  SINCE DEC 1      0.0
  SINCE JUL 1      0.0
  SNOW DEPTH       0

DEGREE DAYS
 HEATING
  YESTERDAY        0                         1     -1        0
  MONTH TO DATE    0                         5     -5        0
  SINCE DEC 1      0                         5     -5        0
  SINCE JUL 1      1                        17    -16        0

 COOLING
  YESTERDAY       14                         6      8        8
  MONTH TO DATE   62                        30     32       51
  SINCE DEC 1     62                        30     32       51
  SINCE JAN 1   4468                      3896    572     4640
..................................................................


WIND (MPH)
  HIGHEST WIND SPEED    23   HIGHEST WIND DIRECTION    SE (150)
  HIGHEST GUST SPEED    27   HIGHEST GUST DIRECTION    SE (140)
  AVERAGE WIND SPEED    12.7


SKY COVER
  AVERAGE SKY COVER 0.6


WEATHER CONDITIONS
 THE FOLLOWING WEATHER WAS RECORDED YESTERDAY.
  NO SIGNIFICANT WEATHER WAS OBSERVED.


RELATIVE HUMIDITY (PERCENT)
 HIGHEST    87
 LOWEST     65
 AVERAGE    76

..........................................................


THE WEST PALM BEACH CLIMATE NORMALS FOR TODAY
                         NORMAL    RECORD    YEAR
 MAXIMUM TEMPERATURE (F)   77        87      1972
 MINIMUM TEMPERATURE (F)   62        41      1968


SUNRISE AND SUNSET
DECEMBER  6 2016......SUNRISE   656 AM EST   SUNSET   528 PM EST
DECEMBER  7 2016......SUNRISE   656 AM EST   SUNSET   528 PM EST


-  INDICATES NEGATIVE NUMBERS.
R  INDICATES RECORD WAS SET OR TIED.
MM INDICATES DATA IS MISSING.
T  INDICATES TRACE AMOUNT.




$$
