000
CDUS42 KMFL 052118
CLIPBI


CLIMATE REPORT
NATIONAL WEATHER SERVICE MIAMI, FL
418 PM EST THU MAR 5 2015


...................................

...THE WEST PALM BEACH CLIMATE SUMMARY FOR MARCH 5 2015...
VALID TODAY AS OF 0400 PM LOCAL TIME.

CLIMATE NORMAL PERIOD 1981 TO 2010
CLIMATE RECORD PERIOD 1888 TO 2015


WEATHER ITEM   OBSERVED TIME   RECORD YEAR NORMAL DEPARTURE LAST
                VALUE   (LST)  VALUE       VALUE  FROM      YEAR
                                                  NORMAL
..................................................................
TEMPERATURE (F)
 TODAY
  MAXIMUM         85    257 PM  91    1964  78      7       84
  MINIMUM         74    503 AM  39    2010  61     13       63
  AVERAGE         80                        70     10       74

PRECIPITATION (IN)
  TODAY            0.00          2.07 1982   0.13  -0.13     0.06
  MONTH TO DATE    0.00                      0.63  -0.63     0.06
  SINCE NOV 1      6.80                     14.71  -7.91    18.66
  SINCE JAN 1      3.10                      6.58  -3.48    11.54

SNOWFALL (IN)
  TODAY            0.0
  MONTH TO DATE    0.0
  SINCE MAR 1      0.0
  SINCE JUL 1      0.0
  SNOW DEPTH       0

DEGREE DAYS
 HEATING
  TODAY            0                         1     -1        0
  MONTH TO DATE    0                         5     -5        0
  SINCE MAR 1      0                         5     -5        0
  SINCE JUL 1    124                       210    -86      115

 COOLING
  TODAY           15                         6      9        9
  MONTH TO DATE   66                        28     38       28
  SINCE MAR 1     66                        28     38       28
  SINCE JAN 1    344                       263     81      374
..................................................................


WIND (MPH)
  HIGHEST WIND SPEED    23   HIGHEST WIND DIRECTION    SE (150)
  HIGHEST GUST SPEED    29   HIGHEST GUST DIRECTION    SE (140)
  AVERAGE WIND SPEED    15.3


SKY COVER
  AVERAGE SKY COVER 0.5


WEATHER CONDITIONS
 THE FOLLOWING WEATHER WAS RECORDED TODAY.
  NO SIGNIFICANT WEATHER WAS OBSERVED.


RELATIVE HUMIDITY (PERCENT)
 HIGHEST    82
 LOWEST     61
 AVERAGE    72

..........................................................


THE WEST PALM BEACH CLIMATE NORMALS FOR TOMORROW
                         NORMAL    RECORD    YEAR
 MAXIMUM TEMPERATURE (F)   78        91      2003
 MINIMUM TEMPERATURE (F)   61        39      1920


SUNRISE AND SUNSET
MARCH  5 2015.........SUNRISE   641 AM EST   SUNSET   624 PM EST
MARCH  6 2015.........SUNRISE   640 AM EST   SUNSET   624 PM EST


-  INDICATES NEGATIVE NUMBERS.
R  INDICATES RECORD WAS SET OR TIED.
MM INDICATES DATA IS MISSING.
T  INDICATES TRACE AMOUNT.




$$
