000
CDUS42 KMFL 012116
CLIPBI


CLIMATE REPORT
NATIONAL WEATHER SERVICE MIAMI, FL
415 PM EST SUN FEB 1 2015


...................................

...THE WEST PALM BEACH CLIMATE SUMMARY FOR FEBRUARY 1 2015...
VALID TODAY AS OF 0400 PM LOCAL TIME.

CLIMATE NORMAL PERIOD 1981 TO 2010
CLIMATE RECORD PERIOD 1888 TO 2015


WEATHER ITEM   OBSERVED TIME   RECORD YEAR NORMAL DEPARTURE LAST
                VALUE   (LST)  VALUE       VALUE  FROM      YEAR
                                                  NORMAL
..................................................................
TEMPERATURE (F)
 TODAY
  MAXIMUM         77    203 PM  85    1917  75      2       83
  MINIMUM         66    418 AM  36    1909  58      8       71
  AVERAGE         72                        66      6       77

PRECIPITATION (IN)
  TODAY            0.00          2.61 1897   0.10  -0.10     0.00
  MONTH TO DATE    0.00                      0.10  -0.10     0.00
  SINCE NOV 1      4.75                     11.36  -6.61    17.54
  SINCE JAN 1      1.05                      3.23  -2.18    10.42

SNOWFALL (IN)
  TODAY            0.0
  MONTH TO DATE    0.0
  SINCE DEC 1      0.0
  SINCE JUL 1      0.0
  SNOW DEPTH       0

DEGREE DAYS
 HEATING
  TODAY            0                         2     -2
  MONTH TO DATE    0                         2     -2
  SINCE DEC 1     53                       147    -94
  SINCE JUL 1     70                       159    -89

 COOLING
  TODAY            7                         4      3
  MONTH TO DATE    7                         4      3
  SINCE DEC 1    369                       267    102
  SINCE JAN 1    171                       112     59
..................................................................


WIND (MPH)
  HIGHEST WIND SPEED    22   HIGHEST WIND DIRECTION     E (100)
  HIGHEST GUST SPEED    26   HIGHEST GUST DIRECTION     E (90)
  AVERAGE WIND SPEED    15.4


SKY COVER
  AVERAGE SKY COVER 0.7


WEATHER CONDITIONS
 THE FOLLOWING WEATHER WAS RECORDED TODAY.
  NO SIGNIFICANT WEATHER WAS OBSERVED.


RELATIVE HUMIDITY (PERCENT)
 HIGHEST    59
 LOWEST     46
 AVERAGE    53

..........................................................


THE WEST PALM BEACH CLIMATE NORMALS FOR TOMORROW
                         NORMAL    RECORD    YEAR
 MAXIMUM TEMPERATURE (F)   75        88      2007
                                             1985
 MINIMUM TEMPERATURE (F)   58        37      1979
                                             1912


SUNRISE AND SUNSET
FEBRUARY  1 2015......SUNRISE   706 AM EST   SUNSET   603 PM EST
FEBRUARY  2 2015......SUNRISE   705 AM EST   SUNSET   603 PM EST


-  INDICATES NEGATIVE NUMBERS.
R  INDICATES RECORD WAS SET OR TIED.
MM INDICATES DATA IS MISSING.
T  INDICATES TRACE AMOUNT.




$$
