000
CDUS42 KMFL 230840
CLIPBI


CLIMATE REPORT
NATIONAL WEATHER SERVICE MIAMI, FL
440 AM EDT FRI JUN 23 2017


...................................

...THE WEST PALM BEACH CLIMATE SUMMARY FOR JUNE 22 2017...

CLIMATE NORMAL PERIOD 1981 TO 2010
CLIMATE RECORD PERIOD 1888 TO 2017


WEATHER ITEM   OBSERVED TIME   RECORD YEAR NORMAL DEPARTURE LAST
                VALUE   (LST)  VALUE       VALUE  FROM      YEAR
                                                  NORMAL
..................................................................
TEMPERATURE (F)
 YESTERDAY
  MAXIMUM         88    255 PM  96    2009  89     -1       89
  MINIMUM         81    515 AM  67    1913  75      6       77
  AVERAGE         85                        82      3       83

PRECIPITATION (IN)
  YESTERDAY        T             2.85 1902   0.27  -0.27     0.17
  MONTH TO DATE   10.29                      6.14   4.15     3.82
  SINCE JUN 1     10.29                      6.14   4.15     3.82
  SINCE JAN 1     21.70                     24.85  -3.15    25.21

SNOWFALL (IN)
  YESTERDAY        0.0
  MONTH TO DATE    0.0
  SINCE JUN 1      0.0
  SINCE JUL 1      0.0
  SNOW DEPTH       0

DEGREE DAYS
 HEATING
  YESTERDAY        0                         0      0        0
  MONTH TO DATE    0                         0      0        0
  SINCE JUN 1      0                         0      0        0
  SINCE JUL 1     68                       233   -165      135

 COOLING
  YESTERDAY       20                        17      3       18
  MONTH TO DATE  354                       356     -2      394
  SINCE JUN 1    354                       356     -2      394
  SINCE JAN 1   1678                      1465    213     1675
..................................................................


WIND (MPH)
  HIGHEST WIND SPEED    18   HIGHEST WIND DIRECTION    SE (120)
  HIGHEST GUST SPEED    24   HIGHEST GUST DIRECTION    SE (120)
  AVERAGE WIND SPEED    13.5


SKY COVER
  AVERAGE SKY COVER 0.4


WEATHER CONDITIONS
 THE FOLLOWING WEATHER WAS RECORDED YESTERDAY.
  LIGHT RAIN
  HAZE


RELATIVE HUMIDITY (PERCENT)
 HIGHEST    85
 LOWEST     55
 AVERAGE    70

..........................................................


THE WEST PALM BEACH CLIMATE NORMALS FOR TODAY
                         NORMAL    RECORD    YEAR
 MAXIMUM TEMPERATURE (F)   89        97      1918
 MINIMUM TEMPERATURE (F)   75        62      1919


SUNRISE AND SUNSET
JUNE 23 2017..........SUNRISE   628 AM EDT   SUNSET   817 PM EDT
JUNE 24 2017..........SUNRISE   629 AM EDT   SUNSET   817 PM EDT


-  INDICATES NEGATIVE NUMBERS.
R  INDICATES RECORD WAS SET OR TIED.
MM INDICATES DATA IS MISSING.
T  INDICATES TRACE AMOUNT.




$$
