000
CDUS42 KMFL 010837
CLIPBI


CLIMATE REPORT
NATIONAL WEATHER SERVICE MIAMI, FL
436 AM EDT SUN MAY 1 2016


...................................

...THE WEST PALM BEACH CLIMATE SUMMARY FOR APRIL 30 2016...

CLIMATE NORMAL PERIOD 1981 TO 2010
CLIMATE RECORD PERIOD 1888 TO 2016


WEATHER ITEM   OBSERVED TIME   RECORD YEAR NORMAL DEPARTURE LAST
                VALUE   (LST)  VALUE       VALUE  FROM      YEAR
                                                  NORMAL
..................................................................
TEMPERATURE (F)
 YESTERDAY
  MAXIMUM         83    145 PM  99    1971  84     -1       80
  MINIMUM         74    552 AM  53    1916  68      6       70
  AVERAGE         79                        76      3       75

PRECIPITATION (IN)
  YESTERDAY        0.00          4.81 1972   0.09  -0.09     0.00
  MONTH TO DATE    1.46                      3.66  -2.20     8.05
  SINCE NOV 1     26.84                     22.33   4.51    15.89
  SINCE JAN 1     16.44                     14.20   2.24    12.19

SNOWFALL (IN)
  YESTERDAY        0.0
  MONTH TO DATE    0.0
  SINCE MAR 1      0.0
  SINCE JUL 1      0.0
  SNOW DEPTH       0

DEGREE DAYS
 HEATING
  YESTERDAY        0                         0      0        0
  MONTH TO DATE    0                         0      0        0
  SINCE MAR 1      2                        28    -26        2
  SINCE JUL 1    135                       233    -98      126

 COOLING
  YESTERDAY       14                        11      3       10
  MONTH TO DATE  333                       267     66      434
  SINCE MAR 1    648                       460    188      787
  SINCE JAN 1    850                       695    155     1065
..................................................................


WIND (MPH)
  HIGHEST WIND SPEED    18   HIGHEST WIND DIRECTION     E (110)
  HIGHEST GUST SPEED    25   HIGHEST GUST DIRECTION    SE (120)
  AVERAGE WIND SPEED    10.6


SKY COVER
  AVERAGE SKY COVER 0.6


WEATHER CONDITIONS
 THE FOLLOWING WEATHER WAS RECORDED YESTERDAY.
  NO SIGNIFICANT WEATHER WAS OBSERVED.


RELATIVE HUMIDITY (PERCENT)
 HIGHEST    79
 LOWEST     51
 AVERAGE    65

..........................................................


THE WEST PALM BEACH CLIMATE NORMALS FOR TODAY
                         NORMAL    RECORD    YEAR
 MAXIMUM TEMPERATURE (F)   84        93      1971
 MINIMUM TEMPERATURE (F)   68        54      1999


SUNRISE AND SUNSET
MAY  1 2016...........SUNRISE   642 AM EDT   SUNSET   753 PM EDT
MAY  2 2016...........SUNRISE   641 AM EDT   SUNSET   754 PM EDT


-  INDICATES NEGATIVE NUMBERS.
R  INDICATES RECORD WAS SET OR TIED.
MM INDICATES DATA IS MISSING.
T  INDICATES TRACE AMOUNT.




$$
