000
CDUS46 KPDT 280929
CLIPDT

CLIMATE REPORT
NATIONAL WEATHER SERVICE PENDLETON OR
223 AM PDT THU AUG 28 2014


...................................

...THE PENDLETON OR CLIMATE SUMMARY FOR AUGUST 27 2014...

CLIMATE NORMAL PERIOD 1981 TO 2010
CLIMATE RECORD PERIOD 1890 TO 2014


WEATHER ITEM   OBSERVED TIME   RECORD YEAR NORMAL DEPARTURE LAST
                VALUE   (LST)  VALUE       VALUE  FROM      YEAR
                                                  NORMAL
..................................................................
TEMPERATURE (F)
 YESTERDAY
  MAXIMUM         95    417 PM 103    1916  84     11       88
  MINIMUM         58    333 AM  40    1911  55      3       51
                                      1909
                                      1897
  AVERAGE         77                        69      8       70

PRECIPITATION (IN)
  YESTERDAY        0.00          0.52 1899   0.02  -0.02     0.00
  MONTH TO DATE    0.59                      0.32   0.27     0.32
  SINCE OCT 1     10.09                     12.03  -1.94     9.73
  SINCE JAN 1      8.30                      8.03   0.27     5.29

SNOWFALL (IN)
  YESTERDAY        0.0           0.0  2002   0.0    0.0      0.0
                                      2001
                                      1999
  MONTH TO DATE    0.0                       0.0    0.0       T
  SINCE JAN 1     15.2                       7.7    7.5      0.2
  SINCE JUL 1      0.0                       0.0    0.0       T
  SNOW DEPTH       0

DEGREE DAYS
 HEATING
  YESTERDAY        0                         1     -1        0
  MONTH TO DATE    0                         4     -4        0
  SINCE JUN 1     45                        98    -53       80
  SINCE JUL 1      2                        15    -13        0

 COOLING
  YESTERDAY       12                         5      7        5
  MONTH TO DATE  259                       204     55      224
  SINCE JUN 1    720                       529    191      647
  SINCE JAN 1    742                       552    190      678
..................................................................


WIND (MPH)
  HIGHEST WIND SPEED    22   HIGHEST WIND DIRECTION     W (250)
  HIGHEST GUST SPEED    25   HIGHEST GUST DIRECTION     W (260)
  AVERAGE WIND SPEED     8.3


SKY COVER
  POSSIBLE SUNSHINE  MM
  AVERAGE SKY COVER 0.0


WEATHER CONDITIONS
THE FOLLOWING WEATHER WAS RECORDED YESTERDAY.
  HAZE


RELATIVE HUMIDITY (PERCENT)
 HIGHEST    51           300 AM
 LOWEST     19           400 PM
 AVERAGE    35

..........................................................


THE PENDLETON OR CLIMATE NORMALS FOR TODAY
                         NORMAL    RECORD    YEAR
 MAXIMUM TEMPERATURE (F)   84       105      1972
 MINIMUM TEMPERATURE (F)   55        37      1909


SUNRISE AND SUNSET
AUGUST 28 2014........SUNRISE   612 AM PDT   SUNSET   741 PM PDT
AUGUST 29 2014........SUNRISE   613 AM PDT   SUNSET   739 PM PDT


-  INDICATES NEGATIVE NUMBERS.
R  INDICATES RECORD WAS SET OR TIED.
MM INDICATES DATA IS MISSING.
T  INDICATES TRACE AMOUNT.




$$
