000
CDUS46 KPDT 100835
CLIPDT

CLIMATE REPORT
NATIONAL WEATHER SERVICE PENDLETON OR
1235 AM PST SAT DEC 10 2016


...................................

...THE PENDLETON OR CLIMATE SUMMARY FOR DECEMBER 9 2016...

CLIMATE NORMAL PERIOD 1981 TO 2010
CLIMATE RECORD PERIOD 1890 TO 2016


WEATHER ITEM   OBSERVED TIME   RECORD YEAR NORMAL DEPARTURE LAST
                VALUE   (LST)  VALUE       VALUE  FROM      YEAR
                                                  NORMAL
..................................................................
TEMPERATURE (F)
 YESTERDAY
  MAXIMUM         23   1138 PM  65    1933  40    -17       63
  MINIMUM         18    224 AM  -9    1972  27     -9       38
  AVERAGE         21                        34    -13       51

PRECIPITATION (IN)
  YESTERDAY        0.03          0.31 1942   0.05  -0.02     0.06
  MONTH TO DATE    0.44                      0.45  -0.01     1.26
  SINCE OCT 1      3.67                      2.98   0.69     3.25
  SINCE JAN 1     11.74                     11.64   0.10     9.07

SNOWFALL (IN)
  YESTERDAY        0.0           1.0  1970   0.1   -0.1      0.0
  MONTH TO DATE    5.7                       1.4    4.3      0.8
  SINCE JAN 1      5.7                      10.6   -4.9      2.8
  SINCE JUL 1      5.7                       2.9    2.8      2.4
  SNOW DEPTH       3

DEGREE DAYS
 HEATING
  YESTERDAY       44                        31     13       14
  MONTH TO DATE  324                       272     52      203
  SINCE DEC 1    324                       272     52      203
  SINCE JUL 1   1348                      1525   -177     1403

 COOLING
  YESTERDAY        0                         0      0        0
  MONTH TO DATE    0                         0      0        0
  SINCE DEC 1      0                         0      0        0
  SINCE JAN 1    605                       636    -31      912
..................................................................


WIND (MPH)
  HIGHEST WIND SPEED     7   HIGHEST WIND DIRECTION    NW (310)
  HIGHEST GUST SPEED     9   HIGHEST GUST DIRECTION     E (70)
  AVERAGE WIND SPEED     2.4


SKY COVER
  POSSIBLE SUNSHINE  MM
  AVERAGE SKY COVER 0.8


WEATHER CONDITIONS
 THE FOLLOWING WEATHER WAS RECORDED YESTERDAY.
  LT FREEZING RAIN
  LIGHT SNOW
  SLEET
  FOG


RELATIVE HUMIDITY (PERCENT)
 HIGHEST    92           600 PM
 LOWEST     84           400 AM
 AVERAGE    88

..........................................................


THE PENDLETON OR CLIMATE NORMALS FOR TODAY
                         NORMAL    RECORD    YEAR
 MAXIMUM TEMPERATURE (F)   40        67      1933
 MINIMUM TEMPERATURE (F)   27       -13      1972


SUNRISE AND SUNSET
DECEMBER 10 2016......SUNRISE   726 AM PST   SUNSET   411 PM PST
DECEMBER 11 2016......SUNRISE   727 AM PST   SUNSET   411 PM PST


-  INDICATES NEGATIVE NUMBERS.
R  INDICATES RECORD WAS SET OR TIED.
MM INDICATES DATA IS MISSING.
T  INDICATES TRACE AMOUNT.


$$
