000
CDUS46 KPDT 280843
CLIPDT

CLIMATE REPORT
NATIONAL WEATHER SERVICE PENDLETON OR
143 AM PDT THU JUL 28 2016


...................................

...THE PENDLETON OR CLIMATE SUMMARY FOR JULY 27 2016...

CLIMATE NORMAL PERIOD 1981 TO 2010
CLIMATE RECORD PERIOD 1890 TO 2016


WEATHER ITEM   OBSERVED TIME   RECORD YEAR NORMAL DEPARTURE LAST
                VALUE   (LST)  VALUE       VALUE  FROM      YEAR
                                                  NORMAL
..................................................................
TEMPERATURE (F)
 YESTERDAY
  MAXIMUM         96    328 PM 110    1939  90      6       76
  MINIMUM         59    500 AM  41    1894  59      0       56
  AVERAGE         78                        74      4       66

PRECIPITATION (IN)
  YESTERDAY       MM             0.10 1947   0.01  MM        0.00
  MONTH TO DATE    0.80                      0.29   0.51      T
  SINCE OCT 1     11.59                     11.68  -0.09     9.70
  SINCE JAN 1      7.32                      7.68  -0.36     5.00

SNOWFALL (IN)
  YESTERDAY        0.0           0.0  2002   0.0    0.0      0.0
                                      2001
                                      2000
  MONTH TO DATE    0.0                       0.0    0.0      0.0
  SINCE JAN 1      T                         7.7   -7.7      0.4
  SINCE JUL 1      0.0                       0.0    0.0      0.0
  SNOW DEPTH       0

DEGREE DAYS
 HEATING
  YESTERDAY        0                         0      0        0
  MONTH TO DATE    0                         7     -7        0
  SINCE JUN 1     69                        90    -21       10
  SINCE JUL 1      0                         7     -7        0

 COOLING
  YESTERDAY       13                        10      3        1
  MONTH TO DATE  150                       207    -57      309
  SINCE JUN 1    287                       286      1      562
  SINCE JAN 1    305                       309     -4      589
..................................................................


WIND (MPH)
  HIGHEST WIND SPEED    15   HIGHEST WIND DIRECTION     N (20)
  HIGHEST GUST SPEED    22   HIGHEST GUST DIRECTION     N (360)
  AVERAGE WIND SPEED     7.4


SKY COVER
  POSSIBLE SUNSHINE  MM
  AVERAGE SKY COVER 0.0


WEATHER CONDITIONS
 THE FOLLOWING WEATHER WAS RECORDED YESTERDAY.
  NO SIGNIFICANT WEATHER WAS OBSERVED.


RELATIVE HUMIDITY (PERCENT)
 HIGHEST    62           500 AM
 LOWEST     20           300 PM
 AVERAGE    41

..........................................................


THE PENDLETON OR CLIMATE NORMALS FOR TODAY
                         NORMAL    RECORD    YEAR
 MAXIMUM TEMPERATURE (F)   90       108      1928
 MINIMUM TEMPERATURE (F)   59        43      1910


SUNRISE AND SUNSET
JULY 28 2016..........SUNRISE   535 AM PDT   SUNSET   828 PM PDT
JULY 29 2016..........SUNRISE   536 AM PDT   SUNSET   827 PM PDT


-  INDICATES NEGATIVE NUMBERS.
R  INDICATES RECORD WAS SET OR TIED.
MM INDICATES DATA IS MISSING.
T  INDICATES TRACE AMOUNT.




$$
