000
CDUS46 KPDT 230030
CLIPDT

CLIMATE REPORT
NATIONAL WEATHER SERVICE PENDLETON OR
426 PM PST MON DEC 22 2014


...................................

...THE PENDLETON OR CLIMATE SUMMARY FOR DECEMBER 22 2014...
VALID TODAY AS OF 0400 PM LOCAL TIME.

CLIMATE NORMAL PERIOD 1981 TO 2010
CLIMATE RECORD PERIOD 1890 TO 2014


WEATHER ITEM   OBSERVED TIME   RECORD YEAR NORMAL DEPARTURE LAST
                VALUE   (LST)  VALUE       VALUE  FROM      YEAR
                                                  NORMAL
..................................................................
TEMPERATURE (F)
 TODAY
  MAXIMUM         49    246 PM  68    1933  39     10       47
  MINIMUM         41    823 AM -15    1983  26     15       39
  AVERAGE         45                        32     13       43

PRECIPITATION (IN)
  TODAY            0.00          0.60 1892   0.05  -0.05     0.02
  MONTH TO DATE    1.89                      1.06   0.83     0.71
  SINCE OCT 1      3.79                      3.59   0.20     1.70
  SINCE JAN 1     12.33                     12.25   0.08     9.19

SNOWFALL (IN)
  TODAY            0.0           1.4  1987   0.2   -0.2      0.0
  MONTH TO DATE    T                         4.1   -4.1      6.5
  SINCE JAN 1     19.8                      13.3    6.5      6.7
  SINCE JUL 1      4.6                       5.6   -1.0      6.5
  SNOW DEPTH       0

DEGREE DAYS
 HEATING
  TODAY           20                        33    -13       22
  MONTH TO DATE  595                       694    -99      800
  SINCE DEC 1    595                       694    -99      800
  SINCE JUL 1   1725                      1947   -222     2183

 COOLING
  TODAY            0                         0      0        0
  MONTH TO DATE    0                         0      0        0
  SINCE DEC 1      0                         0      0        0
  SINCE JAN 1    839                       636    203      831
..................................................................


WIND (MPH)
  HIGHEST WIND SPEED    23   HIGHEST WIND DIRECTION     W (270)
  HIGHEST GUST SPEED    29   HIGHEST GUST DIRECTION     W (270)
  AVERAGE WIND SPEED    15.5


SKY COVER
  POSSIBLE SUNSHINE  MM
  AVERAGE SKY COVER 0.4


WEATHER CONDITIONS
 THE FOLLOWING WEATHER WAS RECORDED TODAY.
  NO SIGNIFICANT WEATHER WAS OBSERVED.


RELATIVE HUMIDITY (PERCENT)
 HIGHEST    83           300 AM
 LOWEST     66           100 PM
 AVERAGE    75

..........................................................


THE PENDLETON OR CLIMATE NORMALS FOR TOMORROW
                         NORMAL    RECORD    YEAR
 MAXIMUM TEMPERATURE (F)   39        64      1950
                                             1925
 MINIMUM TEMPERATURE (F)   26       -19      1983


SUNRISE AND SUNSET
DECEMBER 22 2014......SUNRISE   734 AM PST   SUNSET   415 PM PST
DECEMBER 23 2014......SUNRISE   734 AM PST   SUNSET   415 PM PST


-  INDICATES NEGATIVE NUMBERS.
R  INDICATES RECORD WAS SET OR TIED.
MM INDICATES DATA IS MISSING.
T  INDICATES TRACE AMOUNT.




$$
