000
CDUS46 KPDT 200829
CLIPDT

CLIMATE REPORT
NATIONAL WEATHER SERVICE PENDLETON OR
1227 AM PST TUE FEB 20 2018


...................................

...THE PENDLETON OR CLIMATE SUMMARY FOR FEBRUARY 19 2018...

CLIMATE NORMAL PERIOD 1981 TO 2010
CLIMATE RECORD PERIOD 1890 TO 2018


WEATHER ITEM   OBSERVED TIME   RECORD YEAR NORMAL DEPARTURE LAST
                VALUE   (LST)  VALUE       VALUE  FROM      YEAR
                                                  NORMAL
..................................................................
TEMPERATURE (F)
 YESTERDAY
  MAXIMUM         26    139 PM  68    1930  48    -22       51
                                      1895
  MINIMUM         12   1154 PM   8    2006  30    -18       33
  AVERAGE         19                        39    -20       42

PRECIPITATION (IN)
  YESTERDAY        0.00          0.40 1923   0.04  -0.04     0.03
  MONTH TO DATE    0.58                      0.74  -0.16     1.22
  SINCE OCT 1      6.36                      6.17   0.19     8.39
  SINCE JAN 1      2.17                      2.17   0.00     2.87

SNOWFALL (IN)
  YESTERDAY        0.0           2.1  1949   0.1   -0.1      0.0
  MONTH TO DATE    2.1                       2.4   -0.3      3.0
  SINCE JAN 1      2.1                       6.1   -4.0     21.5
  SINCE JUL 1     12.1                      13.6   -1.5     40.0
  SNOW DEPTH       0

DEGREE DAYS
 HEATING
  YESTERDAY       46                        26     20       23
  MONTH TO DATE  444                       517    -73      582
  SINCE DEC 1   2263                      2422   -159     3031
  SINCE JUL 1   3471                      3675   -204     4055

 COOLING
  YESTERDAY        0                         0      0        0
  MONTH TO DATE    0                         0      0        0
  SINCE DEC 1      0                         0      0        0
  SINCE JAN 1      0                         0      0        0
..................................................................


WIND (MPH)
  HIGHEST WIND SPEED    15   HIGHEST WIND DIRECTION    NW (320)
  HIGHEST GUST SPEED    21   HIGHEST GUST DIRECTION    NW (320)
  AVERAGE WIND SPEED     8.3


SKY COVER
  POSSIBLE SUNSHINE  MM
  AVERAGE SKY COVER 0.6


WEATHER CONDITIONS
 THE FOLLOWING WEATHER WAS RECORDED YESTERDAY.
  NO SIGNIFICANT WEATHER WAS OBSERVED.


RELATIVE HUMIDITY (PERCENT)
 HIGHEST    80           400 AM
 LOWEST     42           100 PM
 AVERAGE    61

..........................................................


THE PENDLETON OR CLIMATE NORMALS FOR TODAY
                         NORMAL    RECORD    YEAR
 MAXIMUM TEMPERATURE (F)   48        69      1982
 MINIMUM TEMPERATURE (F)   31         7      1957


SUNRISE AND SUNSET
FEBRUARY 20 2018......SUNRISE   649 AM PST   SUNSET   530 PM PST
FEBRUARY 21 2018......SUNRISE   648 AM PST   SUNSET   531 PM PST


-  INDICATES NEGATIVE NUMBERS.
R  INDICATES RECORD WAS SET OR TIED.
MM INDICATES DATA IS MISSING.
T  INDICATES TRACE AMOUNT.




$$
