000
CDUS46 KPDT 210826
CLIPDT

CLIMATE REPORT
NATIONAL WEATHER SERVICE PENDLETON OR
1226 AM PST FRI NOV 21 2014


...................................

...THE PENDLETON OR CLIMATE SUMMARY FOR NOVEMBER 20 2014...

CLIMATE NORMAL PERIOD 1981 TO 2010
CLIMATE RECORD PERIOD 1890 TO 2014


WEATHER ITEM   OBSERVED TIME   RECORD YEAR NORMAL DEPARTURE LAST
                VALUE   (LST)  VALUE       VALUE  FROM      YEAR
                                                  NORMAL
..................................................................
TEMPERATURE (F)
 YESTERDAY
  MAXIMUM         32   1259 PM  69    1958  47    -15       41
  MINIMUM         22    129 AM   9    1977  32    -10       15
                                      1929
  AVERAGE         27                        40    -13       28

PRECIPITATION (IN)
  YESTERDAY        0.12          1.08 1921   0.05   0.07     0.00
  MONTH TO DATE    0.89                      1.00  -0.11     0.65
  SINCE OCT 1      1.49                      2.01  -0.52     0.97
  SINCE JAN 1     10.03                     10.67  -0.64     8.46

SNOWFALL (IN)
  YESTERDAY       MM             3.4  1985   0.1   MM        0.0
  MONTH TO DATE    3.7                       0.6    3.1      0.0
  SINCE JAN 1     18.9                       8.4   10.5      0.2
  SINCE JUL 1      3.7                       0.7    3.0       T
  SNOW DEPTH      MM

DEGREE DAYS
 HEATING
  YESTERDAY       38                        25     13       37
  MONTH TO DATE  628                       438    190      417
  SINCE SEP 1    919                       958    -39     1014
  SINCE JUL 1    922                       980    -58     1014

 COOLING
  YESTERDAY        0                         0      0        0
  MONTH TO DATE    0                         0      0        0
  SINCE SEP 1     78                        66     12      121
  SINCE JAN 1    839                       636    203      831
..................................................................


WIND (MPH)
  HIGHEST WIND SPEED    10   HIGHEST WIND DIRECTION    SE (130)
  HIGHEST GUST SPEED    11   HIGHEST GUST DIRECTION    SE (130)
  AVERAGE WIND SPEED     2.2


SKY COVER
  POSSIBLE SUNSHINE  MM
  AVERAGE SKY COVER 1.0


WEATHER CONDITIONS
THE FOLLOWING WEATHER WAS RECORDED YESTERDAY.
  LT FREEZING RAIN
  FOG
  FOG W/VISIBILITY <= 1/4 MILE


RELATIVE HUMIDITY (PERCENT)
 HIGHEST   100           700 AM
 LOWEST     85          1200 PM
 AVERAGE    93

..........................................................


THE PENDLETON OR CLIMATE NORMALS FOR TODAY
                         NORMAL    RECORD    YEAR
 MAXIMUM TEMPERATURE (F)   47        74      1974
 MINIMUM TEMPERATURE (F)   32        -4      1900


SUNRISE AND SUNSET
NOVEMBER 21 2014......SUNRISE   703 AM PST   SUNSET   419 PM PST
NOVEMBER 22 2014......SUNRISE   705 AM PST   SUNSET   418 PM PST


-  INDICATES NEGATIVE NUMBERS.
R  INDICATES RECORD WAS SET OR TIED.
MM INDICATES DATA IS MISSING.
T  INDICATES TRACE AMOUNT.




$$
