000
CDUS46 KPDT 290827
CLIPDT

CLIMATE REPORT
NATIONAL WEATHER SERVICE PENDLETON OR
127 AM PDT SUN MAR 29 2015


...................................

...THE PENDLETON OR CLIMATE SUMMARY FOR MARCH 28 2015...

CLIMATE NORMAL PERIOD 1981 TO 2010
CLIMATE RECORD PERIOD 1890 TO 2015


WEATHER ITEM   OBSERVED TIME   RECORD YEAR NORMAL DEPARTURE LAST
                VALUE   (LST)  VALUE       VALUE  FROM      YEAR
                                                  NORMAL
..................................................................
TEMPERATURE (F)
 YESTERDAY
  MAXIMUM         59    407 PM  76    1923  58      1       54
  MINIMUM         41   1137 PM  23    2008  37      4       35
                                      1954
                                      1944
  AVERAGE         50                        48      2       45

PRECIPITATION (IN)
  YESTERDAY        0.18          0.72 2009   0.04   0.14     0.61
  MONTH TO DATE    1.19                      1.21  -0.02     2.25
  SINCE OCT 1      7.44                      7.75  -0.31     6.40
  SINCE JAN 1      2.74                      3.75  -1.01     4.61

SNOWFALL (IN)
  YESTERDAY        0.0           2.0  1931   0.0    0.0      0.0
  MONTH TO DATE    0.0                       0.7   -0.7      1.0
  SINCE JAN 1      0.4                       7.7   -7.3     15.2
  SINCE JUL 1      7.2                      15.2   -8.0     21.7
  SNOW DEPTH       0

DEGREE DAYS
 HEATING
  YESTERDAY       15                        17     -2       20
  MONTH TO DATE  433                       566   -133      547
  SINCE MAR 1    433                       566   -133      547
  SINCE JUL 1   3926                      4465   -539     4812

 COOLING
  YESTERDAY        0                         0      0        0
  MONTH TO DATE    0                         0      0        0
  SINCE MAR 1      0                         0      0        0
  SINCE JAN 1      0                         0      0        0
..................................................................


WIND (MPH)
  HIGHEST WIND SPEED    33   HIGHEST WIND DIRECTION     W (250)
  HIGHEST GUST SPEED    41   HIGHEST GUST DIRECTION     W (250)
  AVERAGE WIND SPEED    17.4


SKY COVER
  POSSIBLE SUNSHINE  MM
  AVERAGE SKY COVER 0.1


WEATHER CONDITIONS
 THE FOLLOWING WEATHER WAS RECORDED YESTERDAY.
  RAIN
  LIGHT RAIN
  FOG


RELATIVE HUMIDITY (PERCENT)
 HIGHEST    80           100 AM
 LOWEST     40           300 PM
 AVERAGE    60

..........................................................


THE PENDLETON OR CLIMATE NORMALS FOR TODAY
                         NORMAL    RECORD    YEAR
 MAXIMUM TEMPERATURE (F)   59        80      2004
                                             1919
 MINIMUM TEMPERATURE (F)   37        18      1954


SUNRISE AND SUNSET
MARCH 29 2015.........SUNRISE   642 AM PDT   SUNSET   720 PM PDT
MARCH 30 2015.........SUNRISE   640 AM PDT   SUNSET   721 PM PDT


-  INDICATES NEGATIVE NUMBERS.
R  INDICATES RECORD WAS SET OR TIED.
MM INDICATES DATA IS MISSING.
T  INDICATES TRACE AMOUNT.




$$
