000
CDUS46 KPDT 220033
CLIPDT

CLIMATE REPORT
NATIONAL WEATHER SERVICE PENDLETON OR
432 PM PST TUE NOV 21 2017


...................................

...THE PENDLETON OR CLIMATE SUMMARY FOR NOVEMBER 21 2017...
VALID TODAY AS OF 0400 PM LOCAL TIME.

CLIMATE NORMAL PERIOD 1981 TO 2010
CLIMATE RECORD PERIOD 1890 TO 2017


WEATHER ITEM   OBSERVED TIME   RECORD YEAR NORMAL DEPARTURE LAST
                VALUE   (LST)  VALUE       VALUE  FROM      YEAR
                                                  NORMAL
..................................................................
TEMPERATURE (F)
 TODAY
  MAXIMUM         44    351 PM  74    1974  47     -3       52
  MINIMUM         36    115 AM  -4    1900  32      4       35
  AVERAGE         40                        39      1       44

PRECIPITATION (IN)
  TODAY            0.07          0.80 1921   0.06   0.01      T
  MONTH TO DATE    0.95                      1.06  -0.11     0.51
  SINCE OCT 1      2.36                      2.07   0.29     2.83
  SINCE JAN 1     14.65                     10.73   3.92    10.90

SNOWFALL (IN)
  TODAY            0.0           1.2  1946   0.0    0.0      0.0
  MONTH TO DATE    0.0                       0.6   -0.6      0.0
  SINCE JAN 1     25.9                       8.4   17.5       T
  SINCE JUL 1      0.0                       0.7   -0.7      0.0
  SNOW DEPTH       0

DEGREE DAYS
 HEATING
  TODAY           25                        26     -1       21
  MONTH TO DATE  470                       464      6      353
  SINCE SEP 1   1020                       984     36      841
  SINCE JUL 1   1022                      1006     16      843

 COOLING
  TODAY            0                         0      0        0
  MONTH TO DATE    0                         0      0        0
  SINCE SEP 1    113                        66     47       17
  SINCE JAN 1    894                       636    258      605
..................................................................


WIND (MPH)
  HIGHEST WIND SPEED    12   HIGHEST WIND DIRECTION     W (290)
  HIGHEST GUST SPEED    13   HIGHEST GUST DIRECTION     W (280)
  AVERAGE WIND SPEED     4.2


SKY COVER
  POSSIBLE SUNSHINE  MM
  AVERAGE SKY COVER 0.9


WEATHER CONDITIONS
 THE FOLLOWING WEATHER WAS RECORDED TODAY.
  LIGHT RAIN
  FOG
  FOG W/VISIBILITY <= 1/4 MILE


RELATIVE HUMIDITY (PERCENT)
 HIGHEST   100          1200 PM
 LOWEST     85          1200 AM
 AVERAGE    93

..........................................................


THE PENDLETON OR CLIMATE NORMALS FOR TOMORROW
                         NORMAL    RECORD    YEAR
 MAXIMUM TEMPERATURE (F)   46        71      1933
 MINIMUM TEMPERATURE (F)   32        -5      1985


SUNRISE AND SUNSET
NOVEMBER 21 2017......SUNRISE   704 AM PST   SUNSET   419 PM PST
NOVEMBER 22 2017......SUNRISE   705 AM PST   SUNSET   418 PM PST


-  INDICATES NEGATIVE NUMBERS.
R  INDICATES RECORD WAS SET OR TIED.
MM INDICATES DATA IS MISSING.
T  INDICATES TRACE AMOUNT.




$$
