000
CDUS46 KPDT 260048
CLIPDT

CLIMATE REPORT
NATIONAL WEATHER SERVICE PENDLETON OR
537 PM PDT THU MAY 25 2017


...................................

...THE PENDLETON OR CLIMATE SUMMARY FOR MAY 25 2017...
VALID TODAY AS OF 0500 PM LOCAL TIME.

CLIMATE NORMAL PERIOD 1981 TO 2010
CLIMATE RECORD PERIOD 1890 TO 2017


WEATHER ITEM   OBSERVED TIME   RECORD YEAR NORMAL DEPARTURE LAST
                VALUE   (LST)  VALUE       VALUE  FROM      YEAR
                                                  NORMAL
..................................................................
TEMPERATURE (F)
 TODAY
  MAXIMUM         64    359 PM  98    1928  72     -8       76
  MINIMUM         43    516 AM  30    1918  48     -5       48
  AVERAGE         54                        60     -6       62

PRECIPITATION (IN)
  TODAY            T             0.66 1981   0.05  -0.05     0.00
  MONTH TO DATE    0.93                      1.06  -0.13     1.19
  SINCE OCT 1     14.66                     10.12   4.54     9.86
  SINCE JAN 1      9.14                      6.12   3.02     5.59

SNOWFALL (IN)
  TODAY            0.0           0.0  2002   0.0    0.0      0.0
                                      2001
                                      2000
  MONTH TO DATE    T                         0.0    0.0      0.0
  SINCE JAN 1     25.9                       7.7   18.2       T
  SINCE JUL 1     44.4                      15.2   29.2      4.1
  SNOW DEPTH       0

DEGREE DAYS
 HEATING
  TODAY           11                         6      5        3
  MONTH TO DATE  234                       214     20      130
  SINCE MAR 1   1281                      1262     19      950
  SINCE JUL 1   5583                      5161    422     4542

 COOLING
  TODAY            0                         1     -1        0
  MONTH TO DATE   12                        16     -4       18
  SINCE MAR 1     12                        17     -5       18
  SINCE JAN 1     12                        17     -5       18
..................................................................


WIND (MPH)
  HIGHEST WIND SPEED    10   HIGHEST WIND DIRECTION    SE (150)
  HIGHEST GUST SPEED    15   HIGHEST GUST DIRECTION    SW (220)
  AVERAGE WIND SPEED     4.6


SKY COVER
  POSSIBLE SUNSHINE  MM
  AVERAGE SKY COVER 0.6


WEATHER CONDITIONS
THE FOLLOWING WEATHER WAS RECORDED TODAY.
  LIGHT RAIN


RELATIVE HUMIDITY (PERCENT)
 HIGHEST    83           500 AM
 LOWEST     44           400 PM
 AVERAGE    64

..........................................................


THE PENDLETON OR CLIMATE NORMALS FOR TOMORROW
                         NORMAL    RECORD    YEAR
 MAXIMUM TEMPERATURE (F)   73        99      1936
 MINIMUM TEMPERATURE (F)   48        29      1918


SUNRISE AND SUNSET
MAY 25 2017...........SUNRISE   514 AM PDT   SUNSET   831 PM PDT
MAY 26 2017...........SUNRISE   513 AM PDT   SUNSET   832 PM PDT


-  INDICATES NEGATIVE NUMBERS.
R  INDICATES RECORD WAS SET OR TIED.
MM INDICATES DATA IS MISSING.
T  INDICATES TRACE AMOUNT.




$$
