000
CDUS46 KPDT 030907
CLIPDT

CLIMATE REPORT
NATIONAL WEATHER SERVICE PENDLETON OR
107 AM PST TUE MAR 3 2015


...................................

...THE PENDLETON OR CLIMATE SUMMARY FOR MARCH 2 2015...

CLIMATE NORMAL PERIOD 1981 TO 2010
CLIMATE RECORD PERIOD 1890 TO 2015


WEATHER ITEM   OBSERVED TIME   RECORD YEAR NORMAL DEPARTURE LAST
                VALUE   (LST)  VALUE       VALUE  FROM      YEAR
                                                  NORMAL
..................................................................
TEMPERATURE (F)
 YESTERDAY
  MAXIMUM         46    155 PM  69    1931  51     -5       27
                                      1905
  MINIMUM         28    445 AM   2    1896  32     -4       22
  AVERAGE         37                        42     -5       25

PRECIPITATION (IN)
  YESTERDAY        0.00          0.70 1920   0.04  -0.04     0.13
  MONTH TO DATE    0.00                      0.09  -0.09     0.22
  SINCE OCT 1      6.25                      6.63  -0.38     4.37
  SINCE JAN 1      1.55                      2.63  -1.08     2.58

SNOWFALL (IN)
  YESTERDAY        0.0           1.7  1989   0.0    0.0      0.1
  MONTH TO DATE    0.0                       0.1   -0.1      1.0
  SINCE JAN 1      0.4                       7.1   -6.7     15.2
  SINCE JUL 1      7.2                      14.6   -7.4     21.7
  SNOW DEPTH       0

DEGREE DAYS
 HEATING
  YESTERDAY       28                        23      5       40
  MONTH TO DATE   56                        47      9       75
  SINCE MAR 1     56                        47      9       75
  SINCE JUL 1   3549                      3946   -397     4340

 COOLING
  YESTERDAY        0                         0      0        0
  MONTH TO DATE    0                         0      0        0
  SINCE MAR 1      0                         0      0        0
  SINCE JAN 1      0                         0      0        0
..................................................................


WIND (MPH)
  HIGHEST WIND SPEED    20   HIGHEST WIND DIRECTION    NW (330)
  HIGHEST GUST SPEED    25   HIGHEST GUST DIRECTION    NW (310)
  AVERAGE WIND SPEED     7.3


SKY COVER
  POSSIBLE SUNSHINE  MM
  AVERAGE SKY COVER 0.6


WEATHER CONDITIONS
THE FOLLOWING WEATHER WAS RECORDED YESTERDAY.
  NO SIGNIFICANT WEATHER WAS OBSERVED.


RELATIVE HUMIDITY (PERCENT)
 HIGHEST    72           400 AM
 LOWEST     34           200 PM
 AVERAGE    53

..........................................................


THE PENDLETON OR CLIMATE NORMALS FOR TODAY
                         NORMAL    RECORD    YEAR
 MAXIMUM TEMPERATURE (F)   51        67      1994
                                             1921
 MINIMUM TEMPERATURE (F)   32         7      1896


SUNRISE AND SUNSET
MARCH  3 2015.........SUNRISE   631 AM PST   SUNSET   545 PM PST
MARCH  4 2015.........SUNRISE   629 AM PST   SUNSET   546 PM PST


-  INDICATES NEGATIVE NUMBERS.
R  INDICATES RECORD WAS SET OR TIED.
MM INDICATES DATA IS MISSING.
T  INDICATES TRACE AMOUNT.

$$
