156
CDUS46 KPDT 280902
CLIPDT

CLIMATE REPORT
NATIONAL WEATHER SERVICE PENDLETON OR
200 AM PDT FRI JUL 28 2017


...................................

...THE PENDLETON OR CLIMATE SUMMARY FOR JULY 27 2017...

CLIMATE NORMAL PERIOD 1981 TO 2010
CLIMATE RECORD PERIOD 1890 TO 2017


WEATHER ITEM   OBSERVED TIME   RECORD YEAR NORMAL DEPARTURE LAST
                VALUE   (LST)  VALUE       VALUE  FROM      YEAR
                                                  NORMAL
..................................................................
TEMPERATURE (F)
 YESTERDAY
  MAXIMUM         94    243 PM 110    1939  90      4       96
  MINIMUM         64    506 AM  41    1894  59      5       59
  AVERAGE         79                        74      5       78

PRECIPITATION (IN)
  YESTERDAY        0.00          0.10 1947   0.01  -0.01     0.00
  MONTH TO DATE    T                         0.29  -0.29     0.80
  SINCE OCT 1     16.82                     11.68   5.14    11.59
  SINCE JAN 1     11.30                      7.68   3.62     7.32

SNOWFALL (IN)
  YESTERDAY        0.0           0.0  2002   0.0    0.0      0.0
                                      2001
                                      2000
  MONTH TO DATE    0.0                       0.0    0.0      0.0
  SINCE JAN 1     25.9                       7.7   18.2       T
  SINCE JUL 1      0.0                       0.0    0.0      0.0
  SNOW DEPTH       0

DEGREE DAYS
 HEATING
  YESTERDAY        0                         0      0        0
  MONTH TO DATE    0                         7     -7        0
  SINCE JUN 1     75                        90    -15       69
  SINCE JUL 1      0                         7     -7        0

 COOLING
  YESTERDAY       14                        10      4       13
  MONTH TO DATE  276                       207     69      150
  SINCE JUN 1    375                       286     89      287
  SINCE JAN 1    403                       309     94      305
..................................................................


WIND (MPH)
  HIGHEST WIND SPEED    20   HIGHEST WIND DIRECTION     W (290)
  HIGHEST GUST SPEED    32   HIGHEST GUST DIRECTION     W (260)
  AVERAGE WIND SPEED     9.1


SKY COVER
  POSSIBLE SUNSHINE  MM
  AVERAGE SKY COVER 0.0


WEATHER CONDITIONS
 THE FOLLOWING WEATHER WAS RECORDED YESTERDAY.
  NO SIGNIFICANT WEATHER WAS OBSERVED.


RELATIVE HUMIDITY (PERCENT)
 HIGHEST    48           400 AM
 LOWEST      9           600 PM
 AVERAGE    29

..........................................................


THE PENDLETON OR CLIMATE NORMALS FOR TODAY
                         NORMAL    RECORD    YEAR
 MAXIMUM TEMPERATURE (F)   90       108      1928
 MINIMUM TEMPERATURE (F)   59        43      1910


SUNRISE AND SUNSET
JULY 28 2017..........SUNRISE   535 AM PDT   SUNSET   828 PM PDT
JULY 29 2017..........SUNRISE   536 AM PDT   SUNSET   827 PM PDT


-  INDICATES NEGATIVE NUMBERS.
R  INDICATES RECORD WAS SET OR TIED.
MM INDICATES DATA IS MISSING.
T  INDICATES TRACE AMOUNT.




$$
