601
CDUS46 KPQR 291146
CLIPDX


CLIMATE REPORT
NATIONAL WEATHER SERVICE PORTLAND OREGON
446 AM PDT WED MAR 29 2017


...................................

...THE PORTLAND OR CLIMATE SUMMARY FOR MARCH 28 2017...

CLIMATE NORMAL PERIOD 1981 TO 2010
CLIMATE RECORD PERIOD 1940 TO 2017


WEATHER ITEM   OBSERVED TIME   RECORD YEAR NORMAL DEPARTURE LAST
                VALUE   (LST)  VALUE       VALUE  FROM      YEAR
                                                  NORMAL
..................................................................
TEMPERATURE (F)
 YESTERDAY
  MAXIMUM         59    306 PM  76    1994  59      0       58
  MINIMUM         46    336 AM  28    1962  41      5       38
  AVERAGE         53                        50      3       48

PRECIPITATION (IN)
  YESTERDAY        0.06          1.69 2014   0.10  -0.04      T
  MONTH TO DATE    7.07                      3.36   3.71     4.73
  SINCE OCT 1     41.31                     26.02  15.29    39.48
  SINCE JAN 1     21.56                     11.90   9.66    16.06

SNOWFALL (IN)
  YESTERDAY       MM             0.0  2016
  MONTH TO DATE    T
  SINCE MAR 1      T
  SINCE JUL 1     11.2

DEGREE DAYS
 HEATING
  YESTERDAY       12                        15     -3       17
  MONTH TO DATE  486                       477      9      421
  SINCE MAR 1    486                       477      9      421
  SINCE JUL 1   3691                      3535    156     3024

 COOLING
  YESTERDAY        0                         0      0        0
  MONTH TO DATE    0                         0      0        0
  SINCE MAR 1      0                         0      0        0
  SINCE JAN 1      0                         0      0        0
..................................................................


WIND (MPH)
  HIGHEST WIND SPEED    20   HIGHEST WIND DIRECTION    SW (240)
  HIGHEST GUST SPEED    27   HIGHEST GUST DIRECTION    SW (220)
  AVERAGE WIND SPEED     9.2


SKY COVER
  POSSIBLE SUNSHINE  MM
  AVERAGE SKY COVER 1.0


WEATHER CONDITIONS
 THE FOLLOWING WEATHER WAS RECORDED YESTERDAY.
  LIGHT RAIN


RELATIVE HUMIDITY (PERCENT)
 HIGHEST    86           100 AM
 LOWEST     51           300 PM
 AVERAGE    69

..........................................................


THE PORTLAND OR CLIMATE NORMALS FOR TODAY
                         NORMAL    RECORD    YEAR
 MAXIMUM TEMPERATURE (F)   59        75      2004
                                             1994
 MINIMUM TEMPERATURE (F)   41        23      1954


SUNRISE AND SUNSET
MARCH 29 2017.........SUNRISE   656 AM PDT   SUNSET   735 PM PDT
MARCH 30 2017.........SUNRISE   654 AM PDT   SUNSET   737 PM PDT


-  INDICATES NEGATIVE NUMBERS.
R  INDICATES RECORD WAS SET OR TIED.
MM INDICATES DATA IS MISSING.
T  INDICATES TRACE AMOUNT.




$$
