000
CDUS46 KPQR 300222
CLIPDX


CLIMATE REPORT
NATIONAL WEATHER SERVICE PORTLAND OREGON
721 PM PDT SUN MAR 29 2015


...................................

...THE PORTLAND OR CLIMATE SUMMARY FOR MARCH 29 2015...
VALID TODAY AS OF 0700 PM LOCAL TIME.

CLIMATE NORMAL PERIOD 1981 TO 2010
CLIMATE RECORD PERIOD 1940 TO 2015


WEATHER ITEM   OBSERVED TIME   RECORD YEAR NORMAL DEPARTURE LAST
                VALUE   (LST)  VALUE       VALUE  FROM      YEAR
                                                  NORMAL
..................................................................
TEMPERATURE (F)
 TODAY
  MAXIMUM         68    451 PM  75    2004  59      9       56
                                      1994
  MINIMUM         45    633 AM  23    1954  41      4       47
  AVERAGE         57                        50      7       52

PRECIPITATION (IN)
  TODAY            0.00          1.54 1983   0.11  -0.11     0.43
  MONTH TO DATE    4.51                      3.47   1.04     7.14
  SINCE OCT 1     26.53                     26.13   0.40    20.78
  SINCE JAN 1     11.55                     12.01  -0.46    14.96

DEGREE DAYS
 HEATING
  TODAY            8                        15     -7       13
  MONTH TO DATE  358                       492   -134      450
  SINCE MAR 1    358                       492   -134      450
  SINCE JUL 1   2830                      3550   -720     3748

 COOLING
  TODAY            0                         0      0        0
  MONTH TO DATE    0                         0      0        0
  SINCE MAR 1      0                         0      0        0
  SINCE JAN 1      0                         0      0        0
..................................................................


WIND (MPH)
  HIGHEST WIND SPEED    10   HIGHEST WIND DIRECTION     E (110)
  HIGHEST GUST SPEED    11   HIGHEST GUST DIRECTION     E (70)
  AVERAGE WIND SPEED     4.9



WEATHER CONDITIONS
 THE FOLLOWING WEATHER WAS RECORDED TODAY.
  NO SIGNIFICANT WEATHER WAS OBSERVED.


RELATIVE HUMIDITY (PERCENT)
 HIGHEST    93           300 AM
 LOWEST     34           300 PM
 AVERAGE    64

..........................................................


THE PORTLAND OR CLIMATE NORMALS FOR TOMORROW
                         NORMAL    RECORD    YEAR
 MAXIMUM TEMPERATURE (F)   59        77      2013
 MINIMUM TEMPERATURE (F)   41        24      1954


SUNRISE AND SUNSET
MARCH 29 2015.........SUNRISE   657 AM PDT   SUNSET   735 PM PDT
MARCH 30 2015.........SUNRISE   655 AM PDT   SUNSET   736 PM PDT


-  INDICATES NEGATIVE NUMBERS.
R  INDICATES RECORD WAS SET OR TIED.
MM INDICATES DATA IS MISSING.
T  INDICATES TRACE AMOUNT.




$$
