505
CDUS46 KPQR 141148
CLIPDX


CLIMATE REPORT
NATIONAL WEATHER SERVICE PORTLAND OREGON
348 AM PST SUN FEB 14 2016


...................................

...THE PORTLAND OR CLIMATE SUMMARY FOR FEBRUARY 13 2016...

CLIMATE NORMAL PERIOD 1981 TO 2010
CLIMATE RECORD PERIOD 1940 TO 2016


WEATHER ITEM   OBSERVED TIME   RECORD YEAR NORMAL DEPARTURE LAST
                VALUE   (LST)  VALUE       VALUE  FROM      YEAR
                                                  NORMAL
..................................................................
TEMPERATURE (F)
 YESTERDAY
  MAXIMUM         53    324 PM  60    1996  51      2       56
                                      1971
  MINIMUM         45    625 AM  23    1990  36      9       36
                                      1949
  AVERAGE         49                        44      5       46

PRECIPITATION (IN)
  YESTERDAY        0.26          0.90 1959   0.13   0.13     0.00
  MONTH TO DATE    1.49                      1.72  -0.23     3.28
  SINCE OCT 1     32.14                     20.72  11.42    21.59
  SINCE JAN 1      8.72                      6.60   2.12     6.61

DEGREE DAYS
 HEATING
  YESTERDAY       16                        22     -6       19
  MONTH TO DATE  210                       286    -76      206
  SINCE DEC 1   1557                      1781   -224     1508
  SINCE JUL 1   2365                      2750   -385     2241

 COOLING
  YESTERDAY        0                         0      0        0
  MONTH TO DATE    0                         0      0        0
  SINCE DEC 1      0                         0      0        0
  SINCE JAN 1      0                         0      0        0
..................................................................


WIND (MPH)
  HIGHEST WIND SPEED    20   HIGHEST WIND DIRECTION     S (190)
  HIGHEST GUST SPEED    28   HIGHEST GUST DIRECTION     S (180)
  AVERAGE WIND SPEED     8.7


SKY COVER
  POSSIBLE SUNSHINE  MM
  AVERAGE SKY COVER 0.9


WEATHER CONDITIONS
 THE FOLLOWING WEATHER WAS RECORDED YESTERDAY.
  LIGHT RAIN


RELATIVE HUMIDITY (PERCENT)
 HIGHEST    86          1200 AM
 LOWEST     71          1100 AM
 AVERAGE    79

..........................................................


THE PORTLAND OR CLIMATE NORMALS FOR TODAY
                         NORMAL    RECORD    YEAR
 MAXIMUM TEMPERATURE (F)   51        63      1977
 MINIMUM TEMPERATURE (F)   36        16      1995


SUNRISE AND SUNSET
FEBRUARY 14 2016......SUNRISE   714 AM PST   SUNSET   535 PM PST
FEBRUARY 15 2016......SUNRISE   713 AM PST   SUNSET   537 PM PST


-  INDICATES NEGATIVE NUMBERS.
R  INDICATES RECORD WAS SET OR TIED.
MM INDICATES DATA IS MISSING.
T  INDICATES TRACE AMOUNT.




$$
