000
CDUS46 KPQR 310220
CLIPDX


CLIMATE REPORT
NATIONAL WEATHER SERVICE PORTLAND OREGON
720 PM PDT SAT JUL 30 2016


...................................

...THE PORTLAND OR CLIMATE SUMMARY FOR JULY 30 2016...
VALID TODAY AS OF 0700 PM LOCAL TIME.

CLIMATE NORMAL PERIOD 1981 TO 2010
CLIMATE RECORD PERIOD 1940 TO 2016


WEATHER ITEM   OBSERVED TIME   RECORD YEAR NORMAL DEPARTURE LAST
                VALUE   (LST)  VALUE       VALUE  FROM      YEAR
                                                  NORMAL
..................................................................
TEMPERATURE (F)
 TODAY
  MAXIMUM         81    351 PM 107    1965  82     -1      103
  MINIMUM         58    514 AM  47    1945  59     -1       63
  AVERAGE         70                        71     -1       83

PRECIPITATION (IN)
  TODAY            0.00          0.52 1982   0.01  -0.01     0.00
  MONTH TO DATE    0.66                      0.63   0.03     0.57
  SINCE OCT 1     45.24                     33.87  11.37    30.04
  SINCE JAN 1     21.82                     19.75   2.07    15.06

DEGREE DAYS
 HEATING
  TODAY            0                         0      0        0
  MONTH TO DATE    3                        15    -12        0
  SINCE JUN 1     70                       106    -36       19
  SINCE JUL 1      3                        15    -12        0

 COOLING
  TODAY            5                         6     -1       18
  MONTH TO DATE  137                       143     -6      269
  SINCE JUN 1    242                       190     52      454
  SINCE JAN 1    291                       207     84      476
..................................................................


WIND (MPH)
  HIGHEST WIND SPEED    18   HIGHEST WIND DIRECTION    NW (310)
  HIGHEST GUST SPEED    24   HIGHEST GUST DIRECTION    NW (320)
  AVERAGE WIND SPEED     7.1



WEATHER CONDITIONS
 THE FOLLOWING WEATHER WAS RECORDED TODAY.
  NO SIGNIFICANT WEATHER WAS OBSERVED.


RELATIVE HUMIDITY (PERCENT)
 HIGHEST    78           200 AM
 LOWEST     30           400 PM
 AVERAGE    54

..........................................................


THE PORTLAND OR CLIMATE NORMALS FOR TOMORROW
                         NORMAL    RECORD    YEAR
 MAXIMUM TEMPERATURE (F)   82       102      1965
 MINIMUM TEMPERATURE (F)   59        48      1956
                                             1953


SUNRISE AND SUNSET
JULY 30 2016..........SUNRISE   552 AM PDT   SUNSET   840 PM PDT
JULY 31 2016..........SUNRISE   554 AM PDT   SUNSET   839 PM PDT


-  INDICATES NEGATIVE NUMBERS.
R  INDICATES RECORD WAS SET OR TIED.
MM INDICATES DATA IS MISSING.
T  INDICATES TRACE AMOUNT.




$$
