000
CDUS46 KPQR 251144
CLIPDX


CLIMATE REPORT
NATIONAL WEATHER SERVICE PORTLAND OREGON
344 AM PST SAT FEB 25 2017


...................................

...THE PORTLAND OR CLIMATE SUMMARY FOR FEBRUARY 24 2017...

CLIMATE NORMAL PERIOD 1981 TO 2010
CLIMATE RECORD PERIOD 1940 TO 2017


WEATHER ITEM   OBSERVED TIME   RECORD YEAR NORMAL DEPARTURE LAST
                VALUE   (LST)  VALUE       VALUE  FROM      YEAR
                                                  NORMAL
..................................................................
TEMPERATURE (F)
 YESTERDAY
  MAXIMUM         41    529 PM  68    1986  53    -12       62
  MINIMUM         32    151 AM  25    1969  37     -5       42
  AVERAGE         37                        45     -8       52

PRECIPITATION (IN)
  YESTERDAY        0.07          1.89 1994   0.13  -0.06     0.00
  MONTH TO DATE   10.12                      3.14   6.98     3.19
  SINCE OCT 1     34.00                     22.14  11.86    33.84
  SINCE JAN 1     14.25                      8.02   6.23    10.42

SNOWFALL (IN)
  YESTERDAY        0.0           2.0  1994
  MONTH TO DATE    T
  SINCE DEC 1     11.2
  SINCE JUL 1     11.2

DEGREE DAYS
 HEATING
  YESTERDAY       28                        20      8       13
  MONTH TO DATE  575                       514     61      381
  SINCE DEC 1   2398                      2009    389     1728
  SINCE JUL 1   3108                      2978    130     2536

 COOLING
  YESTERDAY        0                         0      0        0
  MONTH TO DATE    0                         0      0        0
  SINCE DEC 1      0                         0      0        0
  SINCE JAN 1      0                         0      0        0
..................................................................


WIND (MPH)
  HIGHEST WIND SPEED    14   HIGHEST WIND DIRECTION     E (110)
  HIGHEST GUST SPEED    17   HIGHEST GUST DIRECTION     E (100)
  AVERAGE WIND SPEED     6.1


SKY COVER
  POSSIBLE SUNSHINE  MM
  AVERAGE SKY COVER 0.9


WEATHER CONDITIONS
 THE FOLLOWING WEATHER WAS RECORDED YESTERDAY.
  LIGHT RAIN
  FOG


RELATIVE HUMIDITY (PERCENT)
 HIGHEST    96          1200 AM
 LOWEST     85           900 AM
 AVERAGE    91

..........................................................


THE PORTLAND OR CLIMATE NORMALS FOR TODAY
                         NORMAL    RECORD    YEAR
 MAXIMUM TEMPERATURE (F)   53        66      1991
                                             1968
 MINIMUM TEMPERATURE (F)   37        23      1969


SUNRISE AND SUNSET
FEBRUARY 25 2017......SUNRISE   655 AM PST   SUNSET   552 PM PST
FEBRUARY 26 2017......SUNRISE   653 AM PST   SUNSET   554 PM PST


-  INDICATES NEGATIVE NUMBERS.
R  INDICATES RECORD WAS SET OR TIED.
MM INDICATES DATA IS MISSING.
T  INDICATES TRACE AMOUNT.




$$
