000
CDUS46 KPQR 221144
CLIPDX


CLIMATE REPORT
NATIONAL WEATHER SERVICE PORTLAND OREGON
444 AM PDT WED OCT 22 2014


...................................

...THE PORTLAND OR CLIMATE SUMMARY FOR OCTOBER 21 2014...

CLIMATE NORMAL PERIOD 1981 TO 2010
CLIMATE RECORD PERIOD 1940 TO 2014


WEATHER ITEM   OBSERVED TIME   RECORD YEAR NORMAL DEPARTURE LAST
                VALUE   (LST)  VALUE       VALUE  FROM      YEAR
                                                  NORMAL
..................................................................
TEMPERATURE (F)
 YESTERDAY
  MAXIMUM         62    307 PM  81    2003  62      0       71
  MINIMUM         54   1153 PM  30    1949  45      9       46
  AVERAGE         58                        53      5       59

PRECIPITATION (IN)
  YESTERDAY        0.04          1.10 1951   0.11  -0.07     0.00
  MONTH TO DATE    1.48                      1.71  -0.23     0.87
  SINCE OCT 1      1.48                      1.71  -0.23     0.87
  SINCE JAN 1     26.61                     23.62   2.99    21.77

DEGREE DAYS
 HEATING
  YESTERDAY        7                        12     -5        6
  MONTH TO DATE   71                       183   -112      226
  SINCE SEP 1     88                       259   -171      311
  SINCE JUL 1     89                       286   -197      316

 COOLING
  YESTERDAY        0                         0      0        0
  MONTH TO DATE   17                         0     17        0
  SINCE SEP 1    118                        59     59       86
  SINCE JAN 1    653                       422    231      539
..................................................................


WIND (MPH)
  HIGHEST WIND SPEED    21   HIGHEST WIND DIRECTION     S (180)
  HIGHEST GUST SPEED    25   HIGHEST GUST DIRECTION     S (200)
  AVERAGE WIND SPEED    11.9


SKY COVER
  POSSIBLE SUNSHINE  MM
  AVERAGE SKY COVER 0.9


WEATHER CONDITIONS
 THE FOLLOWING WEATHER WAS RECORDED YESTERDAY.
  LIGHT RAIN
  FOG


RELATIVE HUMIDITY (PERCENT)
 HIGHEST    93           600 AM
 LOWEST     67           200 PM
 AVERAGE    80

..........................................................


THE PORTLAND OR CLIMATE NORMALS FOR TODAY
                         NORMAL    RECORD    YEAR
 MAXIMUM TEMPERATURE (F)   61        75      1965
 MINIMUM TEMPERATURE (F)   45        33      1980


SUNRISE AND SUNSET
OCTOBER 22 2014.......SUNRISE   736 AM PDT   SUNSET   613 PM PDT
OCTOBER 23 2014.......SUNRISE   738 AM PDT   SUNSET   611 PM PDT


-  INDICATES NEGATIVE NUMBERS.
R  INDICATES RECORD WAS SET OR TIED.
MM INDICATES DATA IS MISSING.
T  INDICATES TRACE AMOUNT.




$$
