000
CDUS46 KPQR 231149
CLIPDX


CLIMATE REPORT
NATIONAL WEATHER SERVICE PORTLAND OREGON
448 AM PDT SUN JUL 23 2017


...................................

...THE PORTLAND OR CLIMATE SUMMARY FOR JULY 22 2017...

CLIMATE NORMAL PERIOD 1981 TO 2010
CLIMATE RECORD PERIOD 1940 TO 2017


WEATHER ITEM   OBSERVED TIME   RECORD YEAR NORMAL DEPARTURE LAST
                VALUE   (LST)  VALUE       VALUE  FROM      YEAR
                                                  NORMAL
..................................................................
TEMPERATURE (F)
 YESTERDAY
  MAXIMUM         90    434 PM  98    2004  82      8       71
                                      1978
  MINIMUM         62    517 AM  49    2011  59      3       60
                                      1954
  AVERAGE         76                        70      6       66

PRECIPITATION (IN)
  YESTERDAY        0.00          0.41 2014   0.02  -0.02     0.30
  MONTH TO DATE    T                         0.51  -0.51     0.66
  SINCE OCT 1     49.01                     33.75  15.26    45.24
  SINCE JAN 1     29.26                     19.63   9.63    21.82

SNOWFALL (IN)
  YESTERDAY        0.0          MM      MM
  MONTH TO DATE    0.0
  SINCE JUN 1      0.0
  SINCE JUL 1      0.0

DEGREE DAYS
 HEATING
  YESTERDAY        0                         0      0        0
  MONTH TO DATE    1                        15    -14        3
  SINCE JUN 1     70                       106    -36       70
  SINCE JUL 1      1                        15    -14        3

 COOLING
  YESTERDAY       11                         6      5        1
  MONTH TO DATE   97                        95      2       68
  SINCE JUN 1    185                       142     43      173
  SINCE JAN 1    226                       159     67      222
..................................................................


WIND (MPH)
  HIGHEST WIND SPEED    18   HIGHEST WIND DIRECTION    NW (320)
  HIGHEST GUST SPEED    24   HIGHEST GUST DIRECTION    NW (320)
  AVERAGE WIND SPEED     7.3


SKY COVER
  POSSIBLE SUNSHINE  MM
  AVERAGE SKY COVER 0.1


WEATHER CONDITIONS
 THE FOLLOWING WEATHER WAS RECORDED YESTERDAY.
  NO SIGNIFICANT WEATHER WAS OBSERVED.


RELATIVE HUMIDITY (PERCENT)
 HIGHEST    78           400 AM
 LOWEST     38           300 PM
 AVERAGE    58

..........................................................


THE PORTLAND OR CLIMATE NORMALS FOR TODAY
                         NORMAL    RECORD    YEAR
 MAXIMUM TEMPERATURE (F)   82       103      2004
 MINIMUM TEMPERATURE (F)   59        46      1963


SUNRISE AND SUNSET
JULY 23 2017..........SUNRISE   544 AM PDT   SUNSET   849 PM PDT
JULY 24 2017..........SUNRISE   545 AM PDT   SUNSET   848 PM PDT


-  INDICATES NEGATIVE NUMBERS.
R  INDICATES RECORD WAS SET OR TIED.
MM INDICATES DATA IS MISSING.
T  INDICATES TRACE AMOUNT.




$$
