000
CDUS46 KPQR 181143
CLIPDX


CLIMATE REPORT
NATIONAL WEATHER SERVICE PORTLAND OREGON
442 AM PDT THU SEP 18 2014


...................................

...THE PORTLAND OR CLIMATE SUMMARY FOR SEPTEMBER 17 2014...

CLIMATE NORMAL PERIOD 1981 TO 2010
CLIMATE RECORD PERIOD 1940 TO 2014


WEATHER ITEM   OBSERVED TIME   RECORD YEAR NORMAL DEPARTURE LAST
                VALUE   (LST)  VALUE       VALUE  FROM      YEAR
                                                  NORMAL
..................................................................
TEMPERATURE (F)
 YESTERDAY
  MAXIMUM         77    357 PM  93    1962  76      1       68
  MINIMUM         61    620 AM  34    1965  53      8       55
  AVERAGE         69                        64      5       62

PRECIPITATION (IN)
  YESTERDAY        T             2.23 1969   0.05  -0.05     0.00
  MONTH TO DATE    T                         0.71  -0.71     1.45
  SINCE OCT 1     29.97                     35.27  -5.30    38.66
  SINCE JAN 1     24.15                     21.15   3.00    16.73

DEGREE DAYS
 HEATING
  YESTERDAY        0                         3     -3        3
  MONTH TO DATE    1                        26    -25        3
  SINCE SEP 1      1                        26    -25        3
  SINCE JUL 1      2                        53    -51        8

 COOLING
  YESTERDAY        4                         2      2        0
  MONTH TO DATE   68                        44     24       86
  SINCE SEP 1     68                        44     24       86
  SINCE JAN 1    603                       407    196      539
..................................................................


WIND (MPH)
  HIGHEST WIND SPEED    10   HIGHEST WIND DIRECTION     W (290)
  HIGHEST GUST SPEED    13   HIGHEST GUST DIRECTION     N (350)
  AVERAGE WIND SPEED     2.8


SKY COVER
  POSSIBLE SUNSHINE  MM
  AVERAGE SKY COVER 0.9


WEATHER CONDITIONS
 THE FOLLOWING WEATHER WAS RECORDED YESTERDAY.
  NO SIGNIFICANT WEATHER WAS OBSERVED.


RELATIVE HUMIDITY (PERCENT)
 HIGHEST    84           200 AM
 LOWEST     47           400 PM
 AVERAGE    66

..........................................................


THE PORTLAND OR CLIMATE NORMALS FOR TODAY
                         NORMAL    RECORD    YEAR
 MAXIMUM TEMPERATURE (F)   76        93      1991
 MINIMUM TEMPERATURE (F)   53        36      1965


SUNRISE AND SUNSET
SEPTEMBER 18 2014.....SUNRISE   653 AM PDT   SUNSET   715 PM PDT
SEPTEMBER 19 2014.....SUNRISE   654 AM PDT   SUNSET   714 PM PDT


-  INDICATES NEGATIVE NUMBERS.
R  INDICATES RECORD WAS SET OR TIED.
MM INDICATES DATA IS MISSING.
T  INDICATES TRACE AMOUNT.




$$
