349
CDUS46 KPQR 231141
CLIPDX


CLIMATE REPORT
NATIONAL WEATHER SERVICE PORTLAND OREGON
341 AM PST THU NOV 23 2017


...................................

...THE PORTLAND OR CLIMATE SUMMARY FOR NOVEMBER 22 2017...

CLIMATE NORMAL PERIOD 1981 TO 2010
CLIMATE RECORD PERIOD 1940 TO 2017


WEATHER ITEM   OBSERVED TIME   RECORD YEAR NORMAL DEPARTURE LAST
                VALUE   (LST)  VALUE       VALUE  FROM      YEAR
                                                  NORMAL
..................................................................
TEMPERATURE (F)
 YESTERDAY
  MAXIMUM         62R  1141 PM  59    2011  51     11       53
                                      1968
  MINIMUM         49    156 AM  20    1985  39     10       44
  AVERAGE         56                        45     11       49

PRECIPITATION (IN)
  YESTERDAY        0.22          2.35 2011   0.20   0.02     0.60
  MONTH TO DATE    5.08                      4.00   1.08     3.39
  SINCE OCT 1      9.65                      7.00   2.65    11.70
  SINCE JAN 1     41.35                     28.91  12.44    35.30

SNOWFALL (IN)
  YESTERDAY        0.0           7.0  1977
  MONTH TO DATE    0.0
  SINCE SEP 1      0.0
  SINCE JUL 1      0.0

DEGREE DAYS
 HEATING
  YESTERDAY        9                        20    -11       16
  MONTH TO DATE  376                       380     -4      241
  SINCE SEP 1    778                       771      7      572
  SINCE JUL 1    780                       798    -18      578

 COOLING
  YESTERDAY        0                         0      0        0
  MONTH TO DATE    0                         0      0        0
  SINCE SEP 1    132                        61     71       30
  SINCE JAN 1    700                       424    276      548
..................................................................


WIND (MPH)
  HIGHEST WIND SPEED    21   HIGHEST WIND DIRECTION     E (110)
  HIGHEST GUST SPEED    25   HIGHEST GUST DIRECTION     E (110)
  AVERAGE WIND SPEED    12.2


SKY COVER
  POSSIBLE SUNSHINE  MM
  AVERAGE SKY COVER 0.9


WEATHER CONDITIONS
 THE FOLLOWING WEATHER WAS RECORDED YESTERDAY.
  RAIN
  LIGHT RAIN
  FOG


RELATIVE HUMIDITY (PERCENT)
 HIGHEST   100           100 AM
 LOWEST     86           100 PM
 AVERAGE    93

..........................................................


THE PORTLAND OR CLIMATE NORMALS FOR TODAY
                         NORMAL    RECORD    YEAR
 MAXIMUM TEMPERATURE (F)   51        63      1959
 MINIMUM TEMPERATURE (F)   39        17      1985


SUNRISE AND SUNSET
NOVEMBER 23 2017......SUNRISE   721 AM PST   SUNSET   433 PM PST
NOVEMBER 24 2017......SUNRISE   722 AM PST   SUNSET   432 PM PST


-  INDICATES NEGATIVE NUMBERS.
R  INDICATES RECORD WAS SET OR TIED.
MM INDICATES DATA IS MISSING.
T  INDICATES TRACE AMOUNT.




$$
