000
CDUS46 KPQR 021141
CLIPDX


CLIMATE REPORT
NATIONAL WEATHER SERVICE PORTLAND OREGON
341 AM PST FRI DEC 2 2016


...................................

...THE PORTLAND OR CLIMATE SUMMARY FOR DECEMBER 1 2016...

CLIMATE NORMAL PERIOD 1981 TO 2010
CLIMATE RECORD PERIOD 1940 TO 2016


WEATHER ITEM   OBSERVED TIME   RECORD YEAR NORMAL DEPARTURE LAST
                VALUE   (LST)  VALUE       VALUE  FROM      YEAR
                                                  NORMAL
..................................................................
TEMPERATURE (F)
 YESTERDAY
  MAXIMUM         47    413 PM  62    1958  48     -1       42
  MINIMUM         39    248 AM  20    1985  37      2       34
  AVERAGE         43                        43      0       38

PRECIPITATION (IN)
  YESTERDAY        0.02          1.69 1987   0.21  -0.19     0.52
  MONTH TO DATE    0.02                      0.21  -0.19     0.52
  SINCE OCT 1     15.16                      8.84   6.32     8.70
  SINCE JAN 1     38.76                     30.75   8.01    25.68

DEGREE DAYS
 HEATING
  YESTERDAY       22                        22      0       27
  MONTH TO DATE   22                        22      0       27
  SINCE DEC 1     22                        22      0       27
  SINCE JUL 1    732                       991   -259      835

 COOLING
  YESTERDAY        0                         0      0        0
  MONTH TO DATE    0                         0      0        0
  SINCE DEC 1      0                         0      0        0
  SINCE JAN 1    548                       424    124      785
..................................................................


WIND (MPH)
  HIGHEST WIND SPEED     9   HIGHEST WIND DIRECTION     S (190)
  HIGHEST GUST SPEED    10   HIGHEST GUST DIRECTION     S (200)
  AVERAGE WIND SPEED     4.8


SKY COVER
  POSSIBLE SUNSHINE  MM
  AVERAGE SKY COVER 0.8


WEATHER CONDITIONS
 THE FOLLOWING WEATHER WAS RECORDED YESTERDAY.
  LIGHT RAIN


RELATIVE HUMIDITY (PERCENT)
 HIGHEST    93           200 AM
 LOWEST     76          1200 PM
 AVERAGE    85

..........................................................


THE PORTLAND OR CLIMATE NORMALS FOR TODAY
                         NORMAL    RECORD    YEAR
 MAXIMUM TEMPERATURE (F)   48        62      1958
 MINIMUM TEMPERATURE (F)   37        23      2014
                                             1985


SUNRISE AND SUNSET
DECEMBER  2 2016......SUNRISE   732 AM PST   SUNSET   428 PM PST
DECEMBER  3 2016......SUNRISE   733 AM PST   SUNSET   427 PM PST


-  INDICATES NEGATIVE NUMBERS.
R  INDICATES RECORD WAS SET OR TIED.
MM INDICATES DATA IS MISSING.
T  INDICATES TRACE AMOUNT.




$$
