000
CDUS41 KPBZ 300725
CLIPHD


CLIMATE REPORT
NATIONAL WEATHER SERVICE PITTSBURGH PA
324 AM EDT SUN AUG 30 2015


...................................

...THE NEW PHILADELPHIA OH CLIMATE SUMMARY FOR AUGUST 29 2015...

CLIMATE NORMAL PERIOD 1981 TO 2010
CLIMATE RECORD PERIOD 1946 TO 2015


WEATHER ITEM   OBSERVED TIME   RECORD YEAR NORMAL DEPARTURE LAST
                VALUE   (LST)  VALUE       VALUE  FROM      YEAR
                                                  NORMAL
..................................................................
TEMPERATURE (F)
 YESTERDAY
  MAXIMUM         88    316 PM  92    1993  81      7       80
  MINIMUM         48            36    1982  58    -10       49
  AVERAGE         68                        70     -2       65

PRECIPITATION (IN)
  YESTERDAY        0.00         MM      MM   0.13  -0.13     0.00
  MONTH TO DATE    0.13                      3.33  -3.20     6.52
  SINCE JUN 1      8.38                     11.09  -2.71    16.27
  SINCE JAN 1     21.60                     26.69  -5.09    31.45

DEGREE DAYS
 HEATING
  YESTERDAY        0                         0      0        0
  MONTH TO DATE   13                         0     13       13
  SINCE JUN 1     36                        38     -2       42
  SINCE JUL 1     13                         3     10       32

 COOLING
  YESTERDAY        3                         5     -2        0
  MONTH TO DATE  129                       190    -61      138
  SINCE JUN 1    535                       567    -32      467
  SINCE JAN 1    696                       610     86      533
..................................................................


WIND (MPH)
  HIGHEST WIND SPEED    10   HIGHEST WIND DIRECTION     W (260)
  HIGHEST GUST SPEED    17   HIGHEST GUST DIRECTION     S (190)
  AVERAGE WIND SPEED     2.1


SKY COVER
  POSSIBLE SUNSHINE  MM
  AVERAGE SKY COVER 0.2


WEATHER CONDITIONS
 THE FOLLOWING WEATHER WAS RECORDED YESTERDAY.
  THUNDERSTORM
  FOG
  FOG W/VISIBILITY <= 1/4 MILE


RELATIVE HUMIDITY (PERCENT)
 HIGHEST   100          1200 AM
 LOWEST     40           300 PM
 AVERAGE    70

..........................................................


THE NEW PHILADELPHIA OH CLIMATE NORMALS FOR TODAY
                         NORMAL    RECORD    YEAR
 MAXIMUM TEMPERATURE (F)   81        95      1991
 MINIMUM TEMPERATURE (F)   58        37      1982


SUNRISE AND SUNSET
AUGUST 30 2015........SUNRISE   651 AM EDT   SUNSET   801 PM EDT
AUGUST 31 2015........SUNRISE   652 AM EDT   SUNSET   800 PM EDT


-  INDICATES NEGATIVE NUMBERS.
R  INDICATES RECORD WAS SET OR TIED.
MM INDICATES DATA IS MISSING.
T  INDICATES TRACE AMOUNT.




$$
