000
CDUS41 KPBZ 180801
CLIPHD


CLIMATE REPORT
NATIONAL WEATHER SERVICE PITTSBURGH PA
301 AM EST WED JAN 18 2017


...................................

...THE NEW PHILADELPHIA OH CLIMATE SUMMARY FOR JANUARY 17 2017...

CLIMATE NORMAL PERIOD 1981 TO 2010
CLIMATE RECORD PERIOD 1946 TO 2017


WEATHER ITEM   OBSERVED TIME   RECORD YEAR NORMAL DEPARTURE LAST
                VALUE   (LST)  VALUE       VALUE  FROM      YEAR
                                                  NORMAL
..................................................................
TEMPERATURE (F)
 YESTERDAY
  MAXIMUM         61R   210 PM  55    2012  37     24       30
  MINIMUM         40           -18    1977  21     19        8
  AVERAGE         51                        29     22       19

PRECIPITATION (IN)
  YESTERDAY        0.09         MM      MM   0.08   0.01      T
  MONTH TO DATE    2.57                      1.54   1.03     0.96
  SINCE JUN 1     23.15                     24.84  -1.69    19.04
  SINCE JAN 1      2.57                      1.54   1.03     0.96

DEGREE DAYS
 HEATING
  YESTERDAY       14                        36    -22       46
  MONTH TO DATE  570                       612    -42      624
  SINCE DEC 1   1601                      1615    -14     1261
  SINCE JUL 1   2468                      2773   -305     2157

 COOLING
  YESTERDAY        0                         0      0        0
  MONTH TO DATE    0                         0      0        0
  SINCE DEC 1      0                         0      0        0
  SINCE JAN 1      0                         0      0        0
..................................................................


WIND (MPH)
  HIGHEST WIND SPEED    18   HIGHEST WIND DIRECTION     S (170)
  HIGHEST GUST SPEED    26   HIGHEST GUST DIRECTION     S (160)
  AVERAGE WIND SPEED     7.2


SKY COVER
  POSSIBLE SUNSHINE  MM
  AVERAGE SKY COVER 1.0


WEATHER CONDITIONS
 THE FOLLOWING WEATHER WAS RECORDED YESTERDAY.
  LIGHT RAIN
  FOG


RELATIVE HUMIDITY (PERCENT)
 HIGHEST   100           400 AM
 LOWEST     67           500 PM
 AVERAGE    84

..........................................................


THE NEW PHILADELPHIA OH CLIMATE NORMALS FOR TODAY
                         NORMAL    RECORD    YEAR
 MAXIMUM TEMPERATURE (F)   37        58      1990
 MINIMUM TEMPERATURE (F)   21       -18      1977


SUNRISE AND SUNSET
JANUARY 18 2017.......SUNRISE   745 AM EST   SUNSET   527 PM EST
JANUARY 19 2017.......SUNRISE   745 AM EST   SUNSET   529 PM EST


-  INDICATES NEGATIVE NUMBERS.
R  INDICATES RECORD WAS SET OR TIED.
MM INDICATES DATA IS MISSING.
T  INDICATES TRACE AMOUNT.




$$
