000
CDUS41 KPBZ 122227
CLIPHD


CLIMATE REPORT
NATIONAL WEATHER SERVICE PITTSBURGH PA
525 PM EST TUE DEC 12 2017


...................................

...THE NEW PHILADELPHIA OH CLIMATE SUMMARY FOR DECEMBER 12 2017...
VALID TODAY AS OF 0500 PM LOCAL TIME.

CLIMATE NORMAL PERIOD 1981 TO 2010
CLIMATE RECORD PERIOD 1948 TO 2017


WEATHER ITEM   OBSERVED TIME   RECORD YEAR NORMAL DEPARTURE LAST
                VALUE   (LST)  VALUE       VALUE  FROM      YEAR
                                                  NORMAL
..................................................................
TEMPERATURE (F)
 TODAY
  MAXIMUM         39    216 AM  70    2015  42     -3       39
  MINIMUM         21    359 PM -10    1962  25     -4       26
  AVERAGE         30                        33     -3       33

PRECIPITATION (IN)
  TODAY            0.01          1.29 1964   0.08  -0.07     0.18
  MONTH TO DATE    0.26                      1.13  -0.87     1.08
  SINCE JUN 1     19.57                     21.76  -2.19    18.02
  SINCE JAN 1     40.32                     37.36   2.96    32.67

DEGREE DAYS
 HEATING
  TODAY           35                        32      3       32
  MONTH TO DATE  369                       357     12      386
  SINCE DEC 1    369                       357     12      386
  SINCE JUL 1   1371                      1515   -144     1253

 COOLING
  TODAY            0                         0      0        0
  MONTH TO DATE    0                         0      0        0
  SINCE DEC 1      0                         0      0        0
  SINCE JAN 1    831                       697    134     1339
..................................................................


WIND (MPH)
  HIGHEST WIND SPEED    24   HIGHEST WIND DIRECTION    NW (310)
  HIGHEST GUST SPEED    32   HIGHEST GUST DIRECTION    NW (310)
  AVERAGE WIND SPEED    12.9


SKY COVER
  POSSIBLE SUNSHINE  MM
  AVERAGE SKY COVER 1.0


WEATHER CONDITIONS
 THE FOLLOWING WEATHER WAS RECORDED TODAY.
  LIGHT SNOW
  FOG
  HAZE


RELATIVE HUMIDITY (PERCENT)
 HIGHEST    85           700 AM
 LOWEST     52           300 PM
 AVERAGE    69

..........................................................


THE NEW PHILADELPHIA OH CLIMATE NORMALS FOR TOMORROW
                         NORMAL    RECORD    YEAR
 MAXIMUM TEMPERATURE (F)   41        66      2015
 MINIMUM TEMPERATURE (F)   25       -11      1962


SUNRISE AND SUNSET
DECEMBER 12 2017......SUNRISE   740 AM EST   SUNSET   459 PM EST
DECEMBER 13 2017......SUNRISE   741 AM EST   SUNSET   459 PM EST


-  INDICATES NEGATIVE NUMBERS.
R  INDICATES RECORD WAS SET OR TIED.
MM INDICATES DATA IS MISSING.
T  INDICATES TRACE AMOUNT.




$$
