000
CDUS41 KPBZ 252211
CLIPHD


CLIMATE REPORT
NATIONAL WEATHER SERVICE PITTSBURGH PA
511 PM EST SUN JAN 25 2015


...................................

...THE NEW PHILADELPHIA OH CLIMATE SUMMARY FOR JANUARY 25 2015...
VALID TODAY AS OF 0500 PM LOCAL TIME.

CLIMATE NORMAL PERIOD 1981 TO 2010
CLIMATE RECORD PERIOD 1946 TO 2015


WEATHER ITEM   OBSERVED TIME   RECORD YEAR NORMAL DEPARTURE LAST
                VALUE   (LST)  VALUE       VALUE  FROM      YEAR
                                                  NORMAL
..................................................................
TEMPERATURE (F)
 TODAY
  MAXIMUM         37   1219 PM  64    1972  38     -1       28
  MINIMUM         33    850 AM -16    1963  21     12       13
  AVERAGE         35                        29      6       21

PRECIPITATION (IN)
  TODAY            0.02         MM      MM   0.07  -0.05     0.05
  MONTH TO DATE    1.33                      2.10  -0.77     1.75
  SINCE JUN 1     26.06                     25.40   0.66    26.39
  SINCE JAN 1      1.33                      2.10  -0.77     1.75

DEGREE DAYS
 HEATING
  TODAY           30                        36     -6       44
  MONTH TO DATE  943                       900     43      975
  SINCE DEC 1   1828                      1903    -75     1940
  SINCE JUL 1   3062                      3061      1     3176

 COOLING
  TODAY            0                         0      0        0
  MONTH TO DATE    0                         0      0        0
  SINCE DEC 1      0                         0      0        0
  SINCE JAN 1      0                         0      0        0
..................................................................


WIND (MPH)
  HIGHEST WIND SPEED     9   HIGHEST WIND DIRECTION    NE (60)
  HIGHEST GUST SPEED    15   HIGHEST GUST DIRECTION    SW (220)
  AVERAGE WIND SPEED     3.3


SKY COVER
  POSSIBLE SUNSHINE  MM
  AVERAGE SKY COVER 1.0


WEATHER CONDITIONS
 THE FOLLOWING WEATHER WAS RECORDED TODAY.
  LIGHT RAIN
  LIGHT SNOW
  FOG
  HAZE


RELATIVE HUMIDITY (PERCENT)
 HIGHEST    92           200 PM
 LOWEST     82           100 AM
 AVERAGE    87

..........................................................


THE NEW PHILADELPHIA OH CLIMATE NORMALS FOR TOMORROW
                         NORMAL    RECORD    YEAR
 MAXIMUM TEMPERATURE (F)   38        67      1967
 MINIMUM TEMPERATURE (F)   21       -14      1961


SUNRISE AND SUNSET
JANUARY 25 2015.......SUNRISE   741 AM EST   SUNSET   535 PM EST
JANUARY 26 2015.......SUNRISE   741 AM EST   SUNSET   536 PM EST


-  INDICATES NEGATIVE NUMBERS.
R  INDICATES RECORD WAS SET OR TIED.
MM INDICATES DATA IS MISSING.
T  INDICATES TRACE AMOUNT.




$$
