000
CDUS41 KPBZ 222113
CLIPHD


CLIMATE REPORT
NATIONAL WEATHER SERVICE PITTSBURGH PA
513 PM EDT FRI AUG 22 2014


...................................

...THE NEW PHILADELPHIA OH CLIMATE SUMMARY FOR AUGUST 22 2014...
VALID TODAY AS OF 0500 PM LOCAL TIME.

CLIMATE NORMAL PERIOD 1981 TO 2010
CLIMATE RECORD PERIOD 1946 TO 2014


WEATHER ITEM   OBSERVED TIME   RECORD YEAR NORMAL DEPARTURE LAST
                VALUE   (LST)  VALUE       VALUE  FROM      YEAR
                                                  NORMAL
..................................................................
TEMPERATURE (F)
 TODAY
  MAXIMUM         83    248 PM  94    1968  82      1       83
  MINIMUM         68    533 AM  40    1982  59      9       63
  AVERAGE         76                        71      5       73

PRECIPITATION (IN)
  TODAY            0.08         MM      MM   0.12  -0.04     0.02
  MONTH TO DATE    5.76                      2.41   3.35     1.01
  SINCE JUN 1     15.51                     10.17   5.34    13.13
  SINCE JAN 1     30.69                     25.77   4.92    23.17

DEGREE DAYS
 HEATING
  TODAY            0                         0      0        0
  MONTH TO DATE   13                         0     13       10
  SINCE JUN 1     42                        38      4       36
  SINCE JUL 1     32                         3     29       14

 COOLING
  TODAY           11                         6      5        8
  MONTH TO DATE   97                       152    -55       93
  SINCE JUN 1    426                       529   -103      475
  SINCE JAN 1    492                       572    -80      573
..................................................................


WIND (MPH)
  HIGHEST WIND SPEED     7   HIGHEST WIND DIRECTION    SE (150)
  HIGHEST GUST SPEED    10   HIGHEST GUST DIRECTION     S (160)
  AVERAGE WIND SPEED     1.8


SKY COVER
  POSSIBLE SUNSHINE  MM
  AVERAGE SKY COVER 0.9


WEATHER CONDITIONS
 THE FOLLOWING WEATHER WAS RECORDED TODAY.
  RAIN
  LIGHT RAIN
  FOG


RELATIVE HUMIDITY (PERCENT)
 HIGHEST   100           500 AM
 LOWEST     79           200 PM
 AVERAGE    90

..........................................................


THE NEW PHILADELPHIA OH CLIMATE NORMALS FOR TOMORROW
                         NORMAL    RECORD    YEAR
 MAXIMUM TEMPERATURE (F)   82        95      1968
 MINIMUM TEMPERATURE (F)   59        42      1982


SUNRISE AND SUNSET
AUGUST 22 2014........SUNRISE   643 AM EDT   SUNSET   813 PM EDT
AUGUST 23 2014........SUNRISE   644 AM EDT   SUNSET   812 PM EDT


-  INDICATES NEGATIVE NUMBERS.
R  INDICATES RECORD WAS SET OR TIED.
MM INDICATES DATA IS MISSING.
T  INDICATES TRACE AMOUNT.




$$
