000
CDUS41 KPHI 312128
CLIPHL


CLIMATE REPORT
NATIONAL WEATHER SERVICE MOUNT HOLLY NJ
427 PM EST SAT JAN 31 2015


...................................

...THE PHILADELPHIA PA CLIMATE SUMMARY FOR JANUARY 31 2015...
VALID TODAY AS OF 0400 PM LOCAL TIME.

CLIMATE NORMAL PERIOD 1981 TO 2010
CLIMATE RECORD PERIOD 1872 TO 2015


WEATHER ITEM   OBSERVED TIME   RECORD YEAR NORMAL DEPARTURE LAST
                VALUE   (LST)  VALUE       VALUE  FROM      YEAR
                                                  NORMAL
..................................................................
TEMPERATURE (F)
 TODAY
  MAXIMUM         29    359 PM  65    1947  41    -12       46
  MINIMUM         14    657 AM   3    1948  26    -12       20
  AVERAGE         22                        33    -11       33

PRECIPITATION (IN)
  TODAY            0.00          1.30 1878   0.10  -0.10     0.00
  MONTH TO DATE    4.52                      3.03   1.49     3.55
  SINCE DEC 1      7.79                      6.59   1.20     8.75
  SINCE JAN 1      4.52                      3.03   1.49     3.55

SNOWFALL (IN)
  TODAY            0.0           3.0  1949   0.3   -0.3      0.0
  MONTH TO DATE    4.3                       6.5   -2.2     25.9
  SINCE DEC 1      4.4                       9.9   -5.5     37.1
  SINCE JUL 1      4.4                      10.2   -5.8     37.1
  SNOW DEPTH       0

DEGREE DAYS
 HEATING
  TODAY           43                        32     11       32
  MONTH TO DATE 1048                       990     58     1131
  SINCE DEC 1   1782                      1847    -65     1938
  SINCE JUL 1   2560                      2663   -103     2744

 COOLING
  TODAY            0                         0      0        0
  MONTH TO DATE    0                         0      0        0
  SINCE DEC 1      0                         0      0        0
  SINCE JAN 1      0                         0      0        0
..................................................................


WIND (MPH)
  HIGHEST WIND SPEED    31   HIGHEST WIND DIRECTION    NW (320)
  HIGHEST GUST SPEED    39   HIGHEST GUST DIRECTION    NW (320)
  AVERAGE WIND SPEED    19.6


SKY COVER
  POSSIBLE SUNSHINE  MM
  AVERAGE SKY COVER 0.0


WEATHER CONDITIONS
 THE FOLLOWING WEATHER WAS RECORDED TODAY.
  NO SIGNIFICANT WEATHER WAS OBSERVED.


RELATIVE HUMIDITY (PERCENT)
 HIGHEST    47           200 AM
 LOWEST     33           100 PM
 AVERAGE    40

..........................................................


THE PHILADELPHIA PA CLIMATE NORMALS FOR TOMORROW
                         NORMAL    RECORD    YEAR
 MAXIMUM TEMPERATURE (F)   41        70      2002
 MINIMUM TEMPERATURE (F)   26         2      1920


SUNRISE AND SUNSET
JANUARY 31 2015.......SUNRISE   710 AM EST   SUNSET   519 PM EST
FEBRUARY  1 2015......SUNRISE   709 AM EST   SUNSET   520 PM EST


-  INDICATES NEGATIVE NUMBERS.
R  INDICATES RECORD WAS SET OR TIED.
MM INDICATES DATA IS MISSING.
T  INDICATES TRACE AMOUNT.




$$
