000
CDUS41 KPHI 250628
CLIPHL


CLIMATE REPORT
NATIONAL WEATHER SERVICE MOUNT HOLLY NJ
227 AM EDT SUN JUN 25 2017


...................................

...THE PHILADELPHIA PA CLIMATE SUMMARY FOR JUNE 24 2017...

CLIMATE NORMAL PERIOD 1981 TO 2010
CLIMATE RECORD PERIOD 1872 TO 2017


WEATHER ITEM   OBSERVED TIME   RECORD YEAR NORMAL DEPARTURE LAST
                VALUE   (LST)  VALUE       VALUE  FROM      YEAR
                                                  NORMAL
..................................................................
TEMPERATURE (F)
 YESTERDAY
  MAXIMUM         88    152 PM  99    1923  85      3       82
  MINIMUM         72    635 AM  52    1947  66      6       67
  AVERAGE         80                        76      4       75

PRECIPITATION (IN)
  YESTERDAY        0.67          2.61 1962   0.11   0.56     0.00
  MONTH TO DATE    1.61                      2.75  -1.14     1.24
  SINCE JUN 1      1.61                      2.75  -1.14     1.24
  SINCE JAN 1     19.56                     19.49   0.07    18.64

SNOWFALL (IN)
  YESTERDAY        0.0           0.0    MM   0.0    0.0      0.0
  MONTH TO DATE    0.0                       0.0    0.0      0.0
  SINCE JUN 1      0.0                       0.0    0.0      0.0
  SINCE JUL 1     15.0                      22.4   -7.4     27.5
  SNOW DEPTH       0

DEGREE DAYS
 HEATING
  YESTERDAY        0                         0      0        0
  MONTH TO DATE    8                         9     -1        0
  SINCE JUN 1      8                         9     -1        0
  SINCE JUL 1   3858                      4611   -753     3587

 COOLING
  YESTERDAY       15                        11      4       10
  MONTH TO DATE  240                       190     50      213
  SINCE JUN 1    240                       190     50      213
  SINCE JAN 1    351                       281     70      327
..................................................................


WIND (MPH)
  HIGHEST WIND SPEED    31   HIGHEST WIND DIRECTION    NW (300)
  HIGHEST GUST SPEED    39   HIGHEST GUST DIRECTION    NW (310)
  AVERAGE WIND SPEED    12.9


SKY COVER
  POSSIBLE SUNSHINE  MM
  AVERAGE SKY COVER 0.7


WEATHER CONDITIONS
 THE FOLLOWING WEATHER WAS RECORDED YESTERDAY.
  THUNDERSTORM
  HEAVY RAIN
  RAIN
  LIGHT RAIN
  FOG


RELATIVE HUMIDITY (PERCENT)
 HIGHEST    82           800 AM
 LOWEST     34           200 PM
 AVERAGE    58

..........................................................


THE PHILADELPHIA PA CLIMATE NORMALS FOR TODAY
                         NORMAL    RECORD    YEAR
 MAXIMUM TEMPERATURE (F)   85        98      1952
 MINIMUM TEMPERATURE (F)   67        52      1979


SUNRISE AND SUNSET
JUNE 25 2017..........SUNRISE   534 AM EDT   SUNSET   833 PM EDT
JUNE 26 2017..........SUNRISE   534 AM EDT   SUNSET   834 PM EDT


-  INDICATES NEGATIVE NUMBERS.
R  INDICATES RECORD WAS SET OR TIED.
MM INDICATES DATA IS MISSING.
T  INDICATES TRACE AMOUNT.




$$
