000
CDUS41 KPHI 260631
CLIPHL


CLIMATE REPORT
NATIONAL WEATHER SERVICE MOUNT HOLLY NJ
131 AM EST WED NOV 26 2014


...................................

...THE PHILADELPHIA PA CLIMATE SUMMARY FOR NOVEMBER 25 2014...

CLIMATE NORMAL PERIOD 1981 TO 2010
CLIMATE RECORD PERIOD 1872 TO 2014


WEATHER ITEM   OBSERVED TIME   RECORD YEAR NORMAL DEPARTURE LAST
                VALUE   (LST)  VALUE       VALUE  FROM      YEAR
                                                  NORMAL
..................................................................
TEMPERATURE (F)
 YESTERDAY
  MAXIMUM         68   1221 AM  73    1979  52     16       35
                                      1973
  MINIMUM         47   1131 PM  20    2013  36     11       20
  AVERAGE         58                        44     14       28

PRECIPITATION (IN)
  YESTERDAY        0.00          3.46 1950   0.11  -0.11     0.00
  MONTH TO DATE    3.12                      2.43   0.69     0.45
  SINCE SEP 1      7.34                      9.39  -2.05     6.16
  SINCE JAN 1     43.15                     37.41   5.74    48.40

SNOWFALL (IN)
  YESTERDAY        0.0           4.4  1938   0.0    0.0      0.0
  MONTH TO DATE    T                         0.2   -0.2       T
  SINCE SEP 1      T                         0.2   -0.2       T
  SINCE JUL 1      T                         0.2   -0.2       T
  SNOW DEPTH       0

DEGREE DAYS
 HEATING
  YESTERDAY        7                        21    -14       37
  MONTH TO DATE  462                       414     48      448
  SINCE SEP 1    652                       706    -54      677
  SINCE JUL 1    652                       707    -55      677

 COOLING
  YESTERDAY        0                         0      0        0
  MONTH TO DATE    0                         0      0        0
  SINCE SEP 1    213                       183     30      195
  SINCE JAN 1   1311                      1300     11     1411
..................................................................


WIND (MPH)
  HIGHEST WIND SPEED    20   HIGHEST WIND DIRECTION     W (260)
  HIGHEST GUST SPEED    23   HIGHEST GUST DIRECTION    NW (320)
  AVERAGE WIND SPEED     8.8


SKY COVER
  POSSIBLE SUNSHINE  MM
  AVERAGE SKY COVER 1.0


WEATHER CONDITIONS
 THE FOLLOWING WEATHER WAS RECORDED YESTERDAY.
  NO SIGNIFICANT WEATHER WAS OBSERVED.


RELATIVE HUMIDITY (PERCENT)
 HIGHEST    86           500 AM
 LOWEST     35           100 PM
 AVERAGE    61

..........................................................


THE PHILADELPHIA PA CLIMATE NORMALS FOR TODAY
                         NORMAL    RECORD    YEAR
 MAXIMUM TEMPERATURE (F)   52        70      1999
                                             1946
 MINIMUM TEMPERATURE (F)   36        18      1938


SUNRISE AND SUNSET
NOVEMBER 26 2014......SUNRISE   658 AM EST   SUNSET   438 PM EST
NOVEMBER 27 2014......SUNRISE   659 AM EST   SUNSET   438 PM EST


-  INDICATES NEGATIVE NUMBERS.
R  INDICATES RECORD WAS SET OR TIED.
MM INDICATES DATA IS MISSING.
T  INDICATES TRACE AMOUNT.




$$
