000
CDUS41 KPHI 212133
CLIPHL


CLIMATE REPORT
NATIONAL WEATHER SERVICE MOUNT HOLLY NJ
533 PM EDT TUE OCT 21 2014


...................................

...THE PHILADELPHIA PA CLIMATE SUMMARY FOR OCTOBER 21 2014...
VALID TODAY AS OF 0500 PM LOCAL TIME.

CLIMATE NORMAL PERIOD 1981 TO 2010
CLIMATE RECORD PERIOD 1872 TO 2014


WEATHER ITEM   OBSERVED TIME   RECORD YEAR NORMAL DEPARTURE LAST
                VALUE   (LST)  VALUE       VALUE  FROM      YEAR
                                                  NORMAL
..................................................................
TEMPERATURE (F)
 TODAY
  MAXIMUM         70    327 PM  86    1947  65      5       68
  MINIMUM         52    649 AM  28    1952  47      5       45
  AVERAGE         61                        56      5       57

PRECIPITATION (IN)
  TODAY            T             2.21 1904   0.10  -0.10     0.00
  MONTH TO DATE    2.01                      2.21  -0.20     2.40
  SINCE SEP 1      3.70                      5.99  -2.29     5.66
  SINCE JAN 1     39.51                     34.01   5.50    47.90

SNOWFALL (IN)
  TODAY            0.0           0.0  1870   0.0    0.0      0.0
  MONTH TO DATE    0.0                       0.0    0.0      0.0
  SINCE SEP 1      0.0                       0.0    0.0      0.0
  SINCE JUL 1      0.0                       0.0    0.0      0.0
  SNOW DEPTH       0

DEGREE DAYS
 HEATING
  TODAY            4                        10     -6        8
  MONTH TO DATE   94                       142    -48       61
  SINCE SEP 1    108                       179    -71       97
  SINCE JUL 1    108                       180    -72       97

 COOLING
  TODAY            0                         0      0        0
  MONTH TO DATE   25                        19      6       65
  SINCE SEP 1    213                       180     33      195
  SINCE JAN 1   1311                      1297     14     1411
..................................................................


WIND (MPH)
  HIGHEST WIND SPEED     9   HIGHEST WIND DIRECTION    SW (220)
  HIGHEST GUST SPEED    13   HIGHEST GUST DIRECTION     W (250)
  AVERAGE WIND SPEED     3.0


SKY COVER
  POSSIBLE SUNSHINE  MM
  AVERAGE SKY COVER 0.7


WEATHER CONDITIONS
 THE FOLLOWING WEATHER WAS RECORDED TODAY.
  LIGHT RAIN


RELATIVE HUMIDITY (PERCENT)
 HIGHEST    86           800 AM
 LOWEST     44           300 PM
 AVERAGE    65

..........................................................


THE PHILADELPHIA PA CLIMATE NORMALS FOR TOMORROW
                         NORMAL    RECORD    YEAR
 MAXIMUM TEMPERATURE (F)   65        83      1920
 MINIMUM TEMPERATURE (F)   46        26      1940


SUNRISE AND SUNSET
OCTOBER 21 2014.......SUNRISE   718 AM EDT   SUNSET   613 PM EDT
OCTOBER 22 2014.......SUNRISE   719 AM EDT   SUNSET   612 PM EDT


-  INDICATES NEGATIVE NUMBERS.
R  INDICATES RECORD WAS SET OR TIED.
MM INDICATES DATA IS MISSING.
T  INDICATES TRACE AMOUNT.




$$
