000
CDUS41 KPHI 290630
CLIPHL


CLIMATE REPORT
NATIONAL WEATHER SERVICE MOUNT HOLLY NJ
229 AM EDT SUN MAR 29 2015


...................................

...THE PHILADELPHIA PA CLIMATE SUMMARY FOR MARCH 28 2015...

CLIMATE NORMAL PERIOD 1981 TO 2010
CLIMATE RECORD PERIOD 1872 TO 2015


WEATHER ITEM   OBSERVED TIME   RECORD YEAR NORMAL DEPARTURE LAST
                VALUE   (LST)  VALUE       VALUE  FROM      YEAR
                                                  NORMAL
..................................................................
TEMPERATURE (F)
 YESTERDAY
  MAXIMUM         41   1228 AM  83    1945  57    -16       65
  MINIMUM         27   1159 PM  18    1923  38    -11       36
  AVERAGE         34                        48    -14       51

PRECIPITATION (IN)
  YESTERDAY        0.00          1.98 1932   0.13  -0.13     0.02
  MONTH TO DATE    5.43                      3.40   2.03     1.60
  SINCE MAR 1      5.43                      3.40   2.03     1.60
  SINCE JAN 1     12.31                      9.08   3.23    10.27

SNOWFALL (IN)
  YESTERDAY        0.0           T    1984   0.0    0.0      0.0
                                      1974
                                      1959
  MONTH TO DATE   11.9                       2.8    9.1      8.5
  SINCE MAR 1     11.9                       2.8    9.1      8.5
  SINCE JUL 1     26.9                      21.8    5.1     68.0
  SNOW DEPTH       0

DEGREE DAYS
 HEATING
  YESTERDAY       31                        18     13       14
  MONTH TO DATE  728                       616    112      749
  SINCE MAR 1    728                       616    112      749
  SINCE JUL 1   4381                      4098    283     4405

 COOLING
  YESTERDAY        0                         0      0        0
  MONTH TO DATE    0                         0      0        0
  SINCE MAR 1      0                         0      0        0
  SINCE JAN 1      0                         0      0        0
..................................................................


WIND (MPH)
  HIGHEST WIND SPEED    26   HIGHEST WIND DIRECTION    NW (330)
  HIGHEST GUST SPEED    34   HIGHEST GUST DIRECTION    NW (320)
  AVERAGE WIND SPEED    17.5


SKY COVER
  POSSIBLE SUNSHINE  MM
  AVERAGE SKY COVER 0.8


WEATHER CONDITIONS
 THE FOLLOWING WEATHER WAS RECORDED YESTERDAY.
  NO SIGNIFICANT WEATHER WAS OBSERVED.


RELATIVE HUMIDITY (PERCENT)
 HIGHEST    59           300 AM
 LOWEST     30           400 PM
 AVERAGE    45

..........................................................


THE PHILADELPHIA PA CLIMATE NORMALS FOR TODAY
                         NORMAL    RECORD    YEAR
 MAXIMUM TEMPERATURE (F)   57        87      1945
 MINIMUM TEMPERATURE (F)   38        14      1923


SUNRISE AND SUNSET
MARCH 29 2015.........SUNRISE   650 AM EDT   SUNSET   722 PM EDT
MARCH 30 2015.........SUNRISE   649 AM EDT   SUNSET   723 PM EDT


-  INDICATES NEGATIVE NUMBERS.
R  INDICATES RECORD WAS SET OR TIED.
MM INDICATES DATA IS MISSING.
T  INDICATES TRACE AMOUNT.




$$
