926
CDUS41 KPHI 250633
CLIPHL


CLIMATE REPORT
NATIONAL WEATHER SERVICE MOUNT HOLLY NJ
232 AM EDT TUE APR 25 2017


...................................

...THE PHILADELPHIA PA CLIMATE SUMMARY FOR APRIL 24 2017...

CLIMATE NORMAL PERIOD 1981 TO 2010
CLIMATE RECORD PERIOD 1872 TO 2017


WEATHER ITEM   OBSERVED TIME   RECORD YEAR NORMAL DEPARTURE LAST
                VALUE   (LST)  VALUE       VALUE  FROM      YEAR
                                                  NORMAL
..................................................................
TEMPERATURE (F)
 YESTERDAY
  MAXIMUM         60    229 PM  86    2001  67     -7       70
                                      1960
  MINIMUM         49    446 AM  33    1930  47      2       46
  AVERAGE         55                        57     -2       58

PRECIPITATION (IN)
  YESTERDAY        0.02          1.80 1966   0.11  -0.09     0.00
  MONTH TO DATE    2.47                      2.89  -0.42     1.47
  SINCE MAR 1      6.73                      6.68   0.05     3.48
  SINCE JAN 1     10.94                     12.36  -1.42    10.47

SNOWFALL (IN)
  YESTERDAY        0.0           T    1956   0.0    0.0      0.0
                                      1927
  MONTH TO DATE    0.0                       0.5   -0.5      0.3
  SINCE MAR 1      7.0                       3.4    3.6      1.3
  SINCE JUL 1     15.0                      22.4   -7.4     27.5
  SNOW DEPTH       0

DEGREE DAYS
 HEATING
  YESTERDAY       10                         9      1        7
  MONTH TO DATE  185                       298   -113      271
  SINCE MAR 1    888                       963    -75      703
  SINCE JUL 1   3714                      4445   -731     3389

 COOLING
  YESTERDAY        0                         1     -1        0
  MONTH TO DATE   13                         6      7       14
  SINCE MAR 1     13                         7      6       19
  SINCE JAN 1     13                         7      6       19
..................................................................


WIND (MPH)
  HIGHEST WIND SPEED    18   HIGHEST WIND DIRECTION     E (80)
  HIGHEST GUST SPEED    25   HIGHEST GUST DIRECTION     E (90)
  AVERAGE WIND SPEED     9.5


SKY COVER
  POSSIBLE SUNSHINE  MM
  AVERAGE SKY COVER 1.0


WEATHER CONDITIONS
 THE FOLLOWING WEATHER WAS RECORDED YESTERDAY.
  RAIN
  LIGHT RAIN


RELATIVE HUMIDITY (PERCENT)
 HIGHEST    83           300 AM
 LOWEST     51           600 PM
 AVERAGE    67

..........................................................


THE PHILADELPHIA PA CLIMATE NORMALS FOR TODAY
                         NORMAL    RECORD    YEAR
 MAXIMUM TEMPERATURE (F)   67        92      1960
 MINIMUM TEMPERATURE (F)   47        33      1956
                                             1888


SUNRISE AND SUNSET
APRIL 25 2017.........SUNRISE   609 AM EDT   SUNSET   750 PM EDT
APRIL 26 2017.........SUNRISE   607 AM EDT   SUNSET   751 PM EDT


-  INDICATES NEGATIVE NUMBERS.
R  INDICATES RECORD WAS SET OR TIED.
MM INDICATES DATA IS MISSING.
T  INDICATES TRACE AMOUNT.




$$
