000
CDUS41 KPHI 272131
CLIPHL


CLIMATE REPORT
NATIONAL WEATHER SERVICE MOUNT HOLLY NJ
531 PM EDT FRI MAY 27 2016


...................................

...THE PHILADELPHIA PA CLIMATE SUMMARY FOR MAY 27 2016...
VALID TODAY AS OF 0500 PM LOCAL TIME.

CLIMATE NORMAL PERIOD 1981 TO 2010
CLIMATE RECORD PERIOD 1872 TO 2016


WEATHER ITEM   OBSERVED TIME   RECORD YEAR NORMAL DEPARTURE LAST
                VALUE   (LST)  VALUE       VALUE  FROM      YEAR
                                                  NORMAL
..................................................................
TEMPERATURE (F)
 TODAY
  MAXIMUM         90    359 PM  95    1991  77     13       89
  MINIMUM         69    521 AM  42    1961  58     11       71
  AVERAGE         80                        67     13       80

PRECIPITATION (IN)
  TODAY            0.00          3.16 1918   0.12  -0.12     0.60
  MONTH TO DATE    5.14                      3.21   1.93     1.19
  SINCE MAR 1      8.90                     10.56  -1.66    10.29
  SINCE JAN 1     15.89                     16.24  -0.35    17.17

SNOWFALL (IN)
  TODAY            0.0           0.0  1870   0.0    0.0      0.0
  MONTH TO DATE    0.0                       0.0    0.0      0.0
  SINCE MAR 1      1.3                       3.4   -2.1     12.0
  SINCE JUL 1     27.5                      22.4    5.1     27.0
  SNOW DEPTH       0

DEGREE DAYS
 HEATING
  TODAY            0                         2     -2        0
  MONTH TO DATE  145                       105     40       32
  SINCE MAR 1    901                      1113   -212     1111
  SINCE JUL 1   3587                      4595  -1008     4764

 COOLING
  TODAY           15                         4     11       15
  MONTH TO DATE   42                        59    -17      140
  SINCE MAR 1     65                        72     -7      143
  SINCE JAN 1     65                        72     -7      143
..................................................................


WIND (MPH)
  HIGHEST WIND SPEED    17   HIGHEST WIND DIRECTION    SW (230)
  HIGHEST GUST SPEED    24   HIGHEST GUST DIRECTION    SW (240)
  AVERAGE WIND SPEED     8.3


SKY COVER
  POSSIBLE SUNSHINE  MM
  AVERAGE SKY COVER 0.5


WEATHER CONDITIONS
 THE FOLLOWING WEATHER WAS RECORDED TODAY.
  NO SIGNIFICANT WEATHER WAS OBSERVED.


RELATIVE HUMIDITY (PERCENT)
 HIGHEST    78           400 AM
 LOWEST     41           400 PM
 AVERAGE    60

..........................................................


THE PHILADELPHIA PA CLIMATE NORMALS FOR TOMORROW
                         NORMAL    RECORD    YEAR
 MAXIMUM TEMPERATURE (F)   77        94      1941
 MINIMUM TEMPERATURE (F)   58        41      1961


SUNRISE AND SUNSET
MAY 27 2016...........SUNRISE   537 AM EDT   SUNSET   820 PM EDT
MAY 28 2016...........SUNRISE   536 AM EDT   SUNSET   821 PM EDT


-  INDICATES NEGATIVE NUMBERS.
R  INDICATES RECORD WAS SET OR TIED.
MM INDICATES DATA IS MISSING.
T  INDICATES TRACE AMOUNT.




$$
