000
CDUS41 KPHI 022134
CLIPHL


CLIMATE REPORT
NATIONAL WEATHER SERVICE MOUNT HOLLY NJ
533 PM EDT SUN AUG 2 2015


...................................

...THE PHILADELPHIA PA CLIMATE SUMMARY FOR AUGUST 2 2015...
VALID TODAY AS OF 0500 PM LOCAL TIME.

CLIMATE NORMAL PERIOD 1981 TO 2010
CLIMATE RECORD PERIOD 1872 TO 2015


WEATHER ITEM   OBSERVED TIME   RECORD YEAR NORMAL DEPARTURE LAST
                VALUE   (LST)  VALUE       VALUE  FROM      YEAR
                                                  NORMAL
..................................................................
TEMPERATURE (F)
 TODAY
  MAXIMUM         90    359 PM  99    1975  87      3       77
                                      1955
  MINIMUM         69    541 AM  58    1947  69      0       68
                                      1876
                                      1875
  AVERAGE         80                        78      2       73

PRECIPITATION (IN)
  TODAY            0.00          2.86 1883   0.12  -0.12     0.36
  MONTH TO DATE    0.00                      0.25  -0.25     0.55
  SINCE JUN 1     12.04                      8.03   4.01    10.31
  SINCE JAN 1     29.21                     24.77   4.44    32.81

SNOWFALL (IN)
  TODAY            0.0           0.0  1870   0.0    0.0      0.0
  MONTH TO DATE    0.0                       0.0    0.0      0.0
  SINCE JUN 1      0.0                       0.0    0.0      0.0
  SINCE JUL 1      0.0                       0.0    0.0      0.0
  SNOW DEPTH       0

DEGREE DAYS
 HEATING
  TODAY            0                         0      0        0
  MONTH TO DATE    0                         0      0        0
  SINCE JUN 1     12                        11      1        0
  SINCE JUL 1      0                         0      0        0

 COOLING
  TODAY           15                        13      2        8
  MONTH TO DATE   33                        26      7       20
  SINCE JUN 1    796                       692    104      724
  SINCE JAN 1    995                       783    212      807
..................................................................


WIND (MPH)
  HIGHEST WIND SPEED    15   HIGHEST WIND DIRECTION    SW (230)
  HIGHEST GUST SPEED    20   HIGHEST GUST DIRECTION    SW (220)
  AVERAGE WIND SPEED     5.4


SKY COVER
  POSSIBLE SUNSHINE  MM
  AVERAGE SKY COVER 0.4


WEATHER CONDITIONS
 THE FOLLOWING WEATHER WAS RECORDED TODAY.
  NO SIGNIFICANT WEATHER WAS OBSERVED.


RELATIVE HUMIDITY (PERCENT)
 HIGHEST    68           100 AM
 LOWEST     26           400 PM
 AVERAGE    47

..........................................................


THE PHILADELPHIA PA CLIMATE NORMALS FOR TOMORROW
                         NORMAL    RECORD    YEAR
 MAXIMUM TEMPERATURE (F)   87        98      2006
                                             1975
 MINIMUM TEMPERATURE (F)   69        56      1959


SUNRISE AND SUNSET
AUGUST  2 2015........SUNRISE   600 AM EDT   SUNSET   814 PM EDT
AUGUST  3 2015........SUNRISE   601 AM EDT   SUNSET   813 PM EDT


-  INDICATES NEGATIVE NUMBERS.
R  INDICATES RECORD WAS SET OR TIED.
MM INDICATES DATA IS MISSING.
T  INDICATES TRACE AMOUNT.




$$
