000
CDUS41 KPHI 010627
CLIPHL


CLIMATE REPORT
NATIONAL WEATHER SERVICE MOUNT HOLLY NJ
227 AM EDT TUE SEP 1 2015


...................................

...THE PHILADELPHIA PA CLIMATE SUMMARY FOR AUGUST 31 2015...

CLIMATE NORMAL PERIOD 1981 TO 2010
CLIMATE RECORD PERIOD 1872 TO 2015


WEATHER ITEM   OBSERVED TIME   RECORD YEAR NORMAL DEPARTURE LAST
                VALUE   (LST)  VALUE       VALUE  FROM      YEAR
                                                  NORMAL
..................................................................
TEMPERATURE (F)
 YESTERDAY
  MAXIMUM         90        MM 101    1953  83      7       93
  MINIMUM         76        MM  45    1965  66     10       72
  AVERAGE         83                        74      9       83

PRECIPITATION (IN)
  YESTERDAY        T             3.41 1911   0.10  -0.10     1.11
  MONTH TO DATE    0.98                      3.50  -2.52     3.55
  SINCE JUN 1     13.02                     11.28   1.74    13.31
  SINCE JAN 1     30.19                     28.02   2.17    35.81

SNOWFALL (IN)
  YESTERDAY        0.0           0.0  1870   0.0    0.0      0.0
  MONTH TO DATE    0.0                       0.0    0.0      0.0
  SINCE JUN 1      0.0                       0.0    0.0      0.0
  SINCE JUL 1      0.0                       0.0    0.0      0.0
  SNOW DEPTH       0

DEGREE DAYS
 HEATING
  YESTERDAY        0                         0      0        0
  MONTH TO DATE    0                         0      0        0
  SINCE JUN 1     12                        12      0        0
  SINCE JUL 1      0                         1     -1        0

 COOLING
  YESTERDAY       18                         9      9       18
  MONTH TO DATE  444                       360     84      311
  SINCE JUN 1   1207                      1026    181     1015
  SINCE JAN 1   1406                      1117    289     1098
..................................................................


WIND (MPH)
  HIGHEST WIND SPEED    14   HIGHEST WIND DIRECTION    SW (230)
  HIGHEST GUST SPEED    MM   HIGHEST GUST DIRECTION    MM
  AVERAGE WIND SPEED    10.5


SKY COVER
  POSSIBLE SUNSHINE   0 PERCENT
  AVERAGE SKY COVER 0.0


WEATHER CONDITIONS
 THE FOLLOWING WEATHER WAS RECORDED YESTERDAY.
  LIGHT RAIN


RELATIVE HUMIDITY (PERCENT)
 HIGHEST     0          1200 AM
 LOWEST      0          1200 AM
 AVERAGE     0

..........................................................


THE PHILADELPHIA PA CLIMATE NORMALS FOR TODAY
                         NORMAL    RECORD    YEAR
 MAXIMUM TEMPERATURE (F)   83        97      1953
                                             1932
 MINIMUM TEMPERATURE (F)   65        49      1963


SUNRISE AND SUNSET
SEPTEMBER  1 2015.....SUNRISE   629 AM EDT   SUNSET   733 PM EDT
SEPTEMBER  2 2015.....SUNRISE   630 AM EDT   SUNSET   731 PM EDT


-  INDICATES NEGATIVE NUMBERS.
R  INDICATES RECORD WAS SET OR TIED.
MM INDICATES DATA IS MISSING.
T  INDICATES TRACE AMOUNT.




$$
