000
CDUS43 KUNR 050831
CLIPHP


CLIMATE REPORT
NATIONAL WEATHER SERVICE RAPID CITY SD
230 AM MDT THU MAY 5 2016


...................................

...THE PHILIP SD CLIMATE SUMMARY FOR MAY 4 2016...

CLIMATE NORMAL PERIOD 1981 TO 2010
CLIMATE RECORD PERIOD 9999 TO 9999


WEATHER ITEM   OBSERVED TIME   NORMAL DEPARTURE LAST
                VALUE   (LST)  VALUE  FROM      YEAR
                                      NORMAL
......................................................
TEMPERATURE (F)
 YESTERDAY
  MAXIMUM         77    223 PM  67     10       67
  MINIMUM         36    452 AM  39     -3       43
  AVERAGE         57            53      4       55

PRECIPITATION (IN)
  YESTERDAY        0.00          0.10  -0.10      T
  MONTH TO DATE    0.07          0.38  -0.31      T
  SINCE MAR 1      4.74          3.49   1.25     0.43
  SINCE JAN 1      5.42          4.27   1.15     0.54

DEGREE DAYS
 HEATING
  YESTERDAY        8            12     -4       10
  MONTH TO DATE   52            51      1       24
  SINCE MAR 1   1291          1553   -262     1255
  SINCE JUL 1   6103          6918   -815     6395

 COOLING
  YESTERDAY        0             0      0        0
  MONTH TO DATE    0             0      0        2
  SINCE MAR 1      1             3     -2        5
  SINCE JAN 1      1             3     -2        5
......................................................


WIND (MPH)
  HIGHEST WIND SPEED    14   HIGHEST WIND DIRECTION    SE (150)
  HIGHEST GUST SPEED    17   HIGHEST GUST DIRECTION    SE (150)
  AVERAGE WIND SPEED     5.3


SKY COVER
  AVERAGE SKY COVER 0.0


WEATHER CONDITIONS
 THE FOLLOWING WEATHER WAS RECORDED YESTERDAY.
  NO SIGNIFICANT WEATHER WAS OBSERVED.


RELATIVE HUMIDITY (PERCENT)
 HIGHEST   100           300 AM
 LOWEST     29           500 PM
 AVERAGE    65

..........................................................




SUNRISE AND SUNSET
MAY  5 2016...........SUNRISE   532 AM MDT   SUNSET   755 PM MDT
MAY  6 2016...........SUNRISE   530 AM MDT   SUNSET   756 PM MDT


-  INDICATES NEGATIVE NUMBERS.
R  INDICATES RECORD WAS SET OR TIED.
MM INDICATES DATA IS MISSING.
T  INDICATES TRACE AMOUNT.




$$
