000
CDUS43 KUNR 180832
CLIPHP


CLIMATE REPORT
NATIONAL WEATHER SERVICE RAPID CITY SD
231 AM MDT WED OCT 18 2017


...................................

...THE PHILIP SD CLIMATE SUMMARY FOR OCTOBER 17 2017...

CLIMATE NORMAL PERIOD 1981 TO 2010
CLIMATE RECORD PERIOD 9999 TO 9999


WEATHER ITEM   OBSERVED TIME   NORMAL DEPARTURE LAST
                VALUE   (LST)  VALUE  FROM      YEAR
                                      NORMAL
......................................................
TEMPERATURE (F)
 YESTERDAY
  MAXIMUM         80    245 PM  63     17       67
  MINIMUM         37   1243 AM  34      3       44
  AVERAGE         59            48     11       56

PRECIPITATION (IN)
  YESTERDAY        0.00          0.05  -0.05     0.01
  MONTH TO DATE    1.38          0.86   0.52     0.16
  SINCE SEP 1      2.41          2.35   0.06     0.39
  SINCE JAN 1     10.27         15.73  -5.46    12.40

DEGREE DAYS
 HEATING
  YESTERDAY        6            17    -11        9
  MONTH TO DATE  249           232     17      198
  SINCE SEP 1    399           393      6      290
  SINCE JUL 1    405           418    -13      309

 COOLING
  YESTERDAY        0             0      0        0
  MONTH TO DATE    0             0      0       12
  SINCE SEP 1    109            79     30       74
  SINCE JAN 1    905           814     91      904
......................................................


WIND (MPH)
  HIGHEST WIND SPEED    15   HIGHEST WIND DIRECTION     S (180)
  HIGHEST GUST SPEED    19   HIGHEST GUST DIRECTION     S (170)
  AVERAGE WIND SPEED     8.4


SKY COVER
  AVERAGE SKY COVER 0.0


WEATHER CONDITIONS
 THE FOLLOWING WEATHER WAS RECORDED YESTERDAY.
  NO SIGNIFICANT WEATHER WAS OBSERVED.


RELATIVE HUMIDITY (PERCENT)
 HIGHEST    85          1200 AM
 LOWEST     15           200 PM
 AVERAGE    50

..........................................................




SUNRISE AND SUNSET
OCTOBER 18 2017.......SUNRISE   705 AM MDT   SUNSET   557 PM MDT
OCTOBER 19 2017.......SUNRISE   706 AM MDT   SUNSET   555 PM MDT


-  INDICATES NEGATIVE NUMBERS.
R  INDICATES RECORD WAS SET OR TIED.
MM INDICATES DATA IS MISSING.
T  INDICATES TRACE AMOUNT.




$$
