000
CDUS43 KUNR 260834
CLIPHP


CLIMATE REPORT
NATIONAL WEATHER SERVICE RAPID CITY SD
132 AM MST FRI DEC 26 2014


...................................

...THE PHILIP SD CLIMATE SUMMARY FOR DECEMBER 25 2014...

CLIMATE NORMAL PERIOD 1981 TO 2010
CLIMATE RECORD PERIOD 9999 TO 9999


WEATHER ITEM   OBSERVED TIME   NORMAL DEPARTURE LAST
                VALUE   (LST)  VALUE  FROM      YEAR
                                      NORMAL
......................................................
TEMPERATURE (F)
 YESTERDAY
  MAXIMUM         33    318 AM  34     -1       35
  MINIMUM         25   1159 PM   9     16       19
  AVERAGE         29            22      7       27

PRECIPITATION (IN)
  YESTERDAY        0.13          0.01   0.12     0.00
  MONTH TO DATE    0.21          0.34  -0.13     0.92
  SINCE DEC 1      0.21          0.34  -0.13     0.92
  SINCE JAN 1     16.42         17.26  -0.84    16.19

DEGREE DAYS
 HEATING
  YESTERDAY       36            44     -8       38
  MONTH TO DATE  844          1038   -194     1263
  SINCE DEC 1    844          1038   -194     1263
  SINCE JUL 1   2499          2673   -174     2774

 COOLING
  YESTERDAY        0             0      0        0
  MONTH TO DATE    0             0      0        0
  SINCE DEC 1      0             0      0        0
  SINCE JAN 1    649           818   -169      945
......................................................


WIND (MPH)
  HIGHEST WIND SPEED    23   HIGHEST WIND DIRECTION     N (10)
  HIGHEST GUST SPEED    28   HIGHEST GUST DIRECTION     N (360)
  AVERAGE WIND SPEED    12.1


SKY COVER
  AVERAGE SKY COVER 1.0


WEATHER CONDITIONS
 THE FOLLOWING WEATHER WAS RECORDED YESTERDAY.
  LIGHT SNOW
  FOG


RELATIVE HUMIDITY (PERCENT)
 HIGHEST    92           600 AM
 LOWEST     69           200 AM
 AVERAGE    81

..........................................................




SUNRISE AND SUNSET
DECEMBER 26 2014......SUNRISE   720 AM MST   SUNSET   414 PM MST
DECEMBER 27 2014......SUNRISE   720 AM MST   SUNSET   415 PM MST


-  INDICATES NEGATIVE NUMBERS.
R  INDICATES RECORD WAS SET OR TIED.
MM INDICATES DATA IS MISSING.
T  INDICATES TRACE AMOUNT.




$$
