000
CDUS43 KUNR 261121
CLIPHP


CLIMATE REPORT
NATIONAL WEATHER SERVICE RAPID CITY SD
420 AM MST THU FEB 26 2015


...................................

...THE PHILIP SD CLIMATE SUMMARY FOR FEBRUARY 25 2015...

CLIMATE NORMAL PERIOD 1981 TO 2010
CLIMATE RECORD PERIOD 9999 TO 9999


WEATHER ITEM   OBSERVED TIME   NORMAL DEPARTURE LAST
                VALUE   (LST)  VALUE  FROM      YEAR
                                      NORMAL
......................................................
TEMPERATURE (F)
 YESTERDAY
  MAXIMUM         34    649 AM  41     -7       15
  MINIMUM          4   1159 PM  15    -11      -11
  AVERAGE         19            28     -9        2

PRECIPITATION (IN)
  YESTERDAY        T             0.02  -0.02     0.00
  MONTH TO DATE    0.09          0.38  -0.29     0.34
  SINCE DEC 1      0.41          1.11  -0.70     1.47
  SINCE JAN 1      0.11          0.68  -0.57     0.45

DEGREE DAYS
 HEATING
  YESTERDAY       46            37      9       63
  MONTH TO DATE  934           992    -58     1179
  SINCE DEC 1   3325          3622   -297     3936
  SINCE JUL 1   4980          5257   -277     5447

 COOLING
  YESTERDAY        0             0      0        0
  MONTH TO DATE    0             0      0        0
  SINCE DEC 1      0             0      0        0
  SINCE JAN 1      0             0      0        0
......................................................


WIND (MPH)
  HIGHEST WIND SPEED    23   HIGHEST WIND DIRECTION    NE (40)
  HIGHEST GUST SPEED    29   HIGHEST GUST DIRECTION    SW (220)
  AVERAGE WIND SPEED    11.8


SKY COVER
  AVERAGE SKY COVER 1.0


WEATHER CONDITIONS
 THE FOLLOWING WEATHER WAS RECORDED YESTERDAY.
  LIGHT SNOW
  FOG


RELATIVE HUMIDITY (PERCENT)
 HIGHEST    92           600 AM
 LOWEST     63          1000 PM
 AVERAGE    78

..........................................................




SUNRISE AND SUNSET
FEBRUARY 26 2015......SUNRISE   629 AM MST   SUNSET   531 PM MST
FEBRUARY 27 2015......SUNRISE   627 AM MST   SUNSET   532 PM MST


-  INDICATES NEGATIVE NUMBERS.
R  INDICATES RECORD WAS SET OR TIED.
MM INDICATES DATA IS MISSING.
T  INDICATES TRACE AMOUNT.




$$
