034
CDUS43 KUNR 210832
CLIPHP


CLIMATE REPORT
NATIONAL WEATHER SERVICE RAPID CITY SD
132 AM MST TUE FEB 21 2017


...................................

...THE PHILIP SD CLIMATE SUMMARY FOR FEBRUARY 20 2017...

CLIMATE NORMAL PERIOD 1981 TO 2010
CLIMATE RECORD PERIOD 9999 TO 9999


WEATHER ITEM   OBSERVED TIME   NORMAL DEPARTURE LAST
                VALUE   (LST)  VALUE  FROM      YEAR
                                      NORMAL
......................................................
TEMPERATURE (F)
 YESTERDAY
  MAXIMUM         63    406 PM  40     23       52
  MINIMUM         40    746 PM  14     26       21
  AVERAGE         52            27     25       37

PRECIPITATION (IN)
  YESTERDAY        0.03          0.02   0.01      T
  MONTH TO DATE    0.16          0.26  -0.10     0.26
  SINCE DEC 1      1.39          0.99   0.40     1.46
  SINCE JAN 1      0.97          0.56   0.41     0.47

DEGREE DAYS
 HEATING
  YESTERDAY       13            38    -25       28
  MONTH TO DATE  678           804   -126      601
  SINCE DEC 1   3674          3434    240     3210
  SINCE JUL 1   4812          5069   -257     4550

 COOLING
  YESTERDAY        0             0      0        0
  MONTH TO DATE    0             0      0        0
  SINCE DEC 1      0             0      0        0
  SINCE JAN 1      0             0      0        0
......................................................


WIND (MPH)
  HIGHEST WIND SPEED    26   HIGHEST WIND DIRECTION    NW (310)
  HIGHEST GUST SPEED    36   HIGHEST GUST DIRECTION    NW (310)
  AVERAGE WIND SPEED    11.5


SKY COVER
  AVERAGE SKY COVER 0.3


WEATHER CONDITIONS
 THE FOLLOWING WEATHER WAS RECORDED YESTERDAY.
  LIGHT RAIN


RELATIVE HUMIDITY (PERCENT)
 HIGHEST    92           600 AM
 LOWEST     23           100 PM
 AVERAGE    58

..........................................................




SUNRISE AND SUNSET
FEBRUARY 21 2017......SUNRISE   636 AM MST   SUNSET   525 PM MST
FEBRUARY 22 2017......SUNRISE   634 AM MST   SUNSET   526 PM MST


-  INDICATES NEGATIVE NUMBERS.
R  INDICATES RECORD WAS SET OR TIED.
MM INDICATES DATA IS MISSING.
T  INDICATES TRACE AMOUNT.




$$
