000
CDUS43 KUNR 270831
CLIPHP


CLIMATE REPORT
NATIONAL WEATHER SERVICE RAPID CITY SD
231 AM MDT SAT AUG 27 2016


...................................

...THE PHILIP SD CLIMATE SUMMARY FOR AUGUST 26 2016...

CLIMATE NORMAL PERIOD 1981 TO 2010
CLIMATE RECORD PERIOD 9999 TO 9999


WEATHER ITEM   OBSERVED TIME   NORMAL DEPARTURE LAST
                VALUE   (LST)  VALUE  FROM      YEAR
                                      NORMAL
......................................................
TEMPERATURE (F)
 YESTERDAY
  MAXIMUM         69    436 PM  87    -18       86
  MINIMUM         52   1217 AM  56     -4       55
  AVERAGE         61            71    -10       71

PRECIPITATION (IN)
  YESTERDAY        0.68          0.05   0.63     0.11
  MONTH TO DATE    2.85          1.25   1.60     2.84
  SINCE JUN 1      5.29          6.21  -0.92     9.29
  SINCE JAN 1     12.01         13.13  -1.12    16.27

DEGREE DAYS
 HEATING
  YESTERDAY        4             1      3        0
  MONTH TO DATE   15             6      9       32
  SINCE JUN 1     26            77    -51       44
  SINCE JUL 1     19            14      5       32

 COOLING
  YESTERDAY        0             7     -7        6
  MONTH TO DATE  219           247    -28      182
  SINCE JUN 1    772           675     97      573
  SINCE JAN 1    786           702     84      579
......................................................


WIND (MPH)
  HIGHEST WIND SPEED    41   HIGHEST WIND DIRECTION    SE (150)
  HIGHEST GUST SPEED    48   HIGHEST GUST DIRECTION    SE (150)
  AVERAGE WIND SPEED     9.2


SKY COVER
  AVERAGE SKY COVER 0.6


WEATHER CONDITIONS
 THE FOLLOWING WEATHER WAS RECORDED YESTERDAY.
  THUNDERSTORM
  HEAVY RAIN
  RAIN
  LIGHT RAIN
  FOG


RELATIVE HUMIDITY (PERCENT)
 HIGHEST   100           500 AM
 LOWEST     68           300 PM
 AVERAGE    84

..........................................................




SUNRISE AND SUNSET
AUGUST 27 2016........SUNRISE   604 AM MDT   SUNSET   730 PM MDT
AUGUST 28 2016........SUNRISE   606 AM MDT   SUNSET   728 PM MDT


-  INDICATES NEGATIVE NUMBERS.
R  INDICATES RECORD WAS SET OR TIED.
MM INDICATES DATA IS MISSING.
T  INDICATES TRACE AMOUNT.




$$
