000
CDUS43 KUNR 290833
CLIPHP


CLIMATE REPORT
NATIONAL WEATHER SERVICE RAPID CITY SD
233 AM MDT FRI AUG 29 2014


...................................

...THE PHILIP SD CLIMATE SUMMARY FOR AUGUST 28 2014...

CLIMATE NORMAL PERIOD 1981 TO 2010
CLIMATE RECORD PERIOD 9999 TO 9999


WEATHER ITEM   OBSERVED TIME   NORMAL DEPARTURE LAST
                VALUE   (LST)  VALUE  FROM      YEAR
                                      NORMAL
......................................................
TEMPERATURE (F)
 YESTERDAY
  MAXIMUM         77    415 PM  86     -9       89
  MINIMUM         59   1159 PM  55      4       68
  AVERAGE         68            70     -2       79

PRECIPITATION (IN)
  YESTERDAY        0.28          0.05   0.23     0.01
  MONTH TO DATE    4.19          1.35   2.84     1.26
  SINCE JUN 1      8.30          6.31   1.99     4.85
  SINCE JAN 1     13.12         13.23  -0.11    10.41

DEGREE DAYS
 HEATING
  YESTERDAY        0             1     -1        0
  MONTH TO DATE    3             8     -5        0
  SINCE JUN 1     97            79     18       67
  SINCE JUL 1     19            16      3        3

 COOLING
  YESTERDAY        3             7     -4       14
  MONTH TO DATE  225           261    -36      242
  SINCE JUN 1    531           689   -158      702
  SINCE JAN 1    571           716   -145      723
......................................................


WIND (MPH)
  HIGHEST WIND SPEED    14   HIGHEST WIND DIRECTION    NW (330)
  HIGHEST GUST SPEED    18   HIGHEST GUST DIRECTION    NW (320)
  AVERAGE WIND SPEED     6.1


SKY COVER
  AVERAGE SKY COVER 0.4


WEATHER CONDITIONS
 THE FOLLOWING WEATHER WAS RECORDED YESTERDAY.
  RAIN
  LIGHT RAIN
  FOG


RELATIVE HUMIDITY (PERCENT)
 HIGHEST   100           300 AM
 LOWEST     56           400 PM
 AVERAGE    78

..........................................................




SUNRISE AND SUNSET
AUGUST 29 2014........SUNRISE   606 AM MDT   SUNSET   728 PM MDT
AUGUST 30 2014........SUNRISE   607 AM MDT   SUNSET   726 PM MDT


-  INDICATES NEGATIVE NUMBERS.
R  INDICATES RECORD WAS SET OR TIED.
MM INDICATES DATA IS MISSING.
T  INDICATES TRACE AMOUNT.




$$
