000
CDUS43 KUNR 010832
CLIPHP


CLIMATE REPORT
NATIONAL WEATHER SERVICE RAPID CITY SD
231 AM MDT MON SEP 1 2014


...................................

...THE PHILIP SD CLIMATE SUMMARY FOR AUGUST 31 2014...

CLIMATE NORMAL PERIOD 1981 TO 2010
CLIMATE RECORD PERIOD 9999 TO 9999


WEATHER ITEM   OBSERVED TIME   NORMAL DEPARTURE LAST
                VALUE   (LST)  VALUE  FROM      YEAR
                                      NORMAL
......................................................
TEMPERATURE (F)
 YESTERDAY
  MAXIMUM         76    223 PM  85     -9       94
  MINIMUM         54   1159 PM  54      0       55
  AVERAGE         65            69     -4       75

PRECIPITATION (IN)
  YESTERDAY        0.31          0.05   0.26     0.00
  MONTH TO DATE    4.50          1.50   3.00     1.26
  SINCE JUN 1      8.61          6.46   2.15     4.85
  SINCE JAN 1     13.43         13.38   0.05    10.41

DEGREE DAYS
 HEATING
  YESTERDAY        0             2     -2        0
  MONTH TO DATE    3            13    -10        0
  SINCE JUN 1     97            88      9       67
  SINCE JUL 1     19            25     -6        3

 COOLING
  YESTERDAY        0             6     -6       10
  MONTH TO DATE  233           280    -47      282
  SINCE JUN 1    539           708   -169      742
  SINCE JAN 1    579           735   -156      763
......................................................


WIND (MPH)
  HIGHEST WIND SPEED    29   HIGHEST WIND DIRECTION     W (290)
  HIGHEST GUST SPEED    35   HIGHEST GUST DIRECTION     W (290)
  AVERAGE WIND SPEED     6.9


SKY COVER
  AVERAGE SKY COVER 0.4


WEATHER CONDITIONS
 THE FOLLOWING WEATHER WAS RECORDED YESTERDAY.
  THUNDERSTORM
  HEAVY RAIN
  RAIN
  LIGHT RAIN
  FOG


RELATIVE HUMIDITY (PERCENT)
 HIGHEST   100           600 PM
 LOWEST     49           300 PM
 AVERAGE    75

..........................................................




SUNRISE AND SUNSET
SEPTEMBER  1 2014.....SUNRISE   610 AM MDT   SUNSET   722 PM MDT
SEPTEMBER  2 2014.....SUNRISE   611 AM MDT   SUNSET   720 PM MDT


-  INDICATES NEGATIVE NUMBERS.
R  INDICATES RECORD WAS SET OR TIED.
MM INDICATES DATA IS MISSING.
T  INDICATES TRACE AMOUNT.




$$
