000
CDUS43 KUNR 270831
CLIPHP


CLIMATE REPORT
NATIONAL WEATHER SERVICE RAPID CITY SD
231 AM MDT TUE JUN 27 2017


...................................

...THE PHILIP SD CLIMATE SUMMARY FOR JUNE 26 2017...

CLIMATE NORMAL PERIOD 1981 TO 2010
CLIMATE RECORD PERIOD 9999 TO 9999


WEATHER ITEM   OBSERVED TIME   NORMAL DEPARTURE LAST
                VALUE   (LST)  VALUE  FROM      YEAR
                                      NORMAL
......................................................
TEMPERATURE (F)
 YESTERDAY
  MAXIMUM         80    301 PM  84     -4       92
  MINIMUM         40    432 AM  56    -16       47
  AVERAGE         60            70    -10       70

PRECIPITATION (IN)
  YESTERDAY        0.00          0.09  -0.09     0.00
  MONTH TO DATE    1.48          2.57  -1.09     0.50
  SINCE JUN 1      1.48          2.57  -1.09     0.50
  SINCE JAN 1      6.32          9.49  -3.17     7.22

DEGREE DAYS
 HEATING
  YESTERDAY        5             1      4        0
  MONTH TO DATE   22            60    -38        7
  SINCE JUN 1     22            60    -38        7
  SINCE JUL 1   6674          7194   -520     6323

 COOLING
  YESTERDAY        0             6     -6        5
  MONTH TO DATE  129            97     32      200
  SINCE JUN 1    129            97     32      200
  SINCE JAN 1    142           124     18      214
......................................................


WIND (MPH)
  HIGHEST WIND SPEED    18   HIGHEST WIND DIRECTION     E (110)
  HIGHEST GUST SPEED    24   HIGHEST GUST DIRECTION    SE (120)
  AVERAGE WIND SPEED     8.9


SKY COVER
  AVERAGE SKY COVER 0.0


WEATHER CONDITIONS
 THE FOLLOWING WEATHER WAS RECORDED YESTERDAY.
  NO SIGNIFICANT WEATHER WAS OBSERVED.


RELATIVE HUMIDITY (PERCENT)
 HIGHEST    89           300 AM
 LOWEST     25           200 PM
 AVERAGE    57

..........................................................




SUNRISE AND SUNSET
JUNE 27 2017..........SUNRISE   505 AM MDT   SUNSET   834 PM MDT
JUNE 28 2017..........SUNRISE   506 AM MDT   SUNSET   833 PM MDT


-  INDICATES NEGATIVE NUMBERS.
R  INDICATES RECORD WAS SET OR TIED.
MM INDICATES DATA IS MISSING.
T  INDICATES TRACE AMOUNT.




$$
