000
CDUS43 KUNR 020832
CLIPHP


CLIMATE REPORT
NATIONAL WEATHER SERVICE RAPID CITY SD
231 AM MDT SUN AUG 2 2015


...................................

...THE PHILIP SD CLIMATE SUMMARY FOR AUGUST 1 2015...

CLIMATE NORMAL PERIOD 1981 TO 2010
CLIMATE RECORD PERIOD 9999 TO 9999


WEATHER ITEM   OBSERVED TIME   NORMAL DEPARTURE LAST
                VALUE   (LST)  VALUE  FROM      YEAR
                                      NORMAL
......................................................
TEMPERATURE (F)
 YESTERDAY
  MAXIMUM         91    354 PM  91      0       99
  MINIMUM         69   1159 PM  61      8       53
  AVERAGE         80            76      4       76

PRECIPITATION (IN)
  YESTERDAY        0.11          0.06   0.05      T
  MONTH TO DATE    0.11          0.06   0.05      T
  SINCE JUN 1      6.56          5.02   1.54     4.11
  SINCE JAN 1     13.54         11.94   1.60     8.93

DEGREE DAYS
 HEATING
  YESTERDAY        0             0      0        0
  MONTH TO DATE    0             0      0        0
  SINCE JUN 1     12            71    -59       94
  SINCE JUL 1      0             8     -8       16

 COOLING
  YESTERDAY       15            11      4       11
  MONTH TO DATE   15            11      4       11
  SINCE JUN 1    406           439    -33      317
  SINCE JAN 1    412           466    -54      357
......................................................


WIND (MPH)
  HIGHEST WIND SPEED    28   HIGHEST WIND DIRECTION     S (180)
  HIGHEST GUST SPEED    37   HIGHEST GUST DIRECTION     S (180)
  AVERAGE WIND SPEED    14.0


SKY COVER
  AVERAGE SKY COVER 0.1


WEATHER CONDITIONS
 THE FOLLOWING WEATHER WAS RECORDED YESTERDAY.
  THUNDERSTORM
  HEAVY RAIN
  RAIN
  LIGHT RAIN


RELATIVE HUMIDITY (PERCENT)
 HIGHEST    84           400 AM
 LOWEST     38           300 PM
 AVERAGE    61

..........................................................




SUNRISE AND SUNSET
AUGUST  2 2015........SUNRISE   535 AM MDT   SUNSET   809 PM MDT
AUGUST  3 2015........SUNRISE   536 AM MDT   SUNSET   808 PM MDT


-  INDICATES NEGATIVE NUMBERS.
R  INDICATES RECORD WAS SET OR TIED.
MM INDICATES DATA IS MISSING.
T  INDICATES TRACE AMOUNT.




$$
