000
CDUS43 KUNR 310839
CLIPHP


CLIMATE REPORT
NATIONAL WEATHER SERVICE RAPID CITY SD
238 AM MDT MON AUG 31 2015


...................................

...THE PHILIP SD CLIMATE SUMMARY FOR AUGUST 30 2015...

CLIMATE NORMAL PERIOD 1981 TO 2010
CLIMATE RECORD PERIOD 9999 TO 9999


WEATHER ITEM   OBSERVED TIME   NORMAL DEPARTURE LAST
                VALUE   (LST)  VALUE  FROM      YEAR
                                      NORMAL
......................................................
TEMPERATURE (F)
 YESTERDAY
  MAXIMUM         99    330 PM  85     14       89
  MINIMUM         67    135 AM  54     13       51
  AVERAGE         83            70     13       70

PRECIPITATION (IN)
  YESTERDAY        0.00          0.05  -0.05      T
  MONTH TO DATE    2.89          1.45   1.44     4.19
  SINCE JUN 1      9.34          6.41   2.93     8.30
  SINCE JAN 1     16.32         13.33   2.99    13.12

DEGREE DAYS
 HEATING
  YESTERDAY        0             2     -2        0
  MONTH TO DATE   32            11     21        3
  SINCE JUN 1     44            82    -38       97
  SINCE JUL 1     32            19     13       19

 COOLING
  YESTERDAY       18             6     12        5
  MONTH TO DATE  220           273    -53      233
  SINCE JUN 1    611           701    -90      539
  SINCE JAN 1    617           728   -111      579
......................................................


WIND (MPH)
  HIGHEST WIND SPEED    22   HIGHEST WIND DIRECTION     S (190)
  HIGHEST GUST SPEED    27   HIGHEST GUST DIRECTION     S (190)
  AVERAGE WIND SPEED     9.3


SKY COVER
  AVERAGE SKY COVER 0.0


WEATHER CONDITIONS
 THE FOLLOWING WEATHER WAS RECORDED YESTERDAY.
  NO SIGNIFICANT WEATHER WAS OBSERVED.


RELATIVE HUMIDITY (PERCENT)
 HIGHEST    64           700 PM
 LOWEST     24           100 PM
 AVERAGE    44

..........................................................




SUNRISE AND SUNSET
AUGUST 31 2015........SUNRISE   608 AM MDT   SUNSET   724 PM MDT
SEPTEMBER  1 2015.....SUNRISE   609 AM MDT   SUNSET   723 PM MDT


-  INDICATES NEGATIVE NUMBERS.
R  INDICATES RECORD WAS SET OR TIED.
MM INDICATES DATA IS MISSING.
T  INDICATES TRACE AMOUNT.




$$
