943
CDUS43 KUNR 280830
CLIPHP


CLIMATE REPORT
NATIONAL WEATHER SERVICE RAPID CITY SD
230 AM MDT WED SEP 28 2016


...................................

...THE PHILIP SD CLIMATE SUMMARY FOR SEPTEMBER 27 2016...

CLIMATE NORMAL PERIOD 1981 TO 2010
CLIMATE RECORD PERIOD 9999 TO 9999


WEATHER ITEM   OBSERVED TIME   NORMAL DEPARTURE LAST
                VALUE   (LST)  VALUE  FROM      YEAR
                                      NORMAL
......................................................
TEMPERATURE (F)
 YESTERDAY
  MAXIMUM         86    128 PM  72     14       86
  MINIMUM         39    543 AM  42     -3       57
  AVERAGE         63            57      6       72

PRECIPITATION (IN)
  YESTERDAY        0.00          0.04  -0.04     0.03
  MONTH TO DATE    0.23          1.34  -1.11     0.19
  SINCE SEP 1      0.23          1.34  -1.11     0.19
  SINCE JAN 1     12.24         14.72  -2.48    16.52

DEGREE DAYS
 HEATING
  YESTERDAY        2             9     -7        0
  MONTH TO DATE   78           132    -54       42
  SINCE SEP 1     78           132    -54       42
  SINCE JUL 1     97           157    -60       74

 COOLING
  YESTERDAY        0             1     -1        7
  MONTH TO DATE   62            77    -15      115
  SINCE SEP 1     62            77    -15      115
  SINCE JAN 1    892           812     80      736
......................................................


WIND (MPH)
  HIGHEST WIND SPEED    20   HIGHEST WIND DIRECTION    NW (320)
  HIGHEST GUST SPEED    25   HIGHEST GUST DIRECTION    NW (330)
  AVERAGE WIND SPEED     7.4


SKY COVER
  AVERAGE SKY COVER 0.0


WEATHER CONDITIONS
 THE FOLLOWING WEATHER WAS RECORDED YESTERDAY.
  NO SIGNIFICANT WEATHER WAS OBSERVED.


RELATIVE HUMIDITY (PERCENT)
 HIGHEST    92           600 AM
 LOWEST     20           100 PM
 AVERAGE    56

..........................................................




SUNRISE AND SUNSET
SEPTEMBER 28 2016.....SUNRISE   641 AM MDT   SUNSET   632 PM MDT
SEPTEMBER 29 2016.....SUNRISE   642 AM MDT   SUNSET   630 PM MDT


-  INDICATES NEGATIVE NUMBERS.
R  INDICATES RECORD WAS SET OR TIED.
MM INDICATES DATA IS MISSING.
T  INDICATES TRACE AMOUNT.




$$
