000
CDUS45 KPSR 190815
CLIPHX

CLIMATE REPORT
NATIONAL WEATHER SERVICE PHOENIX AZ
114 AM MST SAT AUG 19 2017


...................................

...THE PHOENIX AZ CLIMATE SUMMARY FOR AUGUST 18 2017...

CLIMATE NORMAL PERIOD 1981 TO 2010
CLIMATE RECORD PERIOD 1895 TO 2017


WEATHER ITEM   OBSERVED TIME   RECORD YEAR NORMAL DEPARTURE LAST
                VALUE   (LST)  VALUE       VALUE  FROM      YEAR
                                                  NORMAL
..................................................................
TEMPERATURE (F)
 YESTERDAY
  MAXIMUM        106    340 PM 112    2011 104      2      104
  MINIMUM         79    542 AM  62    1918  83     -4       82
  AVERAGE         93                        94     -1       93

PRECIPITATION (IN)
  YESTERDAY        0.00          1.73 1966   0.03  -0.03     0.01
  MONTH TO DATE    1.37                      0.60   0.77     1.13
  SINCE OCT 1      6.50                      6.99  -0.49     5.07
  SINCE JAN 1      4.67                      4.88  -0.21     3.90

SNOWFALL (IN)
  YESTERDAY        0.0
  MONTH TO DATE    0.0
  SINCE JAN 1      0.0
  SINCE JUL 1      0.0
  SNOW DEPTH       0

DEGREE DAYS
 HEATING
  YESTERDAY        0                         0      0        0
  MONTH TO DATE    0                         0      0        0
  SINCE JUN 1      0                         0      0        0
  SINCE JUL 1      0                         0      0        0

 COOLING
  YESTERDAY       28                        29     -1       28
  MONTH TO DATE  499                       522    -23      510
  SINCE JUN 1   2335                      2220    115     2416
  SINCE JAN 1   3409                      3106    303     3423
..................................................................


WIND (MPH)
  HIGHEST WIND SPEED    13   HIGHEST WIND DIRECTION     W (270)
  HIGHEST GUST SPEED    20   HIGHEST GUST DIRECTION     N (340)
  AVERAGE WIND SPEED     4.3


SKY COVER
  AVERAGE SKY COVER 0.2


WEATHER CONDITIONS
 THE FOLLOWING WEATHER WAS RECORDED YESTERDAY.
  NO SIGNIFICANT WEATHER WAS OBSERVED.


RELATIVE HUMIDITY (PERCENT)
 HIGHEST    26          1100 PM
 LOWEST      9           200 PM
 AVERAGE    18

..........................................................


THE PHOENIX AZ CLIMATE NORMALS FOR TODAY
                         NORMAL    RECORD    YEAR
 MAXIMUM TEMPERATURE (F)  104       113      1986
 MINIMUM TEMPERATURE (F)   83        63      1918


SUNRISE AND SUNSET
AUGUST 19 2017........SUNRISE   554 AM MST   SUNSET   709 PM MST
AUGUST 20 2017........SUNRISE   554 AM MST   SUNSET   708 PM MST


-  INDICATES NEGATIVE NUMBERS.
R  INDICATES RECORD WAS SET OR TIED.
MM INDICATES DATA IS MISSING.
T  INDICATES TRACE AMOUNT.

&&
.....................................................................

DEW POINT
  HIGHEST DEW POINT    51
   LOWEST DEW POINT    34
  AVERAGE DEW POINT    39
.....................................................................

$$
