000
CDUS45 KPSR 030012
CLIPHX

CLIMATE REPORT
NATIONAL WEATHER SERVICE PHOENIX AZ
511 PM MST TUE SEP 2 2014


...................................

...THE PHOENIX AZ CLIMATE SUMMARY FOR SEPTEMBER 2 2014...
VALID TODAY AS OF 0500 PM LOCAL TIME.

CLIMATE NORMAL PERIOD 1981 TO 2010
CLIMATE RECORD PERIOD 1895 TO 2014


WEATHER ITEM   OBSERVED TIME   RECORD YEAR NORMAL DEPARTURE LAST
                VALUE   (LST)  VALUE       VALUE  FROM      YEAR
                                                  NORMAL
..................................................................
TEMPERATURE (F)
 TODAY
  MAXIMUM        109    155 PM 112    1982 103      6      103
                                      1948
                                      1947
  MINIMUM         82    610 AM  64    1964  81      1       87
                                      1914
  AVERAGE         96                        92      4       95

PRECIPITATION (IN)
  TODAY            0.00          1.36 1994   0.02  -0.02      T
  MONTH TO DATE    0.00                      0.05  -0.05      T
  SINCE OCT 1      5.04                      7.44  -2.40     5.66
  SINCE JAN 1      2.22                      5.33  -3.11     4.74

SNOWFALL (IN)
  TODAY            0.0
  MONTH TO DATE    0.0
  SINCE JAN 1      0.0
  SINCE JUL 1      0.0
  SNOW DEPTH       0

DEGREE DAYS
 HEATING
  TODAY            0                         0      0        0
  MONTH TO DATE    0                         0      0        0
  SINCE SEP 1      0                         0      0        0
  SINCE JUL 1      0                         0      0        0

 COOLING
  TODAY           31                        27      4       30
  MONTH TO DATE   61                        54      7       60
  SINCE SEP 1     61                        54      7       60
  SINCE JAN 1   3806                      3523    283     3948
..................................................................


WIND (MPH)
  HIGHEST WIND SPEED    12   HIGHEST WIND DIRECTION     W (270)
  HIGHEST GUST SPEED    15   HIGHEST GUST DIRECTION     S (200)
  AVERAGE WIND SPEED     5.0


SKY COVER
  AVERAGE SKY COVER 0.1


WEATHER CONDITIONS
 THE FOLLOWING WEATHER WAS RECORDED TODAY.
  NO SIGNIFICANT WEATHER WAS OBSERVED.


RELATIVE HUMIDITY (PERCENT)
 HIGHEST    31           100 AM
 LOWEST     11           400 PM
 AVERAGE    21

..........................................................


THE PHOENIX AZ CLIMATE NORMALS FOR TOMORROW
                         NORMAL    RECORD    YEAR
 MAXIMUM TEMPERATURE (F)  103       112      1983
                                             1948
                                             1945
 MINIMUM TEMPERATURE (F)   81        64      1964


SUNRISE AND SUNSET
SEPTEMBER  2 2014.....SUNRISE   603 AM MST   SUNSET   652 PM MST
SEPTEMBER  3 2014.....SUNRISE   604 AM MST   SUNSET   651 PM MST


-  INDICATES NEGATIVE NUMBERS.
R  INDICATES RECORD WAS SET OR TIED.
MM INDICATES DATA IS MISSING.
T  INDICATES TRACE AMOUNT.

$$
