000
CDUS45 KPSR 100818
CLIPHX

CLIMATE REPORT
NATIONAL WEATHER SERVICE PHOENIX AZ
117 AM MST THU JUL 10 2014


...................................

...THE PHOENIX AZ CLIMATE SUMMARY FOR JULY 9 2014...

CLIMATE NORMAL PERIOD 1981 TO 2010
CLIMATE RECORD PERIOD 1895 TO 2014


WEATHER ITEM   OBSERVED TIME   RECORD YEAR NORMAL DEPARTURE LAST
                VALUE   (LST)  VALUE       VALUE  FROM      YEAR
                                                  NORMAL
..................................................................
TEMPERATURE (F)
 YESTERDAY
  MAXIMUM        101    446 PM 116    1958 107     -6      107
  MINIMUM         83    439 AM  66    1926  83      0       90
                                      1902
  AVERAGE         92                        95     -3       99

PRECIPITATION (IN)
  YESTERDAY        T             0.44 1996   0.02  -0.02     0.00
  MONTH TO DATE    0.01                      0.18  -0.17      T
  SINCE OCT 1      3.82                      5.52  -1.70     3.53
  SINCE JAN 1      1.00                      3.41  -2.41     2.61

SNOWFALL (IN)
  YESTERDAY        0.0
  MONTH TO DATE    0.0
  SINCE JAN 1      0.0
  SINCE JUL 1      0.0
  SNOW DEPTH       0

DEGREE DAYS
 HEATING
  YESTERDAY        0                         0      0        0
  MONTH TO DATE    0                         0      0        0
  SINCE JUN 1      0                         0      0        0
  SINCE JUL 1      0                         0      0        0

 COOLING
  YESTERDAY       27                        30     -3       34
  MONTH TO DATE  270                       267      3      312
  SINCE JUN 1   1125                      1041     84     1214
  SINCE JAN 1   2200                      1927    273     2312
..................................................................


WIND (MPH)
  HIGHEST WIND SPEED    17   HIGHEST WIND DIRECTION     W (260)
  HIGHEST GUST SPEED    22   HIGHEST GUST DIRECTION     N (340)
  AVERAGE WIND SPEED     6.7


SKY COVER
  AVERAGE SKY COVER 0.8


WEATHER CONDITIONS
 THE FOLLOWING WEATHER WAS RECORDED YESTERDAY.
  LIGHT RAIN


RELATIVE HUMIDITY (PERCENT)
 HIGHEST    55           400 AM
 LOWEST     27           800 PM
 AVERAGE    41

..........................................................


THE PHOENIX AZ CLIMATE NORMALS FOR TODAY
                         NORMAL    RECORD    YEAR
 MAXIMUM TEMPERATURE (F)  107       115      1958
                                             1934
 MINIMUM TEMPERATURE (F)   83        67      1926


SUNRISE AND SUNSET
JULY 10 2014..........SUNRISE   526 AM MST   SUNSET   740 PM MST
JULY 11 2014..........SUNRISE   527 AM MST   SUNSET   740 PM MST


-  INDICATES NEGATIVE NUMBERS.
R  INDICATES RECORD WAS SET OR TIED.
MM INDICATES DATA IS MISSING.
T  INDICATES TRACE AMOUNT.

&&
.....................................................................

DEW POINT
  HIGHEST DEW POINT    68
   LOWEST DEW POINT    58
  AVERAGE DEW POINT    62
.....................................................................

$$
