000
CDUS45 KPSR 180814
CLIPHX

CLIMATE REPORT
NATIONAL WEATHER SERVICE PHOENIX AZ
113 AM MST WED OCT 18 2017


...................................

...THE PHOENIX AZ CLIMATE SUMMARY FOR OCTOBER 17 2017...

CLIMATE NORMAL PERIOD 1981 TO 2010
CLIMATE RECORD PERIOD 1895 TO 2017


WEATHER ITEM   OBSERVED TIME   RECORD YEAR NORMAL DEPARTURE LAST
                VALUE   (LST)  VALUE       VALUE  FROM      YEAR
                                                  NORMAL
..................................................................
TEMPERATURE (F)
 YESTERDAY
  MAXIMUM         97    412 PM 102    2009  88      9       91
  MINIMUM         72    546 AM  42    1938  64      8       66
  AVERAGE         85                        76      9       79

PRECIPITATION (IN)
  YESTERDAY        0.00          0.28 1908   0.02  -0.02     0.00
  MONTH TO DATE    0.00                      0.32  -0.32     0.20
  SINCE OCT 1      0.00                      0.32  -0.32     0.20
  SINCE JAN 1      4.73                      6.24  -1.51     4.56

SNOWFALL (IN)
  YESTERDAY        0.0
  MONTH TO DATE    0.0
  SINCE JAN 1      0.0
  SINCE JUL 1      0.0
  SNOW DEPTH       0

DEGREE DAYS
 HEATING
  YESTERDAY        0                         0      0        0
  MONTH TO DATE    0                         0      0        0
  SINCE SEP 1      0                         0      0        0
  SINCE JUL 1      0                         0      0        0

 COOLING
  YESTERDAY       20                        11      9       14
  MONTH TO DATE  292                       246     46      267
  SINCE SEP 1    986                       946     40      922
  SINCE JAN 1   4803                      4415    388     4674
..................................................................


WIND (MPH)
  HIGHEST WIND SPEED    13   HIGHEST WIND DIRECTION     E (90)
  HIGHEST GUST SPEED    15   HIGHEST GUST DIRECTION     E (80)
  AVERAGE WIND SPEED     3.0


SKY COVER
  AVERAGE SKY COVER 0.5


WEATHER CONDITIONS
 THE FOLLOWING WEATHER WAS RECORDED YESTERDAY.
  NO SIGNIFICANT WEATHER WAS OBSERVED.


RELATIVE HUMIDITY (PERCENT)
 HIGHEST    35           400 AM
 LOWEST     18           200 PM
 AVERAGE    27

..........................................................


THE PHOENIX AZ CLIMATE NORMALS FOR TODAY
                         NORMAL    RECORD    YEAR
 MAXIMUM TEMPERATURE (F)   88       103      2003
 MINIMUM TEMPERATURE (F)   64        43      1966


SUNRISE AND SUNSET
OCTOBER 18 2017.......SUNRISE   635 AM MST   SUNSET   550 PM MST
OCTOBER 19 2017.......SUNRISE   636 AM MST   SUNSET   549 PM MST


-  INDICATES NEGATIVE NUMBERS.
R  INDICATES RECORD WAS SET OR TIED.
MM INDICATES DATA IS MISSING.
T  INDICATES TRACE AMOUNT.

&&
.....................................................................

DEW POINT
  HIGHEST DEW POINT    49
   LOWEST DEW POINT    41
  AVERAGE DEW POINT    46
.....................................................................

$$
