000
CDUS45 KPSR 070835
CLIPHX

CLIMATE REPORT
NATIONAL WEATHER SERVICE PHOENIX AZ
135 AM MST SUN FEB 7 2016


...................................

...THE PHOENIX AZ CLIMATE SUMMARY FOR FEBRUARY 6 2016...

CLIMATE NORMAL PERIOD 1981 TO 2010
CLIMATE RECORD PERIOD 1895 TO 2016


WEATHER ITEM   OBSERVED TIME   RECORD YEAR NORMAL DEPARTURE LAST
                VALUE   (LST)  VALUE       VALUE  FROM      YEAR
                                                  NORMAL
..................................................................
TEMPERATURE (F)
 YESTERDAY
  MAXIMUM         74    525 PM  87    1963  69      5       84
  MINIMUM         43    701 AM  28    1955  48     -5       54
  AVERAGE         59                        58      1       69

PRECIPITATION (IN)
  YESTERDAY        0.00          0.92 1935   0.03  -0.03     0.00
  MONTH TO DATE    0.00                      0.17  -0.17     0.00
  SINCE OCT 1      2.48                      3.19  -0.71     1.85
  SINCE JAN 1      1.31                      1.08   0.23     0.81

SNOWFALL (IN)
  YESTERDAY        0.0
  MONTH TO DATE    0.0
  SINCE JAN 1      0.0
  SINCE JUL 1      0.0
  SNOW DEPTH       0

DEGREE DAYS
 HEATING
  YESTERDAY        6                         7     -1        0
  MONTH TO DATE   84                        42     42       11
  SINCE DEC 1    690                       609     81      427
  SINCE JUL 1    811                       712     99      481

 COOLING
  YESTERDAY        0                         0      0        4
  MONTH TO DATE    0                         0      0        6
  SINCE DEC 1      0                         3     -3       16
  SINCE JAN 1      0                         2     -2        6
..................................................................


WIND (MPH)
  HIGHEST WIND SPEED    21   HIGHEST WIND DIRECTION     E (70)
  HIGHEST GUST SPEED    25   HIGHEST GUST DIRECTION    NE (50)
  AVERAGE WIND SPEED     5.1


SKY COVER
  AVERAGE SKY COVER 0.1


WEATHER CONDITIONS
 THE FOLLOWING WEATHER WAS RECORDED YESTERDAY.
  NO SIGNIFICANT WEATHER WAS OBSERVED.


RELATIVE HUMIDITY (PERCENT)
 HIGHEST    45           700 AM
 LOWEST      8           400 PM
 AVERAGE    27

..........................................................


THE PHOENIX AZ CLIMATE NORMALS FOR TODAY
                         NORMAL    RECORD    YEAR
 MAXIMUM TEMPERATURE (F)   70        89      1963
 MINIMUM TEMPERATURE (F)   48        24      1899


SUNRISE AND SUNSET
FEBRUARY  7 2016......SUNRISE   720 AM MST   SUNSET   605 PM MST
FEBRUARY  8 2016......SUNRISE   719 AM MST   SUNSET   606 PM MST


-  INDICATES NEGATIVE NUMBERS.
R  INDICATES RECORD WAS SET OR TIED.
MM INDICATES DATA IS MISSING.
T  INDICATES TRACE AMOUNT.

&&
.....................................................................

DEW POINT
  HIGHEST DEW POINT    26
   LOWEST DEW POINT    9
  AVERAGE DEW POINT    18
.....................................................................

$$
