000
CDUS45 KPSR 230822
CLIPHX

CLIMATE REPORT
NATIONAL WEATHER SERVICE PHOENIX AZ
120 AM MST THU OCT 23 2014


...................................

...THE PHOENIX AZ CLIMATE SUMMARY FOR OCTOBER 22 2014...

CLIMATE NORMAL PERIOD 1981 TO 2010
CLIMATE RECORD PERIOD 1895 TO 2014


WEATHER ITEM   OBSERVED TIME   RECORD YEAR NORMAL DEPARTURE LAST
                VALUE   (LST)  VALUE       VALUE  FROM      YEAR
                                                  NORMAL
..................................................................
TEMPERATURE (F)
 YESTERDAY
  MAXIMUM         93    335 PM 102    2003  86      7       94
  MINIMUM         67    511 AM  37    1906  62      5       59
  AVERAGE         80                        74      6       77

PRECIPITATION (IN)
  YESTERDAY        0.00          0.38 1974   0.02  -0.02     0.00
  MONTH TO DATE    0.13                      0.42  -0.29      T
  SINCE OCT 1      0.13                      0.42  -0.29      T
  SINCE JAN 1      7.46                      6.34   1.12     5.60

SNOWFALL (IN)
  YESTERDAY        0.0
  MONTH TO DATE    0.0
  SINCE JAN 1      0.0
  SINCE JUL 1      0.0
  SNOW DEPTH       0

DEGREE DAYS
 HEATING
  YESTERDAY        0                         0      0        0
  MONTH TO DATE    0                         0      0        1
  SINCE SEP 1      0                         0      0        1
  SINCE JUL 1      0                         0      0        1

 COOLING
  YESTERDAY       15                        10      5       12
  MONTH TO DATE  335                       298     37      226
  SINCE SEP 1   1063                       998     65      945
  SINCE JAN 1   4808                      4467    341     4833
..................................................................


WIND (MPH)
  HIGHEST WIND SPEED    10   HIGHEST WIND DIRECTION     E (110)
  HIGHEST GUST SPEED    13   HIGHEST GUST DIRECTION     E (100)
  AVERAGE WIND SPEED     3.3


SKY COVER
  AVERAGE SKY COVER 0.1


WEATHER CONDITIONS
 THE FOLLOWING WEATHER WAS RECORDED YESTERDAY.
  NO SIGNIFICANT WEATHER WAS OBSERVED.


RELATIVE HUMIDITY (PERCENT)
 HIGHEST    59           600 AM
 LOWEST     21           400 PM
 AVERAGE    40

..........................................................


THE PHOENIX AZ CLIMATE NORMALS FOR TODAY
                         NORMAL    RECORD    YEAR
 MAXIMUM TEMPERATURE (F)   86       100      2003
 MINIMUM TEMPERATURE (F)   62        37      1906


SUNRISE AND SUNSET
OCTOBER 23 2014.......SUNRISE   639 AM MST   SUNSET   545 PM MST
OCTOBER 24 2014.......SUNRISE   640 AM MST   SUNSET   544 PM MST


-  INDICATES NEGATIVE NUMBERS.
R  INDICATES RECORD WAS SET OR TIED.
MM INDICATES DATA IS MISSING.
T  INDICATES TRACE AMOUNT.

&&
.....................................................................

DEW POINT
  HIGHEST DEW POINT    55
   LOWEST DEW POINT    46
  AVERAGE DEW POINT    52
.....................................................................

$$
