000
CDUS45 KPSR 280813
CLIPHX

CLIMATE REPORT
NATIONAL WEATHER SERVICE PHOENIX AZ
112 AM MST TUE MAR 28 2017


...................................

...THE PHOENIX AZ CLIMATE SUMMARY FOR MARCH 27 2017...

CLIMATE NORMAL PERIOD 1981 TO 2010
CLIMATE RECORD PERIOD 1895 TO 2017


WEATHER ITEM   OBSERVED TIME   RECORD YEAR NORMAL DEPARTURE LAST
                VALUE   (LST)  VALUE       VALUE  FROM      YEAR
                                                  NORMAL
..................................................................
TEMPERATURE (F)
 YESTERDAY
  MAXIMUM         83    401 PM  98    1986  80      3       87
  MINIMUM         59    705 AM  33    1898  55      4       58
  AVERAGE         71                        68      3       73

PRECIPITATION (IN)
  YESTERDAY        0.00          0.65 1992   0.02  -0.02     0.00
  MONTH TO DATE    0.06                      0.91  -0.85     0.00
  SINCE OCT 1      4.23                      4.85  -0.62     2.48
  SINCE JAN 1      2.40                      2.74  -0.34     1.31

SNOWFALL (IN)
  YESTERDAY        0.0
  MONTH TO DATE    0.0
  SINCE JAN 1      0.0
  SINCE JUL 1      0.0
  SNOW DEPTH       0

DEGREE DAYS
 HEATING
  YESTERDAY        0                         2     -2        0
  MONTH TO DATE   21                        76    -55        7
  SINCE MAR 1     21                        76    -55        7
  SINCE JUL 1    689                       909   -220      820

 COOLING
  YESTERDAY        6                         4      2        8
  MONTH TO DATE  187                        69    118      157
  SINCE MAR 1    187                        69    118      157
  SINCE JAN 1    207                        86    121      270
..................................................................


WIND (MPH)
  HIGHEST WIND SPEED    29   HIGHEST WIND DIRECTION     N (360)
  HIGHEST GUST SPEED    37   HIGHEST GUST DIRECTION     N (360)
  AVERAGE WIND SPEED     9.2


SKY COVER
  AVERAGE SKY COVER 0.5


WEATHER CONDITIONS
 THE FOLLOWING WEATHER WAS RECORDED YESTERDAY.
  THUNDERSTORM
  LIGHT RAIN


RELATIVE HUMIDITY (PERCENT)
 HIGHEST    44           600 AM
 LOWEST     17           300 PM
 AVERAGE    31

..........................................................


THE PHOENIX AZ CLIMATE NORMALS FOR TODAY
                         NORMAL    RECORD    YEAR
 MAXIMUM TEMPERATURE (F)   80        95      2015
                                             1986
 MINIMUM TEMPERATURE (F)   56        34      1898


SUNRISE AND SUNSET
MARCH 28 2017.........SUNRISE   621 AM MST   SUNSET   646 PM MST
MARCH 29 2017.........SUNRISE   619 AM MST   SUNSET   647 PM MST


-  INDICATES NEGATIVE NUMBERS.
R  INDICATES RECORD WAS SET OR TIED.
MM INDICATES DATA IS MISSING.
T  INDICATES TRACE AMOUNT.

&&
.....................................................................

DEW POINT
  HIGHEST DEW POINT    39
   LOWEST DEW POINT    30
  AVERAGE DEW POINT    35
.....................................................................

$$
