000
CDUS45 KPSR 250830
CLIPHX

CLIMATE REPORT
NATIONAL WEATHER SERVICE PHOENIX AZ
128 AM MST SAT OCT 25 2014


...................................

...THE PHOENIX AZ CLIMATE SUMMARY FOR OCTOBER 24 2014...

CLIMATE NORMAL PERIOD 1981 TO 2010
CLIMATE RECORD PERIOD 1895 TO 2014


WEATHER ITEM   OBSERVED TIME   RECORD YEAR NORMAL DEPARTURE LAST
                VALUE   (LST)  VALUE       VALUE  FROM      YEAR
                                                  NORMAL
..................................................................
TEMPERATURE (F)
 YESTERDAY
  MAXIMUM         96R   433 PM  96    2007  85     11       93
                                      1990
                                      1959
  MINIMUM         68    603 AM  41    1920  62      6       66
  AVERAGE         82                        74      8       80

PRECIPITATION (IN)
  YESTERDAY        0.00          0.22 1919   0.02  -0.02     0.00
  MONTH TO DATE    0.13                      0.45  -0.32      T
  SINCE OCT 1      0.13                      0.45  -0.32      T
  SINCE JAN 1      7.46                      6.37   1.09     5.60

SNOWFALL (IN)
  YESTERDAY        0.0
  MONTH TO DATE    0.0
  SINCE JAN 1      0.0
  SINCE JUL 1      0.0
  SNOW DEPTH       0

DEGREE DAYS
 HEATING
  YESTERDAY        0                         0      0        0
  MONTH TO DATE    0                         0      0        1
  SINCE SEP 1      0                         0      0        1
  SINCE JUL 1      0                         0      0        1

 COOLING
  YESTERDAY       17                         9      8       15
  MONTH TO DATE  368                       316     52      256
  SINCE SEP 1   1096                      1016     80      975
  SINCE JAN 1   4841                      4485    356     4863
..................................................................


WIND (MPH)
  HIGHEST WIND SPEED    14   HIGHEST WIND DIRECTION     E (70)
  HIGHEST GUST SPEED    15   HIGHEST GUST DIRECTION     E (80)
  AVERAGE WIND SPEED     3.9


SKY COVER
  AVERAGE SKY COVER 0.0


WEATHER CONDITIONS
 THE FOLLOWING WEATHER WAS RECORDED YESTERDAY.
  NO SIGNIFICANT WEATHER WAS OBSERVED.


RELATIVE HUMIDITY (PERCENT)
 HIGHEST    47           500 AM
 LOWEST     16           500 PM
 AVERAGE    32

..........................................................


THE PHOENIX AZ CLIMATE NORMALS FOR TODAY
                         NORMAL    RECORD    YEAR
 MAXIMUM TEMPERATURE (F)   85        96      1990
 MINIMUM TEMPERATURE (F)   61        40      1956


SUNRISE AND SUNSET
OCTOBER 25 2014.......SUNRISE   641 AM MST   SUNSET   543 PM MST
OCTOBER 26 2014.......SUNRISE   642 AM MST   SUNSET   542 PM MST


-  INDICATES NEGATIVE NUMBERS.
R  INDICATES RECORD WAS SET OR TIED.
MM INDICATES DATA IS MISSING.
T  INDICATES TRACE AMOUNT.

&&
.....................................................................

DEW POINT
  HIGHEST DEW POINT    53
   LOWEST DEW POINT    43
  AVERAGE DEW POINT    48
.....................................................................

$$
