000
CDUS43 KILX 290638
CLIPIA


CLIMATE REPORT
NATIONAL WEATHER SERVICE LINCOLN IL
137 AM CDT SUN MAY 29 2016


...................................

...THE PEORIA IL CLIMATE SUMMARY FOR MAY 28 2016...

CLIMATE NORMAL PERIOD 1981 TO 2010
CLIMATE RECORD PERIOD 1883 TO 2016


WEATHER ITEM   OBSERVED TIME   RECORD YEAR NORMAL DEPARTURE LAST
                VALUE   (LST)  VALUE       VALUE  FROM      YEAR
                                                  NORMAL
..................................................................
TEMPERATURE (F)
 YESTERDAY
  MAXIMUM         85    355 PM  94    2006  77      8       85
  MINIMUM         65   1159 PM  36    1907  55     10       57
  AVERAGE         75                        66      9       71

PRECIPITATION (IN)
  YESTERDAY        0.04          4.50 1915   0.13  -0.09     0.00
  MONTH TO DATE    2.82                      3.95  -1.13     4.44
  SINCE MAR 1      7.69                     10.38  -2.69     8.47
  SINCE JAN 1      9.07                     13.95  -4.88    12.19

SNOWFALL (IN)
  YESTERDAY        0.0           0.0    MM   0.0    0.0      0.0
  MONTH TO DATE    0.0                       0.0    0.0      0.0
  SINCE MAR 1      0.2                       3.3   -3.1      2.7
  SINCE JUL 1     15.3                      24.6   -9.3     27.0
  SNOW DEPTH       0

DEGREE DAYS
 HEATING
  YESTERDAY        0                         2     -2        0
  MONTH TO DATE  147                       141      6       74
  SINCE MAR 1   1058                      1290   -232     1091
  SINCE JUL 1   4641                      5806  -1165     5797

 COOLING
  YESTERDAY       10                         4      6        6
  MONTH TO DATE   61                        55      6      130
  SINCE MAR 1     79                        69     10      141
  SINCE JAN 1     79                        69     10      141
..................................................................


WIND (MPH)
  HIGHEST WIND SPEED    29   HIGHEST WIND DIRECTION    SW (220)
  HIGHEST GUST SPEED    33   HIGHEST GUST DIRECTION    SW (220)
  AVERAGE WIND SPEED    15.6


SKY COVER
  POSSIBLE SUNSHINE  MM
  AVERAGE SKY COVER 0.6


WEATHER CONDITIONS
 THE FOLLOWING WEATHER WAS RECORDED YESTERDAY.
  THUNDERSTORM
  RAIN
  LIGHT RAIN
  FOG


RELATIVE HUMIDITY (PERCENT)
 HIGHEST    93          1100 PM
 LOWEST     44           300 PM
 AVERAGE    69

..........................................................


THE PEORIA IL CLIMATE NORMALS FOR TODAY
                         NORMAL    RECORD    YEAR
 MAXIMUM TEMPERATURE (F)   77        99      1934
 MINIMUM TEMPERATURE (F)   56        33      1965


SUNRISE AND SUNSET
MAY 29 2016...........SUNRISE   531 AM CDT   SUNSET   822 PM CDT
MAY 30 2016...........SUNRISE   531 AM CDT   SUNSET   822 PM CDT


-  INDICATES NEGATIVE NUMBERS.
R  INDICATES RECORD WAS SET OR TIED.
MM INDICATES DATA IS MISSING.
T  INDICATES TRACE AMOUNT.




$$
