000
CDUS43 KILX 210635
CLIPIA


CLIMATE REPORT
NATIONAL WEATHER SERVICE LINCOLN IL
134 AM CDT SAT OCT 21 2017


...................................

...THE PEORIA IL CLIMATE SUMMARY FOR OCTOBER 20 2017...

CLIMATE NORMAL PERIOD 1981 TO 2010
CLIMATE RECORD PERIOD 1883 TO 2017


WEATHER ITEM   OBSERVED TIME   RECORD YEAR NORMAL DEPARTURE LAST
                VALUE   (LST)  VALUE       VALUE  FROM      YEAR
                                                  NORMAL
..................................................................
TEMPERATURE (F)
 YESTERDAY
  MAXIMUM         78    256 PM  87    2003  63     15       58
  MINIMUM         53    701 AM  22    1960  42     11       43
  AVERAGE         66                        53     13       51

PRECIPITATION (IN)
  YESTERDAY        0.00          1.15 1916   0.10  -0.10      T
  MONTH TO DATE    4.55                      1.77   2.78     3.68
  SINCE SEP 1      5.09                      4.92   0.17     7.75
  SINCE JAN 1     30.82                     29.87   0.95    32.76

SNOWFALL (IN)
  YESTERDAY        0.0           0.3  1916   0.0    0.0      0.0
  MONTH TO DATE    0.0                       0.0    0.0      0.0
  SINCE SEP 1      0.0                       0.0    0.0      0.0
  SINCE JUL 1      0.0                       0.0    0.0      0.0
  SNOW DEPTH       0

DEGREE DAYS
 HEATING
  YESTERDAY        0                        13    -13       14
  MONTH TO DATE   57                       197   -140       87
  SINCE SEP 1     90                       281   -191      106
  SINCE JUL 1     90                       287   -197      110

 COOLING
  YESTERDAY        1                         0      1        0
  MONTH TO DATE   43                        12     31       44
  SINCE SEP 1    226                       129     97      256
  SINCE JAN 1   1152                      1036    116     1413
..................................................................


WIND (MPH)
  HIGHEST WIND SPEED    18   HIGHEST WIND DIRECTION     S (180)
  HIGHEST GUST SPEED    31   HIGHEST GUST DIRECTION     S (180)
  AVERAGE WIND SPEED     8.9


SKY COVER
  POSSIBLE SUNSHINE  MM
  AVERAGE SKY COVER 0.0


WEATHER CONDITIONS
 THE FOLLOWING WEATHER WAS RECORDED YESTERDAY.
  NO SIGNIFICANT WEATHER WAS OBSERVED.


RELATIVE HUMIDITY (PERCENT)
 HIGHEST    89           300 AM
 LOWEST     32           300 PM
 AVERAGE    61

..........................................................


THE PEORIA IL CLIMATE NORMALS FOR TODAY
                         NORMAL    RECORD    YEAR
 MAXIMUM TEMPERATURE (F)   63        86      1979
 MINIMUM TEMPERATURE (F)   42        22      1930


SUNRISE AND SUNSET
OCTOBER 21 2017.......SUNRISE   717 AM CDT   SUNSET   609 PM CDT
OCTOBER 22 2017.......SUNRISE   718 AM CDT   SUNSET   608 PM CDT


-  INDICATES NEGATIVE NUMBERS.
R  INDICATES RECORD WAS SET OR TIED.
MM INDICATES DATA IS MISSING.
T  INDICATES TRACE AMOUNT.




$$
