000
CDUS43 KILX 310651
CLIPIA


CLIMATE REPORT
NATIONAL WEATHER SERVICE LINCOLN IL
1250 AM CST SAT JAN 31 2015


...................................

...THE PEORIA IL CLIMATE SUMMARY FOR JANUARY 30 2015...

CLIMATE NORMAL PERIOD 1981 TO 2010
CLIMATE RECORD PERIOD 1883 TO 2015


WEATHER ITEM   OBSERVED TIME   RECORD YEAR NORMAL DEPARTURE LAST
                VALUE   (LST)  VALUE       VALUE  FROM      YEAR
                                                  NORMAL
..................................................................
TEMPERATURE (F)
 YESTERDAY
  MAXIMUM         36    354 PM  60    2012  34      2       36
  MINIMUM         23    731 AM -12    1966  18      5       21
  AVERAGE         30                        26      4       29

PRECIPITATION (IN)
  YESTERDAY        0.00          1.53 2002   0.05  -0.05     0.01
  MONTH TO DATE    1.94                      1.72   0.22     1.94
  SINCE DEC 1      3.17                      4.14  -0.97     3.43
  SINCE JAN 1      1.94                      1.72   0.22     1.94

SNOWFALL (IN)
  YESTERDAY        0.0           8.1  1939   0.3   -0.3      0.1
  MONTH TO DATE    9.9                       6.7    3.2     15.1
  SINCE DEC 1      9.9                      13.8   -3.9     23.6
  SINCE JUL 1     11.2                      14.9   -3.7     24.2
  SNOW DEPTH       0

DEGREE DAYS
 HEATING
  YESTERDAY       35                        39     -4       36
  MONTH TO DATE 1173                      1199    -26     1397
  SINCE DEC 1   2141                      2329   -188     2641
  SINCE JUL 1   3382                      3477    -95     3823

 COOLING
  YESTERDAY        0                         0      0        0
  MONTH TO DATE    0                         0      0        0
  SINCE DEC 1      0                         0      0        0
  SINCE JAN 1      0                         0      0        0
..................................................................


WIND (MPH)
  HIGHEST WIND SPEED    14   HIGHEST WIND DIRECTION    NW (330)
  HIGHEST GUST SPEED    23   HIGHEST GUST DIRECTION    NW (320)
  AVERAGE WIND SPEED     4.8


SKY COVER
  POSSIBLE SUNSHINE  MM
  AVERAGE SKY COVER 0.1


WEATHER CONDITIONS
 THE FOLLOWING WEATHER WAS RECORDED YESTERDAY.
  NO SIGNIFICANT WEATHER WAS OBSERVED.


RELATIVE HUMIDITY (PERCENT)
 HIGHEST    74          1000 PM
 LOWEST     44           200 PM
 AVERAGE    59

..........................................................


THE PEORIA IL CLIMATE NORMALS FOR TODAY
                         NORMAL    RECORD    YEAR
 MAXIMUM TEMPERATURE (F)   34        70      1989
 MINIMUM TEMPERATURE (F)   18       -13      1996


SUNRISE AND SUNSET
JANUARY 31 2015.......SUNRISE   710 AM CST   SUNSET   515 PM CST
FEBRUARY  1 2015......SUNRISE   709 AM CST   SUNSET   516 PM CST


-  INDICATES NEGATIVE NUMBERS.
R  INDICATES RECORD WAS SET OR TIED.
MM INDICATES DATA IS MISSING.
T  INDICATES TRACE AMOUNT.




$$
