289
CDUS43 KILX 060636
CLIPIA


CLIMATE REPORT
NATIONAL WEATHER SERVICE LINCOLN IL
1236 AM CST SAT FEB 6 2016


...................................

...THE PEORIA IL CLIMATE SUMMARY FOR FEBRUARY 5 2016...

CLIMATE NORMAL PERIOD 1981 TO 2010
CLIMATE RECORD PERIOD 1883 TO 2016


WEATHER ITEM   OBSERVED TIME   RECORD YEAR NORMAL DEPARTURE LAST
                VALUE   (LST)  VALUE       VALUE  FROM      YEAR
                                                  NORMAL
..................................................................
TEMPERATURE (F)
 YESTERDAY
  MAXIMUM         32    501 PM  60    1946  35     -3       16
  MINIMUM         24    836 PM -17    1979  19      5       -5
  AVERAGE         28                        27      1        6

PRECIPITATION (IN)
  YESTERDAY        0.00          0.79 2008   0.05  -0.05     0.00
  MONTH TO DATE    0.38                      0.26   0.12     1.24
  SINCE DEC 1      7.45                      4.46   2.99     4.69
  SINCE JAN 1      1.14                      2.04  -0.90     3.46

SNOWFALL (IN)
  YESTERDAY        0.0           3.8  1980   0.2   -0.2      0.0
  MONTH TO DATE    0.0                       1.2   -1.2      9.3
  SINCE DEC 1      7.7                      15.2   -7.5     19.5
  SINCE JUL 1     12.3                      16.3   -4.0     20.8
  SNOW DEPTH       0

DEGREE DAYS
 HEATING
  YESTERDAY       37                        38     -1       59
  MONTH TO DATE  158                       194    -36      236
  SINCE DEC 1   2071                      2567   -496     2410
  SINCE JUL 1   2828                      3715   -887     3651

 COOLING
  YESTERDAY        0                         0      0        0
  MONTH TO DATE    0                         0      0        0
  SINCE DEC 1      0                         0      0        0
  SINCE JAN 1      0                         0      0        0
..................................................................


WIND (MPH)
  HIGHEST WIND SPEED    14   HIGHEST WIND DIRECTION    NW (320)
  HIGHEST GUST SPEED    19   HIGHEST GUST DIRECTION    NW (310)
  AVERAGE WIND SPEED     4.3


SKY COVER
  POSSIBLE SUNSHINE  MM
  AVERAGE SKY COVER 0.6


WEATHER CONDITIONS
 THE FOLLOWING WEATHER WAS RECORDED YESTERDAY.
  NO SIGNIFICANT WEATHER WAS OBSERVED.


RELATIVE HUMIDITY (PERCENT)
 HIGHEST    81           300 AM
 LOWEST     59           200 PM
 AVERAGE    70

..........................................................


THE PEORIA IL CLIMATE NORMALS FOR TODAY
                         NORMAL    RECORD    YEAR
 MAXIMUM TEMPERATURE (F)   35        59      1904
 MINIMUM TEMPERATURE (F)   19       -15      1982


SUNRISE AND SUNSET
FEBRUARY  6 2016......SUNRISE   704 AM CST   SUNSET   522 PM CST
FEBRUARY  7 2016......SUNRISE   703 AM CST   SUNSET   523 PM CST


-  INDICATES NEGATIVE NUMBERS.
R  INDICATES RECORD WAS SET OR TIED.
MM INDICATES DATA IS MISSING.
T  INDICATES TRACE AMOUNT.




$$
