000
CDUS43 KILX 260646
CLIPIA


CLIMATE REPORT
NATIONAL WEATHER SERVICE LINCOLN IL
145 AM CDT MON JUN 26 2017


...................................

...THE PEORIA IL CLIMATE SUMMARY FOR JUNE 25 2017...

CLIMATE NORMAL PERIOD 1981 TO 2010
CLIMATE RECORD PERIOD 1883 TO 2017


WEATHER ITEM   OBSERVED TIME   RECORD YEAR NORMAL DEPARTURE LAST
                VALUE   (LST)  VALUE       VALUE  FROM      YEAR
                                                  NORMAL
..................................................................
TEMPERATURE (F)
 YESTERDAY
  MAXIMUM         74    344 PM 105    1988  85    -11       92
  MINIMUM         53    458 AM  49    1979  64    -11       71
                                      1974
  AVERAGE         64                        74    -10       82

PRECIPITATION (IN)
  YESTERDAY        0.00          3.73 1968   0.12  -0.12     0.00
  MONTH TO DATE    1.60                      2.94  -1.34     3.13
  SINCE JUN 1      1.60                      2.94  -1.34     3.13
  SINCE JAN 1     20.09                     17.27   2.82    12.24

SNOWFALL (IN)
  YESTERDAY        0.0           0.0    MM   0.0    0.0      0.0
  MONTH TO DATE    0.0                       0.0    0.0      0.0
  SINCE JUN 1      0.0                       0.0    0.0      0.0
  SINCE JUL 1     13.9                      24.6  -10.7     15.3
  SNOW DEPTH       0

DEGREE DAYS
 HEATING
  YESTERDAY        1                         0      1        0
  MONTH TO DATE    1                        17    -16        0
  SINCE JUN 1      1                        17    -16        0
  SINCE JUL 1   4702                      5830  -1128     4641

 COOLING
  YESTERDAY        0                        10    -10       17
  MONTH TO DATE  230                       172     58      289
  SINCE JUN 1    230                       172     58      289
  SINCE JAN 1    311                       253     58      395
..................................................................


WIND (MPH)
  HIGHEST WIND SPEED    21   HIGHEST WIND DIRECTION     W (270)
  HIGHEST GUST SPEED    29   HIGHEST GUST DIRECTION     W (280)
  AVERAGE WIND SPEED     6.6


SKY COVER
  POSSIBLE SUNSHINE  MM
  AVERAGE SKY COVER 0.2


WEATHER CONDITIONS
 THE FOLLOWING WEATHER WAS RECORDED YESTERDAY.
  NO SIGNIFICANT WEATHER WAS OBSERVED.


RELATIVE HUMIDITY (PERCENT)
 HIGHEST    93          1100 PM
 LOWEST     38          1100 AM
 AVERAGE    66

..........................................................


THE PEORIA IL CLIMATE NORMALS FOR TODAY
                         NORMAL    RECORD    YEAR
 MAXIMUM TEMPERATURE (F)   85       102      1934
 MINIMUM TEMPERATURE (F)   64        48      1926


SUNRISE AND SUNSET
JUNE 26 2017..........SUNRISE   529 AM CDT   SUNSET   834 PM CDT
JUNE 27 2017..........SUNRISE   530 AM CDT   SUNSET   834 PM CDT


-  INDICATES NEGATIVE NUMBERS.
R  INDICATES RECORD WAS SET OR TIED.
MM INDICATES DATA IS MISSING.
T  INDICATES TRACE AMOUNT.




$$
