000
CDUS43 KILX 110652
CLIPIA


CLIMATE REPORT
NATIONAL WEATHER SERVICE LINCOLN IL
1245 AM CST MON DEC 11 2017


...................................

...THE PEORIA IL CLIMATE SUMMARY FOR DECEMBER 10 2017...

CLIMATE NORMAL PERIOD 1981 TO 2010
CLIMATE RECORD PERIOD 1883 TO 2017


WEATHER ITEM   OBSERVED TIME   RECORD YEAR NORMAL DEPARTURE LAST
                VALUE   (LST)  VALUE       VALUE  FROM      YEAR
                                                  NORMAL
..................................................................
TEMPERATURE (F)
 YESTERDAY
  MAXIMUM         41    302 PM  64    1889  37      4       28
  MINIMUM         19   1247 AM -10    1977  22     -3       21
  AVERAGE         30                        30      0       25

PRECIPITATION (IN)
  YESTERDAY        0.00          1.48 1971   0.09  -0.09     0.02
  MONTH TO DATE    0.06                      0.91  -0.85     0.43
  SINCE DEC 1      0.06                      0.91  -0.85     0.43
  SINCE JAN 1     33.20                     34.98  -1.78    36.45

SNOWFALL (IN)
  YESTERDAY        0.0           5.1  1989   0.2   -0.2      0.4
  MONTH TO DATE    T                         1.9   -1.9      4.6
  SINCE DEC 1      T                         1.9   -1.9      4.6
  SINCE JUL 1      T                         3.0   -3.0      4.6
  SNOW DEPTH       0

DEGREE DAYS
 HEATING
  YESTERDAY       35                        35      0       40
  MONTH TO DATE  294                       333    -39      339
  SINCE DEC 1    294                       333    -39      339
  SINCE JUL 1   1281                      1481   -200     1077

 COOLING
  YESTERDAY        0                         0      0        0
  MONTH TO DATE    0                         0      0        0
  SINCE DEC 1      0                         0      0        0
  SINCE JAN 1   1157                      1039    118     1423
..................................................................


WIND (MPH)
  HIGHEST WIND SPEED    17   HIGHEST WIND DIRECTION    SW (210)
  HIGHEST GUST SPEED    25   HIGHEST GUST DIRECTION     W (290)
  AVERAGE WIND SPEED     7.9


SKY COVER
  POSSIBLE SUNSHINE  MM
  AVERAGE SKY COVER 0.1


WEATHER CONDITIONS
 THE FOLLOWING WEATHER WAS RECORDED YESTERDAY.
  NO SIGNIFICANT WEATHER WAS OBSERVED.


RELATIVE HUMIDITY (PERCENT)
 HIGHEST    81           900 PM
 LOWEST     50           100 PM
 AVERAGE    66

..........................................................


THE PEORIA IL CLIMATE NORMALS FOR TODAY
                         NORMAL    RECORD    YEAR
 MAXIMUM TEMPERATURE (F)   37        64      1949
 MINIMUM TEMPERATURE (F)   22       -11      1917


SUNRISE AND SUNSET
DECEMBER 11 2017......SUNRISE   713 AM CST   SUNSET   432 PM CST
DECEMBER 12 2017......SUNRISE   713 AM CST   SUNSET   432 PM CST


-  INDICATES NEGATIVE NUMBERS.
R  INDICATES RECORD WAS SET OR TIED.
MM INDICATES DATA IS MISSING.
T  INDICATES TRACE AMOUNT.




$$
