000
CDUS43 KILX 310641
CLIPIA


CLIMATE REPORT
NATIONAL WEATHER SERVICE LINCOLN IL
140 AM CDT FRI OCT 31 2014


...................................

...THE PEORIA IL CLIMATE SUMMARY FOR OCTOBER 30 2014...

CLIMATE NORMAL PERIOD 1981 TO 2010
CLIMATE RECORD PERIOD 1883 TO 2014


WEATHER ITEM   OBSERVED TIME   RECORD YEAR NORMAL DEPARTURE LAST
                VALUE   (LST)  VALUE       VALUE  FROM      YEAR
                                                  NORMAL
..................................................................
TEMPERATURE (F)
 YESTERDAY
  MAXIMUM         50    331 PM  86    1950  59     -9       65
  MINIMUM         35    311 AM   7    1925  40     -5       53
  AVERAGE         43                        49     -6       59

PRECIPITATION (IN)
  YESTERDAY        0.07          1.19 2013   0.10  -0.03     1.19
  MONTH TO DATE    2.40                      2.74  -0.34     4.01
  SINCE SEP 1      7.38                      5.89   1.49     5.86
  SINCE JAN 1     37.46                     30.84   6.62    37.69

SNOWFALL (IN)
  YESTERDAY        0.0           T      MM   0.0    0.0      0.0
  MONTH TO DATE    T                         0.0    0.0       T
  SINCE SEP 1      T                         0.0    0.0       T
  SINCE JUL 1      T                         0.0    0.0       T
  SNOW DEPTH       0

DEGREE DAYS
 HEATING
  YESTERDAY       22                        16      6        6
  MONTH TO DATE  273                       342    -69      336
  SINCE SEP 1    349                       426    -77      363
  SINCE JUL 1    351                       432    -81      368

 COOLING
  YESTERDAY        0                         0      0        0
  MONTH TO DATE    9                        12     -3       40
  SINCE SEP 1    132                       129      3      232
  SINCE JAN 1   1156                      1036    120     1174
..................................................................


WIND (MPH)
  HIGHEST WIND SPEED    12   HIGHEST WIND DIRECTION     S (190)
  HIGHEST GUST SPEED    15   HIGHEST GUST DIRECTION     S (180)
  AVERAGE WIND SPEED     3.0


SKY COVER
  POSSIBLE SUNSHINE  MM
  AVERAGE SKY COVER 0.6


WEATHER CONDITIONS
 THE FOLLOWING WEATHER WAS RECORDED YESTERDAY.
  LIGHT RAIN
  FOG
  HAZE


RELATIVE HUMIDITY (PERCENT)
 HIGHEST    89           400 AM
 LOWEST     61          1200 PM
 AVERAGE    75

..........................................................


THE PEORIA IL CLIMATE NORMALS FOR TODAY
                         NORMAL    RECORD    YEAR
 MAXIMUM TEMPERATURE (F)   59        85      1950
 MINIMUM TEMPERATURE (F)   39        14      1925


SUNRISE AND SUNSET
OCTOBER 31 2014.......SUNRISE   728 AM CDT   SUNSET   556 PM CDT
NOVEMBER  1 2014......SUNRISE   729 AM CDT   SUNSET   555 PM CDT


-  INDICATES NEGATIVE NUMBERS.
R  INDICATES RECORD WAS SET OR TIED.
MM INDICATES DATA IS MISSING.
T  INDICATES TRACE AMOUNT.




$$
