000
CDUS45 KPIH 262322
CLIPIH


CLIMATE REPORT
NATIONAL WEATHER SERVICE POCATELLO ID
521 PM MDT MON SEP 26 2016


...................................

...THE POCATELLO ID CLIMATE SUMMARY FOR SEPTEMBER 26 2016...
VALID TODAY AS OF 0500 PM LOCAL TIME.

CLIMATE NORMAL PERIOD 1981 TO 2010
CLIMATE RECORD PERIOD 1939 TO 2016


WEATHER ITEM   OBSERVED TIME   RECORD YEAR NORMAL DEPARTURE LAST
                VALUE   (LST)  VALUE       VALUE  FROM      YEAR
                                                  NORMAL
..................................................................
TEMPERATURE (F)
 TODAY
  MAXIMUM         75    346 PM  90    2010  71      4       87
  MINIMUM         38    639 AM  27    1996  39     -1       55
                                      1970
  AVERAGE         57                        55      2       71

PRECIPITATION (IN)
  TODAY            0.00          0.46 1959   0.03  -0.03     0.00
  MONTH TO DATE    2.10                      0.72   1.38     0.82
  SINCE OCT 1     13.25                     12.01   1.24    10.13
  SINCE JAN 1      9.68                      8.79   0.89     7.74

SNOWFALL (IN)
  TODAY            0.0
  MONTH TO DATE    0.0
  SINCE SEP 1      0.0
  SINCE JUL 1      0.0
  SNOW DEPTH       0

DEGREE DAYS
 HEATING
  TODAY            8                        10     -2        0
  MONTH TO DATE  195                       157     38       97
  SINCE SEP 1    195                       157     38       97
  SINCE JUL 1    233                       203     30      136

 COOLING
  TODAY            0                         0      0        6
  MONTH TO DATE   16                        20     -4       37
  SINCE SEP 1     16                        20     -4       37
  SINCE JAN 1    415                       390     25      498
..................................................................


WIND (MPH)
  HIGHEST WIND SPEED     8   HIGHEST WIND DIRECTION    NW (320)
  HIGHEST GUST SPEED    12   HIGHEST GUST DIRECTION    NE (30)
  AVERAGE WIND SPEED     3.6


SKY COVER
  POSSIBLE SUNSHINE  MM
  AVERAGE SKY COVER 0.0


WEATHER CONDITIONS
 THE FOLLOWING WEATHER WAS RECORDED TODAY.
  NO SIGNIFICANT WEATHER WAS OBSERVED.


RELATIVE HUMIDITY (PERCENT)
 HIGHEST    92           400 AM
 LOWEST     31           200 PM
 AVERAGE    62

..........................................................


THE POCATELLO ID CLIMATE NORMALS FOR TOMORROW
                         NORMAL    RECORD    YEAR
 MAXIMUM TEMPERATURE (F)   70        89      2001
 MINIMUM TEMPERATURE (F)   38        26      1964


SUNRISE AND SUNSET
SEPTEMBER 26 2016.....SUNRISE   723 AM MDT   SUNSET   719 PM MDT
SEPTEMBER 27 2016.....SUNRISE   724 AM MDT   SUNSET   718 PM MDT


-  INDICATES NEGATIVE NUMBERS.
R  INDICATES RECORD WAS SET OR TIED.
MM INDICATES DATA IS MISSING.
T  INDICATES TRACE AMOUNT.




$$
