000
CDUS45 KPIH 270737
CLIPIH


CLIMATE REPORT
NATIONAL WEATHER SERVICE POCATELLO ID
135 AM MDT FRI MAR 27 2015


...................................

...THE POCATELLO ID CLIMATE SUMMARY FOR MARCH 26 2015...

CLIMATE NORMAL PERIOD 1981 TO 2010
CLIMATE RECORD PERIOD 1939 TO 2015


WEATHER ITEM   OBSERVED TIME   RECORD YEAR NORMAL DEPARTURE LAST
                VALUE   (LST)  VALUE       VALUE  FROM      YEAR
                                                  NORMAL
..................................................................
TEMPERATURE (F)
 YESTERDAY
  MAXIMUM         61    443 PM  69    2007  52      9       51
                                      1960
  MINIMUM         36    648 AM  12    1955  30      6       37
  AVERAGE         49                        41      8       44

PRECIPITATION (IN)
  YESTERDAY        0.00          0.52 2004   0.04  -0.04     0.00
  MONTH TO DATE    0.25                      1.07  -0.82     1.38
  SINCE OCT 1      3.74                      6.25  -2.51     4.46
  SINCE JAN 1      1.35                      3.03  -1.68     3.09

SNOWFALL (IN)
  YESTERDAY        0.0
  MONTH TO DATE    2.6
  SINCE MAR 1      2.6
  SINCE JUL 1     17.4
  SNOW DEPTH       0

DEGREE DAYS
 HEATING
  YESTERDAY       16                        24     -8       21
  MONTH TO DATE  565                       721   -156      612
  SINCE MAR 1    565                       721   -156      612
  SINCE JUL 1   4906                      5994  -1088     5592

 COOLING
  YESTERDAY        0                         0      0        0
  MONTH TO DATE    0                         0      0        0
  SINCE MAR 1      0                         0      0        0
  SINCE JAN 1      0                         0      0        0
..................................................................


WIND (MPH)
  HIGHEST WIND SPEED    20   HIGHEST WIND DIRECTION     W (270)
  HIGHEST GUST SPEED    26   HIGHEST GUST DIRECTION     W (260)
  AVERAGE WIND SPEED    11.6


SKY COVER
  POSSIBLE SUNSHINE  MM
  AVERAGE SKY COVER 0.1


WEATHER CONDITIONS
 THE FOLLOWING WEATHER WAS RECORDED YESTERDAY.
  NO SIGNIFICANT WEATHER WAS OBSERVED.


RELATIVE HUMIDITY (PERCENT)
 HIGHEST    82           500 AM
 LOWEST     35           400 PM
 AVERAGE    59

..........................................................


THE POCATELLO ID CLIMATE NORMALS FOR TODAY
                         NORMAL    RECORD    YEAR
 MAXIMUM TEMPERATURE (F)   53        73      1986
 MINIMUM TEMPERATURE (F)   30        11      1975


SUNRISE AND SUNSET
MARCH 27 2015.........SUNRISE   722 AM MDT   SUNSET   751 PM MDT
MARCH 28 2015.........SUNRISE   720 AM MDT   SUNSET   752 PM MDT


-  INDICATES NEGATIVE NUMBERS.
R  INDICATES RECORD WAS SET OR TIED.
MM INDICATES DATA IS MISSING.
T  INDICATES TRACE AMOUNT.




$$
