000
CDUS45 KPIH 262335
CLIPIH


CLIMATE REPORT
NATIONAL WEATHER SERVICE POCATELLO ID
433 PM MST THU FEB 26 2015


...................................

...THE POCATELLO ID CLIMATE SUMMARY FOR FEBRUARY 26 2015...
VALID TODAY AS OF 0400 PM LOCAL TIME.

CLIMATE NORMAL PERIOD 1981 TO 2010
CLIMATE RECORD PERIOD 1939 TO 2015


WEATHER ITEM   OBSERVED TIME   RECORD YEAR NORMAL DEPARTURE LAST
                VALUE   (LST)  VALUE       VALUE  FROM      YEAR
                                                  NORMAL
..................................................................
TEMPERATURE (F)
 TODAY
  MAXIMUM         45    141 PM  62    1950  42      3       56
  MINIMUM         23    630 AM -11    1960  22      1       20
  AVERAGE         34                        32      2       38

PRECIPITATION (IN)
  TODAY            0.00          0.27 1963   0.04  -0.04     0.00
  MONTH TO DATE    0.67                      0.89  -0.22     0.97
  SINCE OCT 1      3.49                      5.10  -1.61     2.97
  SINCE JAN 1      1.10                      1.88  -0.78     1.60

SNOWFALL (IN)
  TODAY            0.0
  MONTH TO DATE    2.1
  SINCE DEC 1     10.2
  SINCE JUL 1     14.8
  SNOW DEPTH       0

DEGREE DAYS
 HEATING
  TODAY           31                        33     -2       27
  MONTH TO DATE  668                       962   -294      818
  SINCE DEC 1   2748                      3481   -733     3318
  SINCE JUL 1   4275                      5209   -934     4930

 COOLING
  TODAY            0                         0      0        0
  MONTH TO DATE    0                         0      0        0
  SINCE DEC 1      0                         0      0        0
  SINCE JAN 1      0                         0      0        0
..................................................................


WIND (MPH)
  HIGHEST WIND SPEED    15   HIGHEST WIND DIRECTION    NE (30)
  HIGHEST GUST SPEED    19   HIGHEST GUST DIRECTION    NE (40)
  AVERAGE WIND SPEED     5.2


SKY COVER
  POSSIBLE SUNSHINE  MM
  AVERAGE SKY COVER 0.6


WEATHER CONDITIONS
 THE FOLLOWING WEATHER WAS RECORDED TODAY.
  NO SIGNIFICANT WEATHER WAS OBSERVED.


RELATIVE HUMIDITY (PERCENT)
 HIGHEST    75           600 AM
 LOWEST     27           400 PM
 AVERAGE    51

..........................................................


THE POCATELLO ID CLIMATE NORMALS FOR TOMORROW
                         NORMAL    RECORD    YEAR
 MAXIMUM TEMPERATURE (F)   42        62      1992
 MINIMUM TEMPERATURE (F)   22       -13      1993


SUNRISE AND SUNSET
FEBRUARY 26 2015......SUNRISE   711 AM MST   SUNSET   616 PM MST
FEBRUARY 27 2015......SUNRISE   710 AM MST   SUNSET   617 PM MST


-  INDICATES NEGATIVE NUMBERS.
R  INDICATES RECORD WAS SET OR TIED.
MM INDICATES DATA IS MISSING.
T  INDICATES TRACE AMOUNT.




$$
