000
CDUS45 KPIH 172330
CLIPIH

CLIMATE REPORT
NATIONAL WEATHER SERVICE POCATELLO ID
426 PM MST WED DEC 17 2014


...................................

...THE POCATELLO ID CLIMATE SUMMARY FOR DECEMBER 17 2014...
VALID TODAY AS OF 0400 PM LOCAL TIME.

CLIMATE NORMAL PERIOD 1981 TO 2010
CLIMATE RECORD PERIOD 1939 TO 2014


WEATHER ITEM   OBSERVED TIME   RECORD YEAR NORMAL DEPARTURE LAST
                VALUE   (LST)  VALUE       VALUE  FROM      YEAR
                                                  NORMAL
..................................................................
TEMPERATURE (F)
 TODAY
  MAXIMUM         40    328 PM  55    1939  32      8       31
  MINIMUM         20    819 AM -15    1964  16      4        4
  AVERAGE         30                        24      6       18

PRECIPITATION (IN)
  TODAY            0.00          0.23 1957   0.04  -0.04     0.00
  MONTH TO DATE    0.32                      0.71  -0.39     0.33
  SINCE OCT 1      1.94                      2.69  -0.75     1.27
  SINCE JAN 1     12.20                     11.60   0.60     6.07

SNOWFALL (IN)
  TODAY            0.0
  MONTH TO DATE    1.2
  SINCE DEC 1      1.2
  SINCE JUL 1      5.8
  SNOW DEPTH       T

DEGREE DAYS
 HEATING
  TODAY           35                        41     -6       47
  MONTH TO DATE  454                       676   -222      852
  SINCE DEC 1    454                       676   -222      852
  SINCE JUL 1   1981                      2404   -423     2464

 COOLING
  TODAY            0                         0      0        0
  MONTH TO DATE    0                         0      0        0
  SINCE DEC 1      0                         0      0        0
  SINCE JAN 1    421                       392     29      688
..................................................................


WIND (MPH)
  HIGHEST WIND SPEED     8   HIGHEST WIND DIRECTION    NE (60)
  HIGHEST GUST SPEED    10   HIGHEST GUST DIRECTION    NE (60)
  AVERAGE WIND SPEED     2.7


SKY COVER
  POSSIBLE SUNSHINE  MM
  AVERAGE SKY COVER 0.5


WEATHER CONDITIONS
 THE FOLLOWING WEATHER WAS RECORDED TODAY.
  FOG
  FOG W/VISIBILITY <= 1/4 MILE


RELATIVE HUMIDITY (PERCENT)
 HIGHEST   100          1200 AM
 LOWEST     70           200 PM
 AVERAGE    85

..........................................................


THE POCATELLO ID CLIMATE NORMALS FOR TOMORROW
                         NORMAL    RECORD    YEAR
 MAXIMUM TEMPERATURE (F)   32        54      1958
 MINIMUM TEMPERATURE (F)   15       -13      1964


SUNRISE AND SUNSET
DECEMBER 17 2014......SUNRISE   756 AM MST   SUNSET   457 PM MST
DECEMBER 18 2014......SUNRISE   756 AM MST   SUNSET   458 PM MST


-  INDICATES NEGATIVE NUMBERS.
R  INDICATES RECORD WAS SET OR TIED.
MM INDICATES DATA IS MISSING.
T  INDICATES TRACE AMOUNT.




$$
