000
CDUS43 KABR 230903
CLIPIR


CLIMATE REPORT
NATIONAL WEATHER SERVICE ABERDEEN SD
402 AM CDT SUN JUL 23 2017


...................................

...THE PIERRE SD CLIMATE SUMMARY FOR JULY 22 2017...

CLIMATE NORMAL PERIOD 1981 TO 2010
CLIMATE RECORD PERIOD 1892 TO 2017


WEATHER ITEM   OBSERVED TIME   RECORD YEAR NORMAL DEPARTURE LAST
                VALUE   (LST)  VALUE       VALUE  FROM      YEAR
                                                  NORMAL
..................................................................
TEMPERATURE (F)
 YESTERDAY
  MAXIMUM         96    332 PM 108    1941  90      6      101
  MINIMUM         63    436 AM  49    1961  63      0       75
  AVERAGE         80                        76      4       88

PRECIPITATION (IN)
  YESTERDAY        0.00          1.08 1975   0.09  -0.09      T
  MONTH TO DATE    0.12                      1.85  -1.73     2.10
  SINCE JUN 1      2.72                      5.42  -2.70     3.93
  SINCE JAN 1      7.17                     12.62  -5.45    11.37

DEGREE DAYS
 HEATING
  YESTERDAY        0                         0      0        0
  MONTH TO DATE    0                         0      0        4
  SINCE JUN 1     24                        53    -29       16
  SINCE JUL 1      0                         0      0        4

 COOLING
  YESTERDAY       15                        11      4       23
  MONTH TO DATE  316                       223     93      245
  SINCE JUN 1    483                       357    126      472
  SINCE JAN 1    504                       389    115      495
..................................................................


WIND (MPH)
  RESULTANT WIND SPEED   7   RESULTANT WIND DIRECTION   N (350)
  HIGHEST WIND SPEED    17   HIGHEST WIND DIRECTION     N (350)
  HIGHEST GUST SPEED    23   HIGHEST GUST DIRECTION     N (350)
  AVERAGE WIND SPEED     8.9




RELATIVE HUMIDITY (PERCENT)
 HIGHEST    93           300 AM
 LOWEST     14           100 PM
 AVERAGE    54

..........................................................


THE PIERRE SD CLIMATE NORMALS FOR TODAY
                         NORMAL    RECORD    YEAR
 MAXIMUM TEMPERATURE (F)   90       115      1940
 MINIMUM TEMPERATURE (F)   63        49      2004


SUNRISE AND SUNSET
JULY 23 2017..........SUNRISE   619 AM CDT   SUNSET   916 PM CDT
JULY 24 2017..........SUNRISE   620 AM CDT   SUNSET   915 PM CDT


-  INDICATES NEGATIVE NUMBERS.
R  INDICATES RECORD WAS SET OR TIED.
MM INDICATES DATA IS MISSING.
T  INDICATES TRACE AMOUNT.




$$
