000
CDUS43 KABR 081008
CLIPIR


CLIMATE REPORT
NATIONAL WEATHER SERVICE ABERDEEN SD
408 AM CST THU DEC 8 2016


...................................

...THE PIERRE SD CLIMATE SUMMARY FOR DECEMBER 7 2016...

CLIMATE NORMAL PERIOD 1981 TO 2010
CLIMATE RECORD PERIOD 1892 TO 2016


WEATHER ITEM   OBSERVED TIME   RECORD YEAR NORMAL DEPARTURE LAST
                VALUE   (LST)  VALUE       VALUE  FROM      YEAR
                                                  NORMAL
..................................................................
TEMPERATURE (F)
 YESTERDAY
  MAXIMUM         14    239 PM  58    2014  33    -19       53
                                      1965
  MINIMUM          7   1159 PM -14    2013  14     -7       29
  AVERAGE         11                        24    -13       41

PRECIPITATION (IN)
  YESTERDAY       MM             0.19 1951   0.02  MM        0.00
  MONTH TO DATE    0.04                      0.14  -0.10     0.07
  SINCE DEC 1      0.04                      0.14  -0.10     0.07
  SINCE JAN 1     19.35                     19.60  -0.25    21.56

SNOWFALL (IN)
  YESTERDAY       MM             3.0  1958   0.2   MM        0.0
  MONTH TO DATE    0.5                       1.2   -0.7      0.8
  SINCE OCT 1     10.6                       7.5    3.1      5.9
  SINCE JUL 1     10.6                       7.5    3.1      5.9
  SNOW DEPTH       2

DEGREE DAYS
 HEATING
  YESTERDAY       54                        41     13       24
  MONTH TO DATE  294                       282     12      235
  SINCE DEC 1    294                       282     12      235
  SINCE JUL 1   1431                      1902   -471     1532

 COOLING
  YESTERDAY        0                         0      0        0
  MONTH TO DATE    0                         0      0        0
  SINCE DEC 1      0                         0      0        0
  SINCE JAN 1    961                       868     93      839
..................................................................


WIND (MPH)
  RESULTANT WIND SPEED  26   RESULTANT WIND DIRECTION  NW (310)
  HIGHEST WIND SPEED    37   HIGHEST WIND DIRECTION    NW (320)
  HIGHEST GUST SPEED    44   HIGHEST GUST DIRECTION    NW (300)
  AVERAGE WIND SPEED    25.9




RELATIVE HUMIDITY (PERCENT)
 HIGHEST    80           600 AM
 LOWEST     61           500 PM
 AVERAGE    71

..........................................................


THE PIERRE SD CLIMATE NORMALS FOR TODAY
                         NORMAL    RECORD    YEAR
 MAXIMUM TEMPERATURE (F)   33        62      1939
 MINIMUM TEMPERATURE (F)   14       -15      2005


SUNRISE AND SUNSET
DECEMBER  8 2016......SUNRISE   805 AM CST   SUNSET   502 PM CST
DECEMBER  9 2016......SUNRISE   806 AM CST   SUNSET   502 PM CST


-  INDICATES NEGATIVE NUMBERS.
R  INDICATES RECORD WAS SET OR TIED.
MM INDICATES DATA IS MISSING.
T  INDICATES TRACE AMOUNT.




$$
