000
CDUS43 KABR 210915
CLIPIR


CLIMATE REPORT
NATIONAL WEATHER SERVICE ABERDEEN SD
414 AM CDT THU AUG 21 2014


...................................

...THE PIERRE SD CLIMATE SUMMARY FOR AUGUST 20 2014...

CLIMATE NORMAL PERIOD 1981 TO 2010
CLIMATE RECORD PERIOD 1892 TO 2014


WEATHER ITEM   OBSERVED TIME   RECORD YEAR NORMAL DEPARTURE LAST
                VALUE   (LST)  VALUE       VALUE  FROM      YEAR
                                                  NORMAL
..................................................................
TEMPERATURE (F)
 YESTERDAY
  MAXIMUM         88    603 PM 108    1976  87      1       95
  MINIMUM         64    117 AM  43    1950  60      4       61
  AVERAGE         76                        73      3       78

PRECIPITATION (IN)
  YESTERDAY        0.49          0.96 1979   0.05   0.44     0.00
  MONTH TO DATE    1.77                      1.26   0.51     2.47
  SINCE JUN 1      7.03                      7.44  -0.41     8.01
  SINCE JAN 1     14.96                     14.64   0.32    16.87

DEGREE DAYS
 HEATING
  YESTERDAY        0                         0      0        0
  MONTH TO DATE    0                         0      0        0
  SINCE JUN 1     86                        59     27       69
  SINCE JUL 1     19                         6     13        9

 COOLING
  YESTERDAY       11                         9      2       13
  MONTH TO DATE  156                       203    -47      112
  SINCE JUN 1    445                       664   -219      497
  SINCE JAN 1    493                       696   -203      519
..................................................................


WIND (MPH)
  RESULTANT WIND SPEED  11   RESULTANT WIND DIRECTION  SE (130)
  HIGHEST WIND SPEED    30   HIGHEST WIND DIRECTION    SW (230)
  HIGHEST GUST SPEED    36   HIGHEST GUST DIRECTION     S (170)
  AVERAGE WIND SPEED    12.2




RELATIVE HUMIDITY (PERCENT)
 HIGHEST   100          1100 PM
 LOWEST     55           600 PM
 AVERAGE    78

..........................................................


THE PIERRE SD CLIMATE NORMALS FOR TODAY
                         NORMAL    RECORD    YEAR
 MAXIMUM TEMPERATURE (F)   87       104      1947
 MINIMUM TEMPERATURE (F)   59        43      1986


SUNRISE AND SUNSET
AUGUST 21 2014........SUNRISE   651 AM CDT   SUNSET   836 PM CDT
AUGUST 22 2014........SUNRISE   652 AM CDT   SUNSET   835 PM CDT


-  INDICATES NEGATIVE NUMBERS.
R  INDICATES RECORD WAS SET OR TIED.
MM INDICATES DATA IS MISSING.
T  INDICATES TRACE AMOUNT.




$$
