000
CDUS43 KABR 291038
CLIPIR


CLIMATE REPORT
NATIONAL WEATHER SERVICE ABERDEEN SD
537 AM CDT FRI MAY 29 2015


...................................

...THE PIERRE SD CLIMATE SUMMARY FOR MAY 28 2015...

CLIMATE NORMAL PERIOD 1981 TO 2010
CLIMATE RECORD PERIOD 1892 TO 2015


WEATHER ITEM   OBSERVED TIME   RECORD YEAR NORMAL DEPARTURE LAST
                VALUE   (LST)  VALUE       VALUE  FROM      YEAR
                                                  NORMAL
..................................................................
TEMPERATURE (F)
 YESTERDAY
  MAXIMUM         81    308 PM 105    1934  73      8       85
  MINIMUM         56    516 AM  29    1965  50      6       53
  AVERAGE         69                        62      7       69

PRECIPITATION (IN)
  YESTERDAY        0.32          2.43 1991   0.11   0.21     0.00
  MONTH TO DATE    4.10                      2.80   1.30     2.41
  SINCE MAR 1      4.92                      5.84  -0.92     5.37
  SINCE JAN 1      5.27                      6.85  -1.58     5.94

DEGREE DAYS
 HEATING
  YESTERDAY        0                         5     -5        0
  MONTH TO DATE  262                       234     28      293
  SINCE MAR 1   1465                      1726   -261     1965
  SINCE JUL 1   6974                      7224   -250     7960

 COOLING
  YESTERDAY        4                         1      3        4
  MONTH TO DATE    9                        26    -17       29
  SINCE MAR 1     14                        30    -16       29
  SINCE JAN 1     14                        30    -16       29
..................................................................


WIND (MPH)
  RESULTANT WIND SPEED   6   RESULTANT WIND DIRECTION   S (190)
  HIGHEST WIND SPEED    29   HIGHEST WIND DIRECTION    SW (220)
  HIGHEST GUST SPEED    38   HIGHEST GUST DIRECTION    SW (220)
  AVERAGE WIND SPEED     9.5




RELATIVE HUMIDITY (PERCENT)
 HIGHEST    93           300 AM
 LOWEST     51           200 PM
 AVERAGE    72

..........................................................


THE PIERRE SD CLIMATE NORMALS FOR TODAY
                         NORMAL    RECORD    YEAR
 MAXIMUM TEMPERATURE (F)   74       101      1934
 MINIMUM TEMPERATURE (F)   50        24      1947


SUNRISE AND SUNSET
MAY 29 2015...........SUNRISE   602 AM CDT   SUNSET   916 PM CDT
MAY 30 2015...........SUNRISE   601 AM CDT   SUNSET   917 PM CDT


-  INDICATES NEGATIVE NUMBERS.
R  INDICATES RECORD WAS SET OR TIED.
MM INDICATES DATA IS MISSING.
T  INDICATES TRACE AMOUNT.




$$
