767
CDUS43 KABR 251608
CLIPIR


CLIMATE REPORT...CORRECTED
NATIONAL WEATHER SERVICE ABERDEEN SD
1107 AM CDT MON SEP 25 2017


...................................

...THE PIERRE SD CLIMATE SUMMARY FOR SEPTEMBER 24 2017...

CLIMATE NORMAL PERIOD 1981 TO 2010
CLIMATE RECORD PERIOD 1892 TO 2017


WEATHER ITEM   OBSERVED TIME   RECORD YEAR NORMAL DEPARTURE LAST
                VALUE   (LST)  VALUE       VALUE  FROM      YEAR
                                                  NORMAL
..................................................................
TEMPERATURE (F)
 YESTERDAY
  MAXIMUM         56    405 PM  92    1990  72    -16       77
  MINIMUM         49   1159 PM  25    2000  45      4       53
  AVERAGE         53                        59     -6       65

PRECIPITATION (IN)
  YESTERDAY        0.43          0.85 1973   0.06   0.37      T
  MONTH TO DATE    0.98                      1.47  -0.49     1.23
  SINCE SEP 1      0.98                      1.47  -0.49     1.23
  SINCE JAN 1     11.42                     16.65  -5.23    16.95

DEGREE DAYS
 HEATING
  YESTERDAY       12                         7      5        0
  MONTH TO DATE   85                        98    -13       55
  SINCE SEP 1     85                        98    -13       55
  SINCE JUL 1     90                       118    -28       75

 COOLING
  YESTERDAY        0                         1     -1        0
  MONTH TO DATE  106                        82     24       80
  SINCE SEP 1    106                        82     24       80
  SINCE JAN 1    864                       859      5      944
..................................................................


WIND (MPH)
  RESULTANT WIND SPEED  11   RESULTANT WIND DIRECTION   N (340)
  HIGHEST WIND SPEED    21   HIGHEST WIND DIRECTION    NW (330)
  HIGHEST GUST SPEED    25   HIGHEST GUST DIRECTION    NW (330)
  AVERAGE WIND SPEED    12.8




RELATIVE HUMIDITY (PERCENT)
 HIGHEST   100           200 AM
 LOWEST     71           700 PM
 AVERAGE    86

..........................................................


THE PIERRE SD CLIMATE NORMALS FOR TODAY
                         NORMAL    RECORD    YEAR
 MAXIMUM TEMPERATURE (F)   72        96      1938
 MINIMUM TEMPERATURE (F)   45        29      2003


SUNRISE AND SUNSET
SEPTEMBER 25 2017.....SUNRISE   732 AM CDT   SUNSET   732 PM CDT
SEPTEMBER 26 2017.....SUNRISE   733 AM CDT   SUNSET   731 PM CDT


-  INDICATES NEGATIVE NUMBERS.
R  INDICATES RECORD WAS SET OR TIED.
MM INDICATES DATA IS MISSING.
T  INDICATES TRACE AMOUNT.




$$
