000
CDUS43 KABR 231041
CLIPIR


CLIMATE REPORT
NATIONAL WEATHER SERVICE ABERDEEN SD
440 AM CST MON JAN 23 2017


...................................

...THE PIERRE SD CLIMATE SUMMARY FOR JANUARY 22 2017...

CLIMATE NORMAL PERIOD 1981 TO 2010
CLIMATE RECORD PERIOD 1892 TO 2017


WEATHER ITEM   OBSERVED TIME   RECORD YEAR NORMAL DEPARTURE LAST
                VALUE   (LST)  VALUE       VALUE  FROM      YEAR
                                                  NORMAL
..................................................................
TEMPERATURE (F)
 YESTERDAY
  MAXIMUM         29    643 PM  58    1967  30     -1       24
  MINIMUM         17    419 AM -19    1966  10      7       17
  AVERAGE         23                        20      3       21

PRECIPITATION (IN)
  YESTERDAY        0.00          0.54 1982   0.01  -0.01     0.00
  MONTH TO DATE    0.37                      0.30   0.07     0.17
  SINCE DEC 1      2.07                      0.85   1.22     1.18
  SINCE JAN 1      0.37                      0.30   0.07     0.17

SNOWFALL (IN)
  YESTERDAY        0.0           5.4  1982   0.2   -0.2      0.0
  MONTH TO DATE    3.0                       3.4   -0.4      2.3
  SINCE OCT 1     21.4                      14.6    6.8     22.7
  SINCE JUL 1     21.4                      14.6    6.8     22.7
  SNOW DEPTH       5

DEGREE DAYS
 HEATING
  YESTERDAY       42                        45     -3       44
  MONTH TO DATE 1198                       995    203     1064
  SINCE DEC 1   2717                      2337    380     2309
  SINCE JUL 1   3854                      3957   -103     3606

 COOLING
  YESTERDAY        0                         0      0        0
  MONTH TO DATE    0                         0      0        0
  SINCE DEC 1      0                         0      0        0
  SINCE JAN 1      0                         0      0        0
..................................................................


WIND (MPH)
  RESULTANT WIND SPEED   8   RESULTANT WIND DIRECTION   W (290)
  HIGHEST WIND SPEED    25   HIGHEST WIND DIRECTION    NW (310)
  HIGHEST GUST SPEED    27   HIGHEST GUST DIRECTION    NW (310)
  AVERAGE WIND SPEED     9.1




RELATIVE HUMIDITY (PERCENT)
 HIGHEST    92           100 AM
 LOWEST     75          1200 PM
 AVERAGE    84

..........................................................


THE PIERRE SD CLIMATE NORMALS FOR TODAY
                         NORMAL    RECORD    YEAR
 MAXIMUM TEMPERATURE (F)   30        68      1981
 MINIMUM TEMPERATURE (F)   10       -20      1952


SUNRISE AND SUNSET
JANUARY 23 2017.......SUNRISE   808 AM CST   SUNSET   539 PM CST
JANUARY 24 2017.......SUNRISE   807 AM CST   SUNSET   540 PM CST


-  INDICATES NEGATIVE NUMBERS.
R  INDICATES RECORD WAS SET OR TIED.
MM INDICATES DATA IS MISSING.
T  INDICATES TRACE AMOUNT.




$$
