000
CDUS43 KABR 151027
CLIPIR


CLIMATE REPORT
NATIONAL WEATHER SERVICE ABERDEEN SD
527 AM CDT MON SEP 15 2014


...................................

...THE PIERRE SD CLIMATE SUMMARY FOR SEPTEMBER 14 2014...

CLIMATE NORMAL PERIOD 1981 TO 2010
CLIMATE RECORD PERIOD 1892 TO 2014


WEATHER ITEM   OBSERVED TIME   RECORD YEAR NORMAL DEPARTURE LAST
                VALUE   (LST)  VALUE       VALUE  FROM      YEAR
                                                  NORMAL
..................................................................
TEMPERATURE (F)
 YESTERDAY
  MAXIMUM         56    523 PM 102    1948  77    -21       85
  MINIMUM         38    511 AM  31    1993  50    -12       60
  AVERAGE         47                        64    -17       73

PRECIPITATION (IN)
  YESTERDAY        0.00          0.91 2001   0.07  -0.07     0.01
  MONTH TO DATE    0.52                      0.85  -0.33     0.07
  SINCE SEP 1      0.52                      0.85  -0.33     0.07
  SINCE JAN 1     16.74                     16.03   0.71    16.99

DEGREE DAYS
 HEATING
  YESTERDAY       18                         4     14        0
  MONTH TO DATE   93                        39     54        1
  SINCE SEP 1     93                        39     54        1
  SINCE JUL 1    121                        59     62       10

 COOLING
  YESTERDAY        0                         3     -3        8
  MONTH TO DATE   34                        63    -29      126
  SINCE SEP 1     34                        63    -29      126
  SINCE JAN 1    570                       840   -270      812
..................................................................


WIND (MPH)
  RESULTANT WIND SPEED   3   RESULTANT WIND DIRECTION   N (20)
  HIGHEST WIND SPEED    13   HIGHEST WIND DIRECTION    NW (320)
  HIGHEST GUST SPEED    14   HIGHEST GUST DIRECTION    NW (330)
  AVERAGE WIND SPEED     5.3




RELATIVE HUMIDITY (PERCENT)
 HIGHEST   100           700 AM
 LOWEST     51           100 PM
 AVERAGE    76

..........................................................


THE PIERRE SD CLIMATE NORMALS FOR TODAY
                         NORMAL    RECORD    YEAR
 MAXIMUM TEMPERATURE (F)   77       105      1948
 MINIMUM TEMPERATURE (F)   50        32      2011


SUNRISE AND SUNSET
SEPTEMBER 15 2014.....SUNRISE   720 AM CDT   SUNSET   752 PM CDT
SEPTEMBER 16 2014.....SUNRISE   721 AM CDT   SUNSET   750 PM CDT


-  INDICATES NEGATIVE NUMBERS.
R  INDICATES RECORD WAS SET OR TIED.
MM INDICATES DATA IS MISSING.
T  INDICATES TRACE AMOUNT.




$$
