000
CDUS43 KABR 251039
CLIPIR


CLIMATE REPORT
NATIONAL WEATHER SERVICE ABERDEEN SD
538 AM CDT THU AUG 25 2016


...................................

...THE PIERRE SD CLIMATE SUMMARY FOR AUGUST 24 2016...

CLIMATE NORMAL PERIOD 1981 TO 2010
CLIMATE RECORD PERIOD 1892 TO 2016


WEATHER ITEM   OBSERVED TIME   RECORD YEAR NORMAL DEPARTURE LAST
                VALUE   (LST)  VALUE       VALUE  FROM      YEAR
                                                  NORMAL
..................................................................
TEMPERATURE (F)
 YESTERDAY
  MAXIMUM         79    522 PM 107    2000  86     -7       78
  MINIMUM         53    436 AM  42    1934  58     -5       44
  AVERAGE         66                        72     -6       61

PRECIPITATION (IN)
  YESTERDAY        0.00          2.12 1903   0.05  -0.05     0.00
  MONTH TO DATE    1.91                      1.45   0.46     2.22
  SINCE JUN 1      8.05                      7.63   0.42    10.53
  SINCE JAN 1     15.49                     14.83   0.66    17.88

DEGREE DAYS
 HEATING
  YESTERDAY        0                         1     -1        4
  MONTH TO DATE    3                         4     -1       20
  SINCE JUN 1     19                        63    -44       27
  SINCE JUL 1      7                        10     -3       22

 COOLING
  YESTERDAY        1                         8     -7        0
  MONTH TO DATE  214                       235    -21      208
  SINCE JUN 1    792                       696     96      637
  SINCE JAN 1    815                       728     87      651
..................................................................


WIND (MPH)
  RESULTANT WIND SPEED   9   RESULTANT WIND DIRECTION  NW (300)
  HIGHEST WIND SPEED    22   HIGHEST WIND DIRECTION    NW (320)
  HIGHEST GUST SPEED    26   HIGHEST GUST DIRECTION    NW (330)
  AVERAGE WIND SPEED     9.8




RELATIVE HUMIDITY (PERCENT)
 HIGHEST    72           500 AM
 LOWEST     32           400 PM
 AVERAGE    52

..........................................................


THE PIERRE SD CLIMATE NORMALS FOR TODAY
                         NORMAL    RECORD    YEAR
 MAXIMUM TEMPERATURE (F)   86       108      1991
 MINIMUM TEMPERATURE (F)   58        45      2015
                                             1934


SUNRISE AND SUNSET
AUGUST 25 2016........SUNRISE   656 AM CDT   SUNSET   829 PM CDT
AUGUST 26 2016........SUNRISE   658 AM CDT   SUNSET   827 PM CDT


-  INDICATES NEGATIVE NUMBERS.
R  INDICATES RECORD WAS SET OR TIED.
MM INDICATES DATA IS MISSING.
T  INDICATES TRACE AMOUNT.




$$
