695
CDUS43 KABR 251032
CLIPIR


CLIMATE REPORT
NATIONAL WEATHER SERVICE ABERDEEN SD
431 AM CST SAT FEB 25 2017


...................................

...THE PIERRE SD CLIMATE SUMMARY FOR FEBRUARY 24 2017...

CLIMATE NORMAL PERIOD 1981 TO 2010
CLIMATE RECORD PERIOD 1892 TO 2017


WEATHER ITEM   OBSERVED TIME   RECORD YEAR NORMAL DEPARTURE LAST
                VALUE   (LST)  VALUE       VALUE  FROM      YEAR
                                                  NORMAL
..................................................................
TEMPERATURE (F)
 YESTERDAY
  MAXIMUM         32    336 PM  65    1995  38     -6       39
  MINIMUM         18   1104 PM -22    1955  17      1       19
  AVERAGE         25                        27     -2       29

PRECIPITATION (IN)
  YESTERDAY        0.00          0.44 1987   0.03  -0.03     0.05
  MONTH TO DATE    0.16                      0.48  -0.32     0.46
  SINCE DEC 1      2.81                      1.45   1.36     1.64
  SINCE JAN 1      1.11                      0.90   0.21     0.63

SNOWFALL (IN)
  YESTERDAY        0.0           7.5  2001   0.3   -0.3       T
  MONTH TO DATE    0.2                       4.9   -4.7      1.3
  SINCE OCT 1     27.1                      20.8    6.3     24.2
  SINCE JUL 1     27.1                      20.8    6.3     24.2
  SNOW DEPTH       0

DEGREE DAYS
 HEATING
  YESTERDAY       40                        38      2       36
  MONTH TO DATE  831                       990   -159      777
  SINCE DEC 1   3882                      3730    152     3402
  SINCE JUL 1   5019                      5350   -331     4699

 COOLING
  YESTERDAY        0                         0      0        0
  MONTH TO DATE    0                         0      0        0
  SINCE DEC 1      0                         0      0        0
  SINCE JAN 1      0                         0      0        0
..................................................................


WIND (MPH)
  RESULTANT WIND SPEED  12   RESULTANT WIND DIRECTION   N (360)
  HIGHEST WIND SPEED    24   HIGHEST WIND DIRECTION    NE (30)
  HIGHEST GUST SPEED    29   HIGHEST GUST DIRECTION     N (20)
  AVERAGE WIND SPEED    12.9




RELATIVE HUMIDITY (PERCENT)
 HIGHEST    77           400 AM
 LOWEST     47           200 PM
 AVERAGE    62

..........................................................


THE PIERRE SD CLIMATE NORMALS FOR TODAY
                         NORMAL    RECORD    YEAR
 MAXIMUM TEMPERATURE (F)   38        72      1958
 MINIMUM TEMPERATURE (F)   17       -17      2011


SUNRISE AND SUNSET
FEBRUARY 25 2017......SUNRISE   725 AM CST   SUNSET   624 PM CST
FEBRUARY 26 2017......SUNRISE   723 AM CST   SUNSET   626 PM CST


-  INDICATES NEGATIVE NUMBERS.
R  INDICATES RECORD WAS SET OR TIED.
MM INDICATES DATA IS MISSING.
T  INDICATES TRACE AMOUNT.




$$
