000
CDUS43 KABR 260907
CLIPIR


CLIMATE REPORT
NATIONAL WEATHER SERVICE ABERDEEN SD
406 AM CDT THU MAY 26 2016


...................................

...THE PIERRE SD CLIMATE SUMMARY FOR MAY 25 2016...

CLIMATE NORMAL PERIOD 1981 TO 2010
CLIMATE RECORD PERIOD 1892 TO 2016


WEATHER ITEM   OBSERVED TIME   RECORD YEAR NORMAL DEPARTURE LAST
                VALUE   (LST)  VALUE       VALUE  FROM      YEAR
                                                  NORMAL
..................................................................
TEMPERATURE (F)
 YESTERDAY
  MAXIMUM         75    315 PM  95    1985  72      3       63
  MINIMUM         52   1159 PM  34    1992  49      3       56
  AVERAGE         64                        61      3       60

PRECIPITATION (IN)
  YESTERDAY        0.20          1.22 1907   0.11   0.09     0.06
  MONTH TO DATE    1.17                      2.46  -1.29     3.62
  SINCE MAR 1      6.41                      5.50   0.91     4.44
  SINCE JAN 1      7.41                      6.51   0.90     4.79

DEGREE DAYS
 HEATING
  YESTERDAY        1                         6     -5        5
  MONTH TO DATE  217                       219     -2      260
  SINCE MAR 1   1482                      1711   -229     1463
  SINCE JUL 1   6316                      7209   -893     6972

 COOLING
  YESTERDAY        0                         1     -1        0
  MONTH TO DATE   12                        23    -11        5
  SINCE MAR 1     18                        27     -9       10
  SINCE JAN 1     18                        27     -9       10
..................................................................


WIND (MPH)
  RESULTANT WIND SPEED   6   RESULTANT WIND DIRECTION  NW (300)
  HIGHEST WIND SPEED    44   HIGHEST WIND DIRECTION    NW (330)
  HIGHEST GUST SPEED    55   HIGHEST GUST DIRECTION    NW (330)
  AVERAGE WIND SPEED    10.2




RELATIVE HUMIDITY (PERCENT)
 HIGHEST    93          1200 AM
 LOWEST     50           300 PM
 AVERAGE    72

..........................................................


THE PIERRE SD CLIMATE NORMALS FOR TODAY
                         NORMAL    RECORD    YEAR
 MAXIMUM TEMPERATURE (F)   73        96      2006
 MINIMUM TEMPERATURE (F)   49        29      1992


SUNRISE AND SUNSET
MAY 26 2016...........SUNRISE   603 AM CDT   SUNSET   914 PM CDT
MAY 27 2016...........SUNRISE   603 AM CDT   SUNSET   915 PM CDT


-  INDICATES NEGATIVE NUMBERS.
R  INDICATES RECORD WAS SET OR TIED.
MM INDICATES DATA IS MISSING.
T  INDICATES TRACE AMOUNT.




$$
