000
CDUS43 KABR 041028
CLIPIR


CLIMATE REPORT
NATIONAL WEATHER SERVICE ABERDEEN SD
526 AM CDT FRI SEP 4 2015


...................................

...THE PIERRE SD CLIMATE SUMMARY FOR SEPTEMBER 3 2015...

CLIMATE NORMAL PERIOD 1981 TO 2010
CLIMATE RECORD PERIOD 1892 TO 2015


WEATHER ITEM   OBSERVED TIME   RECORD YEAR NORMAL DEPARTURE LAST
                VALUE   (LST)  VALUE       VALUE  FROM      YEAR
                                                  NORMAL
..................................................................
TEMPERATURE (F)
 YESTERDAY
  MAXIMUM        100    236 PM 104    2005  82     18       92
  MINIMUM         64    552 AM  36    1974  55      9       61
  AVERAGE         82                        69     13       77

PRECIPITATION (IN)
  YESTERDAY        0.00          0.95 1963   0.05  -0.05     0.00
  MONTH TO DATE    0.00                      0.16  -0.16      T
  SINCE SEP 1      0.00                      0.16  -0.16      T
  SINCE JAN 1     18.15                     15.34   2.81    16.22

DEGREE DAYS
 HEATING
  YESTERDAY        0                         2     -2        0
  MONTH TO DATE    0                         6     -6        0
  SINCE SEP 1      0                         6     -6        0
  SINCE JUL 1     25                        26     -1       28

 COOLING
  YESTERDAY       17                         6     11       12
  MONTH TO DATE   39                        18     21       17
  SINCE SEP 1     39                        18     21       17
  SINCE JAN 1    749                       795    -46      553
..................................................................


WIND (MPH)
  RESULTANT WIND SPEED  11   RESULTANT WIND DIRECTION  SE (140)
  HIGHEST WIND SPEED    24   HIGHEST WIND DIRECTION    SE (140)
  HIGHEST GUST SPEED    29   HIGHEST GUST DIRECTION    SE (150)
  AVERAGE WIND SPEED    11.0




RELATIVE HUMIDITY (PERCENT)
 HIGHEST    87           600 AM
 LOWEST     18           500 PM
 AVERAGE    53

..........................................................


THE PIERRE SD CLIMATE NORMALS FOR TODAY
                         NORMAL    RECORD    YEAR
 MAXIMUM TEMPERATURE (F)   82       105      2001
 MINIMUM TEMPERATURE (F)   54        38      1965


SUNRISE AND SUNSET
SEPTEMBER  4 2015.....SUNRISE   707 AM CDT   SUNSET   812 PM CDT
SEPTEMBER  5 2015.....SUNRISE   708 AM CDT   SUNSET   811 PM CDT


-  INDICATES NEGATIVE NUMBERS.
R  INDICATES RECORD WAS SET OR TIED.
MM INDICATES DATA IS MISSING.
T  INDICATES TRACE AMOUNT.




$$
