000
CDUS43 KABR 131048
CLIPIR


CLIMATE REPORT
NATIONAL WEATHER SERVICE ABERDEEN SD
446 AM CST WED DEC 13 2017


...................................

...THE PIERRE SD CLIMATE SUMMARY FOR DECEMBER 12 2017...

CLIMATE NORMAL PERIOD 1981 TO 2010
CLIMATE RECORD PERIOD 1892 TO 2017


WEATHER ITEM   OBSERVED TIME   RECORD YEAR NORMAL DEPARTURE LAST
                VALUE   (LST)  VALUE       VALUE  FROM      YEAR
                                                  NORMAL
..................................................................
TEMPERATURE (F)
 YESTERDAY
  MAXIMUM         55    351 PM  60    2014  32     23       10
  MINIMUM         23    757 AM -14    2000  13     10       -7
  AVERAGE         39                        22     17        2

PRECIPITATION (IN)
  YESTERDAY        0.00          0.48 1902   0.02  -0.02      T
  MONTH TO DATE    0.14                      0.23  -0.09     0.19
  SINCE DEC 1      0.14                      0.23  -0.09     0.19
  SINCE JAN 1     13.60                     19.69  -6.09    19.50

SNOWFALL (IN)
  YESTERDAY        0.0           2.0  1989   0.1   -0.1       T
  MONTH TO DATE    0.7                       2.1   -1.4      2.2
  SINCE OCT 1      0.7                       8.4   -7.7     12.3
  SINCE JUL 1      0.7                       8.4   -7.7     12.3
  SNOW DEPTH       0

DEGREE DAYS
 HEATING
  YESTERDAY       26                        43    -17       63
  MONTH TO DATE  377                       494   -117      604
  SINCE DEC 1    377                       494   -117      604
  SINCE JUL 1   1834                      2114   -280     1741

 COOLING
  YESTERDAY        0                         0      0        0
  MONTH TO DATE    0                         0      0        0
  SINCE DEC 1      0                         0      0        0
  SINCE JAN 1    868                       868      0      961
..................................................................


WIND (MPH)
  RESULTANT WIND SPEED  10   RESULTANT WIND DIRECTION   W (260)
  HIGHEST WIND SPEED    28   HIGHEST WIND DIRECTION     W (290)
  HIGHEST GUST SPEED    35   HIGHEST GUST DIRECTION    NW (300)
  AVERAGE WIND SPEED    11.2




RELATIVE HUMIDITY (PERCENT)
 HIGHEST   100           700 AM
 LOWEST     32           300 PM
 AVERAGE    66

..........................................................


THE PIERRE SD CLIMATE NORMALS FOR TODAY
                         NORMAL    RECORD    YEAR
 MAXIMUM TEMPERATURE (F)   31        57      1988
 MINIMUM TEMPERATURE (F)   12       -15      1985


SUNRISE AND SUNSET
DECEMBER 13 2017......SUNRISE   809 AM CST   SUNSET   502 PM CST
DECEMBER 14 2017......SUNRISE   810 AM CST   SUNSET   502 PM CST


-  INDICATES NEGATIVE NUMBERS.
R  INDICATES RECORD WAS SET OR TIED.
MM INDICATES DATA IS MISSING.
T  INDICATES TRACE AMOUNT.




$$
