000
CDUS43 KABR 201028
CLIPIR


CLIMATE REPORT
NATIONAL WEATHER SERVICE ABERDEEN SD
527 AM CDT MON OCT 20 2014


...................................

...THE PIERRE SD CLIMATE SUMMARY FOR OCTOBER 19 2014...

CLIMATE NORMAL PERIOD 1981 TO 2010
CLIMATE RECORD PERIOD 1892 TO 2014


WEATHER ITEM   OBSERVED TIME   RECORD YEAR NORMAL DEPARTURE LAST
                VALUE   (LST)  VALUE       VALUE  FROM      YEAR
                                                  NORMAL
..................................................................
TEMPERATURE (F)
 YESTERDAY
  MAXIMUM         77    311 PM  87    1955  60     17       58
  MINIMUM         40    134 AM  17    1960  35      5       39
  AVERAGE         59                        47     12       49

PRECIPITATION (IN)
  YESTERDAY        0.00          1.23 1908   0.06  -0.06     0.00
  MONTH TO DATE    0.18                      1.16  -0.98     4.55
  SINCE SEP 1      0.79                      3.03  -2.24     5.71
  SINCE JAN 1     17.01                     18.21  -1.20    22.63

SNOWFALL (IN)
  YESTERDAY        0.0           T    1898   0.0    0.0      0.0
  MONTH TO DATE    0.0                       0.3   -0.3       T
  SINCE OCT 1      0.0                       0.3   -0.3       T
  SINCE JUL 1      0.0                       0.3   -0.3       T
  SNOW DEPTH       0

DEGREE DAYS
 HEATING
  YESTERDAY        6                        18    -12       16
  MONTH TO DATE  236                       264    -28      294
  SINCE SEP 1    363                       415    -52      350
  SINCE JUL 1    391                       435    -44      359

 COOLING
  YESTERDAY        0                         0      0        0
  MONTH TO DATE    0                         2     -2        0
  SINCE SEP 1     84                        88     -4      167
  SINCE JAN 1    620                       865   -245      853
..................................................................


WIND (MPH)
  RESULTANT WIND SPEED   7   RESULTANT WIND DIRECTION  NW (310)
  HIGHEST WIND SPEED    23   HIGHEST WIND DIRECTION    NW (330)
  HIGHEST GUST SPEED    28   HIGHEST GUST DIRECTION     N (340)
  AVERAGE WIND SPEED     9.2




RELATIVE HUMIDITY (PERCENT)
 HIGHEST    89           500 AM
 LOWEST     24           300 PM
 AVERAGE    57

..........................................................


THE PIERRE SD CLIMATE NORMALS FOR TODAY
                         NORMAL    RECORD    YEAR
 MAXIMUM TEMPERATURE (F)   59        92      1947
 MINIMUM TEMPERATURE (F)   35        19      2011


SUNRISE AND SUNSET
OCTOBER 20 2014.......SUNRISE   803 AM CDT   SUNSET   649 PM CDT
OCTOBER 21 2014.......SUNRISE   804 AM CDT   SUNSET   647 PM CDT


-  INDICATES NEGATIVE NUMBERS.
R  INDICATES RECORD WAS SET OR TIED.
MM INDICATES DATA IS MISSING.
T  INDICATES TRACE AMOUNT.




$$
