000
CDUS41 KPBZ 250701
CLIPIT


CLIMATE REPORT
NATIONAL WEATHER SERVICE PITTSBURGH PA
301 AM EDT FRI APR 25 2014


...................................

...THE PITTSBURGH PA CLIMATE SUMMARY FOR APRIL 24 2014...

CLIMATE NORMAL PERIOD 1981 TO 2010
CLIMATE RECORD PERIOD 1871 TO 2014


WEATHER ITEM   OBSERVED TIME   RECORD YEAR NORMAL DEPARTURE LAST
                VALUE   (LST)  VALUE       VALUE  FROM      YEAR
                                                  NORMAL
..................................................................
TEMPERATURE (F)
 YESTERDAY
  MAXIMUM         60    525 PM  90    1925  65     -5       69
  MINIMUM         30    536 AM  26    1930  43    -13       38
  AVERAGE         45                        54     -9       54

PRECIPITATION (IN)
  YESTERDAY        0.00          1.02 1966   0.10  -0.10     0.50
  MONTH TO DATE    2.76                      2.49   0.27     2.97
  SINCE JUN 1     33.37                     33.62  -0.25    36.07
  SINCE JAN 1      9.06                     10.53  -1.47     9.71

SNOWFALL (IN)
  YESTERDAY        0.0           1.6  2005   0.1   -0.1      0.0
  MONTH TO DATE    0.1                       1.5   -1.4       T
  SINCE OCT 1     63.4                      41.4   22.0     57.4
  SINCE JUL 1     63.4                      41.4   22.0     57.4
  SNOW DEPTH       0

DEGREE DAYS
 HEATING
  YESTERDAY       20                        12      8       11
  MONTH TO DATE  317                       367    -50      322
  SINCE MAR 1   1257                      1155    102     1216
  SINCE JUL 1   5788                      5412    376     5328

 COOLING
  YESTERDAY        0                         0      0        0
  MONTH TO DATE   10                         0     10       17
  SINCE MAR 1     10                         1      9       17
  SINCE JAN 1     10                         1      9       17
..................................................................


WIND (MPH)
  HIGHEST WIND SPEED     9   HIGHEST WIND DIRECTION    NE (40)
  HIGHEST GUST SPEED    12   HIGHEST GUST DIRECTION    NW (330)
  AVERAGE WIND SPEED     3.5


SKY COVER
  POSSIBLE SUNSHINE  MM
  AVERAGE SKY COVER 0.6


WEATHER CONDITIONS
 THE FOLLOWING WEATHER WAS RECORDED YESTERDAY.
  NO SIGNIFICANT WEATHER WAS OBSERVED.


RELATIVE HUMIDITY (PERCENT)
 HIGHEST    63           400 AM
 LOWEST     18           400 PM
 AVERAGE    41

..........................................................


THE PITTSBURGH PA CLIMATE NORMALS FOR TODAY
                         NORMAL    RECORD    YEAR
 MAXIMUM TEMPERATURE (F)   65        87      2009
                                             1990
 MINIMUM TEMPERATURE (F)   43        27      1919


SUNRISE AND SUNSET
APRIL 25 2014.........SUNRISE   628 AM EDT   SUNSET   810 PM EDT
APRIL 26 2014.........SUNRISE   627 AM EDT   SUNSET   811 PM EDT


-  INDICATES NEGATIVE NUMBERS.
R  INDICATES RECORD WAS SET OR TIED.
MM INDICATES DATA IS MISSING.
T  INDICATES TRACE AMOUNT.





&&
SNOW DEPTH IS MEASURED AT 7 AM EST OR 8 AM EDT.
$$
