000
CDUS41 KPBZ 301226
CLIPIT

CLIMATE REPORT
NATIONAL WEATHER SERVICE PITTSBURGH PA
826 AM EDT TUE JUN 30 2015

...................................

...THE PITTSBURGH PA CLIMATE SUMMARY FOR JUNE 30 2015...
VALID AS OF 0800 AM LOCAL TIME.

CLIMATE NORMAL PERIOD 1981 TO 2010
CLIMATE RECORD PERIOD 1871 TO 2015

WEATHER ITEM   OBSERVED TIME   RECORD YEAR NORMAL DEPARTURE LAST
                VALUE   (LST)  VALUE       VALUE  FROM      YEAR
                                                  NORMAL
..................................................................
TEMPERATURE (F)
 TODAY
  MAXIMUM         66    659 AM  96    1878
  MINIMUM         62    321 AM  46    1988  62      0       69

PRECIPITATION (IN)
  TODAY            0.05          2.18 1991   0.14  -0.09     0.00
  MONTH TO DATE    7.22                      4.30   2.92     4.05
  SINCE JUN 1      7.22                      4.30   2.92     4.05
  SINCE JAN 1     21.70                     19.40   2.30    19.14

SNOWFALL (IN)
  TODAY            0.0           0.0  2002   0.0    0.0      0.0
                                      2001
  MONTH TO DATE    0.0                       0.0    0.0      0.0
  SINCE OCT 1     47.5                      41.9    5.6     63.4
  SINCE JUL 1     47.5                      41.9    5.6     63.4
  SNOW DEPTH       0

DEGREE DAYS
 HEATING
  TODAY            1

 COOLING
  TODAY            0
..................................................................


WEATHER CONDITIONS
 THE FOLLOWING WEATHER WAS RECORDED TODAY.
  FOG


RELATIVE HUMIDITY (PERCENT)
 HIGHEST    93           100 AM

..........................................................


THE PITTSBURGH PA CLIMATE NORMALS FOR TOMORROW
                         NORMAL    RECORD    YEAR
 MAXIMUM TEMPERATURE (F)   82        98      1901
 MINIMUM TEMPERATURE (F)   62        46      1982
                                             1943


SUNRISE AND SUNSET
JUNE 30 2015..........SUNRISE   554 AM EDT   SUNSET   855 PM EDT
JULY  1 2015..........SUNRISE   554 AM EDT   SUNSET   855 PM EDT


-  INDICATES NEGATIVE NUMBERS.
R  INDICATES RECORD WAS SET OR TIED.
MM INDICATES DATA IS MISSING.
T  INDICATES TRACE AMOUNT.

&&

SNOW DEPTH IS MEASURED AT 7 AM EST OR 8 AM EDT.

$$
