000
CDUS41 KPBZ 262136
CLIPIT

CLIMATE REPORT
NATIONAL WEATHER SERVICE PITTSBURGH PA
535 PM EDT WED APR 26 2017

...................................

...THE PITTSBURGH PA CLIMATE SUMMARY FOR APRIL 26 2017...
VALID TODAY AS OF 0500 PM LOCAL TIME.

CLIMATE NORMAL PERIOD 1981 TO 2010
CLIMATE RECORD PERIOD 1871 TO 2017

WEATHER ITEM   OBSERVED TIME   RECORD YEAR NORMAL DEPARTURE LAST
                VALUE   (LST)  VALUE       VALUE  FROM      YEAR
                                                  NORMAL
..................................................................
TEMPERATURE (F)
 TODAY
  MAXIMUM         78    357 PM  87    1990  65     13       77
                                      1942
                                      1915
  MINIMUM         48    617 AM  29    1981  44      4       49
                                      1919
  AVERAGE         63                        54      9       63

PRECIPITATION (IN)
  TODAY            0.00          1.50 1998   0.11  -0.11     0.12
  MONTH TO DATE    2.43                      2.70  -0.27     1.82
  SINCE JUN 1     33.84                     33.83   0.01    35.66
  SINCE JAN 1     12.45                     10.74   1.71     9.58

SNOWFALL (IN)
  TODAY            0.0           T    1933   0.0    0.0      0.0
  MONTH TO DATE    T                         1.5   -1.5      3.1
  SINCE OCT 1     32.0                      41.9   -9.9     29.6
  SINCE JUL 1     32.0                      41.9   -9.9     29.6
  SNOW DEPTH       0

DEGREE DAYS
 HEATING
  TODAY            2                        11     -9        2
  MONTH TO DATE  242                       389   -147      361
  SINCE MAR 1   1015                      1177   -162      881
  SINCE JUL 1   4441                      5434   -993     4447

 COOLING
  TODAY            0                         0      0        0
  MONTH TO DATE   12                         0     12        1
  SINCE MAR 1     14                         1     13        3
  SINCE JAN 1     15                         1     14        3
..................................................................

WIND (MPH)
  HIGHEST WIND SPEED    12   HIGHEST WIND DIRECTION    SE (150)
  HIGHEST GUST SPEED    16   HIGHEST GUST DIRECTION    SE (150)
  AVERAGE WIND SPEED     3.5


SKY COVER
  POSSIBLE SUNSHINE  MM
  AVERAGE SKY COVER 0.5


WEATHER CONDITIONS
 THE FOLLOWING WEATHER WAS RECORDED TODAY.
  FOG


RELATIVE HUMIDITY (PERCENT)
 HIGHEST   100          1200 AM
 LOWEST     47           300 PM
 AVERAGE    74

..........................................................


THE PITTSBURGH PA CLIMATE NORMALS FOR TOMORROW
                         NORMAL    RECORD    YEAR
 MAXIMUM TEMPERATURE (F)   66        89      1990
 MINIMUM TEMPERATURE (F)   44        24      1971


SUNRISE AND SUNSET
APRIL 26 2017.........SUNRISE   626 AM EDT   SUNSET   812 PM EDT
APRIL 27 2017.........SUNRISE   625 AM EDT   SUNSET   813 PM EDT


-  INDICATES NEGATIVE NUMBERS.
R  INDICATES RECORD WAS SET OR TIED.
MM INDICATES DATA IS MISSING.
T  INDICATES TRACE AMOUNT.

&&

SNOW DEPTH IS MEASURED AT 7 AM EST OR 8 AM EDT.

$$
