000
CDUS41 KPBZ 162200
CLIPIT


CLIMATE REPORT
NATIONAL WEATHER SERVICE PITTSBURGH PA
600 PM EDT WED APR 16 2014


...................................

...THE PITTSBURGH PA CLIMATE SUMMARY FOR APRIL 16 2014...
VALID TODAY AS OF 0500 PM LOCAL TIME.

CLIMATE NORMAL PERIOD 1981 TO 2010
CLIMATE RECORD PERIOD 1871 TO 2014


WEATHER ITEM   OBSERVED TIME   RECORD YEAR NORMAL DEPARTURE LAST
                VALUE   (LST)  VALUE       VALUE  FROM      YEAR
                                                  NORMAL
..................................................................
TEMPERATURE (F)
 TODAY
  MAXIMUM         43    357 PM  86    2002  62    -19       78
  MINIMUM         25    616 AM  21    1875  41    -16       53
  AVERAGE         34                        51    -17       66

PRECIPITATION (IN)
  TODAY            0.00          1.23 1920   0.10  -0.10     1.05
  MONTH TO DATE    2.40                      1.66   0.74     2.31
  SINCE JUN 1     33.01                     32.79   0.22    35.41
  SINCE JAN 1      8.70                      9.70  -1.00     9.05

SNOWFALL (IN)
  TODAY            0.0           1.3  1949   0.0    0.0      0.0
  MONTH TO DATE    0.1                       1.2   -1.1       T
  SINCE OCT 1     63.4                      41.1   22.3     57.4
  SINCE JUL 1     63.4                      41.1   22.3     57.4
  SNOW DEPTH       0

DEGREE DAYS
 HEATING
  TODAY           31                        14     17        0
  MONTH TO DATE  222                       266    -44      225
  SINCE MAR 1   1162                      1054    108     1119
  SINCE JUL 1   5693                      5311    382     5231

 COOLING
  TODAY            0                         0      0        1
  MONTH TO DATE   10                         0     10        9
  SINCE MAR 1     10                         1      9        9
  SINCE JAN 1     10                         1      9        9
..................................................................


WIND (MPH)
  HIGHEST WIND SPEED    12   HIGHEST WIND DIRECTION    SE (130)
  HIGHEST GUST SPEED    16   HIGHEST GUST DIRECTION    NE (30)
  AVERAGE WIND SPEED     5.7


SKY COVER
  POSSIBLE SUNSHINE  MM
  AVERAGE SKY COVER 0.4


WEATHER CONDITIONS
 THE FOLLOWING WEATHER WAS RECORDED TODAY.
  NO SIGNIFICANT WEATHER WAS OBSERVED.


RELATIVE HUMIDITY (PERCENT)
 HIGHEST    81          1200 AM
 LOWEST     29           400 PM
 AVERAGE    55

..........................................................


THE PITTSBURGH PA CLIMATE NORMALS FOR TOMORROW
                         NORMAL    RECORD    YEAR
 MAXIMUM TEMPERATURE (F)   63        87      1896
 MINIMUM TEMPERATURE (F)   41        16      1875


SUNRISE AND SUNSET
APRIL 16 2014.........SUNRISE   641 AM EDT   SUNSET   801 PM EDT
APRIL 17 2014.........SUNRISE   639 AM EDT   SUNSET   802 PM EDT


-  INDICATES NEGATIVE NUMBERS.
R  INDICATES RECORD WAS SET OR TIED.
MM INDICATES DATA IS MISSING.
T  INDICATES TRACE AMOUNT.





&&
SNOW DEPTH IS MEASURED AT 7 AM EST OR 8 AM EDT.
$$
