000
CDUS41 KPBZ 192219
CLIPIT

CLIMATE REPORT
NATIONAL WEATHER SERVICE PITTSBURGH PA
519 PM EST SUN FEB 19 2017

...................................

...THE PITTSBURGH PA CLIMATE SUMMARY FOR FEBRUARY 19 2017...
VALID TODAY AS OF 0500 PM LOCAL TIME.

CLIMATE NORMAL PERIOD 1981 TO 2010
CLIMATE RECORD PERIOD 1871 TO 2017

WEATHER ITEM   OBSERVED TIME   RECORD YEAR NORMAL DEPARTURE LAST
                VALUE   (LST)  VALUE       VALUE  FROM      YEAR
                                                  NORMAL
..................................................................
TEMPERATURE (F)
 TODAY
  MAXIMUM         65    336 PM  70    1884  40     25       59
  MINIMUM         44    718 AM  -8    1936  24     20       24
  AVERAGE         55                        32     23       42

PRECIPITATION (IN)
  TODAY            0.00          1.11 1924   0.09  -0.09     0.00
  MONTH TO DATE    1.16                      1.62  -0.46     1.99
  SINCE JUN 1     26.09                     27.41  -1.32    29.86
  SINCE JAN 1      4.70                      4.32   0.38     3.78

SNOWFALL (IN)
  TODAY            0.0           5.0  1927   0.3   -0.3      0.0
  MONTH TO DATE    6.7                       6.9   -0.2      8.9
  SINCE OCT 1     22.3                      29.4   -7.1     23.8
  SINCE JUL 1     22.3                      29.4   -7.1     23.8
  SNOW DEPTH       0

DEGREE DAYS
 HEATING
  TODAY           10                        33    -23       23
  MONTH TO DATE  544                       661   -117      685
  SINCE DEC 1   2448                      2807   -359     2492
  SINCE JUL 1   3295                      3970   -675     3346

 COOLING
  TODAY            0                         0      0        0
  MONTH TO DATE    0                         0      0        0
  SINCE DEC 1      0                         0      0        0
  SINCE JAN 1      0                         0      0        0
..................................................................

WIND (MPH)
  HIGHEST WIND SPEED    18   HIGHEST WIND DIRECTION    NW (300)
  HIGHEST GUST SPEED    23   HIGHEST GUST DIRECTION     W (280)
  AVERAGE WIND SPEED     9.5


SKY COVER
  POSSIBLE SUNSHINE  MM
  AVERAGE SKY COVER 0.3


WEATHER CONDITIONS
 THE FOLLOWING WEATHER WAS RECORDED TODAY.
  FOG
  HAZE


RELATIVE HUMIDITY (PERCENT)
 HIGHEST    93           900 AM
 LOWEST     31           400 PM
 AVERAGE    62

..........................................................


THE PITTSBURGH PA CLIMATE NORMALS FOR TOMORROW
                         NORMAL    RECORD    YEAR
 MAXIMUM TEMPERATURE (F)   41        68      1891
 MINIMUM TEMPERATURE (F)   24       -10      2015


SUNRISE AND SUNSET
FEBRUARY 19 2017......SUNRISE   709 AM EST   SUNSET   601 PM EST
FEBRUARY 20 2017......SUNRISE   707 AM EST   SUNSET   602 PM EST


-  INDICATES NEGATIVE NUMBERS.
R  INDICATES RECORD WAS SET OR TIED.
MM INDICATES DATA IS MISSING.
T  INDICATES TRACE AMOUNT.

&&

SNOW DEPTH IS MEASURED AT 7 AM EST OR 8 AM EDT.

$$
