000
CDUS41 KPBZ 280704
CLIPIT

CLIMATE REPORT
NATIONAL WEATHER SERVICE PITTSBURGH PA
303 AM EDT TUE JUL 28 2015

...................................

...THE PITTSBURGH PA CLIMATE SUMMARY FOR JULY 27 2015...

CLIMATE NORMAL PERIOD 1981 TO 2010
CLIMATE RECORD PERIOD 1871 TO 2015

WEATHER ITEM   OBSERVED TIME   RECORD YEAR NORMAL DEPARTURE LAST
                VALUE   (LST)  VALUE       VALUE  FROM      YEAR
                                                  NORMAL
..................................................................
TEMPERATURE (F)
 YESTERDAY
  MAXIMUM         89    529 PM  96    1941  82      7       82
                                      1877
  MINIMUM         68    438 AM  44    1977  63      5       66
  AVERAGE         79                        73      6       74

PRECIPITATION (IN)
  YESTERDAY        0.00          2.22 1943   0.12  -0.12     0.46
  MONTH TO DATE    3.61                      3.36   0.25     4.89
  SINCE JUN 1     10.95                      7.66   3.29     8.94
  SINCE JAN 1     25.43                     22.76   2.67    24.03

SNOWFALL (IN)
  YESTERDAY        0.0           0.0  2002   0.0    0.0      0.0
                                      2001
  MONTH TO DATE    0.0                       0.0    0.0      0.0
  SINCE OCT 1     47.5                      41.9    5.6     63.4
  SINCE JUL 1      0.0                       0.0    0.0      0.0
  SNOW DEPTH       0

DEGREE DAYS
 HEATING
  YESTERDAY        0                         0      0        0
  MONTH TO DATE    0                         0      0        3
  SINCE JUN 1     25                        38    -13       12
  SINCE JUL 1      0                         0      0        3

 COOLING
  YESTERDAY       14                         8      6        9
  MONTH TO DATE  210                       213     -3      185
  SINCE JUN 1    403                       363     40      370
  SINCE JAN 1    537                       415    122      444
..................................................................

WIND (MPH)
  HIGHEST WIND SPEED    10   HIGHEST WIND DIRECTION     N (20)
  HIGHEST GUST SPEED    17   HIGHEST GUST DIRECTION     N (20)
  AVERAGE WIND SPEED     4.3


SKY COVER
  POSSIBLE SUNSHINE  MM
  AVERAGE SKY COVER 0.4


WEATHER CONDITIONS
 THE FOLLOWING WEATHER WAS RECORDED YESTERDAY.
  FOG
  HAZE


RELATIVE HUMIDITY (PERCENT)
 HIGHEST    90          1200 AM
 LOWEST     38           300 PM
 AVERAGE    64

..........................................................


THE PITTSBURGH PA CLIMATE NORMALS FOR TODAY
                         NORMAL    RECORD    YEAR
 MAXIMUM TEMPERATURE (F)   82        96      1993
                                             1941
                                             1930
 MINIMUM TEMPERATURE (F)   63        47      1962


SUNRISE AND SUNSET
JULY 28 2015..........SUNRISE   614 AM EDT   SUNSET   840 PM EDT
JULY 29 2015..........SUNRISE   615 AM EDT   SUNSET   839 PM EDT


-  INDICATES NEGATIVE NUMBERS.
R  INDICATES RECORD WAS SET OR TIED.
MM INDICATES DATA IS MISSING.
T  INDICATES TRACE AMOUNT.

&&

SNOW DEPTH IS MEASURED AT 7 AM EST OR 8 AM EDT.

$$
