000
CDUS41 KPBZ 272136
CLIPIT

CLIMATE REPORT
NATIONAL WEATHER SERVICE PITTSBURGH PA
535 PM EDT THU AUG 27 2015

...................................

...THE PITTSBURGH PA CLIMATE SUMMARY FOR AUGUST 27 2015...
VALID TODAY AS OF 0500 PM LOCAL TIME.

CLIMATE NORMAL PERIOD 1981 TO 2010
CLIMATE RECORD PERIOD 1871 TO 2015

WEATHER ITEM   OBSERVED TIME   RECORD YEAR NORMAL DEPARTURE LAST
                VALUE   (LST)  VALUE       VALUE  FROM      YEAR
                                                  NORMAL
..................................................................
TEMPERATURE (F)
 TODAY
  MAXIMUM         70    359 PM  99    1948  80    -10       85
  MINIMUM         59    644 AM  46    1968  60     -1       66
  AVERAGE         65                        70     -5       76

PRECIPITATION (IN)
  TODAY            0.00          1.98 1940   0.11  -0.11     0.01
  MONTH TO DATE    2.19                      3.04  -0.85     3.98
  SINCE JUN 1     13.14                     11.17   1.97    13.22
  SINCE JAN 1     27.62                     26.27   1.35    28.31

SNOWFALL (IN)
  TODAY            0.0           0.0  2002   0.0    0.0      0.0
                                      2001
  MONTH TO DATE    0.0                       0.0    0.0      0.0
  SINCE OCT 1     47.5                      41.9    5.6     63.4
  SINCE JUL 1      0.0                       0.0    0.0      0.0
  SNOW DEPTH       0

DEGREE DAYS
 HEATING
  TODAY            0                         0      0        0
  MONTH TO DATE    6                         0      6       10
  SINCE JUN 1     31                        42    -11       30
  SINCE JUL 1      6                         4      2       21

 COOLING
  TODAY            0                         6     -6       11
  MONTH TO DATE  180                       186     -6      154
  SINCE JUN 1    639                       577     62      527
  SINCE JAN 1    773                       629    144      601
..................................................................

WIND (MPH)
  HIGHEST WIND SPEED     8   HIGHEST WIND DIRECTION    NW (330)
  HIGHEST GUST SPEED    12   HIGHEST GUST DIRECTION     N (360)
  AVERAGE WIND SPEED     3.0


SKY COVER
  POSSIBLE SUNSHINE  MM
  AVERAGE SKY COVER 1.0


WEATHER CONDITIONS
 THE FOLLOWING WEATHER WAS RECORDED TODAY.
  NO SIGNIFICANT WEATHER WAS OBSERVED.


RELATIVE HUMIDITY (PERCENT)
 HIGHEST    87           600 AM
 LOWEST     57          1200 PM
 AVERAGE    72

..........................................................


THE PITTSBURGH PA CLIMATE NORMALS FOR TOMORROW
                         NORMAL    RECORD    YEAR
 MAXIMUM TEMPERATURE (F)   80        98      1948
 MINIMUM TEMPERATURE (F)   60        44      1968
                                             1965


SUNRISE AND SUNSET
AUGUST 27 2015........SUNRISE   643 AM EDT   SUNSET   801 PM EDT
AUGUST 28 2015........SUNRISE   644 AM EDT   SUNSET   800 PM EDT


-  INDICATES NEGATIVE NUMBERS.
R  INDICATES RECORD WAS SET OR TIED.
MM INDICATES DATA IS MISSING.
T  INDICATES TRACE AMOUNT.

&&

SNOW DEPTH IS MEASURED AT 7 AM EST OR 8 AM EDT.

$$
