000
CDUS41 KPBZ 270750
CLIPIT

CLIMATE REPORT
NATIONAL WEATHER SERVICE PITTSBURGH PA
304 AM EDT TUE SEP 27 2016

...................................

...THE PITTSBURGH PA CLIMATE SUMMARY FOR SEPTEMBER 26 2016...

CLIMATE NORMAL PERIOD 1981 TO 2010
CLIMATE RECORD PERIOD 1871 TO 2016

WEATHER ITEM   OBSERVED TIME   RECORD YEAR NORMAL DEPARTURE LAST
                VALUE   (LST)  VALUE       VALUE  FROM      YEAR
                                                  NORMAL
..................................................................
TEMPERATURE (F)
 YESTERDAY
  MAXIMUM         78   1216 PM  94    1881  70      8       76
  MINIMUM         52    441 AM  35    1928  50      2       59
  AVERAGE         65                        60      5       68

PRECIPITATION (IN)
  YESTERDAY        0.01          0.81 2011   0.09  -0.08     0.00
  MONTH TO DATE    1.15                      2.75  -1.60     1.02
  SINCE JUN 1     10.66                     14.36  -3.70    14.26
  SINCE JAN 1     24.28                     29.46  -5.18    28.74

SNOWFALL (IN)
  YESTERDAY        0.0           0.0  2002   0.0    0.0      0.0
                                      2001
  MONTH TO DATE    0.0                       0.0    0.0      0.0
  SINCE OCT 1     29.6                      41.9  -12.3     47.5
  SINCE JUL 1      0.0                       0.0    0.0      0.0
  SNOW DEPTH       0

DEGREE DAYS
 HEATING
  YESTERDAY        0                         6     -6        0
  MONTH TO DATE    2                        74    -72       20
  SINCE SEP 1      2                        74    -72       20
  SINCE JUL 1      3                        87    -84       26

 COOLING
  YESTERDAY        0                         1     -1        3
  MONTH TO DATE  156                        71     85      164
  SINCE SEP 1    156                        71     85      164
  SINCE JAN 1   1131                       723    408      967
..................................................................

WIND (MPH)
  HIGHEST WIND SPEED    22   HIGHEST WIND DIRECTION    NW (300)
  HIGHEST GUST SPEED    25   HIGHEST GUST DIRECTION    NW (310)
  AVERAGE WIND SPEED     5.4


SKY COVER
  POSSIBLE SUNSHINE  MM
  AVERAGE SKY COVER 0.6


WEATHER CONDITIONS
 THE FOLLOWING WEATHER WAS RECORDED YESTERDAY.
  LIGHT RAIN
  FOG


RELATIVE HUMIDITY (PERCENT)
 HIGHEST    93           300 PM
 LOWEST     60          1100 AM
 AVERAGE    77

..........................................................


THE PITTSBURGH PA CLIMATE NORMALS FOR TODAY
                         NORMAL    RECORD    YEAR
 MAXIMUM TEMPERATURE (F)   70        90      1891
 MINIMUM TEMPERATURE (F)   50        34      1957


SUNRISE AND SUNSET
SEPTEMBER 27 2016.....SUNRISE   714 AM EDT   SUNSET   709 PM EDT
SEPTEMBER 28 2016.....SUNRISE   715 AM EDT   SUNSET   707 PM EDT


-  INDICATES NEGATIVE NUMBERS.
R  INDICATES RECORD WAS SET OR TIED.
MM INDICATES DATA IS MISSING.
T  INDICATES TRACE AMOUNT.

&&

SNOW DEPTH IS MEASURED AT 7 AM EST OR 8 AM EDT.

$$
