000
CDUS41 KRLX 020822
CLIPKB


CLIMATE REPORT
NATIONAL WEATHER SERVICE CHARLESTON WV
321 AM EST MON MAR 2 2015


...................................

...THE PARKERSBURG WV CLIMATE SUMMARY FOR MARCH 1 2015...

CLIMATE NORMAL PERIOD 1981 TO 2010
CLIMATE RECORD PERIOD 1889 TO 2015


WEATHER ITEM   OBSERVED TIME   RECORD YEAR NORMAL DEPARTURE LAST
                VALUE   (LST)  VALUE       VALUE  FROM      YEAR
                                                  NORMAL
..................................................................
TEMPERATURE (F)
 YESTERDAY
  MAXIMUM         39    822 PM  74    1972  48     -9       48
  MINIMUM         29    658 AM   6    1980  28      1       19
  AVERAGE         34                        38     -4       34

PRECIPITATION (IN)
  YESTERDAY        0.32          0.65 2007   0.10   0.22     0.00
  MONTH TO DATE    0.32                      0.10   0.22     0.00
  SINCE JAN 1      4.21                      5.75  -1.54     3.89

SNOWFALL (IN)
  YESTERDAY       MM
  MONTH TO DATE   MM
  SINCE SEP 1     MM
  SINCE JUL 1     MM
  SNOW DEPTH      MM

DEGREE DAYS
 HEATING
  YESTERDAY       31                        27      4       31
  MONTH TO DATE   31                        27      4       31
  SINCE MAR 1     31                        27      4       31
  SINCE JUL 1     MM                      3817     MM     3794

 COOLING
  YESTERDAY        0                         0      0        0
  MONTH TO DATE    0                         0      0        0
  SINCE MAR 1      0                         0      0        0
  SINCE JAN 1      0                         0      0        0
..................................................................


WIND (MPH)
  HIGHEST WIND SPEED    12   HIGHEST WIND DIRECTION    NW (300)
  HIGHEST GUST SPEED    16   HIGHEST GUST DIRECTION     W (270)
  AVERAGE WIND SPEED     5.4


SKY COVER
  POSSIBLE SUNSHINE  MM
  AVERAGE SKY COVER 1.0


WEATHER CONDITIONS
 THE FOLLOWING WEATHER WAS RECORDED YESTERDAY.
  LIGHT RAIN
  LIGHT SNOW
  FOG
  HAZE


RELATIVE HUMIDITY (PERCENT)
 HIGHEST    92           100 PM
 LOWEST     43           100 AM
 AVERAGE    68

..........................................................


THE PARKERSBURG WV CLIMATE NORMALS FOR TODAY
                         NORMAL    RECORD    YEAR
 MAXIMUM TEMPERATURE (F)   49        79      1991
 MINIMUM TEMPERATURE (F)   29         1      1980


SUNRISE AND SUNSET
MARCH  2 2015.........SUNRISE   657 AM EST   SUNSET   619 PM EST
MARCH  3 2015.........SUNRISE   656 AM EST   SUNSET   620 PM EST


-  INDICATES NEGATIVE NUMBERS.
R  INDICATES RECORD WAS SET OR TIED.
MM INDICATES DATA IS MISSING.
T  INDICATES TRACE AMOUNT.




$$
