000
CDUS41 KRLX 282118
CLIPKB


CLIMATE REPORT
NATIONAL WEATHER SERVICE CHARLESTON WV
518 PM EDT THU JUL 28 2016


...................................

...THE PARKERSBURG WV CLIMATE SUMMARY FOR JULY 28 2016...
VALID TODAY AS OF 0500 PM LOCAL TIME.

CLIMATE NORMAL PERIOD 1981 TO 2010
CLIMATE RECORD PERIOD 1889 TO 2016


WEATHER ITEM   OBSERVED TIME   RECORD YEAR NORMAL DEPARTURE LAST
                VALUE   (LST)  VALUE       VALUE  FROM      YEAR
                                                  NORMAL
..................................................................
TEMPERATURE (F)
 TODAY
  MAXIMUM         76   1225 AM 104    1930  85     -9       92
  MINIMUM         71    210 PM  50    1962  64      7       69
  AVERAGE         74                        74      0       81

PRECIPITATION (IN)
  TODAY            0.75          1.27 2003   0.14   0.61     0.00
  MONTH TO DATE    4.10                      3.83   0.27     1.15
  SINCE JUN 1      7.94                      7.85   0.09     7.04
  SINCE JAN 1     24.47                     24.80  -0.33    25.23

DEGREE DAYS
 HEATING
  TODAY            0                         0      0        0
  MONTH TO DATE    0                         0      0        0
  SINCE JUN 1      7                        19    -12       15
  SINCE JUL 1      0                         0      0        0

 COOLING
  TODAY            9                         9      0       16
  MONTH TO DATE  307                       264     43      244
  SINCE JUN 1    539                       455     84      467
  SINCE JAN 1    627                       539     88      628
..................................................................


WIND (MPH)
  HIGHEST WIND SPEED    18   HIGHEST WIND DIRECTION     W (260)
  HIGHEST GUST SPEED    27   HIGHEST GUST DIRECTION     W (260)
  AVERAGE WIND SPEED     2.1


SKY COVER
  POSSIBLE SUNSHINE  MM
  AVERAGE SKY COVER 0.7


WEATHER CONDITIONS
 THE FOLLOWING WEATHER WAS RECORDED TODAY.
  THUNDERSTORM
  HEAVY RAIN
  RAIN
  LIGHT RAIN
  FOG


RELATIVE HUMIDITY (PERCENT)
 HIGHEST   100           200 PM
 LOWEST     84          1000 AM
 AVERAGE    92

..........................................................


THE PARKERSBURG WV CLIMATE NORMALS FOR TOMORROW
                         NORMAL    RECORD    YEAR
 MAXIMUM TEMPERATURE (F)   85        97      1953
 MINIMUM TEMPERATURE (F)   64        50      1925


SUNRISE AND SUNSET
JULY 28 2016..........SUNRISE   623 AM EDT   SUNSET   841 PM EDT
JULY 29 2016..........SUNRISE   623 AM EDT   SUNSET   840 PM EDT


-  INDICATES NEGATIVE NUMBERS.
R  INDICATES RECORD WAS SET OR TIED.
MM INDICATES DATA IS MISSING.
T  INDICATES TRACE AMOUNT.




$$
