764
CDUS41 KRLX 230717
CLIPKB


CLIMATE REPORT
NATIONAL WEATHER SERVICE CHARLESTON WV
315 AM EDT MON OCT 23 2017


...................................

...THE PARKERSBURG WV CLIMATE SUMMARY FOR OCTOBER 22 2017...

CLIMATE NORMAL PERIOD 1981 TO 2010
CLIMATE RECORD PERIOD 1889 TO 2017


WEATHER ITEM   OBSERVED TIME   RECORD YEAR NORMAL DEPARTURE LAST
                VALUE   (LST)  VALUE       VALUE  FROM      YEAR
                                                  NORMAL
..................................................................
TEMPERATURE (F)
 YESTERDAY
  MAXIMUM         78    224 PM  85    1947  65     13       54
  MINIMUM         47    723 AM  23    1930  42      5       38
  AVERAGE         63                        53     10       46

PRECIPITATION (IN)
  YESTERDAY        0.00          1.49 1983   0.09  -0.09     0.00
  MONTH TO DATE    2.02                      1.99   0.03     2.62
  SINCE JAN 1     42.78                     33.86   8.92    30.79

SNOWFALL (IN)
  YESTERDAY       MM
  MONTH TO DATE   MM
  SINCE SEP 1     MM
  SNOW DEPTH      MM

DEGREE DAYS
 HEATING
  YESTERDAY        2                        12    -10       19
  MONTH TO DATE   80                       198   -118      116
  SINCE SEP 1    138                       269   -131      127
  SINCE JUL 1    140                       274   -134      127

 COOLING
  YESTERDAY        0                         0      0        0
  MONTH TO DATE   46                        13     33       36
  SINCE SEP 1    171                       119     52      271
  SINCE JAN 1    973                       949     24     1349
..................................................................


WIND (MPH)
  HIGHEST WIND SPEED     9   HIGHEST WIND DIRECTION     S (160)
  HIGHEST GUST SPEED    14   HIGHEST GUST DIRECTION     S (160)
  AVERAGE WIND SPEED     2.6


SKY COVER
  POSSIBLE SUNSHINE  MM
  AVERAGE SKY COVER 0.1


WEATHER CONDITIONS
 THE FOLLOWING WEATHER WAS RECORDED YESTERDAY.
  FOG
  FOG W/VISIBILITY <= 1/4 MILE


RELATIVE HUMIDITY (PERCENT)
 HIGHEST   100           600 AM
 LOWEST     33           300 PM
 AVERAGE    67

..........................................................


THE PARKERSBURG WV CLIMATE NORMALS FOR TODAY
                         NORMAL    RECORD    YEAR
 MAXIMUM TEMPERATURE (F)   64        84      1947
 MINIMUM TEMPERATURE (F)   42        27      1952


SUNRISE AND SUNSET
OCTOBER 23 2017.......SUNRISE   744 AM EDT   SUNSET   635 PM EDT
OCTOBER 24 2017.......SUNRISE   745 AM EDT   SUNSET   634 PM EDT


-  INDICATES NEGATIVE NUMBERS.
R  INDICATES RECORD WAS SET OR TIED.
MM INDICATES DATA IS MISSING.
T  INDICATES TRACE AMOUNT.




$$
