000
CDUS41 KRLX 272117
CLIPKB


CLIMATE REPORT
NATIONAL WEATHER SERVICE CHARLESTON WV
517 PM EDT WED AUG 27 2014


...................................

...THE PARKERSBURG WV CLIMATE SUMMARY FOR AUGUST 27 2014...
VALID TODAY AS OF 0500 PM LOCAL TIME.

CLIMATE NORMAL PERIOD 1981 TO 2010
CLIMATE RECORD PERIOD 1889 TO 2014


WEATHER ITEM   OBSERVED TIME   RECORD YEAR NORMAL DEPARTURE LAST
                VALUE   (LST)  VALUE       VALUE  FROM      YEAR
                                                  NORMAL
..................................................................
TEMPERATURE (F)
 TODAY
  MAXIMUM         89    339 PM 100    1948  83      6       81
  MINIMUM         62    548 AM  47    1945  61      1       70
  AVERAGE         76                        72      4       76

PRECIPITATION (IN)
  TODAY            0.00          1.42 2008   0.11  -0.11     0.00
  MONTH TO DATE    2.99                      3.16  -0.17     6.11
  SINCE JUN 1      7.47                     11.39  -3.92    19.53
  SINCE JAN 1     16.36                     28.34 -11.98    32.35

DEGREE DAYS
 HEATING
  TODAY            0                         0      0        0
  MONTH TO DATE    1                         0      1        5
  SINCE JUN 1      2                        20    -18       11
  SINCE JUL 1      2                         1      1        5

 COOLING
  TODAY           11                         7      4       11
  MONTH TO DATE  199                       233    -34      168
  SINCE JUN 1    446                       716   -270      648
  SINCE JAN 1    451                       800   -349      774
..................................................................


WIND (MPH)
  HIGHEST WIND SPEED    10   HIGHEST WIND DIRECTION     W (260)
  HIGHEST GUST SPEED    15   HIGHEST GUST DIRECTION     W (290)
  AVERAGE WIND SPEED     2.9


SKY COVER
  POSSIBLE SUNSHINE  MM
  AVERAGE SKY COVER 0.2


WEATHER CONDITIONS
 THE FOLLOWING WEATHER WAS RECORDED TODAY.
  NO SIGNIFICANT WEATHER WAS OBSERVED.


RELATIVE HUMIDITY (PERCENT)
 HIGHEST    93           100 AM
 LOWEST     50           300 PM
 AVERAGE    72

..........................................................


THE PARKERSBURG WV CLIMATE NORMALS FOR TOMORROW
                         NORMAL    RECORD    YEAR
 MAXIMUM TEMPERATURE (F)   83        98      1948
 MINIMUM TEMPERATURE (F)   61        42      1965


SUNRISE AND SUNSET
AUGUST 27 2014........SUNRISE   650 AM EDT   SUNSET   804 PM EDT
AUGUST 28 2014........SUNRISE   650 AM EDT   SUNSET   803 PM EDT


-  INDICATES NEGATIVE NUMBERS.
R  INDICATES RECORD WAS SET OR TIED.
MM INDICATES DATA IS MISSING.
T  INDICATES TRACE AMOUNT.




$$
