000
CDUS46 KLOX 170914
CLIPMD


CLIMATE REPORT
NATIONAL WEATHER SERVICE LOS ANGELES/OXNARD CA
213 AM PDT WED SEP 17 2014


...................................

...THE PALMDALE AIRPORT CA CLIMATE SUMMARY FOR SEPTEMBER 16 2014...

CLIMATE NORMAL PERIOD 1981 TO 2010
CLIMATE RECORD PERIOD 1931 TO 2014


WEATHER ITEM   OBSERVED TIME   RECORD YEAR NORMAL DEPARTURE LAST
                VALUE   (LST)  VALUE       VALUE  FROM      YEAR
                                                  NORMAL
..................................................................
TEMPERATURE (F)
 YESTERDAY
  MAXIMUM        102    205 PM 103    1971  91     11       98
  MINIMUM         72    608 AM  44    1970  57     15       64
  AVERAGE         87                        74     13       81

PRECIPITATION (IN)
  YESTERDAY        T             0.03 1989   0.01  -0.01     0.00
  MONTH TO DATE    0.12                      0.14  -0.02     0.00
  SINCE JUL 1      0.16                      0.38  -0.22     0.13
  SINCE JAN 1      3.21                      5.70  -2.49     0.99

SNOWFALL (IN)
  YESTERDAY        0.0           0.0  1973  MM               0.0
  MONTH TO DATE    0.0                      MM               0.0
  SINCE SEP 1      0.0                      MM               0.0
  SINCE JUL 1      0.0                      MM               0.0
  SNOW DEPTH       0

DEGREE DAYS
 HEATING
  YESTERDAY        0                         0      0        0
  MONTH TO DATE    0                         0      0        0
  SINCE SEP 1      0                         0      0        0
  SINCE JUL 1      0                         0      0        0

 COOLING
  YESTERDAY       22                         9     13       16
  MONTH TO DATE  266                       179     87      285
  SINCE SEP 1    266                       179     87      285
  SINCE JAN 1   1979                      1661    318     2050
..................................................................


WIND (MPH)
  HIGHEST WIND SPEED    24   HIGHEST WIND DIRECTION    SW (220)
  HIGHEST GUST SPEED    28   HIGHEST GUST DIRECTION    SW (220)
  AVERAGE WIND SPEED     6.3


SKY COVER
  POSSIBLE SUNSHINE  MM
  AVERAGE SKY COVER 0.1


WEATHER CONDITIONS
 THE FOLLOWING WEATHER WAS RECORDED YESTERDAY.
  LIGHT RAIN


RELATIVE HUMIDITY (PERCENT)
 HIGHEST    41           300 AM
 LOWEST     16           200 PM
 AVERAGE    29

..........................................................


THE PALMDALE AIRPORT CA CLIMATE NORMALS FOR TODAY
                         NORMAL    RECORD    YEAR
 MAXIMUM TEMPERATURE (F)   90       104      1937
 MINIMUM TEMPERATURE (F)   57        44      2006


SUNRISE AND SUNSET
SEPTEMBER 17 2014.....SUNRISE   637 AM PDT   SUNSET   656 PM PDT
SEPTEMBER 18 2014.....SUNRISE   637 AM PDT   SUNSET   655 PM PDT


-  INDICATES NEGATIVE NUMBERS.
R  INDICATES RECORD WAS SET OR TIED.
MM INDICATES DATA IS MISSING.
T  INDICATES TRACE AMOUNT.




$$
