512
CDUS46 KLOX 290902
CLIPMD


CLIMATE REPORT
NATIONAL WEATHER SERVICE LOS ANGELES/OXNARD CA
201 AM PDT SUN MAY 29 2016


...................................

...THE PALMDALE AIRPORT CA CLIMATE SUMMARY FOR MAY 28 2016...

CLIMATE NORMAL PERIOD 1981 TO 2010
CLIMATE RECORD PERIOD 1931 TO 2016


WEATHER ITEM   OBSERVED TIME   RECORD YEAR NORMAL DEPARTURE LAST
                VALUE   (LST)  VALUE       VALUE  FROM      YEAR
                                                  NORMAL
..................................................................
TEMPERATURE (F)
 YESTERDAY
  MAXIMUM         86    239 PM 106    2003  87     -1       92
  MINIMUM         58    407 AM  39    1964  55      3       55
  AVERAGE         72                        71      1       74

PRECIPITATION (IN)
  YESTERDAY        0.00          0.09 1971   0.01  -0.01     0.00
  MONTH TO DATE    T                         0.24  -0.24     0.10
  SINCE OCT 1      4.28                      7.67  -3.39     4.22
  SINCE JAN 1      2.47                      5.22  -2.75     1.65

SNOWFALL (IN)
  YESTERDAY        0.0           0.0  1973  MM               0.0
  MONTH TO DATE    0.0                      MM               0.0
  SINCE MAR 1      0.0                      MM               0.0
  SINCE JUL 1      T                        MM               0.0
  SNOW DEPTH       0

DEGREE DAYS
 HEATING
  YESTERDAY        0                         1     -1        0
  MONTH TO DATE   61                        65     -4       98
  SINCE MAR 1    444                       670   -226      444
  SINCE JUL 1   2605                      2915   -310     2099

 COOLING
  YESTERDAY        7                         7      0        9
  MONTH TO DATE   85                       125    -40       51
  SINCE MAR 1    105                       148    -43       86
  SINCE JAN 1    105                       148    -43       86
..................................................................


WIND (MPH)
  HIGHEST WIND SPEED    25   HIGHEST WIND DIRECTION     W (250)
  HIGHEST GUST SPEED    30   HIGHEST GUST DIRECTION     W (250)
  AVERAGE WIND SPEED    10.8


SKY COVER
  POSSIBLE SUNSHINE  MM
  AVERAGE SKY COVER 0.0


WEATHER CONDITIONS
 THE FOLLOWING WEATHER WAS RECORDED YESTERDAY.
  NO SIGNIFICANT WEATHER WAS OBSERVED.


RELATIVE HUMIDITY (PERCENT)
 HIGHEST    44           500 AM
 LOWEST     17          1200 PM
 AVERAGE    31

..........................................................


THE PALMDALE AIRPORT CA CLIMATE NORMALS FOR TODAY
                         NORMAL    RECORD    YEAR
 MAXIMUM TEMPERATURE (F)   87       102      1984
 MINIMUM TEMPERATURE (F)   55        39      1942


SUNRISE AND SUNSET
MAY 29 2016...........SUNRISE   541 AM PDT   SUNSET   759 PM PDT
MAY 30 2016...........SUNRISE   541 AM PDT   SUNSET   759 PM PDT


-  INDICATES NEGATIVE NUMBERS.
R  INDICATES RECORD WAS SET OR TIED.
MM INDICATES DATA IS MISSING.
T  INDICATES TRACE AMOUNT.




$$
