000
CDUS46 KLOX 240909
CLIPMD


CLIMATE REPORT
NATIONAL WEATHER SERVICE LOS ANGELES/OXNARD CA
209 AM PDT SUN MAY 24 2015


...................................

...THE PALMDALE AIRPORT CA CLIMATE SUMMARY FOR MAY 23 2015...

CLIMATE NORMAL PERIOD 1981 TO 2010
CLIMATE RECORD PERIOD 1931 TO 2015


WEATHER ITEM   OBSERVED TIME   RECORD YEAR NORMAL DEPARTURE LAST
                VALUE   (LST)  VALUE       VALUE  FROM      YEAR
                                                  NORMAL
..................................................................
TEMPERATURE (F)
 YESTERDAY
  MAXIMUM         73    154 PM 102    2000  85    -12       83
  MINIMUM         52    431 AM  42    2010  54     -2       52
  AVERAGE         63                        70     -7       68

PRECIPITATION (IN)
  YESTERDAY        0.00          0.18 1999   0.00   0.00     0.00
  MONTH TO DATE    0.10                      0.22  -0.12     0.96
  SINCE OCT 1      4.22                      7.65  -3.43     4.99
  SINCE JAN 1      1.65                      5.20  -3.55     3.05

SNOWFALL (IN)
  YESTERDAY        0.0          MM      MM  MM               0.0
  MONTH TO DATE    0.0                      MM               0.0
  SINCE MAR 1      0.0                      MM               0.0
  SINCE JUL 1      0.0                      MM               0.0
  SNOW DEPTH       0

DEGREE DAYS
 HEATING
  YESTERDAY        2                         2      0        0
  MONTH TO DATE   98                        60     38       35
  SINCE MAR 1    444                       665   -221      433
  SINCE JUL 1   2099                      2910   -811     2331

 COOLING
  YESTERDAY        0                         6     -6        3
  MONTH TO DATE   27                        91    -64       83
  SINCE MAR 1     62                       114    -52      126
  SINCE JAN 1     62                       114    -52      127
..................................................................


WIND (MPH)
  HIGHEST WIND SPEED    29   HIGHEST WIND DIRECTION    SW (230)
  HIGHEST GUST SPEED    35   HIGHEST GUST DIRECTION    SW (230)
  AVERAGE WIND SPEED    18.6


SKY COVER
  POSSIBLE SUNSHINE  MM
  AVERAGE SKY COVER 0.0


WEATHER CONDITIONS
 THE FOLLOWING WEATHER WAS RECORDED YESTERDAY.
  NO SIGNIFICANT WEATHER WAS OBSERVED.


RELATIVE HUMIDITY (PERCENT)
 HIGHEST    77           300 AM
 LOWEST     35          1100 AM
 AVERAGE    56

..........................................................


THE PALMDALE AIRPORT CA CLIMATE NORMALS FOR TODAY
                         NORMAL    RECORD    YEAR
 MAXIMUM TEMPERATURE (F)   86        98      2001
 MINIMUM TEMPERATURE (F)   54        39      1980


SUNRISE AND SUNSET
MAY 24 2015...........SUNRISE   544 AM PDT   SUNSET   755 PM PDT
MAY 25 2015...........SUNRISE   543 AM PDT   SUNSET   755 PM PDT


-  INDICATES NEGATIVE NUMBERS.
R  INDICATES RECORD WAS SET OR TIED.
MM INDICATES DATA IS MISSING.
T  INDICATES TRACE AMOUNT.




$$
