000
CDUS44 KMOB 262249
CLIPNS


CLIMATE REPORT
NATIONAL WEATHER SERVICE MOBILE AL
548 PM CDT TUE JUL 26 2016


...................................

...THE PENSACOLA CLIMATE SUMMARY FOR JULY 26 2016...
VALID TODAY AS OF 0500 PM LOCAL TIME.

CLIMATE NORMAL PERIOD 1981 TO 2010
CLIMATE RECORD PERIOD 1879 TO 2016


WEATHER ITEM   OBSERVED TIME   RECORD YEAR NORMAL DEPARTURE LAST
                VALUE   (LST)  VALUE       VALUE  FROM      YEAR
                                                  NORMAL
..................................................................
TEMPERATURE (F)
 TODAY
  MAXIMUM         88   1134 AM  98    1990  90     -2       90
  MINIMUM         79    647 AM  68    1927  74      5       75
                                      1911
                                      1890
  AVERAGE         84                        82      2       83

PRECIPITATION (IN)
  TODAY            0.32          5.01 1963   0.25   0.07     0.00
  MONTH TO DATE    6.61                      6.19   0.42     5.35
  SINCE MAR 1     29.87                     27.10   2.77    26.94
  SINCE JAN 1     38.52                     36.79   1.73    37.35

DEGREE DAYS
 COOLING
  TODAY           19                        17      2       18
  MONTH TO DATE  512                       442     70      507
  SINCE JUN 1   1033                       907    126      990
  SINCE JAN 1   1629                      1355    274     1643
..................................................................


WIND (MPH)
  HIGHEST WIND SPEED    25   HIGHEST WIND DIRECTION    SW (210)
  HIGHEST GUST SPEED    32   HIGHEST GUST DIRECTION    SW (210)
  AVERAGE WIND SPEED     8.5


SKY COVER
  POSSIBLE SUNSHINE  MM
  AVERAGE SKY COVER 0.7


WEATHER CONDITIONS
 THE FOLLOWING WEATHER WAS RECORDED TODAY.
  THUNDERSTORM
  HEAVY RAIN
  RAIN
  LIGHT RAIN
  FOG
  HAZE


RELATIVE HUMIDITY (PERCENT)
 HIGHEST    97           500 AM
 LOWEST     70          1100 AM
 AVERAGE    84

..........................................................


THE PENSACOLA CLIMATE NORMALS FOR TOMORROW
                         NORMAL    RECORD    YEAR
 MAXIMUM TEMPERATURE (F)   90        98      1970
 MINIMUM TEMPERATURE (F)   74        70      1894


SUNRISE AND SUNSET
JULY 26 2016..........SUNRISE   604 AM CDT   SUNSET   747 PM CDT
JULY 27 2016..........SUNRISE   604 AM CDT   SUNSET   746 PM CDT


-  INDICATES NEGATIVE NUMBERS.
R  INDICATES RECORD WAS SET OR TIED.
MM INDICATES DATA IS MISSING.
T  INDICATES TRACE AMOUNT.




$$
