000
CDUS44 KMOB 170645
CLIPNS


CLIMATE REPORT
NATIONAL WEATHER SERVICE MOBILE AL
1245 AM CST SUN DEC 17 2017


...................................

...THE PENSACOLA CLIMATE SUMMARY FOR DECEMBER 16 2017...

CLIMATE NORMAL PERIOD 1981 TO 2010
CLIMATE RECORD PERIOD 1879 TO 2017


WEATHER ITEM   OBSERVED TIME   RECORD YEAR NORMAL DEPARTURE LAST
                VALUE   (LST)  VALUE       VALUE  FROM      YEAR
                                                  NORMAL
..................................................................
TEMPERATURE (F)
 YESTERDAY
  MAXIMUM         60    318 PM  80    1971  62     -2       67
                                      1948
  MINIMUM         41    710 AM  19    1901  44     -3       43
  AVERAGE         51                        53     -2       55

PRECIPITATION (IN)
  YESTERDAY        0.00          1.41 1887   0.13  -0.13     0.00
  MONTH TO DATE    3.02                      2.42   0.60     7.08
  SINCE MAR 1     75.92                     53.45  22.47    53.43
  SINCE JAN 1     91.27                     63.14  28.13    62.08

SNOWFALL (IN)
  YESTERDAY        0.0           0.0  2001   0.0    0.0      0.0
                                      2000
  MONTH TO DATE    T                         0.0    0.0      0.0
  SINCE MAR 1      T                         0.0    0.0      0.0
  SINCE JUL 1      T                         0.0    0.0      0.0
  SNOW DEPTH       0

DEGREE DAYS
 HEATING
  YESTERDAY       14                        12      2       10
  MONTH TO DATE  187                       171     16      113
  SINCE DEC 1    187                       171     16      113
  SINCE JUL 1    322                       383    -61      182

 COOLING
  YESTERDAY        0                         0      0        0
  MONTH TO DATE   10                         7      3       17
  SINCE DEC 1     10                         7      3       17
  SINCE JAN 1   3343                      2603    740     3225
..................................................................


WIND (MPH)
  HIGHEST WIND SPEED    10   HIGHEST WIND DIRECTION     N (20)
  HIGHEST GUST SPEED    14   HIGHEST GUST DIRECTION    NE (40)
  AVERAGE WIND SPEED     5.1


SKY COVER
  POSSIBLE SUNSHINE  MM
  AVERAGE SKY COVER 0.6


WEATHER CONDITIONS
 THE FOLLOWING WEATHER WAS RECORDED YESTERDAY.
  NO SIGNIFICANT WEATHER WAS OBSERVED.


RELATIVE HUMIDITY (PERCENT)
 HIGHEST    65           400 AM
 LOWEST     36           300 PM
 AVERAGE    51

..........................................................


THE PENSACOLA CLIMATE NORMALS FOR TODAY
                         NORMAL    RECORD    YEAR
 MAXIMUM TEMPERATURE (F)   62        78      2016
                                             1971
 MINIMUM TEMPERATURE (F)   44        25      1882


SUNRISE AND SUNSET
DECEMBER 17 2017......SUNRISE   640 AM CST   SUNSET   451 PM CST
DECEMBER 18 2017......SUNRISE   640 AM CST   SUNSET   451 PM CST


-  INDICATES NEGATIVE NUMBERS.
R  INDICATES RECORD WAS SET OR TIED.
MM INDICATES DATA IS MISSING.
T  INDICATES TRACE AMOUNT.




$$
