000
CDUS44 KMOB 010631
CLIPNS


CLIMATE REPORT
NATIONAL WEATHER SERVICE MOBILE AL
130 AM CDT SAT NOV 1 2014


...................................

...THE PENSACOLA CLIMATE SUMMARY FOR OCTOBER 31 2014...

CLIMATE NORMAL PERIOD 1981 TO 2010
CLIMATE RECORD PERIOD 1879 TO 2014


WEATHER ITEM   OBSERVED TIME   RECORD YEAR NORMAL DEPARTURE LAST
                VALUE   (LST)  VALUE       VALUE  FROM      YEAR
                                                  NORMAL
..................................................................
TEMPERATURE (F)
 YESTERDAY
  MAXIMUM         75    235 PM  87    1950  75      0       83
  MINIMUM         47    602 AM  32    1993  56     -9       72
  AVERAGE         61                        65     -4       78

PRECIPITATION (IN)
  YESTERDAY        0.00          1.19 1897   0.17  -0.17      T
  MONTH TO DATE    4.44                      5.24  -0.80     1.89
  SINCE MAR 1     67.14                     46.30  20.84    51.28
  SINCE JAN 1     78.47                     55.99  22.48    65.55

DEGREE DAYS
 HEATING
  YESTERDAY        4                         3      1        0
  MONTH TO DATE   12                        35    -23       15
  SINCE SEP 1     12                        38    -26       15
  SINCE JUL 1     12                        38    -26       15

 COOLING
  YESTERDAY        0                         3     -3       13
  MONTH TO DATE  173                       180     -7      231
  SINCE SEP 1    574                       583     -9      707
  SINCE JAN 1   2530                      2550    -20     2689
..................................................................


WIND (MPH)
  HIGHEST WIND SPEED    28   HIGHEST WIND DIRECTION    NW (330)
  HIGHEST GUST SPEED    40   HIGHEST GUST DIRECTION    NW (310)
  AVERAGE WIND SPEED    10.6


SKY COVER
  POSSIBLE SUNSHINE  MM
  AVERAGE SKY COVER 0.1


WEATHER CONDITIONS
 THE FOLLOWING WEATHER WAS RECORDED YESTERDAY.
  NO SIGNIFICANT WEATHER WAS OBSERVED.


RELATIVE HUMIDITY (PERCENT)
 HIGHEST    77           300 AM
 LOWEST     31           200 PM
 AVERAGE    54

..........................................................


THE PENSACOLA CLIMATE NORMALS FOR TODAY
                         NORMAL    RECORD    YEAR
 MAXIMUM TEMPERATURE (F)   74        85      1950
 MINIMUM TEMPERATURE (F)   55        30      1993


SUNRISE AND SUNSET
NOVEMBER  1 2014......SUNRISE   703 AM CDT   SUNSET   601 PM CDT
NOVEMBER  2 2014......SUNRISE   604 AM CST   SUNSET   500 PM CST


-  INDICATES NEGATIVE NUMBERS.
R  INDICATES RECORD WAS SET OR TIED.
MM INDICATES DATA IS MISSING.
T  INDICATES TRACE AMOUNT.




$$
