000
CDUS44 KMOB 020627
CLIPNS


CLIMATE REPORT
NATIONAL WEATHER SERVICE MOBILE AL
126 AM CDT SAT AUG 2 2014


...................................

...THE PENSACOLA CLIMATE SUMMARY FOR AUGUST 1 2014...

CLIMATE NORMAL PERIOD 1981 TO 2010
CLIMATE RECORD PERIOD 1879 TO 2014


WEATHER ITEM   OBSERVED TIME   RECORD YEAR NORMAL DEPARTURE LAST
                VALUE   (LST)  VALUE       VALUE  FROM      YEAR
                                                  NORMAL
..................................................................
TEMPERATURE (F)
 YESTERDAY
  MAXIMUM         87    338 PM 104    1986  90     -3       88
  MINIMUM         68    500 AM  67    1997  74     -6       74
                                      1967
  AVERAGE         78                        82     -4       81

PRECIPITATION (IN)
  YESTERDAY        0.00          5.77 1955   0.25  -0.25     1.41
  MONTH TO DATE    0.00                      0.25  -0.25     1.41
  SINCE MAR 1     56.05                     28.57  27.48    33.58
  SINCE JAN 1     67.38                     38.26  29.12    47.85

DEGREE DAYS
 COOLING
  YESTERDAY       13                        17     -4       16
  MONTH TO DATE   13                        17     -4       16
  SINCE JUN 1    986                      1015    -29     1031
  SINCE JAN 1   1437                      1463    -26     1473
..................................................................


WIND (MPH)
  HIGHEST WIND SPEED     9   HIGHEST WIND DIRECTION     N (340)
  HIGHEST GUST SPEED    13   HIGHEST GUST DIRECTION    NW (330)
  AVERAGE WIND SPEED     3.2


SKY COVER
  POSSIBLE SUNSHINE  MM
  AVERAGE SKY COVER 0.0


WEATHER CONDITIONS
 THE FOLLOWING WEATHER WAS RECORDED YESTERDAY.
  NO SIGNIFICANT WEATHER WAS OBSERVED.


RELATIVE HUMIDITY (PERCENT)
 HIGHEST    87           500 AM
 LOWEST     51           300 PM
 AVERAGE    69

..........................................................


THE PENSACOLA CLIMATE NORMALS FOR TODAY
                         NORMAL    RECORD    YEAR
 MAXIMUM TEMPERATURE (F)   90        99      1986
 MINIMUM TEMPERATURE (F)   74        69      1925


SUNRISE AND SUNSET
AUGUST  2 2014........SUNRISE   608 AM CDT   SUNSET   742 PM CDT
AUGUST  3 2014........SUNRISE   608 AM CDT   SUNSET   741 PM CDT


-  INDICATES NEGATIVE NUMBERS.
R  INDICATES RECORD WAS SET OR TIED.
MM INDICATES DATA IS MISSING.
T  INDICATES TRACE AMOUNT.




$$
