000
CDUS44 KMOB 220645
CLIPNS


CLIMATE REPORT
NATIONAL WEATHER SERVICE MOBILE AL
1245 AM CST MON DEC 22 2014


...................................

...THE PENSACOLA CLIMATE SUMMARY FOR DECEMBER 21 2014...

CLIMATE NORMAL PERIOD 1981 TO 2010
CLIMATE RECORD PERIOD 1879 TO 2014


WEATHER ITEM   OBSERVED TIME   RECORD YEAR NORMAL DEPARTURE LAST
                VALUE   (LST)  VALUE       VALUE  FROM      YEAR
                                                  NORMAL
..................................................................
TEMPERATURE (F)
 YESTERDAY
  MAXIMUM         55    356 PM  78    1970  62     -7       75
  MINIMUM         49    637 AM  17    1901  43      6       66
  AVERAGE         52                        52      0       71

PRECIPITATION (IN)
  YESTERDAY        0.00          3.16 1931   0.14  -0.14     0.03
  MONTH TO DATE    1.39                      3.14  -1.75     1.32
  SINCE MAR 1     69.73                     54.17  15.56    57.90
  SINCE JAN 1     81.06                     63.86  17.20    72.17

SNOWFALL (IN)
  YESTERDAY        0.0           0.0  2001   0.0    0.0      0.0
                                      2000
  MONTH TO DATE    0.0                       0.0    0.0      0.0
  SINCE MAR 1      0.0                       0.0    0.0      0.0
  SINCE JUL 1      0.0                       0.0    0.0      0.0
  SNOW DEPTH       0

DEGREE DAYS
 HEATING
  YESTERDAY       13                        13      0        0
  MONTH TO DATE  186                       234    -48      145
  SINCE DEC 1    186                       234    -48      145
  SINCE JUL 1    513                       446     67      350

 COOLING
  YESTERDAY        0                         0      0        6
  MONTH TO DATE    6                         7     -1       37
  SINCE DEC 1      6                         7     -1       37
  SINCE JAN 1   2550                      2603    -53     2755
..................................................................


WIND (MPH)
  HIGHEST WIND SPEED    10   HIGHEST WIND DIRECTION     N (10)
  HIGHEST GUST SPEED    14   HIGHEST GUST DIRECTION     N (10)
  AVERAGE WIND SPEED     5.8


SKY COVER
  POSSIBLE SUNSHINE  MM
  AVERAGE SKY COVER 1.0


WEATHER CONDITIONS
 THE FOLLOWING WEATHER WAS RECORDED YESTERDAY.
  FOG


RELATIVE HUMIDITY (PERCENT)
 HIGHEST   100          1200 AM
 LOWEST     93           200 AM
 AVERAGE    97

..........................................................


THE PENSACOLA CLIMATE NORMALS FOR TODAY
                         NORMAL    RECORD    YEAR
 MAXIMUM TEMPERATURE (F)   61        80      1970
 MINIMUM TEMPERATURE (F)   43        18      1989


SUNRISE AND SUNSET
DECEMBER 22 2014......SUNRISE   642 AM CST   SUNSET   453 PM CST
DECEMBER 23 2014......SUNRISE   643 AM CST   SUNSET   453 PM CST


-  INDICATES NEGATIVE NUMBERS.
R  INDICATES RECORD WAS SET OR TIED.
MM INDICATES DATA IS MISSING.
T  INDICATES TRACE AMOUNT.




$$
