349
CDUS44 KMOB 060645
CLIPNS


CLIMATE REPORT
NATIONAL WEATHER SERVICE MOBILE AL
145 AM CDT FRI MAY 6 2016


...................................

...THE PENSACOLA CLIMATE SUMMARY FOR MAY 5 2016...

CLIMATE NORMAL PERIOD 1981 TO 2010
CLIMATE RECORD PERIOD 1879 TO 2016


WEATHER ITEM   OBSERVED TIME   RECORD YEAR NORMAL DEPARTURE LAST
                VALUE   (LST)  VALUE       VALUE  FROM      YEAR
                                                  NORMAL
..................................................................
TEMPERATURE (F)
 YESTERDAY
  MAXIMUM         79    315 PM  92    1955  81     -2       80
  MINIMUM         59    512 AM  46    1921  63     -4       63
  AVERAGE         69                        72     -3       72

PRECIPITATION (IN)
  YESTERDAY        0.00          3.97 1884   0.14  -0.14     0.00
  MONTH TO DATE    0.38                      0.66  -0.28     0.00
  SINCE MAR 1     14.03                     10.79   3.24    12.36
  SINCE JAN 1     22.68                     20.48   2.20    22.77

DEGREE DAYS
 COOLING
  YESTERDAY        4                         7     -3        7
  MONTH TO DATE   44                        32     12       22
  SINCE MAR 1    271                       166    105      323
  SINCE JAN 1    289                       180    109      330
..................................................................


WIND (MPH)
  HIGHEST WIND SPEED    22   HIGHEST WIND DIRECTION    NW (320)
  HIGHEST GUST SPEED    29   HIGHEST GUST DIRECTION    NW (310)
  AVERAGE WIND SPEED    10.3


SKY COVER
  POSSIBLE SUNSHINE  MM
  AVERAGE SKY COVER 0.1


WEATHER CONDITIONS
 THE FOLLOWING WEATHER WAS RECORDED YESTERDAY.
  NO SIGNIFICANT WEATHER WAS OBSERVED.


RELATIVE HUMIDITY (PERCENT)
 HIGHEST    72           500 AM
 LOWEST     25           300 PM
 AVERAGE    49

..........................................................


THE PENSACOLA CLIMATE NORMALS FOR TODAY
                         NORMAL    RECORD    YEAR
 MAXIMUM TEMPERATURE (F)   81        93      1963
 MINIMUM TEMPERATURE (F)   63        50      2013


SUNRISE AND SUNSET
MAY  6 2016...........SUNRISE   601 AM CDT   SUNSET   731 PM CDT
MAY  7 2016...........SUNRISE   600 AM CDT   SUNSET   731 PM CDT


-  INDICATES NEGATIVE NUMBERS.
R  INDICATES RECORD WAS SET OR TIED.
MM INDICATES DATA IS MISSING.
T  INDICATES TRACE AMOUNT.




$$
