000
CDUS44 KMOB 200645
CLIPNS


CLIMATE REPORT
NATIONAL WEATHER SERVICE MOBILE AL
145 AM CDT SUN AUG 20 2017


...................................

...THE PENSACOLA CLIMATE SUMMARY FOR AUGUST 19 2017...

CLIMATE NORMAL PERIOD 1981 TO 2010
CLIMATE RECORD PERIOD 1879 TO 2017


WEATHER ITEM   OBSERVED TIME   RECORD YEAR NORMAL DEPARTURE LAST
                VALUE   (LST)  VALUE       VALUE  FROM      YEAR
                                                  NORMAL
..................................................................
TEMPERATURE (F)
 YESTERDAY
  MAXIMUM         97    157 PM 102    2000  89      8       89
  MINIMUM         77    553 AM  67    1976  74      3       77
  AVERAGE         87                        82      5       83

PRECIPITATION (IN)
  YESTERDAY        T             1.86 1932   0.21  -0.21     1.59
  MONTH TO DATE   12.47                      4.36   8.11    11.32
  SINCE MAR 1     51.53                     32.68  18.85    41.41
  SINCE JAN 1     66.88                     42.37  24.51    50.06

DEGREE DAYS
 COOLING
  YESTERDAY       22                        17      5       18
  MONTH TO DATE  361                       323     38      340
  SINCE JUN 1   1452                      1321    131     1471
  SINCE JAN 1   2248                      1769    479     2067
..................................................................


WIND (MPH)
  HIGHEST WIND SPEED    14   HIGHEST WIND DIRECTION     S (180)
  HIGHEST GUST SPEED    17   HIGHEST GUST DIRECTION     S (190)
  AVERAGE WIND SPEED     5.8


SKY COVER
  POSSIBLE SUNSHINE  MM
  AVERAGE SKY COVER 0.1


WEATHER CONDITIONS
 THE FOLLOWING WEATHER WAS RECORDED YESTERDAY.
  THUNDERSTORM
  LIGHT RAIN


RELATIVE HUMIDITY (PERCENT)
 HIGHEST    88           500 AM
 LOWEST     45           200 PM
 AVERAGE    67

..........................................................


THE PENSACOLA CLIMATE NORMALS FOR TODAY
                         NORMAL    RECORD    YEAR
 MAXIMUM TEMPERATURE (F)   89       100      1972
 MINIMUM TEMPERATURE (F)   74        68      1934
                                             1930


SUNRISE AND SUNSET
AUGUST 20 2017........SUNRISE   619 AM CDT   SUNSET   725 PM CDT
AUGUST 21 2017........SUNRISE   619 AM CDT   SUNSET   724 PM CDT


-  INDICATES NEGATIVE NUMBERS.
R  INDICATES RECORD WAS SET OR TIED.
MM INDICATES DATA IS MISSING.
T  INDICATES TRACE AMOUNT.




$$
