000
CDUS41 KALY 160624
CLIPOU


CLIMATE REPORT
NATIONAL WEATHER SERVICE ALBANY NY
123 AM EST MON JAN 16 2017


...................................

...THE POUGHKEEPSIE NY CLIMATE SUMMARY FOR JANUARY 15 2017...

CLIMATE NORMAL PERIOD 1981 TO 2010
CLIMATE RECORD PERIOD 1949 TO 2017


WEATHER ITEM   OBSERVED TIME   RECORD YEAR NORMAL DEPARTURE LAST
                VALUE   (LST)  VALUE       VALUE  FROM      YEAR
                                                  NORMAL
..................................................................
TEMPERATURE (F)
 YESTERDAY
  MAXIMUM         40    347 PM  56    1962  35      5       49
  MINIMUM         16    746 AM -18    1964  15      1       25
  AVERAGE         28                        25      3       37

PRECIPITATION (IN)
  YESTERDAY        0.00          0.56 1958   0.10  -0.10     0.02
  MONTH TO DATE    1.11                      1.53  -0.42     0.93
  SINCE DEC 1      3.71                      5.06  -1.35     4.83
  SINCE JAN 1      1.11                      1.53  -0.42     0.93

DEGREE DAYS
 HEATING
  YESTERDAY       37                        40     -3       28
  MONTH TO DATE  542                       592    -50      491
  SINCE DEC 1   1582                      1643    -61     1125
  SINCE JUL 1   2728                      2921   -193     2113

 COOLING
  YESTERDAY        0                         0      0        0
  MONTH TO DATE    0                         0      0        0
  SINCE DEC 1      0                         0      0        0
  SINCE JAN 1      0                         0      0        0
..................................................................


WIND (MPH)
  HIGHEST WIND SPEED     9   HIGHEST WIND DIRECTION     W (270)
  HIGHEST GUST SPEED    12   HIGHEST GUST DIRECTION     W (270)
  AVERAGE WIND SPEED     1.4


SKY COVER
  AVERAGE SKY COVER 0.0



RELATIVE HUMIDITY (PERCENT)
 HIGHEST    92           500 AM
 LOWEST     40           400 PM
 AVERAGE    66

..........................................................


THE POUGHKEEPSIE NY CLIMATE NORMALS FOR TODAY
                         NORMAL    RECORD    YEAR
 MAXIMUM TEMPERATURE (F)   35        51      1973
 MINIMUM TEMPERATURE (F)   15        -9      1957


SUNRISE AND SUNSET
JANUARY 16 2017.......SUNRISE   719 AM EST   SUNSET   452 PM EST
JANUARY 17 2017.......SUNRISE   719 AM EST   SUNSET   453 PM EST


-  INDICATES NEGATIVE NUMBERS.
R  INDICATES RECORD WAS SET OR TIED.
MM INDICATES DATA IS MISSING.
T  INDICATES TRACE AMOUNT.




RECORDS FOR KPOU DATE BACK TO 1949...
HOWEVER...DATA IS MISSING FROM JANUARY 1993 - JULY 2000.
$$
