000
CDUS46 KLOX 010129
CLIPRB


CLIMATE REPORT
NATIONAL WEATHER SERVICE LOS ANGELES/OXNARD CA
629 PM PDT TUE MAY 31 2016


...................................

...THE PASO ROBLES AIRPORT CA CLIMATE SUMMARY FOR MAY 31 2016...
VALID TODAY AS OF 0600 PM LOCAL TIME.

CLIMATE NORMAL PERIOD 1981 TO 2010
CLIMATE RECORD PERIOD 1948 TO 2016


WEATHER ITEM   OBSERVED TIME   RECORD YEAR NORMAL DEPARTURE LAST
                VALUE   (LST)  VALUE       VALUE  FROM      YEAR
                                                  NORMAL
..................................................................
TEMPERATURE (F)
 TODAY
  MAXIMUM         99    118 PM 106    2001  84     15       79
  MINIMUM         51    517 AM  35    2011  48      3       50
  AVERAGE         75                        66      9       65

PRECIPITATION (IN)
  TODAY            0.00          0.00   MM   0.00   0.00     0.00
  MONTH TO DATE    T                         0.26  -0.26     0.15
  SINCE OCT 1      8.06                     12.43  -4.37     8.63
  SINCE JAN 1      6.00                      8.77  -2.77     2.91

SNOWFALL (IN)
  TODAY            0.0
  MONTH TO DATE    0.0
  SINCE MAR 1      0.0
  SINCE JUL 1      0.0

DEGREE DAYS
 HEATING
  TODAY            0                         2     -2        0
  MONTH TO DATE   69                       108    -39      115
  SINCE MAR 1    471                       729   -258      443
  SINCE JUL 1   2258                      2822   -564     1803

 COOLING
  TODAY           10                         3      7        0
  MONTH TO DATE   56                        59     -3       31
  SINCE MAR 1     61                        68     -7       71
  SINCE JAN 1     61                        68     -7       71
..................................................................


WIND (MPH)
  HIGHEST WIND SPEED    18   HIGHEST WIND DIRECTION    SW (210)
  HIGHEST GUST SPEED    22   HIGHEST GUST DIRECTION     S (190)
  AVERAGE WIND SPEED     4.8


SKY COVER
  POSSIBLE SUNSHINE  MM
  AVERAGE SKY COVER 0.0


WEATHER CONDITIONS
 THE FOLLOWING WEATHER WAS RECORDED TODAY.
  NO SIGNIFICANT WEATHER WAS OBSERVED.


RELATIVE HUMIDITY (PERCENT)
 HIGHEST    72           300 AM
 LOWEST      9           100 PM
 AVERAGE    41

..........................................................


THE PASO ROBLES AIRPORT CA CLIMATE NORMALS FOR TOMORROW
                         NORMAL    RECORD    YEAR
 MAXIMUM TEMPERATURE (F)   84       107      1970
 MINIMUM TEMPERATURE (F)   48        37      1955


SUNRISE AND SUNSET
MAY 31 2016...........SUNRISE   548 AM PDT   SUNSET   813 PM PDT
JUNE  1 2016..........SUNRISE   548 AM PDT   SUNSET   813 PM PDT


-  INDICATES NEGATIVE NUMBERS.
R  INDICATES RECORD WAS SET OR TIED.
MM INDICATES DATA IS MISSING.
T  INDICATES TRACE AMOUNT.




$$
