000
CDUS46 KLOX 270112
CLIPRB


CLIMATE REPORT
NATIONAL WEATHER SERVICE LOS ANGELES/OXNARD CA
612 PM PDT THU MAR 26 2015


...................................

...THE PASO ROBLES AIRPORT CA CLIMATE SUMMARY FOR MARCH 26 2015...
VALID TODAY AS OF 0600 PM LOCAL TIME.

CLIMATE NORMAL PERIOD 1981 TO 2010
CLIMATE RECORD PERIOD 1948 TO 2015


WEATHER ITEM   OBSERVED TIME   RECORD YEAR NORMAL DEPARTURE LAST
                VALUE   (LST)  VALUE       VALUE  FROM      YEAR
                                                  NORMAL
..................................................................
TEMPERATURE (F)
 TODAY
  MAXIMUM         91R   328 PM  88    1988  68     23       61
  MINIMUM         42    524 AM  29    1976  40      2       45
  AVERAGE         67                        54     13       53

PRECIPITATION (IN)
  TODAY            0.00          0.63 1979   0.05  -0.05     0.05
  MONTH TO DATE    0.02                      2.22  -2.20     0.82
  SINCE OCT 1      8.05                     11.22  -3.17     3.94
  SINCE JAN 1      2.33                      7.56  -5.23     3.48

SNOWFALL (IN)
  TODAY            0.0
  MONTH TO DATE    0.0
  SINCE MAR 1      0.0
  SINCE JUL 1      0.0

DEGREE DAYS
 HEATING
  TODAY            0                        11    -11       12
  MONTH TO DATE  141                       312   -171      183
  SINCE MAR 1    141                       312   -171      183
  SINCE JUL 1   1501                      2405   -904     1888

 COOLING
  TODAY            2                         0      2        0
  MONTH TO DATE   12                         0     12        0
  SINCE MAR 1     12                         0     12        0
  SINCE JAN 1     12                         0     12        0
..................................................................


WIND (MPH)
  HIGHEST WIND SPEED    13   HIGHEST WIND DIRECTION    SW (220)
  HIGHEST GUST SPEED    16   HIGHEST GUST DIRECTION    SW (230)
  AVERAGE WIND SPEED     3.5


SKY COVER
  POSSIBLE SUNSHINE  MM
  AVERAGE SKY COVER 0.0


WEATHER CONDITIONS
 THE FOLLOWING WEATHER WAS RECORDED TODAY.
  NO SIGNIFICANT WEATHER WAS OBSERVED.


RELATIVE HUMIDITY (PERCENT)
 HIGHEST    83           300 AM
 LOWEST     16           500 PM
 AVERAGE    50

..........................................................


THE PASO ROBLES AIRPORT CA CLIMATE NORMALS FOR TOMORROW
                         NORMAL    RECORD    YEAR
 MAXIMUM TEMPERATURE (F)   68        83      1969
 MINIMUM TEMPERATURE (F)   40        25      1972


SUNRISE AND SUNSET
MARCH 26 2015.........SUNRISE   658 AM PDT   SUNSET   719 PM PDT
MARCH 27 2015.........SUNRISE   656 AM PDT   SUNSET   720 PM PDT


-  INDICATES NEGATIVE NUMBERS.
R  INDICATES RECORD WAS SET OR TIED.
MM INDICATES DATA IS MISSING.
T  INDICATES TRACE AMOUNT.




$$
