000
CDUS46 KLOX 140922
CLIPRB


CLIMATE REPORT
NATIONAL WEATHER SERVICE LOS ANGELES/OXNARD CA
122 AM PST THU DEC 14 2017


...................................

...THE PASO ROBLES AIRPORT CA CLIMATE SUMMARY FOR DECEMBER 13 2017...

CLIMATE NORMAL PERIOD 1981 TO 2010
CLIMATE RECORD PERIOD 1948 TO 2017


WEATHER ITEM   OBSERVED TIME   RECORD YEAR NORMAL DEPARTURE LAST
                VALUE   (LST)  VALUE       VALUE  FROM      YEAR
                                                  NORMAL
..................................................................
TEMPERATURE (F)
 YESTERDAY
  MAXIMUM         73R   237 PM  72    1988  59     14       68
  MINIMUM         22R   645 AM  22    2013  34    -12       45
                                      1967
  AVERAGE         48                        46      2       57

PRECIPITATION (IN)
  YESTERDAY        0.00          0.21 1995   0.06  -0.06     0.00
  MONTH TO DATE    0.00                      0.68  -0.68     0.03
  SINCE OCT 1      0.25                      2.33  -2.08     2.68
  SINCE JAN 1     12.74                     11.45   1.29     8.68

SNOWFALL (IN)
  YESTERDAY        0.0
  MONTH TO DATE    0.0
  SINCE DEC 1      0.0
  SINCE JUL 1      0.0

DEGREE DAYS
 HEATING
  YESTERDAY       17                        19     -2        8
  MONTH TO DATE  213                       234    -21      174
  SINCE DEC 1    213                       234    -21      174
  SINCE JUL 1    590                       783   -193      558

 COOLING
  YESTERDAY        0                         0      0        0
  MONTH TO DATE    0                         0      0        0
  SINCE DEC 1      0                         0      0        0
  SINCE JAN 1   1370                       927    443     1073
..................................................................


WIND (MPH)
  HIGHEST WIND SPEED    17   HIGHEST WIND DIRECTION     E (100)
  HIGHEST GUST SPEED    22   HIGHEST GUST DIRECTION     E (100)
  AVERAGE WIND SPEED     4.5


SKY COVER
  POSSIBLE SUNSHINE  MM
  AVERAGE SKY COVER 0.0


WEATHER CONDITIONS
 THE FOLLOWING WEATHER WAS RECORDED YESTERDAY.
  NO SIGNIFICANT WEATHER WAS OBSERVED.


RELATIVE HUMIDITY (PERCENT)
 HIGHEST    75           400 AM
 LOWEST     17           200 PM
 AVERAGE    46

..........................................................


THE PASO ROBLES AIRPORT CA CLIMATE NORMALS FOR TODAY
                         NORMAL    RECORD    YEAR
 MAXIMUM TEMPERATURE (F)   59        80      1958
 MINIMUM TEMPERATURE (F)   34        17      1967


SUNRISE AND SUNSET
DECEMBER 14 2017......SUNRISE   704 AM PST   SUNSET   450 PM PST
DECEMBER 15 2017......SUNRISE   705 AM PST   SUNSET   451 PM PST


-  INDICATES NEGATIVE NUMBERS.
R  INDICATES RECORD WAS SET OR TIED.
MM INDICATES DATA IS MISSING.
T  INDICATES TRACE AMOUNT.




$$
