000
CDUS46 KLOX 270905
CLIPRB


CLIMATE REPORT
NATIONAL WEATHER SERVICE LOS ANGELES/OXNARD CA
105 AM PST THU NOV 27 2014


...................................

...THE PASO ROBLES AIRPORT CA CLIMATE SUMMARY FOR NOVEMBER 26 2014...

CLIMATE NORMAL PERIOD 1981 TO 2010
CLIMATE RECORD PERIOD 1948 TO 2014


WEATHER ITEM   OBSERVED TIME   RECORD YEAR NORMAL DEPARTURE LAST
                VALUE   (LST)  VALUE       VALUE  FROM      YEAR
                                                  NORMAL
..................................................................
TEMPERATURE (F)
 YESTERDAY
  MAXIMUM         78    405 PM  82    1959  63     15       69
  MINIMUM         37    643 AM  23    1993  36      1       34
  AVERAGE         58                        49      9       52

PRECIPITATION (IN)
  YESTERDAY        0.00          0.78 1997   0.04  -0.04     0.00
  MONTH TO DATE    0.20                      0.88  -0.68     0.27
  SINCE JUL 1      1.05                      1.83  -0.78     0.29
  SINCE JAN 1      5.51                     10.62  -5.11     1.75

SNOWFALL (IN)
  YESTERDAY        0.0
  MONTH TO DATE    0.0
  SINCE SEP 1      0.0
  SINCE JUL 1      0.0

DEGREE DAYS
 HEATING
  YESTERDAY        7                        16     -9       13
  MONTH TO DATE  192                       313   -121      260
  SINCE SEP 1    235                       475   -240      410
  SINCE JUL 1    235                       483   -248      410

 COOLING
  YESTERDAY        0                         0      0        0
  MONTH TO DATE    1                         0      1        0
  SINCE SEP 1    350                       193    157      199
  SINCE JAN 1   1357                       926    431     1173
..................................................................


WIND (MPH)
  HIGHEST WIND SPEED    12   HIGHEST WIND DIRECTION    SE (120)
  HIGHEST GUST SPEED    13   HIGHEST GUST DIRECTION    SE (120)
  AVERAGE WIND SPEED     1.5


SKY COVER
  POSSIBLE SUNSHINE  MM
  AVERAGE SKY COVER 0.0


WEATHER CONDITIONS
 THE FOLLOWING WEATHER WAS RECORDED YESTERDAY.
  FOG
  HAZE


RELATIVE HUMIDITY (PERCENT)
 HIGHEST    85           500 AM
 LOWEST     19           400 PM
 AVERAGE    52

..........................................................


THE PASO ROBLES AIRPORT CA CLIMATE NORMALS FOR TODAY
                         NORMAL    RECORD    YEAR
 MAXIMUM TEMPERATURE (F)   62        78      1969
 MINIMUM TEMPERATURE (F)   36        21      1948


SUNRISE AND SUNSET
NOVEMBER 27 2014......SUNRISE   650 AM PST   SUNSET   450 PM PST
NOVEMBER 28 2014......SUNRISE   651 AM PST   SUNSET   450 PM PST


-  INDICATES NEGATIVE NUMBERS.
R  INDICATES RECORD WAS SET OR TIED.
MM INDICATES DATA IS MISSING.
T  INDICATES TRACE AMOUNT.




$$
