000
CDUS45 KFGZ 010830
CLIPRC
CLIMATE REPORT
NATIONAL WEATHER SERVICE FLAGSTAFF, AZ
109 AM MST SAT AUG 1 2015


...................................

...THE PRESCOTT AZ AIRPORT CLIMATE SUMMARY FOR JULY 31 2015...

CLIMATE NORMAL PERIOD 1981 TO 2010
CLIMATE RECORD PERIOD 1948 TO 2015


WEATHER ITEM   OBSERVED TIME   RECORD YEAR NORMAL DEPARTURE LAST
                VALUE   (LST)  VALUE       VALUE  FROM      YEAR
                                                  NORMAL
..................................................................
TEMPERATURE (F)
 YESTERDAY
  MAXIMUM         87   1130 AM 100    1977  88     -1       90
  MINIMUM         63    545 AM  55    1979  62      1       66
  AVERAGE         75                        75      0

PRECIPITATION (IN)
  YESTERDAY        0.27          0.96 1955   0.09   0.18     0.05
  MONTH TO DATE    3.44                      2.11   1.33     1.83
  SINCE SEP 1     15.41                     11.35   4.06     7.52
  SINCE JAN 1     10.73                      7.04   3.69     2.80

DEGREE DAYS
 HEATING
  YESTERDAY        0                                0
  MONTH TO DATE    0                                0
  SINCE JUL 1      0                                0

 COOLING
  YESTERDAY       10                                0
  MONTH TO DATE  287                              -40
  SINCE JAN 1    601                               46
..................................................................


WIND (MPH)
  HIGHEST WIND SPEED    25   HIGHEST WIND DIRECTION    SW (240)
  HIGHEST GUST SPEED    32   HIGHEST GUST DIRECTION    SW (240)
  AVERAGE WIND SPEED     5.5


SKY COVER
  AVERAGE SKY COVER 0.3


WEATHER CONDITIONS
 THE FOLLOWING WEATHER WAS RECORDED YESTERDAY.
  LIGHT RAIN
  HAZE


RELATIVE HUMIDITY (PERCENT)
 HIGHEST    87
 LOWEST     32

..........................................................


THE PRESCOTT AZ AIRPORT CLIMATE NORMALS FOR TODAY
                         NORMAL    RECORD    YEAR
 MAXIMUM TEMPERATURE (F)   88        99      1993
 MINIMUM TEMPERATURE (F)   62        52      1950


SUNRISE AND SUNSET
AUGUST  1 2015........SUNRISE   540 AM MST   SUNSET   732 PM MST
AUGUST  2 2015........SUNRISE   540 AM MST   SUNSET   731 PM MST


-  INDICATES NEGATIVE NUMBERS.
R  INDICATES RECORD WAS SET OR TIED.
MM INDICATES DATA IS MISSING.
T  INDICATES TRACE AMOUNT.




$$
