000
CDUS45 KFGZ 080747
CLIPRC
CLIMATE REPORT
NATIONAL WEATHER SERVICE FLAGSTAFF, AZ
1246 AM MST MON FEB 8 2016


...................................

...THE PRESCOTT AZ AIRPORT CLIMATE SUMMARY FOR FEBRUARY 7 2016...

CLIMATE NORMAL PERIOD 1981 TO 2010
CLIMATE RECORD PERIOD 1948 TO 2016


WEATHER ITEM   OBSERVED TIME   RECORD YEAR NORMAL DEPARTURE LAST
                VALUE   (LST)  VALUE       VALUE  FROM      YEAR
                                                  NORMAL
..................................................................
TEMPERATURE (F)
 YESTERDAY
  MAXIMUM         65    409 PM  76    1963  54     11       69
  MINIMUM         24    709 AM   9    1989  27     -3       33
  AVERAGE         45                        40      5

PRECIPITATION (IN)
  YESTERDAY        0.00          0.72 1992   0.05  -0.05     0.00
  MONTH TO DATE    0.09                      0.29  -0.20     0.00
  SINCE SEP 1      4.97                      5.72  -0.75     6.18
  SINCE JAN 1      1.48                      1.41   0.07     1.50

DEGREE DAYS
 HEATING
  YESTERDAY       20                               -4
  MONTH TO DATE  216                               42
  SINCE JUL 1   2641                              -50

 COOLING
  YESTERDAY        0                                0
  MONTH TO DATE    0                                0
  SINCE JAN 1      0                                0
..................................................................


WIND (MPH)
  HIGHEST WIND SPEED    18   HIGHEST WIND DIRECTION    NE (40)
  HIGHEST GUST SPEED    26   HIGHEST GUST DIRECTION    NE (30)
  AVERAGE WIND SPEED     4.6


SKY COVER
  AVERAGE SKY COVER 0.0


WEATHER CONDITIONS
 THE FOLLOWING WEATHER WAS RECORDED YESTERDAY.
  NO SIGNIFICANT WEATHER WAS OBSERVED.


RELATIVE HUMIDITY (PERCENT)
 HIGHEST    75
 LOWEST     13

..........................................................


THE PRESCOTT AZ AIRPORT CLIMATE NORMALS FOR TODAY
                         NORMAL    RECORD    YEAR
 MAXIMUM TEMPERATURE (F)   54        75      1996
 MINIMUM TEMPERATURE (F)   27        12      1974


SUNRISE AND SUNSET
FEBRUARY  8 2016......SUNRISE   722 AM MST   SUNSET   606 PM MST
FEBRUARY  9 2016......SUNRISE   722 AM MST   SUNSET   607 PM MST


-  INDICATES NEGATIVE NUMBERS.
R  INDICATES RECORD WAS SET OR TIED.
MM INDICATES DATA IS MISSING.
T  INDICATES TRACE AMOUNT.




$$
