000
CDUS45 KFGZ 200743
CLIPRC
CLIMATE REPORT
NATIONAL WEATHER SERVICE FLAGSTAFF, AZ
1242 AM MST SUN APR 20 2014


...................................

...THE PRESCOTT AZ AIRPORT CLIMATE SUMMARY FOR APRIL 19 2014...

CLIMATE NORMAL PERIOD 1981 TO 2010
CLIMATE RECORD PERIOD 1948 TO 2014


WEATHER ITEM   OBSERVED TIME   RECORD YEAR NORMAL DEPARTURE LAST
                VALUE   (LST)  VALUE       VALUE  FROM      YEAR
                                                  NORMAL
..................................................................
TEMPERATURE (F)
 YESTERDAY
  MAXIMUM         70    237 PM  85    1989  68      2       70
  MINIMUM         39    612 AM  24    1955  39      0       28
  AVERAGE         55                        53      2

PRECIPITATION (IN)
  YESTERDAY        0.00          0.81 1952   0.02  -0.02     0.00
  MONTH TO DATE    0.01                      0.36  -0.35     0.08
  SINCE SEP 1      5.41                      8.25  -2.84     4.43
  SINCE JAN 1      0.69                      3.94  -3.25     2.47

DEGREE DAYS
 HEATING
  YESTERDAY       10                               -2
  MONTH TO DATE  202                              -61
  SINCE JUL 1   3576                             -434

 COOLING
  YESTERDAY        0                                0
  MONTH TO DATE    0                                0
  SINCE JAN 1      0                                0
..................................................................


WIND (MPH)
  HIGHEST WIND SPEED    23   HIGHEST WIND DIRECTION    SW (230)
  HIGHEST GUST SPEED    29   HIGHEST GUST DIRECTION    SW (230)
  AVERAGE WIND SPEED     8.4


SKY COVER
  AVERAGE SKY COVER 0.3


WEATHER CONDITIONS
 THE FOLLOWING WEATHER WAS RECORDED YESTERDAY.
  THUNDERSTORM


RELATIVE HUMIDITY (PERCENT)
 HIGHEST    92
 LOWEST     24

..........................................................


THE PRESCOTT AZ AIRPORT CLIMATE NORMALS FOR TODAY
                         NORMAL    RECORD    YEAR
 MAXIMUM TEMPERATURE (F)   68        85      1950
 MINIMUM TEMPERATURE (F)   39        22      1966


SUNRISE AND SUNSET
APRIL 20 2014.........SUNRISE   552 AM MST   SUNSET   706 PM MST
APRIL 21 2014.........SUNRISE   551 AM MST   SUNSET   707 PM MST


-  INDICATES NEGATIVE NUMBERS.
R  INDICATES RECORD WAS SET OR TIED.
MM INDICATES DATA IS MISSING.
T  INDICATES TRACE AMOUNT.




$$
