000
CDUS45 KFGZ 170705
CLIPRC
CLIMATE REPORT
NATIONAL WEATHER SERVICE FLAGSTAFF, AZ
1204 AM MST WED JAN 17 2018


...................................

...THE PRESCOTT AZ AIRPORT CLIMATE SUMMARY FOR JANUARY 16 2018...

CLIMATE NORMAL PERIOD 1981 TO 2010
CLIMATE RECORD PERIOD 1948 TO 2018


WEATHER ITEM   OBSERVED TIME   RECORD YEAR NORMAL DEPARTURE LAST
                VALUE   (LST)  VALUE       VALUE  FROM      YEAR
                                                  NORMAL
..................................................................
TEMPERATURE (F)
 YESTERDAY
  MAXIMUM         62        MM  68    1974  52     10       51
  MINIMUM         34        MM   8    2007  26      8       32
  AVERAGE         48                        39      9

PRECIPITATION (IN)
  YESTERDAY        0.00          0.57 1993   0.04  -0.04     0.00
  MONTH TO DATE    0.63                      0.62   0.01     0.65
  SINCE SEP 1      1.16                      4.93  -3.77     7.40
  SINCE JAN 1      0.63                      0.62   0.01     0.65

DEGREE DAYS
 HEATING
  YESTERDAY       17                               -9
  MONTH TO DATE  303                             -125
  SINCE JUL 1   1502                             -629

 COOLING
  YESTERDAY        0                                0
  MONTH TO DATE    0                                0
  SINCE JAN 1      0                                0
..................................................................


WIND (MPH)
  HIGHEST WIND SPEED     8   HIGHEST WIND DIRECTION     S (200)
  HIGHEST GUST SPEED    MM   HIGHEST GUST DIRECTION    MM
  AVERAGE WIND SPEED     2.9


SKY COVER
  AVERAGE SKY COVER 0.2


WEATHER CONDITIONS
 THE FOLLOWING WEATHER WAS RECORDED YESTERDAY.
  NO SIGNIFICANT WEATHER WAS OBSERVED.


RELATIVE HUMIDITY (PERCENT)
 HIGHEST    75
 LOWEST     23

..........................................................


THE PRESCOTT AZ AIRPORT CLIMATE NORMALS FOR TODAY
                         NORMAL    RECORD    YEAR
 MAXIMUM TEMPERATURE (F)   52        73      1971
 MINIMUM TEMPERATURE (F)   26         8      1987


SUNRISE AND SUNSET
JANUARY 17 2018.......SUNRISE   736 AM MST   SUNSET   544 PM MST
JANUARY 18 2018.......SUNRISE   735 AM MST   SUNSET   545 PM MST


-  INDICATES NEGATIVE NUMBERS.
R  INDICATES RECORD WAS SET OR TIED.
MM INDICATES DATA IS MISSING.
T  INDICATES TRACE AMOUNT.




$$
