000
CDUS45 KFGZ 220738
CLIPRC
CLIMATE REPORT
NATIONAL WEATHER SERVICE FLAGSTAFF, AZ
1237 AM MST SUN OCT 22 2017


...................................

...THE PRESCOTT AZ AIRPORT CLIMATE SUMMARY FOR OCTOBER 21 2017...

CLIMATE NORMAL PERIOD 1981 TO 2010
CLIMATE RECORD PERIOD 1948 TO 2017


WEATHER ITEM   OBSERVED TIME   RECORD YEAR NORMAL DEPARTURE LAST
                VALUE   (LST)  VALUE       VALUE  FROM      YEAR
                                                  NORMAL
..................................................................
TEMPERATURE (F)
 YESTERDAY
  MAXIMUM         69    408 PM  88    2003  70     -1       82
  MINIMUM         41    701 AM  22    1949  40      1       40
  AVERAGE         55                        55      0

PRECIPITATION (IN)
  YESTERDAY        0.00          1.28 1969   0.03  -0.03     0.00
  MONTH TO DATE    0.00                      0.65  -0.65     0.58
  SINCE SEP 1      0.53                      2.16  -1.63     2.91
  SINCE JAN 1     12.38                     11.82   0.56    13.67

DEGREE DAYS
 HEATING
  YESTERDAY       10                                0
  MONTH TO DATE   88                              -59
  SINCE JUL 1    157                              -28

 COOLING
  YESTERDAY        0                                0
  MONTH TO DATE    4                               -1
  SINCE JAN 1   1145                              205
..................................................................


WIND (MPH)
  HIGHEST WIND SPEED    16   HIGHEST WIND DIRECTION     N (360)
  HIGHEST GUST SPEED    21   HIGHEST GUST DIRECTION    NW (310)
  AVERAGE WIND SPEED     6.2


SKY COVER
  AVERAGE SKY COVER 0.0


WEATHER CONDITIONS
 THE FOLLOWING WEATHER WAS RECORDED YESTERDAY.
  NO SIGNIFICANT WEATHER WAS OBSERVED.


RELATIVE HUMIDITY (PERCENT)
 HIGHEST    86
 LOWEST      9

..........................................................


THE PRESCOTT AZ AIRPORT CLIMATE NORMALS FOR TODAY
                         NORMAL    RECORD    YEAR
 MAXIMUM TEMPERATURE (F)   70        86      2003
 MINIMUM TEMPERATURE (F)   39        18      1996


SUNRISE AND SUNSET
OCTOBER 22 2017.......SUNRISE   642 AM MST   SUNSET   546 PM MST
OCTOBER 23 2017.......SUNRISE   642 AM MST   SUNSET   545 PM MST


-  INDICATES NEGATIVE NUMBERS.
R  INDICATES RECORD WAS SET OR TIED.
MM INDICATES DATA IS MISSING.
T  INDICATES TRACE AMOUNT.




$$
