000
CDUS45 KFGZ 280840
CLIPRC
CLIMATE REPORT
NATIONAL WEATHER SERVICE FLAGSTAFF, AZ
135 AM MST SAT MAY 28 2016


...................................

...THE PRESCOTT AZ AIRPORT CLIMATE SUMMARY FOR MAY 27 2016...

CLIMATE NORMAL PERIOD 1981 TO 2010
CLIMATE RECORD PERIOD 1948 TO 2016


WEATHER ITEM   OBSERVED TIME   RECORD YEAR NORMAL DEPARTURE LAST
                VALUE   (LST)  VALUE       VALUE  FROM      YEAR
                                                  NORMAL
..................................................................
TEMPERATURE (F)
 YESTERDAY
  MAXIMUM         77    324 PM  96    2003  80     -3       77
  MINIMUM         44    446 AM  35    1987  49     -5       48
  AVERAGE         61                        65     -4

PRECIPITATION (IN)
  YESTERDAY        0.00          T    1999   0.01  -0.01     0.00
  MONTH TO DATE    0.48                      0.40   0.08     1.03
  SINCE SEP 1      7.27                      8.79  -1.52     9.80
  SINCE JAN 1      3.78                      4.48  -0.70     5.12

DEGREE DAYS
 HEATING
  YESTERDAY        4                                2
  MONTH TO DATE  163                               27
  SINCE JUL 1   3806                             -449

 COOLING
  YESTERDAY        0                               -2
  MONTH TO DATE   10                              -19
  SINCE JAN 1     10                              -21
..................................................................


WIND (MPH)
  HIGHEST WIND SPEED    16   HIGHEST WIND DIRECTION    SW (220)
  HIGHEST GUST SPEED    22   HIGHEST GUST DIRECTION    SW (220)
  AVERAGE WIND SPEED     6.5


SKY COVER
  AVERAGE SKY COVER 0.2


WEATHER CONDITIONS
 THE FOLLOWING WEATHER WAS RECORDED YESTERDAY.
  NO SIGNIFICANT WEATHER WAS OBSERVED.


RELATIVE HUMIDITY (PERCENT)
 HIGHEST    49
 LOWEST     15

..........................................................


THE PRESCOTT AZ AIRPORT CLIMATE NORMALS FOR TODAY
                         NORMAL    RECORD    YEAR
 MAXIMUM TEMPERATURE (F)   81        95      1984
 MINIMUM TEMPERATURE (F)   50        36      1971


SUNRISE AND SUNSET
MAY 28 2016...........SUNRISE   519 AM MST   SUNSET   735 PM MST
MAY 29 2016...........SUNRISE   519 AM MST   SUNSET   736 PM MST


-  INDICATES NEGATIVE NUMBERS.
R  INDICATES RECORD WAS SET OR TIED.
MM INDICATES DATA IS MISSING.
T  INDICATES TRACE AMOUNT.




$$
