000
CDUS46 KPDT 240838
CLIPSC

CLIMATE REPORT
NATIONAL WEATHER SERVICE PENDLETON OR
136 AM PDT WED AUG 24 2016


...................................

...THE PASCO WA CLIMATE SUMMARY FOR AUGUST 23 2016...

CLIMATE NORMAL PERIOD 1981 TO 2010
CLIMATE RECORD PERIOD 1948 TO 2016


WEATHER ITEM   OBSERVED TIME   RECORD YEAR NORMAL DEPARTURE LAST
                VALUE   (LST)  VALUE       VALUE  FROM      YEAR
                                                  NORMAL
..................................................................
TEMPERATURE (F)
 YESTERDAY
  MAXIMUM         84    507 PM 100    2000  89     -5       84
  MINIMUM         47    535 AM  45    2010  54     -7       47
  AVERAGE         66                        71     -5       66

PRECIPITATION (IN)
  YESTERDAY        0.00          0.54 1975   0.01  -0.01     0.00
  MONTH TO DATE    0.04                      0.18  -0.14      T
  SINCE OCT 1      8.14                      8.34  -0.20     5.57
  SINCE JAN 1      5.38                      5.39  -0.01     3.20

SNOWFALL (IN)
  YESTERDAY        0.0
  SNOW DEPTH       0

DEGREE DAYS
 HEATING
  YESTERDAY        0                         0      0        0
  MONTH TO DATE    0                         0      0        0
  SINCE JUN 1     30                        37     -7        1
  SINCE JUL 1      0                         5     -5        0

 COOLING
  YESTERDAY        1                         7     -6        1
  MONTH TO DATE  207                       202      5      217
  SINCE JUN 1    659                       579     80      928
  SINCE JAN 1    692                       612     80     1010
..................................................................


WIND (MPH)
  RESULTANT WIND SPEED   1   RESULTANT WIND DIRECTION   N (10)
  HIGHEST WIND SPEED     9   HIGHEST WIND DIRECTION    NW (320)
  HIGHEST GUST SPEED    12   HIGHEST GUST DIRECTION     N (10)


SKY COVER
  POSSIBLE SUNSHINE  MM
  AVERAGE SKY COVER 0.0


WEATHER CONDITIONS
 THE FOLLOWING WEATHER WAS RECORDED YESTERDAY.
  NO SIGNIFICANT WEATHER WAS OBSERVED.


RELATIVE HUMIDITY (PERCENT)
 HIGHEST    86
 LOWEST     24
 AVERAGE    55

..........................................................


THE PASCO WA CLIMATE NORMALS FOR TODAY
                         NORMAL    RECORD    YEAR
 MAXIMUM TEMPERATURE (F)   88       101      1999
 MINIMUM TEMPERATURE (F)   54        44      1992


SUNRISE AND SUNSET
AUGUST 24 2016........SUNRISE   607 AM PDT   SUNSET   749 PM PDT
AUGUST 25 2016........SUNRISE   609 AM PDT   SUNSET   747 PM PDT


-  INDICATES NEGATIVE NUMBERS.
R  INDICATES RECORD WAS SET OR TIED.
MM INDICATES DATA IS MISSING.
T  INDICATES TRACE AMOUNT.




$$
