000
CDUS46 KPDT 260850
CLIPSC

CLIMATE REPORT
NATIONAL WEATHER SERVICE PENDLETON OR
128 AM PDT MON SEP 26 2016


...................................

...THE PASCO WA CLIMATE SUMMARY FOR SEPTEMBER 25 2016...

CLIMATE NORMAL PERIOD 1981 TO 2010
CLIMATE RECORD PERIOD 1948 TO 2016


WEATHER ITEM   OBSERVED TIME   RECORD YEAR NORMAL DEPARTURE LAST
                VALUE   (LST)  VALUE       VALUE  FROM      YEAR
                                                  NORMAL
..................................................................
TEMPERATURE (F)
 YESTERDAY
  MAXIMUM         85    327 PM  94    1990  76      9       86
  MINIMUM         47    622 AM  31    1996  44      3       41
  AVERAGE         66                        60      6       64

PRECIPITATION (IN)
  YESTERDAY        0.00          0.04 1982   0.02  -0.02     0.00
  MONTH TO DATE    0.24                      0.31  -0.07     0.12
  SINCE OCT 1      8.38                      8.74  -0.36     5.72
  SINCE JAN 1      5.62                      5.79  -0.17     3.35

SNOWFALL (IN)
  YESTERDAY       MM
  SNOW DEPTH       0

DEGREE DAYS
 HEATING
  YESTERDAY        0                         6     -6        1
  MONTH TO DATE   79                        65     14       65
  SINCE SEP 1     79                        65     14       65
  SINCE JUL 1     79                        77      2       65

 COOLING
  YESTERDAY        1                         0      1        0
  MONTH TO DATE   21                        49    -28       42
  SINCE SEP 1     21                        49    -28       42
  SINCE JAN 1    772                       706     66     1115
..................................................................


WIND (MPH)
  RESULTANT WIND SPEED   2   RESULTANT WIND DIRECTION   N (20)
  HIGHEST WIND SPEED     8   HIGHEST WIND DIRECTION    NW (330)
  HIGHEST GUST SPEED    10   HIGHEST GUST DIRECTION     E (70)


SKY COVER
  POSSIBLE SUNSHINE  MM
  AVERAGE SKY COVER 0.1


WEATHER CONDITIONS
 THE FOLLOWING WEATHER WAS RECORDED YESTERDAY.
  HAZE


RELATIVE HUMIDITY (PERCENT)
 HIGHEST    82
 LOWEST     19
 AVERAGE    51

..........................................................


THE PASCO WA CLIMATE NORMALS FOR TODAY
                         NORMAL    RECORD    YEAR
 MAXIMUM TEMPERATURE (F)   76        89      2003
 MINIMUM TEMPERATURE (F)   43        36      2000


SUNRISE AND SUNSET
SEPTEMBER 26 2016.....SUNRISE   649 AM PDT   SUNSET   645 PM PDT
SEPTEMBER 27 2016.....SUNRISE   651 AM PDT   SUNSET   643 PM PDT


-  INDICATES NEGATIVE NUMBERS.
R  INDICATES RECORD WAS SET OR TIED.
MM INDICATES DATA IS MISSING.
T  INDICATES TRACE AMOUNT.




$$
