000
CDUS46 KPDT 230828
CLIPSC

CLIMATE REPORT
NATIONAL WEATHER SERVICE PENDLETON OR
128 AM PDT WED JUL 23 2014


...................................

...THE PASCO WA CLIMATE SUMMARY FOR JULY 22 2014...

CLIMATE NORMAL PERIOD 1981 TO 2010
CLIMATE RECORD PERIOD 1948 TO 2014


WEATHER ITEM   OBSERVED TIME   RECORD YEAR NORMAL DEPARTURE LAST
                VALUE   (LST)  VALUE       VALUE  FROM      YEAR
                                                  NORMAL
..................................................................
TEMPERATURE (F)
 YESTERDAY
  MAXIMUM         87    450 PM 109    2006  93     -6      100
  MINIMUM         67    637 AM  47    2011  57     10       68
  AVERAGE         77                        75      2       84

PRECIPITATION (IN)
  YESTERDAY        T             0.09 1992   0.00   0.00     0.00
  MONTH TO DATE    0.02                      0.24  -0.22      T
  SINCE OCT 1      3.16                      8.12  -4.96     6.30
  SINCE JAN 1      2.58                      5.17  -2.59     2.94

SNOWFALL (IN)
  YESTERDAY        0.0
  SNOW DEPTH       0

DEGREE DAYS
 HEATING
  YESTERDAY        0                         0      0        0
  MONTH TO DATE    0                         1     -1        0
  SINCE JUN 1     18                        33    -15       19
  SINCE JUL 1      0                         1     -1        0

 COOLING
  YESTERDAY       12                        10      2       19
  MONTH TO DATE  333                       177    156      273
  SINCE JUN 1    444                       286    158      397
  SINCE JAN 1    478                       319    159      443
..................................................................


WIND (MPH)
  RESULTANT WIND SPEED   2   RESULTANT WIND DIRECTION   E (80)
  HIGHEST WIND SPEED    16   HIGHEST WIND DIRECTION    SW (220)
  HIGHEST GUST SPEED    20   HIGHEST GUST DIRECTION    SW (210)


SKY COVER
  POSSIBLE SUNSHINE  MM
  AVERAGE SKY COVER 0.3


WEATHER CONDITIONS
 THE FOLLOWING WEATHER WAS RECORDED YESTERDAY.
  LIGHT RAIN


RELATIVE HUMIDITY (PERCENT)
 HIGHEST    58
 LOWEST     27
 AVERAGE    43

..........................................................


THE PASCO WA CLIMATE NORMALS FOR TODAY
                         NORMAL    RECORD    YEAR
 MAXIMUM TEMPERATURE (F)   93       112      2006
 MINIMUM TEMPERATURE (F)   57        48      2011


SUNRISE AND SUNSET
JULY 23 2014..........SUNRISE   528 AM PDT   SUNSET   837 PM PDT
JULY 24 2014..........SUNRISE   529 AM PDT   SUNSET   836 PM PDT


-  INDICATES NEGATIVE NUMBERS.
R  INDICATES RECORD WAS SET OR TIED.
MM INDICATES DATA IS MISSING.
T  INDICATES TRACE AMOUNT.




$$
