000
CDUS46 KPDT 020832
CLIPSC

CLIMATE REPORT
NATIONAL WEATHER SERVICE PENDLETON OR
130 AM PDT THU OCT 2 2014


...................................

...THE PASCO WA CLIMATE SUMMARY FOR OCTOBER 1 2014...

CLIMATE NORMAL PERIOD 1981 TO 2010
CLIMATE RECORD PERIOD 1948 TO 2014


WEATHER ITEM   OBSERVED TIME   RECORD YEAR NORMAL DEPARTURE LAST
                VALUE   (LST)  VALUE       VALUE  FROM      YEAR
                                                  NORMAL
..................................................................
TEMPERATURE (F)
 YESTERDAY
  MAXIMUM         72    226 PM  88    1991  73     -1       61
  MINIMUM         38    548 AM  31    2002  42     -4       45
  AVERAGE         55                        58     -3       53

PRECIPITATION (IN)
  YESTERDAY        0.00          0.39 1951   0.02  -0.02     0.01
  MONTH TO DATE    0.00                      0.02  -0.02     0.01
  SINCE OCT 1      0.00                      0.02  -0.02     0.01
  SINCE JAN 1      3.11                      5.90  -2.79     4.32

SNOWFALL (IN)
  YESTERDAY        0.0
  SNOW DEPTH       0

DEGREE DAYS
 HEATING
  YESTERDAY       10                         8      2       12
  MONTH TO DATE   10                         8      2       12
  SINCE SEP 1     52                       107    -55       80
  SINCE JUL 1     52                       119    -67       80

 COOLING
  YESTERDAY        0                         0      0        0
  MONTH TO DATE    0                         0      0        0
  SINCE SEP 1     62                        52     10      133
  SINCE JAN 1    980                       709    271      995
..................................................................


WIND (MPH)
  RESULTANT WIND SPEED   5   RESULTANT WIND DIRECTION  SW (220)
  HIGHEST WIND SPEED    18   HIGHEST WIND DIRECTION    SW (230)
  HIGHEST GUST SPEED    22   HIGHEST GUST DIRECTION    SW (230)


SKY COVER
  POSSIBLE SUNSHINE  MM
  AVERAGE SKY COVER 0.1


WEATHER CONDITIONS
 THE FOLLOWING WEATHER WAS RECORDED YESTERDAY.
  NO SIGNIFICANT WEATHER WAS OBSERVED.


RELATIVE HUMIDITY (PERCENT)
 HIGHEST   100
 LOWEST     33
 AVERAGE    67

..........................................................


THE PASCO WA CLIMATE NORMALS FOR TODAY
                         NORMAL    RECORD    YEAR
 MAXIMUM TEMPERATURE (F)   73        85      1991
 MINIMUM TEMPERATURE (F)   41        30      2002


SUNRISE AND SUNSET
OCTOBER  2 2014.......SUNRISE   656 AM PDT   SUNSET   634 PM PDT
OCTOBER  3 2014.......SUNRISE   658 AM PDT   SUNSET   632 PM PDT


-  INDICATES NEGATIVE NUMBERS.
R  INDICATES RECORD WAS SET OR TIED.
MM INDICATES DATA IS MISSING.
T  INDICATES TRACE AMOUNT.




$$
