000
CDUS46 KPDT 110841 RRA
CLIPSC

CLIMATE REPORT
NATIONAL WEATHER SERVICE PENDLETON OR
1241 AM PST THU FEB 11 2016


...................................

...THE PASCO WA CLIMATE SUMMARY FOR FEBRUARY 10 2016...

CLIMATE NORMAL PERIOD 1981 TO 2010
CLIMATE RECORD PERIOD 1948 TO 2016


WEATHER ITEM   OBSERVED TIME   RECORD YEAR NORMAL DEPARTURE LAST
                VALUE   (LST)  VALUE       VALUE  FROM      YEAR
                                                  NORMAL
..................................................................
TEMPERATURE (F)
 YESTERDAY
  MAXIMUM         49    438 PM  61    2015  47      2       61
  MINIMUM         26    613 AM  18    2001  29     -3       38
  AVERAGE         38                        38      0       50

PRECIPITATION (IN)
  YESTERDAY        0.00          0.36 1961   0.03  -0.03     0.01
  MONTH TO DATE    0.04                      0.33  -0.29     0.53
  SINCE OCT 1      3.99                      4.50  -0.51     3.59
  SINCE JAN 1      1.23                      1.55  -0.32     1.22

SNOWFALL (IN)
  YESTERDAY        0.0
  SNOW DEPTH       0

DEGREE DAYS
 HEATING
  YESTERDAY       27                        27      0       15
  MONTH TO DATE  271                       276     -5      201
  SINCE DEC 1   2070                      2198   -128     1983
  SINCE JUL 1   3172                      3427   -255     3048

 COOLING
  YESTERDAY        0                         0      0        0
  MONTH TO DATE    0                         0      0        0
  SINCE DEC 1      0                         0      0        0
  SINCE JAN 1      0                         0      0        0
..................................................................


WIND (MPH)
  RESULTANT WIND SPEED   1   RESULTANT WIND DIRECTION  NE (30)
  HIGHEST WIND SPEED     9   HIGHEST WIND DIRECTION     S (200)
  HIGHEST GUST SPEED    10   HIGHEST GUST DIRECTION     S (200)


SKY COVER
  POSSIBLE SUNSHINE  MM
  AVERAGE SKY COVER 0.0


WEATHER CONDITIONS
 THE FOLLOWING WEATHER WAS RECORDED YESTERDAY.
  FOG


RELATIVE HUMIDITY (PERCENT)
 HIGHEST    92
 LOWEST     65
 AVERAGE    79

..........................................................


THE PASCO WA CLIMATE NORMALS FOR TODAY
                         NORMAL    RECORD    YEAR
 MAXIMUM TEMPERATURE (F)   48        58      1998
 MINIMUM TEMPERATURE (F)   29        18      2006


SUNRISE AND SUNSET
FEBRUARY 11 2016......SUNRISE   706 AM PST   SUNSET   516 PM PST
FEBRUARY 12 2016......SUNRISE   705 AM PST   SUNSET   517 PM PST


-  INDICATES NEGATIVE NUMBERS.
R  INDICATES RECORD WAS SET OR TIED.
MM INDICATES DATA IS MISSING.
T  INDICATES TRACE AMOUNT.




$$
