000
CDUS46 KPDT 230903 RRB
CLIPSC

CLIMATE REPORT
NATIONAL WEATHER SERVICE PENDLETON OR
201 AM PDT FRI JUN 23 2017


...................................

...THE PASCO WA CLIMATE SUMMARY FOR JUNE 22 2017...

CLIMATE NORMAL PERIOD 1981 TO 2010
CLIMATE RECORD PERIOD 1948 TO 2017


WEATHER ITEM   OBSERVED TIME   RECORD YEAR NORMAL DEPARTURE LAST
                VALUE   (LST)  VALUE       VALUE  FROM      YEAR
                                                  NORMAL
..................................................................
TEMPERATURE (F)
 YESTERDAY
  MAXIMUM         84    434 PM 106    1958  85     -1       89
  MINIMUM         50    441 AM  38    1914  53     -3       50
  AVERAGE         67                        69     -2       70

PRECIPITATION (IN)
  YESTERDAY        0.00          0.36 1937   0.02  -0.02     0.00
  MONTH TO DATE    0.20                      0.58  -0.38     0.46
  SINCE OCT 1      9.64                      7.78   1.86     7.77
  SINCE JAN 1      5.87                      4.83   1.04     5.01

SNOWFALL (IN)
  YESTERDAY        0.0
  SNOW DEPTH       0

DEGREE DAYS
 HEATING
  YESTERDAY        0                         1     -1        0
  MONTH TO DATE   26                        30     -4       30
  SINCE JUN 1     26                        30     -4       30
  SINCE JUL 1   5408                      5020    388     4344

 COOLING
  YESTERDAY        2                         4     -2        5
  MONTH TO DATE   72                        67      5       94
  SINCE JUN 1     72                        67      5       94
  SINCE JAN 1    121                       100     21      127
..................................................................


WIND (MPH)
  RESULTANT WIND SPEED   4   RESULTANT WIND DIRECTION   N (350)
  HIGHEST WIND SPEED    18   HIGHEST WIND DIRECTION    NW (330)
  HIGHEST GUST SPEED    30   HIGHEST GUST DIRECTION    NW (300)


SKY COVER
  POSSIBLE SUNSHINE  MM
  AVERAGE SKY COVER 0.0


WEATHER CONDITIONS
 THE FOLLOWING WEATHER WAS RECORDED YESTERDAY.
  NO SIGNIFICANT WEATHER WAS OBSERVED.


RELATIVE HUMIDITY (PERCENT)
 HIGHEST    77
 LOWEST     18
 AVERAGE    48

..........................................................


THE PASCO WA CLIMATE NORMALS FOR TODAY
                         NORMAL    RECORD    YEAR
 MAXIMUM TEMPERATURE (F)   85       104      1912
 MINIMUM TEMPERATURE (F)   53        41      2009


SUNRISE AND SUNSET
JUNE 23 2017..........SUNRISE   505 AM PDT   SUNSET   852 PM PDT
JUNE 24 2017..........SUNRISE   505 AM PDT   SUNSET   852 PM PDT


-  INDICATES NEGATIVE NUMBERS.
R  INDICATES RECORD WAS SET OR TIED.
MM INDICATES DATA IS MISSING.
T  INDICATES TRACE AMOUNT.




$$
