041
CDUS46 KPDT 180830
CLIPSC

CLIMATE REPORT
NATIONAL WEATHER SERVICE PENDLETON OR
127 AM PDT FRI AUG 18 2017


...................................

...THE PASCO WA CLIMATE SUMMARY FOR AUGUST 17 2017...

CLIMATE NORMAL PERIOD 1981 TO 2010
CLIMATE RECORD PERIOD 1948 TO 2017


WEATHER ITEM   OBSERVED TIME   RECORD YEAR NORMAL DEPARTURE LAST
                VALUE   (LST)  VALUE       VALUE  FROM      YEAR
                                                  NORMAL
..................................................................
TEMPERATURE (F)
 YESTERDAY
  MAXIMUM         92    348 PM 110    1977  90      2       97
  MINIMUM         55    507 AM  45    1969  56     -1       57
                                      1910
  AVERAGE         74                        73      1       77

PRECIPITATION (IN)
  YESTERDAY        0.00          0.55 1993   0.01  -0.01     0.00
  MONTH TO DATE    0.05                      0.12  -0.07     0.04
  SINCE OCT 1      9.99                      8.28   1.71     8.14
  SINCE JAN 1      6.22                      5.33   0.89     5.38

SNOWFALL (IN)
  YESTERDAY        0.0
  SNOW DEPTH       0

DEGREE DAYS
 HEATING
  YESTERDAY        0                         0      0        0
  MONTH TO DATE    0                         0      0        0
  SINCE JUN 1     26                        37    -11       30
  SINCE JUL 1      0                         5     -5        0

 COOLING
  YESTERDAY        9                         8      1       12
  MONTH TO DATE  223                       159     64      160
  SINCE JUN 1    734                       536    198      612
  SINCE JAN 1    783                       569    214      645
..................................................................


WIND (MPH)
  RESULTANT WIND SPEED   3   RESULTANT WIND DIRECTION  SE (120)
  HIGHEST WIND SPEED    13   HIGHEST WIND DIRECTION    NW (320)
  HIGHEST GUST SPEED    16   HIGHEST GUST DIRECTION     S (160)


SKY COVER
  POSSIBLE SUNSHINE  MM
  AVERAGE SKY COVER 0.0


WEATHER CONDITIONS
 THE FOLLOWING WEATHER WAS RECORDED YESTERDAY.
  NO SIGNIFICANT WEATHER WAS OBSERVED.


RELATIVE HUMIDITY (PERCENT)
 HIGHEST    86
 LOWEST     24
 AVERAGE    55

..........................................................


THE PASCO WA CLIMATE NORMALS FOR TODAY
                         NORMAL    RECORD    YEAR
 MAXIMUM TEMPERATURE (F)   90       106      1897
 MINIMUM TEMPERATURE (F)   56        44      1915


SUNRISE AND SUNSET
AUGUST 18 2017........SUNRISE   600 AM PDT   SUNSET   800 PM PDT
AUGUST 19 2017........SUNRISE   601 AM PDT   SUNSET   758 PM PDT


-  INDICATES NEGATIVE NUMBERS.
R  INDICATES RECORD WAS SET OR TIED.
MM INDICATES DATA IS MISSING.
T  INDICATES TRACE AMOUNT.

$$
