000
CDUS46 KPDT 020035
CLIPSC

CLIMATE REPORT
NATIONAL WEATHER SERVICE PENDLETON OR
529 PM PDT WED JUL 1 2015


...................................

...THE PASCO WA CLIMATE SUMMARY FOR JULY 1 2015...
VALID TODAY AS OF 0500 PM LOCAL TIME.

CLIMATE NORMAL PERIOD 1981 TO 2010
CLIMATE RECORD PERIOD 1948 TO 2015


WEATHER ITEM   OBSERVED TIME   RECORD YEAR NORMAL DEPARTURE LAST
                VALUE   (LST)  VALUE       VALUE  FROM      YEAR
                                                  NORMAL
..................................................................
TEMPERATURE (F)
 TODAY
  MAXIMUM        100    359 PM 107    2013  88     12       98
  MINIMUM         65    454 AM  44    2011  53     12       50
  AVERAGE         83                        71     12       74

PRECIPITATION (IN)
  TODAY            0.00          0.43 1955   0.02  -0.02     0.00
  MONTH TO DATE    0.00                      0.02  -0.02     0.00
  SINCE OCT 1      5.57                      7.90  -2.33     3.14
  SINCE JAN 1      3.20                      4.95  -1.75     2.56

SNOWFALL (IN)
  TODAY            0.0
  SNOW DEPTH       0

DEGREE DAYS
 HEATING
  TODAY            0                         1     -1        0
  MONTH TO DATE    0                         1     -1        0
  SINCE JUN 1      1                        33    -32       18
  SINCE JUL 1      0                         1     -1        0

 COOLING
  TODAY           18                         6     12        9
  MONTH TO DATE   18                         6     12        9
  SINCE JUN 1    334                       115    219      120
  SINCE JAN 1    416                       148    268      154
..................................................................


WIND (MPH)
  RESULTANT WIND SPEED   4   RESULTANT WIND DIRECTION   N (0)
  HIGHEST WIND SPEED    12   HIGHEST WIND DIRECTION     N (10)
  HIGHEST GUST SPEED    16   HIGHEST GUST DIRECTION     N (20)


SKY COVER
  POSSIBLE SUNSHINE  MM
  AVERAGE SKY COVER 0.0


WEATHER CONDITIONS
 THE FOLLOWING WEATHER WAS RECORDED TODAY.
  HAZE


RELATIVE HUMIDITY (PERCENT)
 HIGHEST    87
 LOWEST     17
 AVERAGE    52

..........................................................


THE PASCO WA CLIMATE NORMALS FOR TOMORROW
                         NORMAL    RECORD    YEAR
 MAXIMUM TEMPERATURE (F)   88       107      2013
 MINIMUM TEMPERATURE (F)   54        45      2002


SUNRISE AND SUNSET
JULY  1 2015..........SUNRISE   508 AM PDT   SUNSET   852 PM PDT
JULY  2 2015..........SUNRISE   509 AM PDT   SUNSET   852 PM PDT


-  INDICATES NEGATIVE NUMBERS.
R  INDICATES RECORD WAS SET OR TIED.
MM INDICATES DATA IS MISSING.
T  INDICATES TRACE AMOUNT.




$$
