000
CDUS46 KPDT 160838
CLIPSC

CLIMATE REPORT
NATIONAL WEATHER SERVICE PENDLETON OR
125 AM PDT WED APR 16 2014


...................................

...THE PASCO WA CLIMATE SUMMARY FOR APRIL 15 2014...

CLIMATE NORMAL PERIOD 1981 TO 2010
CLIMATE RECORD PERIOD 1948 TO 2014


WEATHER ITEM   OBSERVED TIME   RECORD YEAR NORMAL DEPARTURE LAST
                VALUE   (LST)  VALUE       VALUE  FROM      YEAR
                                                  NORMAL
..................................................................
TEMPERATURE (F)
 YESTERDAY
  MAXIMUM         69    157 PM  80    1990  67      2       56
  MINIMUM         50   1056 PM  28    1999  38     12       30
  AVERAGE         60                        53      7       43

PRECIPITATION (IN)
  YESTERDAY        0.00          0.12 2011   0.02  -0.02     0.09
  MONTH TO DATE    0.02                      0.35  -0.33     0.44
  SINCE OCT 1      2.34                      6.17  -3.83     4.51
  SINCE JAN 1      1.76                      3.22  -1.46     1.15

SNOWFALL (IN)
  YESTERDAY        0.0
  SNOW DEPTH       0

DEGREE DAYS
 HEATING
  YESTERDAY        5                        12     -7       22
  MONTH TO DATE  152                       201    -49      189
  SINCE MAR 1    711                       779    -68      754
  SINCE JUL 1   4940                      4662    278     4372

 COOLING
  YESTERDAY        0                         0      0        0
  MONTH TO DATE    0                         0      0        0
  SINCE MAR 1      0                         0      0        0
  SINCE JAN 1      0                         0      0        0
..................................................................


WIND (MPH)
  RESULTANT WIND SPEED  11   RESULTANT WIND DIRECTION   W (280)
  HIGHEST WIND SPEED    25   HIGHEST WIND DIRECTION     W (260)
  HIGHEST GUST SPEED    31   HIGHEST GUST DIRECTION     W (260)


SKY COVER
  POSSIBLE SUNSHINE  MM
  AVERAGE SKY COVER 0.2


WEATHER CONDITIONS
 THE FOLLOWING WEATHER WAS RECORDED YESTERDAY.
  NO SIGNIFICANT WEATHER WAS OBSERVED.


RELATIVE HUMIDITY (PERCENT)
 HIGHEST    61
 LOWEST     16
 AVERAGE    39

..........................................................


THE PASCO WA CLIMATE NORMALS FOR TODAY
                         NORMAL    RECORD    YEAR
 MAXIMUM TEMPERATURE (F)   67        80      1990
 MINIMUM TEMPERATURE (F)   38        29      2013


SUNRISE AND SUNSET
APRIL 16 2014.........SUNRISE   608 AM PDT   SUNSET   745 PM PDT
APRIL 17 2014.........SUNRISE   606 AM PDT   SUNSET   747 PM PDT


-  INDICATES NEGATIVE NUMBERS.
R  INDICATES RECORD WAS SET OR TIED.
MM INDICATES DATA IS MISSING.
T  INDICATES TRACE AMOUNT.




$$
