000
CDUS46 KPDT 280929
CLIPSC

CLIMATE REPORT
NATIONAL WEATHER SERVICE PENDLETON OR
223 AM PDT THU AUG 28 2014


...................................

...THE PASCO WA CLIMATE SUMMARY FOR AUGUST 27 2014...

CLIMATE NORMAL PERIOD 1981 TO 2010
CLIMATE RECORD PERIOD 1948 TO 2014


WEATHER ITEM   OBSERVED TIME   RECORD YEAR NORMAL DEPARTURE LAST
                VALUE   (LST)  VALUE       VALUE  FROM      YEAR
                                                  NORMAL
..................................................................
TEMPERATURE (F)
 YESTERDAY
  MAXIMUM         99    411 PM 100    1999  87     12       88
  MINIMUM         55    520 AM  45    2007  53      2       55
  AVERAGE         77                        70      7       72

PRECIPITATION (IN)
  YESTERDAY        0.00          0.26 1953   0.01  -0.01     0.00
  MONTH TO DATE    0.47                      0.22   0.25     0.35
  SINCE OCT 1      3.64                      8.38  -4.74     6.65
  SINCE JAN 1      3.06                      5.43  -2.37     3.29

SNOWFALL (IN)
  YESTERDAY        0.0
  SNOW DEPTH       0

DEGREE DAYS
 HEATING
  YESTERDAY        0                         1     -1        0
  MONTH TO DATE    0                         2     -2        0
  SINCE JUN 1     18                        39    -21       19
  SINCE JUL 1      0                         7     -7        0

 COOLING
  YESTERDAY       12                         6      6        7
  MONTH TO DATE  311                       226     85      283
  SINCE JUN 1    858                       603    255      778
  SINCE JAN 1    892                       636    256      824
..................................................................


WIND (MPH)
  RESULTANT WIND SPEED   2   RESULTANT WIND DIRECTION   W (260)
  HIGHEST WIND SPEED    16   HIGHEST WIND DIRECTION    NW (310)
  HIGHEST GUST SPEED    21   HIGHEST GUST DIRECTION    NW (310)


SKY COVER
  POSSIBLE SUNSHINE  MM
  AVERAGE SKY COVER 0.0


WEATHER CONDITIONS
THE FOLLOWING WEATHER WAS RECORDED YESTERDAY.
  NO SIGNIFICANT WEATHER WAS OBSERVED.


RELATIVE HUMIDITY (PERCENT)
 HIGHEST    93
 LOWEST     20
 AVERAGE    57

..........................................................


THE PASCO WA CLIMATE NORMALS FOR TODAY
                         NORMAL    RECORD    YEAR
 MAXIMUM TEMPERATURE (F)   87       103      1999
 MINIMUM TEMPERATURE (F)   53        44      2007


SUNRISE AND SUNSET
AUGUST 28 2014........SUNRISE   612 AM PDT   SUNSET   742 PM PDT
AUGUST 29 2014........SUNRISE   613 AM PDT   SUNSET   741 PM PDT


-  INDICATES NEGATIVE NUMBERS.
R  INDICATES RECORD WAS SET OR TIED.
MM INDICATES DATA IS MISSING.
T  INDICATES TRACE AMOUNT.




$$
