000
CDUS46 KPDT 240842
CLIPSC

CLIMATE REPORT
NATIONAL WEATHER SERVICE PENDLETON OR
1238 AM PST TUE JAN 24 2017


...................................

...THE PASCO WA CLIMATE SUMMARY FOR JANUARY 23 2017...

CLIMATE NORMAL PERIOD 1981 TO 2010
CLIMATE RECORD PERIOD 1948 TO 2017


WEATHER ITEM   OBSERVED TIME   RECORD YEAR NORMAL DEPARTURE LAST
                VALUE   (LST)  VALUE       VALUE  FROM      YEAR
                                                  NORMAL
..................................................................
TEMPERATURE (F)
 YESTERDAY
  MAXIMUM         35    655 PM  60    2011  43     -8       49
  MINIMUM         24   1200 AM   7    2008  29     -5       33
  AVERAGE         30                        36     -6       41

PRECIPITATION (IN)
  YESTERDAY        0.00          0.65 1970   0.03  -0.03     0.09
  MONTH TO DATE    0.89                      0.99  -0.10     1.04
  SINCE OCT 1      4.66                      3.94   0.72     3.80
  SINCE JAN 1      0.89                      0.99  -0.10     1.04

SNOWFALL (IN)
  YESTERDAY        0.0
  SNOW DEPTH       0

DEGREE DAYS
 HEATING
  YESTERDAY       35                        29      6       24
  MONTH TO DATE 1069                       706    363      716
  SINCE DEC 1   2210                      1693    517     1599
  SINCE JUL 1   3156                      2922    234     2701

 COOLING
  YESTERDAY        0                         0      0        0
  MONTH TO DATE    0                         0      0        0
  SINCE DEC 1      0                         0      0        0
  SINCE JAN 1      0                         0      0        0
..................................................................


WIND (MPH)
  RESULTANT WIND SPEED   4   RESULTANT WIND DIRECTION   W (290)
  HIGHEST WIND SPEED    14   HIGHEST WIND DIRECTION    NW (320)
  HIGHEST GUST SPEED    15   HIGHEST GUST DIRECTION    NW (320)


SKY COVER
  POSSIBLE SUNSHINE  MM
  AVERAGE SKY COVER 1.0


WEATHER CONDITIONS
 THE FOLLOWING WEATHER WAS RECORDED YESTERDAY.
  FOG
  FOG W/VISIBILITY <= 1/4 MILE


RELATIVE HUMIDITY (PERCENT)
 HIGHEST   100
 LOWEST     89
 AVERAGE    95

..........................................................


THE PASCO WA CLIMATE NORMALS FOR TODAY
                         NORMAL    RECORD    YEAR
 MAXIMUM TEMPERATURE (F)   43        58      1992
 MINIMUM TEMPERATURE (F)   29         4      2008


SUNRISE AND SUNSET
JANUARY 24 2017.......SUNRISE   728 AM PST   SUNSET   450 PM PST
JANUARY 25 2017.......SUNRISE   727 AM PST   SUNSET   451 PM PST


-  INDICATES NEGATIVE NUMBERS.
R  INDICATES RECORD WAS SET OR TIED.
MM INDICATES DATA IS MISSING.
T  INDICATES TRACE AMOUNT.




$$
