130
CDUS46 KPDT 200904
CLIPSC

CLIMATE REPORT
NATIONAL WEATHER SERVICE PENDLETON OR
104 AM PST SAT JAN 20 2018


...................................

...THE PASCO WA CLIMATE SUMMARY FOR JANUARY 19 2018...

CLIMATE NORMAL PERIOD 1981 TO 2010
CLIMATE RECORD PERIOD 1948 TO 2018


WEATHER ITEM   OBSERVED TIME   RECORD YEAR NORMAL DEPARTURE LAST
                VALUE   (LST)  VALUE       VALUE  FROM      YEAR
                                                  NORMAL
..................................................................
TEMPERATURE (F)
 YESTERDAY
  MAXIMUM         51    309 PM  62    1968  42      9       41
  MINIMUM         34    516 AM -16    1916  29      5       19
  AVERAGE         43                        35      8       30

PRECIPITATION (IN)
  YESTERDAY        0.00          0.40 1897   0.03  -0.03     0.00
  MONTH TO DATE    0.86                      0.86   0.00     0.87
  SINCE OCT 1      3.58                      3.81  -0.23     4.64
  SINCE JAN 1      0.86                      0.86   0.00     0.87

SNOWFALL (IN)
  YESTERDAY        0.0
  SNOW DEPTH       0

DEGREE DAYS
 HEATING
  YESTERDAY       22                        30     -8       35
  MONTH TO DATE  538                       590    -52      928
  SINCE DEC 1   1557                      1577    -20     2069
  SINCE JUL 1   2725                      2806    -81     3015

 COOLING
  YESTERDAY        0                         0      0        0
  MONTH TO DATE    0                         0      0        0
  SINCE DEC 1      0                         0      0        0
  SINCE JAN 1      0                         0      0        0
..................................................................


WIND (MPH)
  RESULTANT WIND SPEED   9   RESULTANT WIND DIRECTION  SW (220)
  HIGHEST WIND SPEED    21   HIGHEST WIND DIRECTION    SW (230)
  HIGHEST GUST SPEED    25   HIGHEST GUST DIRECTION    SW (220)


SKY COVER
  POSSIBLE SUNSHINE  MM
  AVERAGE SKY COVER 0.2


WEATHER CONDITIONS
 THE FOLLOWING WEATHER WAS RECORDED YESTERDAY.
  NO SIGNIFICANT WEATHER WAS OBSERVED.


RELATIVE HUMIDITY (PERCENT)
 HIGHEST    82
 LOWEST     50
 AVERAGE    66

..........................................................


THE PASCO WA CLIMATE NORMALS FOR TODAY
                         NORMAL    RECORD    YEAR
 MAXIMUM TEMPERATURE (F)   42        66      1968
 MINIMUM TEMPERATURE (F)   29       -24      1930


SUNRISE AND SUNSET
JANUARY 20 2018.......SUNRISE   732 AM PST   SUNSET   444 PM PST
JANUARY 21 2018.......SUNRISE   731 AM PST   SUNSET   445 PM PST


-  INDICATES NEGATIVE NUMBERS.
R  INDICATES RECORD WAS SET OR TIED.
MM INDICATES DATA IS MISSING.
T  INDICATES TRACE AMOUNT.

$$
