000
CDUS46 KPDT 050851
CLIPSC

CLIMATE REPORT
NATIONAL WEATHER SERVICE PENDLETON OR
151 AM PDT THU MAY 5 2016


...................................

...THE PASCO WA CLIMATE SUMMARY FOR MAY 4 2016...

CLIMATE NORMAL PERIOD 1981 TO 2010
CLIMATE RECORD PERIOD 1948 TO 2016


WEATHER ITEM   OBSERVED TIME   RECORD YEAR NORMAL DEPARTURE LAST
                VALUE   (LST)  VALUE       VALUE  FROM      YEAR
                                                  NORMAL
..................................................................
TEMPERATURE (F)
 YESTERDAY
  MAXIMUM         82    504 PM  91    1992  73      9       84
  MINIMUM         59   1153 PM  30    2011  42     17       36
  AVERAGE         71                        57     14       60

PRECIPITATION (IN)
  YESTERDAY        0.23          0.32 1993   0.02   0.21     0.00
  MONTH TO DATE    0.23                      0.07   0.16     0.00
  SINCE OCT 1      6.02                      6.54  -0.52     4.29
  SINCE JAN 1      3.26                      3.59  -0.33     1.92

SNOWFALL (IN)
  YESTERDAY        0.0
  SNOW DEPTH       0

DEGREE DAYS
 HEATING
  YESTERDAY        0                         8     -8        5
  MONTH TO DATE    6                        34    -28       23
  SINCE MAR 1    727                       975   -248      851
  SINCE JUL 1   4245                      4858   -613     4307

 COOLING
  YESTERDAY        6                         0      6        0
  MONTH TO DATE    8                         0      8        0
  SINCE MAR 1     12                         1     11        0
  SINCE JAN 1     12                         1     11        0
..................................................................


WIND (MPH)
  RESULTANT WIND SPEED   0   RESULTANT WIND DIRECTION   W (270)
  HIGHEST WIND SPEED    24   HIGHEST WIND DIRECTION     S (190)
  HIGHEST GUST SPEED    33   HIGHEST GUST DIRECTION    SW (210)


SKY COVER
  POSSIBLE SUNSHINE  MM
  AVERAGE SKY COVER 0.3


WEATHER CONDITIONS
 THE FOLLOWING WEATHER WAS RECORDED YESTERDAY.
  THUNDERSTORM
  HEAVY RAIN
  RAIN
  LIGHT RAIN


RELATIVE HUMIDITY (PERCENT)
 HIGHEST    84
 LOWEST     30
 AVERAGE    57

..........................................................


THE PASCO WA CLIMATE NORMALS FOR TODAY
                         NORMAL    RECORD    YEAR
 MAXIMUM TEMPERATURE (F)   73        97      1992
 MINIMUM TEMPERATURE (F)   42        30      2010


SUNRISE AND SUNSET
MAY  5 2016...........SUNRISE   536 AM PDT   SUNSET   811 PM PDT
MAY  6 2016...........SUNRISE   534 AM PDT   SUNSET   812 PM PDT


-  INDICATES NEGATIVE NUMBERS.
R  INDICATES RECORD WAS SET OR TIED.
MM INDICATES DATA IS MISSING.
T  INDICATES TRACE AMOUNT.




$$
