000
CDUS41 KALY 222040
CLIPSF


CLIMATE REPORT
NATIONAL WEATHER SERVICE ALBANY NY
439 PM EDT SUN OCT 22 2017


...................................

...THE PITTSFIELD MA CLIMATE SUMMARY FOR OCTOBER 22 2017...
VALID TODAY AS OF 0400 PM LOCAL TIME.

CLIMATE NORMAL PERIOD 1981 TO 2010
CLIMATE RECORD PERIOD 9999 TO 9999


WEATHER ITEM   OBSERVED TIME   NORMAL DEPARTURE LAST
                VALUE   (LST)  VALUE  FROM      YEAR
                                      NORMAL
......................................................
TEMPERATURE (F)
 TODAY
  MAXIMUM         73    101 PM  56     17       50
  MINIMUM         39    621 AM  35      4       34
  AVERAGE         56            46     10       42

PRECIPITATION (IN)
  TODAY            0.00          0.16  -0.16     1.72
  MONTH TO DATE    1.27          3.69  -2.42     2.96
  SINCE SEP 1      4.05          7.65  -3.60     4.83
  SINCE JAN 1     34.84         37.43  -2.59    28.20

DEGREE DAYS
 HEATING
  TODAY            9            19    -10       23
  MONTH TO DATE  214           355   -141      266
  SINCE SEP 1    350           569   -219      394
  SINCE JUL 1    436           647   -211      418

 COOLING
  TODAY            0             0      0        0
  MONTH TO DATE    6             0      6        1
  SINCE SEP 1     79            19     60       51
  SINCE JAN 1    349           289     60      432
......................................................


WIND (MPH)
  HIGHEST WIND SPEED    12   HIGHEST WIND DIRECTION     S (170)
  HIGHEST GUST SPEED    15   HIGHEST GUST DIRECTION     S (180)
  AVERAGE WIND SPEED     1.1


SKY COVER
  AVERAGE SKY COVER 0.0



RELATIVE HUMIDITY (PERCENT)
 HIGHEST    93
 LOWEST     31
 AVERAGE    62

..........................................................


THE PITTSFIELD MA CLIMATE NORMALS FOR TOMORROW
                         NORMAL
 MAXIMUM TEMPERATURE (F)   56
 MINIMUM TEMPERATURE (F)   35


SUNRISE AND SUNSET
OCTOBER 22 2017.......SUNRISE   715 AM EDT   SUNSET   600 PM EDT
OCTOBER 23 2017.......SUNRISE   716 AM EDT   SUNSET   558 PM EDT


-  INDICATES NEGATIVE NUMBERS.
R  INDICATES RECORD WAS SET OR TIED.
MM INDICATES DATA IS MISSING.
T  INDICATES TRACE AMOUNT.




$$
