557
CDUS41 KALY 040624
CLIPSF


CLIMATE REPORT
NATIONAL WEATHER SERVICE ALBANY NY
224 AM EDT WED MAY 4 2016


...................................

...THE PITTSFIELD MA CLIMATE SUMMARY FOR MAY 3 2016...

CLIMATE NORMAL PERIOD 1981 TO 2010
CLIMATE RECORD PERIOD 9999 TO 9999


WEATHER ITEM   OBSERVED TIME   NORMAL DEPARTURE LAST
                VALUE   (LST)  VALUE  FROM      YEAR
                                      NORMAL
......................................................
TEMPERATURE (F)
 YESTERDAY
  MAXIMUM         52    419 PM  62    -10       75
  MINIMUM         45    602 AM  40      5       41
  AVERAGE         49            51     -2       58

PRECIPITATION (IN)
  YESTERDAY        0.20          0.11   0.09     0.00
  MONTH TO DATE    0.83          0.32   0.51     0.00
  SINCE MAR 1      5.58          7.55  -1.97     4.47
  SINCE JAN 1     10.95         13.15  -2.20     9.56

DEGREE DAYS
 HEATING
  YESTERDAY       16            14      2        7
  MONTH TO DATE   57            44     13       34
  SINCE MAR 1   1506          1699   -193     1863
  SINCE JUL 1   5873          7079  -1206     7526

 COOLING
  YESTERDAY        0             0      0        0
  MONTH TO DATE    0             0      0        0
  SINCE MAR 1      0             2     -2        0
  SINCE JAN 1      0             2     -2        0
......................................................


WIND (MPH)
  HIGHEST WIND SPEED    10   HIGHEST WIND DIRECTION     W (270)
  HIGHEST GUST SPEED    12   HIGHEST GUST DIRECTION     W (250)
  AVERAGE WIND SPEED     1.8


SKY COVER
  AVERAGE SKY COVER 1.0



RELATIVE HUMIDITY (PERCENT)
 HIGHEST   100
 LOWEST     77
 AVERAGE    89

..........................................................


THE PITTSFIELD MA CLIMATE NORMALS FOR TODAY
                         NORMAL
 MAXIMUM TEMPERATURE (F)   63
 MINIMUM TEMPERATURE (F)   40


SUNRISE AND SUNSET
MAY  4 2016...........SUNRISE   544 AM EDT   SUNSET   757 PM EDT
MAY  5 2016...........SUNRISE   542 AM EDT   SUNSET   758 PM EDT


-  INDICATES NEGATIVE NUMBERS.
R  INDICATES RECORD WAS SET OR TIED.
MM INDICATES DATA IS MISSING.
T  INDICATES TRACE AMOUNT.




$$
