000
CDUS41 KALY 200700
CLIPSF


CLIMATE REPORT
NATIONAL WEATHER SERVICE ALBANY NY
156 AM EST SAT JAN 20 2018


...................................

...THE PITTSFIELD MA CLIMATE SUMMARY FOR JANUARY 19 2018...

CLIMATE NORMAL PERIOD 1981 TO 2010
CLIMATE RECORD PERIOD 9999 TO 9999


WEATHER ITEM   OBSERVED TIME   NORMAL DEPARTURE LAST
                VALUE   (LST)  VALUE  FROM      YEAR
                                      NORMAL
......................................................
TEMPERATURE (F)
 YESTERDAY
  MAXIMUM         29    258 PM  29      0       40
  MINIMUM         12    839 AM  11      1       32
  AVERAGE         21            20      1       36

PRECIPITATION (IN)
  YESTERDAY        0.00          0.08  -0.08     0.00
  MONTH TO DATE    3.41          1.93   1.48     1.92
  SINCE DEC 1      5.56          4.93   0.63     4.94
  SINCE JAN 1      3.41          1.93   1.48     1.92

DEGREE DAYS
 HEATING
  YESTERDAY       44            45     -1       29
  MONTH TO DATE  887           848     39      742
  SINCE DEC 1   2149          2035    114     1920
  SINCE JUL 1   3474          3686   -212     3327

 COOLING
  YESTERDAY        0             0      0        0
  MONTH TO DATE    0             0      0        0
  SINCE DEC 1      0             0      0        0
  SINCE JAN 1      0             0      0        0
......................................................


WIND (MPH)
  HIGHEST WIND SPEED    15   HIGHEST WIND DIRECTION     W (270)
  HIGHEST GUST SPEED    22   HIGHEST GUST DIRECTION     W (270)
  AVERAGE WIND SPEED     5.6


SKY COVER
  AVERAGE SKY COVER 0.5



RELATIVE HUMIDITY (PERCENT)
 HIGHEST    92
 LOWEST     55
 AVERAGE    74

..........................................................


THE PITTSFIELD MA CLIMATE NORMALS FOR TODAY
                         NORMAL
 MAXIMUM TEMPERATURE (F)   29
 MINIMUM TEMPERATURE (F)   11


SUNRISE AND SUNSET
JANUARY 20 2018.......SUNRISE   717 AM EST   SUNSET   452 PM EST
JANUARY 21 2018.......SUNRISE   716 AM EST   SUNSET   453 PM EST


-  INDICATES NEGATIVE NUMBERS.
R  INDICATES RECORD WAS SET OR TIED.
MM INDICATES DATA IS MISSING.
T  INDICATES TRACE AMOUNT.




$$
