297
CDUS46 KSGX 271134
CLIPSP


CLIMATE REPORT
NATIONAL WEATHER SERVICE SAN DIEGO, CA
434 AM PDT TUE JUN 27 2017


...................................

...THE PALM SPRINGS INTL AIRPORT CA CLIMATE SUMMARY FOR JUNE 26 2017...

CLIMATE NORMAL PERIOD 1981 TO 2010
CLIMATE RECORD PERIOD 1893 TO 2017


WEATHER ITEM   OBSERVED TIME   RECORD YEAR NORMAL DEPARTURE LAST
                VALUE   (LST)  VALUE       VALUE  FROM      YEAR
                                                  NORMAL
..................................................................
TEMPERATURE (F)
 YESTERDAY
  MAXIMUM        116    304 PM 121    1957 105     11      109
  MINIMUM         85    331 AM  56    1944  74     11       84
                                      1934
  AVERAGE        101                        89     12       97

PRECIPITATION (IN)
  YESTERDAY        0.00          0.00 2016   0.00   0.00     0.00
                                      2015
                                      2014
  MONTH TO DATE    0.00                      0.05  -0.05     0.00
  SINCE OCT 1      6.97                      4.78   2.19     2.63
  SINCE JAN 1      5.18                      2.93   2.25     2.44

DEGREE DAYS
 HEATING
  YESTERDAY        0                         0      0        0
  MONTH TO DATE    0                         0      0        0
  SINCE JUN 1      0                         0      0        0
  SINCE JUL 1    684                       874   -190      738

 COOLING
  YESTERDAY       36                        24     12       32
  MONTH TO DATE  705                       547    158      671
  SINCE JUN 1    705                       547    158      671
  SINCE JAN 1   1828                      1306    522     1668
..................................................................


WIND (MPH)
  RESULTANT WIND SPEED   4   RESULTANT WIND DIRECTION   N (20)
  HIGHEST WIND SPEED    31   HIGHEST WIND DIRECTION    NW (320)
  HIGHEST GUST SPEED    39   HIGHEST GUST DIRECTION    NW (330)
  AVERAGE WIND SPEED     9.2


SKY COVER
  POSSIBLE SUNSHINE  MM
  AVERAGE SKY COVER 0.0


WEATHER CONDITIONS
 THE FOLLOWING WEATHER WAS RECORDED YESTERDAY.
  HAZE


RELATIVE HUMIDITY (PERCENT)
 HIGHEST    53           700 AM
 LOWEST      4           300 PM
 AVERAGE    29

..........................................................


THE PALM SPRINGS INTL AIRPORT CA CLIMATE NORMALS FOR TODAY
                         NORMAL    RECORD    YEAR
 MAXIMUM TEMPERATURE (F)  105       120      1979
 MINIMUM TEMPERATURE (F)   74        51      1941


SUNRISE AND SUNSET
JUNE 27 2017..........SUNRISE   537 AM PDT   SUNSET   801 PM PDT
JUNE 28 2017..........SUNRISE   538 AM PDT   SUNSET   801 PM PDT


-  INDICATES NEGATIVE NUMBERS.
R  INDICATES RECORD WAS SET OR TIED.
MM INDICATES DATA IS MISSING.
T  INDICATES TRACE AMOUNT.




$$
