000
CDUS46 KSGX 240639
CLIPSP


CLIMATE REPORT
NATIONAL WEATHER SERVICE SAN DIEGO, CA
1138 PM PDT MON MAY 23 2016


...................................

...THE PALM SPRINGS INTL AIRPORT CA CLIMATE SUMMARY FOR MAY 21 2016...

CLIMATE NORMAL PERIOD 1981 TO 2010
CLIMATE RECORD PERIOD 1893 TO 2016


WEATHER ITEM   OBSERVED TIME   RECORD YEAR NORMAL DEPARTURE LAST
                VALUE   (LST)  VALUE       VALUE  FROM      YEAR
                                                  NORMAL
..................................................................
TEMPERATURE (F)
 YESTERDAY
  MAXIMUM         83    250 PM 111    1967  95    -12       81
  MINIMUM         59    447 AM  48    1975  66     -7       64
  AVERAGE         71                        80     -9       73

PRECIPITATION (IN)
  YESTERDAY        0.00          0.04 1933   0.00   0.00     0.00
  MONTH TO DATE    0.02                      0.11  -0.09     0.12
  SINCE OCT 1      2.63                      4.71  -2.08     2.21
  SINCE JAN 1      2.44                      2.86  -0.42     1.34

DEGREE DAYS
 HEATING
  YESTERDAY        0                         0      0        0
  MONTH TO DATE    0                         0      0        6
  SINCE MAR 1     28                        94    -66       36
  SINCE JUL 1    738                       872   -134      407

 COOLING
  YESTERDAY        6                        15     -9        8
  MONTH TO DATE  265                       271     -6      203
  SINCE MAR 1    732                       564    168      794
  SINCE JAN 1    882                       591    291      914
..................................................................


WIND (MPH)
  RESULTANT WIND SPEED  10   RESULTANT WIND DIRECTION  NW (320)
  HIGHEST WIND SPEED    25   HIGHEST WIND DIRECTION     N (340)
  HIGHEST GUST SPEED    32   HIGHEST GUST DIRECTION    NW (320)
  AVERAGE WIND SPEED    11.0


SKY COVER
  POSSIBLE SUNSHINE  MM
  AVERAGE SKY COVER 0.0


WEATHER CONDITIONS
 THE FOLLOWING WEATHER WAS RECORDED YESTERDAY.
  NO SIGNIFICANT WEATHER WAS OBSERVED.


RELATIVE HUMIDITY (PERCENT)
 HIGHEST    42           300 AM
 LOWEST     16           300 PM
 AVERAGE    29

..........................................................


THE PALM SPRINGS INTL AIRPORT CA CLIMATE NORMALS FOR TODAY
                         NORMAL    RECORD    YEAR
 MAXIMUM TEMPERATURE (F)   95       112      2005
 MINIMUM TEMPERATURE (F)   66        44      1933


SUNRISE AND SUNSET
MAY 22 2016...........SUNRISE   540 AM PDT   SUNSET   746 PM PDT
MAY 23 2016...........SUNRISE   540 AM PDT   SUNSET   746 PM PDT


-  INDICATES NEGATIVE NUMBERS.
R  INDICATES RECORD WAS SET OR TIED.
MM INDICATES DATA IS MISSING.
T  INDICATES TRACE AMOUNT.




$$
