000
CDUS46 KSGX 301419
CLIPSP


CLIMATE REPORT
NATIONAL WEATHER SERVICE SAN DIEGO, CA
719 AM PDT SAT JUL 30 2016


...................................

...THE PALM SPRINGS INTL AIRPORT CA CLIMATE SUMMARY FOR JULY 29 2016...

CLIMATE NORMAL PERIOD 1981 TO 2010
CLIMATE RECORD PERIOD 1893 TO 2016


WEATHER ITEM   OBSERVED TIME   RECORD YEAR NORMAL DEPARTURE LAST
                VALUE   (LST)  VALUE       VALUE  FROM      YEAR
                                                  NORMAL
..................................................................
TEMPERATURE (F)
 YESTERDAY
  MAXIMUM        112    340 PM 123    1995 107      5      105
  MINIMUM         88    515 AM  63    1941  78     10       83
  AVERAGE        100                        93      7       94

PRECIPITATION (IN)
  YESTERDAY        0.00          0.25 1958   0.02  -0.02     0.00
  MONTH TO DATE    0.00                      0.22  -0.22     0.42
  SINCE OCT 1      2.63                      5.01  -2.38     2.63
  SINCE JAN 1      2.44                      3.16  -0.72     1.76

DEGREE DAYS
 HEATING
  YESTERDAY        0                         0      0        0
  MONTH TO DATE    0                         0      0        0
  SINCE JUN 1      0                         0      0        0
  SINCE JUL 1      0                         0      0        0

 COOLING
  YESTERDAY       35                        28      7       29
  MONTH TO DATE  884                       792     92      738
  SINCE JUN 1   1687                      1439    248     1524
  SINCE JAN 1   2684                      2198    486     2589
..................................................................


WIND (MPH)
  RESULTANT WIND SPEED   4   RESULTANT WIND DIRECTION   E (90)
  HIGHEST WIND SPEED    14   HIGHEST WIND DIRECTION     E (90)
  HIGHEST GUST SPEED    17   HIGHEST GUST DIRECTION     E (100)
  AVERAGE WIND SPEED     6.2


SKY COVER
  POSSIBLE SUNSHINE  MM
  AVERAGE SKY COVER 0.0


WEATHER CONDITIONS
 THE FOLLOWING WEATHER WAS RECORDED YESTERDAY.
  NO SIGNIFICANT WEATHER WAS OBSERVED.


RELATIVE HUMIDITY (PERCENT)
 HIGHEST    59           700 AM
 LOWEST     22          1200 AM
 AVERAGE    41

..........................................................


THE PALM SPRINGS INTL AIRPORT CA CLIMATE NORMALS FOR TODAY
                         NORMAL    RECORD    YEAR
 MAXIMUM TEMPERATURE (F)  107       119      1957
                                             1943
 MINIMUM TEMPERATURE (F)   78        65      1941
                                             1940


SUNRISE AND SUNSET
JULY 30 2016..........SUNRISE   557 AM PDT   SUNSET   748 PM PDT
JULY 31 2016..........SUNRISE   557 AM PDT   SUNSET   747 PM PDT


-  INDICATES NEGATIVE NUMBERS.
R  INDICATES RECORD WAS SET OR TIED.
MM INDICATES DATA IS MISSING.
T  INDICATES TRACE AMOUNT.




$$
