000
CDUS46 KSGX 311456
CLIPSP


CLIMATE REPORT
NATIONAL WEATHER SERVICE SAN DIEGO, CA
756 AM PDT FRI JUL 31 2015


...................................

...THE PALM SPRINGS INTL AIRPORT CA CLIMATE SUMMARY FOR JULY 30 2015...

CLIMATE NORMAL PERIOD 1981 TO 2010
CLIMATE RECORD PERIOD 1893 TO 2015


WEATHER ITEM   OBSERVED TIME   RECORD YEAR NORMAL DEPARTURE LAST
                VALUE   (LST)  VALUE       VALUE  FROM      YEAR
                                                  NORMAL
..................................................................
TEMPERATURE (F)
 YESTERDAY
  MAXIMUM        109    153 PM 119    1957 107      2      115
                                      1943
  MINIMUM         89    609 AM  65    1941  78     11       83
                                      1940
  AVERAGE         99                        93      6       99

PRECIPITATION (IN)
  YESTERDAY        0.00          0.90 1936   0.01  -0.01     0.00
  MONTH TO DATE    0.42                      0.23   0.19     0.27
  SINCE OCT 1      2.63                      5.02  -2.39     1.20
  SINCE JAN 1      1.76                      3.17  -1.41     1.02

DEGREE DAYS
 HEATING
  YESTERDAY        0                         0      0        0
  MONTH TO DATE    0                         0      0        0
  SINCE JUN 1      0                         0      0        0
  SINCE JUL 1      0                         0      0        0

 COOLING
  YESTERDAY       34                        28      6       34
  MONTH TO DATE  772                       820    -48      885
  SINCE JUN 1   1558                      1467     91     1628
  SINCE JAN 1   2623                      2226    397     2738
..................................................................


WIND (MPH)
  RESULTANT WIND SPEED   2   RESULTANT WIND DIRECTION   N (360)
  HIGHEST WIND SPEED    26   HIGHEST WIND DIRECTION    NW (320)
  HIGHEST GUST SPEED    31   HIGHEST GUST DIRECTION    NW (320)
  AVERAGE WIND SPEED     6.2


SKY COVER
  POSSIBLE SUNSHINE  MM
  AVERAGE SKY COVER 0.3


WEATHER CONDITIONS
 THE FOLLOWING WEATHER WAS RECORDED YESTERDAY.
  NO SIGNIFICANT WEATHER WAS OBSERVED.


RELATIVE HUMIDITY (PERCENT)
 HIGHEST    47           600 AM
 LOWEST     22           200 PM
 AVERAGE    35

..........................................................


THE PALM SPRINGS INTL AIRPORT CA CLIMATE NORMALS FOR TODAY
                         NORMAL    RECORD    YEAR
 MAXIMUM TEMPERATURE (F)  107       122      1957
 MINIMUM TEMPERATURE (F)   78        65      1946
                                             1936


SUNRISE AND SUNSET
JULY 31 2015..........SUNRISE   557 AM PDT   SUNSET   747 PM PDT
AUGUST  1 2015........SUNRISE   558 AM PDT   SUNSET   747 PM PDT


-  INDICATES NEGATIVE NUMBERS.
R  INDICATES RECORD WAS SET OR TIED.
MM INDICATES DATA IS MISSING.
T  INDICATES TRACE AMOUNT.




$$
