000
CDUS46 KSGX 200016
CLIPSP


CLIMATE REPORT
NATIONAL WEATHER SERVICE SAN DIEGO, CA
415 PM PST FRI DEC 19 2014


...................................

...THE PALM SPRINGS INTL AIRPORT CA CLIMATE SUMMARY FOR DECEMBER 19 2014...
VALID TODAY AS OF 0400 PM LOCAL TIME.

CLIMATE NORMAL PERIOD 1981 TO 2010
CLIMATE RECORD PERIOD 1893 TO 2014


WEATHER ITEM   OBSERVED TIME   RECORD YEAR NORMAL DEPARTURE LAST
                VALUE   (LST)  VALUE       VALUE  FROM      YEAR
                                                  NORMAL
..................................................................
TEMPERATURE (F)
 TODAY
  MAXIMUM         67    209 PM  83    1937  66      1       65
  MINIMUM         45    530 AM  29    1968  44      1       49
  AVERAGE         56                        55      1       57

PRECIPITATION (IN)
  TODAY            0.00          0.73 1967   0.03  -0.03     0.00
  MONTH TO DATE    0.74                      0.43   0.31      T
  SINCE JUL 1      2.00                      2.35  -0.35     1.26
  SINCE JAN 1      2.75                      5.29  -2.54     2.23

SNOWFALL (IN)
  TODAY            0.0
  MONTH TO DATE    0.0
  SINCE JAN 1      0.0
  SINCE JUL 1      0.0
  SNOW DEPTH       0

DEGREE DAYS
 HEATING
  TODAY            9                        10     -1        8
  MONTH TO DATE   91                       173    -82      166
  SINCE DEC 1     91                       173    -82      166
  SINCE JUL 1    124                       269   -145      227

 COOLING
  TODAY            0                         0      0        0
  MONTH TO DATE   19                         0     19        1
  SINCE DEC 1     19                         0     19        1
  SINCE JAN 1   4943                      4137    806     4507
..................................................................


WIND (MPH)
  RESULTANT WIND SPEED   4   RESULTANT WIND DIRECTION  NW (330)
  HIGHEST WIND SPEED     9   HIGHEST WIND DIRECTION    NW (320)
  HIGHEST GUST SPEED    11   HIGHEST GUST DIRECTION    NW (320)
  AVERAGE WIND SPEED     4.7


SKY COVER
  POSSIBLE SUNSHINE  MM
  AVERAGE SKY COVER 0.1


WEATHER CONDITIONS
 THE FOLLOWING WEATHER WAS RECORDED TODAY.
  NO SIGNIFICANT WEATHER WAS OBSERVED.


RELATIVE HUMIDITY (PERCENT)
 HIGHEST    77           500 AM
 LOWEST     34           100 PM
 AVERAGE    56

..........................................................


THE PALM SPRINGS INTL AIRPORT CA CLIMATE NORMALS FOR TOMORROW
                         NORMAL    RECORD    YEAR
 MAXIMUM TEMPERATURE (F)   66        82      1972
 MINIMUM TEMPERATURE (F)   44        28      1992


SUNRISE AND SUNSET
DECEMBER 19 2014......SUNRISE   646 AM PST   SUNSET   440 PM PST
DECEMBER 20 2014......SUNRISE   647 AM PST   SUNSET   441 PM PST


-  INDICATES NEGATIVE NUMBERS.
R  INDICATES RECORD WAS SET OR TIED.
MM INDICATES DATA IS MISSING.
T  INDICATES TRACE AMOUNT.




$$
