000
CDUS46 KSGX 260024
CLIPSP


CLIMATE REPORT
NATIONAL WEATHER SERVICE SAN DIEGO, CA
524 PM PDT THU AUG 25 2016


...................................

...THE PALM SPRINGS INTL AIRPORT CA CLIMATE SUMMARY FOR AUGUST 25 2016...
VALID TODAY AS OF 0500 PM LOCAL TIME.

CLIMATE NORMAL PERIOD 1981 TO 2010
CLIMATE RECORD PERIOD 1893 TO 2016


WEATHER ITEM   OBSERVED TIME   RECORD YEAR NORMAL DEPARTURE LAST
                VALUE   (LST)  VALUE       VALUE  FROM      YEAR
                                                  NORMAL
..................................................................
TEMPERATURE (F)
 TODAY
  MAXIMUM        105    357 PM 117    1962 105      0      101
  MINIMUM         78    528 AM  57    1954  77      1       89
                                      1943
  AVERAGE         92                        91      1       95

PRECIPITATION (IN)
  TODAY            0.00          0.26 1984   0.01  -0.01     0.00
  MONTH TO DATE    0.00                      0.27  -0.27      T
  SINCE OCT 1      2.63                      5.31  -2.68     2.63
  SINCE JAN 1      2.44                      3.46  -1.02     1.76

DEGREE DAYS
 HEATING
  TODAY            0                         0      0        0
  MONTH TO DATE    0                         0      0        0
  SINCE JUN 1      0                         0      0        0
  SINCE JUL 1      0                         0      0        0

 COOLING
  TODAY           27                        26      1       30
  MONTH TO DATE  741                       677     64      762
  SINCE JUN 1   2490                      2170    320     2352
  SINCE JAN 1   3487                      2929    558     3417
..................................................................


WIND (MPH)
  RESULTANT WIND SPEED   2   RESULTANT WIND DIRECTION   E (100)
  HIGHEST WIND SPEED    17   HIGHEST WIND DIRECTION    NW (330)
  HIGHEST GUST SPEED    21   HIGHEST GUST DIRECTION     N (340)
  AVERAGE WIND SPEED     4.5


SKY COVER
  POSSIBLE SUNSHINE  MM
  AVERAGE SKY COVER 0.1


WEATHER CONDITIONS
 THE FOLLOWING WEATHER WAS RECORDED TODAY.
  NO SIGNIFICANT WEATHER WAS OBSERVED.


RELATIVE HUMIDITY (PERCENT)
 HIGHEST    48           600 AM
 LOWEST     12           400 PM
 AVERAGE    30

..........................................................


THE PALM SPRINGS INTL AIRPORT CA CLIMATE NORMALS FOR TOMORROW
                         NORMAL    RECORD    YEAR
 MAXIMUM TEMPERATURE (F)  105       116      1967
                                             1944
                                             1924
 MINIMUM TEMPERATURE (F)   77        54      1978


SUNRISE AND SUNSET
AUGUST 25 2016........SUNRISE   615 AM PDT   SUNSET   720 PM PDT
AUGUST 26 2016........SUNRISE   616 AM PDT   SUNSET   719 PM PDT


-  INDICATES NEGATIVE NUMBERS.
R  INDICATES RECORD WAS SET OR TIED.
MM INDICATES DATA IS MISSING.
T  INDICATES TRACE AMOUNT.




$$
