000
CDUS46 KSGX 141518
CLIPSP


CLIMATE REPORT
NATIONAL WEATHER SERVICE SAN DIEGO, CA
717 AM PST SUN FEB 14 2016


...................................

...THE PALM SPRINGS INTL AIRPORT CA CLIMATE SUMMARY FOR FEBRUARY 13 2016...

CLIMATE NORMAL PERIOD 1981 TO 2010
CLIMATE RECORD PERIOD 1893 TO 2016


WEATHER ITEM   OBSERVED TIME   RECORD YEAR NORMAL DEPARTURE LAST
                VALUE   (LST)  VALUE       VALUE  FROM      YEAR
                                                  NORMAL
..................................................................
TEMPERATURE (F)
 YESTERDAY
  MAXIMUM         87    345 PM  93    1971  72     15       87
                                      1957
  MINIMUM         57    536 AM  29    1971  48      9       59
                                      1948
  AVERAGE         72                        60     12       73

PRECIPITATION (IN)
  YESTERDAY        0.00          0.84 1992   0.05  -0.05     0.00
  MONTH TO DATE    0.00                      0.37  -0.37     0.00
  SINCE OCT 1      2.45                      3.22  -0.77     1.09
  SINCE JAN 1      2.26                      1.37   0.89     0.22

DEGREE DAYS
 HEATING
  YESTERDAY        0                         6     -6        0
  MONTH TO DATE   56                        84    -28        0
  SINCE DEC 1    603                       615    -12      329
  SINCE JUL 1    710                       711     -1      362

 COOLING
  YESTERDAY        7                         1      6        8
  MONTH TO DATE   45                        12     33       62
  SINCE DEC 1     45                        24     21      104
  SINCE JAN 1     45                        20     25       80
..................................................................


WIND (MPH)
  RESULTANT WIND SPEED   3   RESULTANT WIND DIRECTION   N (340)
  HIGHEST WIND SPEED    13   HIGHEST WIND DIRECTION    NW (330)
  HIGHEST GUST SPEED    17   HIGHEST GUST DIRECTION    NW (330)
  AVERAGE WIND SPEED     5.4


SKY COVER
  POSSIBLE SUNSHINE  MM
  AVERAGE SKY COVER 0.1


WEATHER CONDITIONS
 THE FOLLOWING WEATHER WAS RECORDED YESTERDAY.
  NO SIGNIFICANT WEATHER WAS OBSERVED.


RELATIVE HUMIDITY (PERCENT)
 HIGHEST    29          1100 PM
 LOWEST     10           200 PM
 AVERAGE    20

..........................................................


THE PALM SPRINGS INTL AIRPORT CA CLIMATE NORMALS FOR TODAY
                         NORMAL    RECORD    YEAR
 MAXIMUM TEMPERATURE (F)   72        92      1957
 MINIMUM TEMPERATURE (F)   48        29      1966
                                             1942


SUNRISE AND SUNSET
FEBRUARY 14 2016......SUNRISE   632 AM PST   SUNSET   529 PM PST
FEBRUARY 15 2016......SUNRISE   631 AM PST   SUNSET   530 PM PST


-  INDICATES NEGATIVE NUMBERS.
R  INDICATES RECORD WAS SET OR TIED.
MM INDICATES DATA IS MISSING.
T  INDICATES TRACE AMOUNT.




$$
