000
CDUS46 KSGX 231150
CLIPSP


CLIMATE REPORT
NATIONAL WEATHER SERVICE SAN DIEGO, CA
450 AM PDT WED AUG 23 2017


...................................

...THE PALM SPRINGS INTL AIRPORT CA CLIMATE SUMMARY FOR AUGUST 22 2017...

CLIMATE NORMAL PERIOD 1981 TO 2010
CLIMATE RECORD PERIOD 1893 TO 2017


WEATHER ITEM   OBSERVED TIME   RECORD YEAR NORMAL DEPARTURE LAST
                VALUE   (LST)  VALUE       VALUE  FROM      YEAR
                                                  NORMAL
..................................................................
TEMPERATURE (F)
 YESTERDAY
  MAXIMUM        110    236 PM 117    1972 106      4      106
                                      1969
  MINIMUM         79    426 AM  55    1968  77      2       78
  AVERAGE         95                        92      3       92

PRECIPITATION (IN)
  YESTERDAY        0.00          0.24 1961   0.01  -0.01     0.00
  MONTH TO DATE    0.71                      0.24   0.47     0.00
  SINCE OCT 1      7.76                      5.28   2.48     2.63
  SINCE JAN 1      5.97                      3.43   2.54     2.44

DEGREE DAYS
 HEATING
  YESTERDAY        0                         0      0        0
  MONTH TO DATE    0                         0      0        0
  SINCE JUN 1      0                         0      0        0
  SINCE JUL 1      0                         0      0        0

 COOLING
  YESTERDAY       30                        27      3       27
  MONTH TO DATE  633                       599     34      659
  SINCE JUN 1   2447                      2092    355     2408
  SINCE JAN 1   3570                      2851    719     3405
..................................................................


WIND (MPH)
  RESULTANT WIND SPEED   3   RESULTANT WIND DIRECTION   N (350)
  HIGHEST WIND SPEED    20   HIGHEST WIND DIRECTION     N (340)
  HIGHEST GUST SPEED    23   HIGHEST GUST DIRECTION     N (340)
  AVERAGE WIND SPEED     8.5


SKY COVER
  POSSIBLE SUNSHINE  MM
  AVERAGE SKY COVER 0.0


WEATHER CONDITIONS
 THE FOLLOWING WEATHER WAS RECORDED YESTERDAY.
  NO SIGNIFICANT WEATHER WAS OBSERVED.


RELATIVE HUMIDITY (PERCENT)
 HIGHEST    34           100 AM
 LOWEST     11          1100 AM
 AVERAGE    23

..........................................................


THE PALM SPRINGS INTL AIRPORT CA CLIMATE NORMALS FOR TODAY
                         NORMAL    RECORD    YEAR
 MAXIMUM TEMPERATURE (F)  106       119      1985
 MINIMUM TEMPERATURE (F)   77        57      1943


SUNRISE AND SUNSET
AUGUST 23 2017........SUNRISE   614 AM PDT   SUNSET   723 PM PDT
AUGUST 24 2017........SUNRISE   614 AM PDT   SUNSET   721 PM PDT


-  INDICATES NEGATIVE NUMBERS.
R  INDICATES RECORD WAS SET OR TIED.
MM INDICATES DATA IS MISSING.
T  INDICATES TRACE AMOUNT.




$$
