000
CDUS45 KPUB 171053
CLIPUB


CLIMATE REPORT
NATIONAL WEATHER SERVICE PUEBLO
452 AM MDT TUE OCT 17 2017


...................................

...THE PUEBLO CO CLIMATE SUMMARY FOR OCTOBER 16 2017...

CLIMATE NORMAL PERIOD 1981 TO 2010
CLIMATE RECORD PERIOD 1888 TO 2017


WEATHER ITEM   OBSERVED TIME   RECORD YEAR NORMAL DEPARTURE LAST
                VALUE   (LST)  VALUE       VALUE  FROM      YEAR
                                                  NORMAL
..................................................................
TEMPERATURE (F)
 YESTERDAY
  MAXIMUM         83    201 PM  94    1991  69     14       90
  MINIMUM         30    616 AM  22    2001  34     -4       41
                                      1890
  AVERAGE         57                        52      5       66

PRECIPITATION (IN)
  YESTERDAY        0.00          0.44 1937   0.03  -0.03     0.00
  MONTH TO DATE    0.20                      0.39  -0.19      T
  SINCE SEP 1      1.40                      1.16   0.24     0.05
  SINCE JAN 1     15.66                     11.39   4.27    10.37

SNOWFALL (IN)
  YESTERDAY        0.0           1.4  1984   0.1   -0.1      0.0
  MONTH TO DATE    0.0                       0.4   -0.4      0.0
  SINCE SEP 1      0.0                       0.7   -0.7      0.0
  SINCE JUL 1      0.0                       0.7   -0.7       T
  SNOW DEPTH       0

DEGREE DAYS
 HEATING
  YESTERDAY        8                        13     -5        0
  MONTH TO DATE  149                       169    -20       96
  SINCE SEP 1    236                       262    -26      116
  SINCE JUL 1    236                       267    -31      116

 COOLING
  YESTERDAY        0                         0      0        1
  MONTH TO DATE    0                         0      0       18
  SINCE SEP 1    146                        83     63      190
  SINCE JAN 1   1027                       894    133     1355
..................................................................


WIND (MPH)
  HIGHEST WIND SPEED    18   HIGHEST WIND DIRECTION     W (280)
  HIGHEST GUST SPEED    27   HIGHEST GUST DIRECTION     W (270)
  AVERAGE WIND SPEED     7.2


SKY COVER
  POSSIBLE SUNSHINE  MM
  AVERAGE SKY COVER 0.0


WEATHER CONDITIONS
 THE FOLLOWING WEATHER WAS RECORDED YESTERDAY.
  NO SIGNIFICANT WEATHER WAS OBSERVED.


RELATIVE HUMIDITY (PERCENT)
 HIGHEST    78           500 AM
 LOWEST      5           100 PM
 AVERAGE    42

..........................................................


THE PUEBLO CO CLIMATE NORMALS FOR TODAY
                         NORMAL    RECORD    YEAR
 MAXIMUM TEMPERATURE (F)   69        93      1991
 MINIMUM TEMPERATURE (F)   34        20      1992


SUNRISE AND SUNSET
OCTOBER 17 2017.......SUNRISE   709 AM MDT   SUNSET   617 PM MDT
OCTOBER 18 2017.......SUNRISE   710 AM MDT   SUNSET   616 PM MDT


-  INDICATES NEGATIVE NUMBERS.
R  INDICATES RECORD WAS SET OR TIED.
MM INDICATES DATA IS MISSING.
T  INDICATES TRACE AMOUNT.




$$
