805
CDUS45 KPUB 191151
CLIPUB


CLIMATE REPORT
NATIONAL WEATHER SERVICE PUEBLO
451 AM MST THU JAN 19 2017


...................................

...THE PUEBLO CO CLIMATE SUMMARY FOR JANUARY 18 2017...

CLIMATE NORMAL PERIOD 1981 TO 2010
CLIMATE RECORD PERIOD 1888 TO 2017


WEATHER ITEM   OBSERVED TIME   RECORD YEAR NORMAL DEPARTURE LAST
                VALUE   (LST)  VALUE       VALUE  FROM      YEAR
                                                  NORMAL
..................................................................
TEMPERATURE (F)
 YESTERDAY
  MAXIMUM         50    256 PM  71    1999  47      3       56
                                      1920
  MINIMUM         24    653 AM -22    1943  14     10       14
  AVERAGE         37                        31      6       35

PRECIPITATION (IN)
  YESTERDAY        0.00          0.18 1990   0.01  -0.01     0.00
  MONTH TO DATE    0.73                      0.20   0.53     0.41
  SINCE DEC 1      1.49                      0.58   0.91     0.81
  SINCE JAN 1      0.73                      0.20   0.53     0.41

SNOWFALL (IN)
  YESTERDAY        0.0           3.1  1990   0.3   -0.3      0.0
  MONTH TO DATE    8.7                       3.8    4.9      5.0
  SINCE DEC 1     13.1                       9.3    3.8     10.5
  SINCE JUL 1     13.1                      15.3   -2.2     16.9
  SNOW DEPTH       0

DEGREE DAYS
 HEATING
  YESTERDAY       28                        34     -6       30
  MONTH TO DATE  642                       626     16      660
  SINCE DEC 1   1717                      1708      9     1607
  SINCE JUL 1   2499                      2989   -490     2481

 COOLING
  YESTERDAY        0                         0      0        0
  MONTH TO DATE    0                         0      0        0
  SINCE DEC 1      0                         0      0        0
  SINCE JAN 1      0                         0      0        0
..................................................................


WIND (MPH)
  HIGHEST WIND SPEED    10   HIGHEST WIND DIRECTION    SE (130)
  HIGHEST GUST SPEED    13   HIGHEST GUST DIRECTION     E (100)
  AVERAGE WIND SPEED     4.0


SKY COVER
  POSSIBLE SUNSHINE  MM
  AVERAGE SKY COVER 0.3


WEATHER CONDITIONS
 THE FOLLOWING WEATHER WAS RECORDED YESTERDAY.
  FOG
  FOG W/VISIBILITY <= 1/4 MILE


RELATIVE HUMIDITY (PERCENT)
 HIGHEST    92          1200 AM
 LOWEST     39           300 PM
 AVERAGE    66

..........................................................


THE PUEBLO CO CLIMATE NORMALS FOR TODAY
                         NORMAL    RECORD    YEAR
 MAXIMUM TEMPERATURE (F)   47        75      1986
 MINIMUM TEMPERATURE (F)   14       -26      1943


SUNRISE AND SUNSET
JANUARY 19 2017.......SUNRISE   712 AM MST   SUNSET   506 PM MST
JANUARY 20 2017.......SUNRISE   711 AM MST   SUNSET   508 PM MST


-  INDICATES NEGATIVE NUMBERS.
R  INDICATES RECORD WAS SET OR TIED.
MM INDICATES DATA IS MISSING.
T  INDICATES TRACE AMOUNT.




$$
