000
CDUS45 KPUB 280030
CLIPUB


CLIMATE REPORT
NATIONAL WEATHER SERVICE PUEBLO
530 PM MST TUE JAN 27 2015


...................................

...THE PUEBLO CO CLIMATE SUMMARY FOR JANUARY 27 2015...
VALID TODAY AS OF 0500 PM LOCAL TIME.

CLIMATE NORMAL PERIOD 1981 TO 2010
CLIMATE RECORD PERIOD 1888 TO 2015


WEATHER ITEM   OBSERVED TIME   RECORD YEAR NORMAL DEPARTURE LAST
                VALUE   (LST)  VALUE       VALUE  FROM      YEAR
                                                  NORMAL
..................................................................
TEMPERATURE (F)
 TODAY
  MAXIMUM         73R   237 PM  73    2003  47     26       27
  MINIMUM         28    706 AM -24    1948  14     14       13
  AVERAGE         51                        31     20       20

PRECIPITATION (IN)
  TODAY            0.00          0.30 2001   0.02  -0.02     0.21
  MONTH TO DATE    0.19                      0.31  -0.12     0.29
  SINCE DEC 1      0.43                      0.69  -0.26     0.32
  SINCE JAN 1      0.19                      0.31  -0.12     0.29

SNOWFALL (IN)
  TODAY            0.0           5.8  2001   0.2   -0.2      2.9
  MONTH TO DATE    4.3                       5.7   -1.4      5.6
  SINCE DEC 1      7.5                      11.2   -3.7      7.8
  SINCE JUL 1     17.4                      17.2    0.2     11.5
  SNOW DEPTH       0

DEGREE DAYS
 HEATING
  TODAY           14                        34    -20       45
  MONTH TO DATE  874                       932    -58      886
  SINCE DEC 1   1943                      2014    -71     1941
  SINCE JUL 1   3105                      3295   -190     3124

 COOLING
  TODAY            0                         0      0        0
  MONTH TO DATE    0                         0      0        0
  SINCE DEC 1      0                         0      0        0
  SINCE JAN 1      0                         0      0        0
..................................................................


WIND (MPH)
  HIGHEST WIND SPEED    12   HIGHEST WIND DIRECTION     W (270)
  HIGHEST GUST SPEED    12   HIGHEST GUST DIRECTION     W (260)
  AVERAGE WIND SPEED     6.2


SKY COVER
  POSSIBLE SUNSHINE  MM
  AVERAGE SKY COVER 0.0


WEATHER CONDITIONS
 THE FOLLOWING WEATHER WAS RECORDED TODAY.
  NO SIGNIFICANT WEATHER WAS OBSERVED.


RELATIVE HUMIDITY (PERCENT)
 HIGHEST    85           200 AM
 LOWEST     13           400 PM
 AVERAGE    49

..........................................................


THE PUEBLO CO CLIMATE NORMALS FOR TOMORROW
                         NORMAL    RECORD    YEAR
 MAXIMUM TEMPERATURE (F)   48        73      1986
 MINIMUM TEMPERATURE (F)   14       -29      1948


SUNRISE AND SUNSET
JANUARY 27 2015.......SUNRISE   707 AM MST   SUNSET   515 PM MST
JANUARY 28 2015.......SUNRISE   706 AM MST   SUNSET   516 PM MST


-  INDICATES NEGATIVE NUMBERS.
R  INDICATES RECORD WAS SET OR TIED.
MM INDICATES DATA IS MISSING.
T  INDICATES TRACE AMOUNT.




$$
