000
CDUS45 KPUB 221050
CLIPUB


CLIMATE REPORT
NATIONAL WEATHER SERVICE PUEBLO
449 AM MDT TUE AUG 22 2017


...................................

...THE PUEBLO CO CLIMATE SUMMARY FOR AUGUST 21 2017...

CLIMATE NORMAL PERIOD 1981 TO 2010
CLIMATE RECORD PERIOD 1888 TO 2017


WEATHER ITEM   OBSERVED TIME   RECORD YEAR NORMAL DEPARTURE LAST
                VALUE   (LST)  VALUE       VALUE  FROM      YEAR
                                                  NORMAL
..................................................................
TEMPERATURE (F)
 YESTERDAY
  MAXIMUM         93    356 PM 101    2003  89      4       89
  MINIMUM         59    535 AM  46    1964  57      2       56
  AVERAGE         76                        73      3       73

PRECIPITATION (IN)
  YESTERDAY        0.00          1.47 1986   0.07  -0.07     0.00
  MONTH TO DATE    0.34                      1.70  -1.36     1.17
  SINCE JUN 1      4.99                      5.12  -0.13     3.00
  SINCE JAN 1     14.05                      9.61   4.44    10.17

SNOWFALL (IN)
  YESTERDAY        0.0           0.0  2002   0.0    0.0      0.0
  MONTH TO DATE    0.0                       0.0    0.0       T
  SINCE JUN 1      0.0                       0.0    0.0       T
  SINCE JUL 1      0.0                       0.0    0.0       T
  SNOW DEPTH       0

DEGREE DAYS
 HEATING
  YESTERDAY        0                         0      0        0
  MONTH TO DATE    0                         0      0        0
  SINCE JUN 1      5                        26    -21        1
  SINCE JUL 1      0                         1     -1        0

 COOLING
  YESTERDAY       11                         8      3        8
  MONTH TO DATE  165                       194    -29      244
  SINCE JUN 1    800                       705     95     1067
  SINCE JAN 1    810                       739     71     1097
..................................................................


WIND (MPH)
  HIGHEST WIND SPEED    22   HIGHEST WIND DIRECTION     W (270)
  HIGHEST GUST SPEED    27   HIGHEST GUST DIRECTION    SW (240)
  AVERAGE WIND SPEED     7.3


SKY COVER
  POSSIBLE SUNSHINE  MM
  AVERAGE SKY COVER 0.0


WEATHER CONDITIONS
 THE FOLLOWING WEATHER WAS RECORDED YESTERDAY.
  NO SIGNIFICANT WEATHER WAS OBSERVED.


RELATIVE HUMIDITY (PERCENT)
 HIGHEST    60           400 AM
 LOWEST     21           400 PM
 AVERAGE    41

..........................................................


THE PUEBLO CO CLIMATE NORMALS FOR TODAY
                         NORMAL    RECORD    YEAR
 MAXIMUM TEMPERATURE (F)   89       100      2015
                                             2003
 MINIMUM TEMPERATURE (F)   57        47      1920


SUNRISE AND SUNSET
AUGUST 22 2017........SUNRISE   619 AM MDT   SUNSET   742 PM MDT
AUGUST 23 2017........SUNRISE   620 AM MDT   SUNSET   740 PM MDT


-  INDICATES NEGATIVE NUMBERS.
R  INDICATES RECORD WAS SET OR TIED.
MM INDICATES DATA IS MISSING.
T  INDICATES TRACE AMOUNT.




$$
