000
CDUS45 KPUB 301036
CLIPUB


CLIMATE REPORT
NATIONAL WEATHER SERVICE PUEBLO
436 AM MDT SAT AUG 30 2014


...................................

...THE PUEBLO CO CLIMATE SUMMARY FOR AUGUST 29 2014...

CLIMATE NORMAL PERIOD 1981 TO 2010
CLIMATE RECORD PERIOD 1888 TO 2014


WEATHER ITEM   OBSERVED TIME   RECORD YEAR NORMAL DEPARTURE LAST
                VALUE   (LST)  VALUE       VALUE  FROM      YEAR
                                                  NORMAL
..................................................................
TEMPERATURE (F)
 YESTERDAY
  MAXIMUM         88    343 PM 102    1970  88      0       97
  MINIMUM         48    545 AM  47    1917  55     -7       60
                                      1911
  AVERAGE         68                        71     -3       79

PRECIPITATION (IN)
  YESTERDAY        T             2.95 1955   0.05  -0.05     0.00
  MONTH TO DATE    1.26                      2.20  -0.94     3.92
  SINCE JUN 1      5.40                      5.62  -0.22     5.87
  SINCE JAN 1      9.60                     10.11  -0.51     7.80

SNOWFALL (IN)
  YESTERDAY        0.0           0.0  2002   0.0    0.0      0.0
  MONTH TO DATE    0.0                       0.0    0.0      0.0
  SINCE JUN 1      T                         0.0    0.0       T
  SINCE JUL 1      0.0                       0.0    0.0       T
  SNOW DEPTH       0

DEGREE DAYS
 HEATING
  YESTERDAY        0                         0      0        0
  MONTH TO DATE    0                         0      0        0
  SINCE JUN 1      4                        26    -22       17
  SINCE JUL 1      1                         1      0        0

 COOLING
  YESTERDAY        3                         7     -4       14
  MONTH TO DATE  245                       253     -8      289
  SINCE JUN 1    806                       764     42      955
  SINCE JAN 1    858                       798     60     1028
..................................................................


WIND (MPH)
  HIGHEST WIND SPEED    45   HIGHEST WIND DIRECTION     N (360)
  HIGHEST GUST SPEED    56   HIGHEST GUST DIRECTION     N (350)
  AVERAGE WIND SPEED     8.1


SKY COVER
  POSSIBLE SUNSHINE  MM
  AVERAGE SKY COVER 0.2


WEATHER CONDITIONS
 THE FOLLOWING WEATHER WAS RECORDED YESTERDAY.
  THUNDERSTORM
  LIGHT RAIN


RELATIVE HUMIDITY (PERCENT)
 HIGHEST    93           100 AM
 LOWEST     16           100 PM
 AVERAGE    55

..........................................................


THE PUEBLO CO CLIMATE NORMALS FOR TODAY
                         NORMAL    RECORD    YEAR
 MAXIMUM TEMPERATURE (F)   87       102      1990
 MINIMUM TEMPERATURE (F)   55        43      1944


SUNRISE AND SUNSET
AUGUST 30 2014........SUNRISE   626 AM MDT   SUNSET   731 PM MDT
AUGUST 31 2014........SUNRISE   627 AM MDT   SUNSET   729 PM MDT


-  INDICATES NEGATIVE NUMBERS.
R  INDICATES RECORD WAS SET OR TIED.
MM INDICATES DATA IS MISSING.
T  INDICATES TRACE AMOUNT.




$$
