000
CDUS45 KPUB 251042
CLIPUB


CLIMATE REPORT
NATIONAL WEATHER SERVICE PUEBLO
442 AM MDT FRI JUL 25 2014


...................................

...THE PUEBLO CO CLIMATE SUMMARY FOR JULY 24 2014...

CLIMATE NORMAL PERIOD 1981 TO 2010
CLIMATE RECORD PERIOD 1888 TO 2014


WEATHER ITEM   OBSERVED TIME   RECORD YEAR NORMAL DEPARTURE LAST
                VALUE   (LST)  VALUE       VALUE  FROM      YEAR
                                                  NORMAL
..................................................................
TEMPERATURE (F)
 YESTERDAY
  MAXIMUM        100    516 PM 108    2003  93      7       85
  MINIMUM         63    516 AM  49    1995  60      3       66
  AVERAGE         82                        76      6       76

PRECIPITATION (IN)
  YESTERDAY        0.00          1.20 1904   0.07  -0.07      T
  MONTH TO DATE    2.10                      1.53   0.57     1.57
  SINCE JUN 1      2.96                      2.89   0.07     1.84
  SINCE JAN 1      7.16                      7.38  -0.22     3.77

SNOWFALL (IN)
  YESTERDAY        0.0           0.0  2002   0.0    0.0      0.0
                                      2001
  MONTH TO DATE    0.0                       0.0    0.0      0.0
  SINCE JUN 1      T                         0.0    0.0       T
  SINCE JUL 1      0.0                       0.0    0.0      0.0
  SNOW DEPTH       0

DEGREE DAYS
 HEATING
  YESTERDAY        0                         0      0        0
  MONTH TO DATE    0                         0      0        0
  SINCE JUN 1      3                        25    -22       17
  SINCE JUL 1      0                         0      0        0

 COOLING
  YESTERDAY       17                        11      6       11
  MONTH TO DATE  261                       259      2      293
  SINCE JUN 1    501                       434     67      596
  SINCE JAN 1    553                       468     85      669
..................................................................


WIND (MPH)
  HIGHEST WIND SPEED    37   HIGHEST WIND DIRECTION     N (350)
  HIGHEST GUST SPEED    45   HIGHEST GUST DIRECTION     N (340)
  AVERAGE WIND SPEED     8.3


SKY COVER
  POSSIBLE SUNSHINE  MM
  AVERAGE SKY COVER 0.0


WEATHER CONDITIONS
 THE FOLLOWING WEATHER WAS RECORDED YESTERDAY.
  NO SIGNIFICANT WEATHER WAS OBSERVED.


RELATIVE HUMIDITY (PERCENT)
 HIGHEST    72           500 AM
 LOWEST     12           400 PM
 AVERAGE    42

..........................................................


THE PUEBLO CO CLIMATE NORMALS FOR TODAY
                         NORMAL    RECORD    YEAR
 MAXIMUM TEMPERATURE (F)   93       107      2003
 MINIMUM TEMPERATURE (F)   60        48      1995


SUNRISE AND SUNSET
JULY 25 2014..........SUNRISE   555 AM MDT   SUNSET   814 PM MDT
JULY 26 2014..........SUNRISE   555 AM MDT   SUNSET   813 PM MDT


-  INDICATES NEGATIVE NUMBERS.
R  INDICATES RECORD WAS SET OR TIED.
MM INDICATES DATA IS MISSING.
T  INDICATES TRACE AMOUNT.




$$
