000
CDUS45 KPUB 011657 CCA
CLIPUB

CLIMATE REPORT...COR SNOW DEPTH
NATIONAL WEATHER SERVICE PUEBLO
456 AM MDT SUN MAY 1 2016


...................................

...THE PUEBLO CO CLIMATE SUMMARY FOR APRIL 30 2016...

CLIMATE NORMAL PERIOD 1981 TO 2010
CLIMATE RECORD PERIOD 1888 TO 2016


WEATHER ITEM   OBSERVED TIME   RECORD YEAR NORMAL DEPARTURE LAST
                VALUE   (LST)  VALUE       VALUE  FROM      YEAR
                                                  NORMAL
..................................................................
TEMPERATURE (F)
 YESTERDAY
  MAXIMUM         48    222 PM  93    1992  72    -24       83
  MINIMUM         36    540 AM  19    1903  39     -3       44
  AVERAGE         42                        55    -13       64

PRECIPITATION (IN)
  YESTERDAY        0.00          2.00 1999   0.06  -0.06     0.00
  MONTH TO DATE    2.97                      1.40   1.57     1.42
  SINCE MAR 1      3.55                      2.33   1.22     1.99
  SINCE JAN 1      4.41                      2.98   1.43     3.37

SNOWFALL (IN)
  YESTERDAY        0.0           4.8  1990   0.1   -0.1      0.0
  MONTH TO DATE    3.3                       3.8   -0.5       T
  SINCE MAR 1      7.2                       9.5   -2.3      1.7
  SINCE JUL 1     31.4                      31.3    0.1     42.8
  SNOW DEPTH       1

DEGREE DAYS
 HEATING
  YESTERDAY       23                        10     13        1
  MONTH TO DATE  366                       436    -70      380
  SINCE MAR 1    964                      1137   -173      988
  SINCE JUL 1   4473                      5440   -967     5010

 COOLING
  YESTERDAY        0                         0      0        0
  MONTH TO DATE    0                         2     -2        0
  SINCE MAR 1      0                         2     -2        0
  SINCE JAN 1      0                         2     -2        0
..................................................................


WIND (MPH)
  HIGHEST WIND SPEED    30   HIGHEST WIND DIRECTION     N (10)
  HIGHEST GUST SPEED    36   HIGHEST GUST DIRECTION     N (20)
  AVERAGE WIND SPEED    13.8


SKY COVER
  POSSIBLE SUNSHINE  MM
  AVERAGE SKY COVER 1.0


WEATHER CONDITIONS
 THE FOLLOWING WEATHER WAS RECORDED YESTERDAY.
  NO SIGNIFICANT WEATHER WAS OBSERVED.


RELATIVE HUMIDITY (PERCENT)
 HIGHEST    92           100 AM
 LOWEST     49           100 PM
 AVERAGE    71

..........................................................


THE PUEBLO CO CLIMATE NORMALS FOR TODAY
                         NORMAL    RECORD    YEAR
 MAXIMUM TEMPERATURE (F)   72        94      1992
 MINIMUM TEMPERATURE (F)   39        23      1909


SUNRISE AND SUNSET
MAY  1 2016...........SUNRISE   601 AM MDT   SUNSET   750 PM MDT
MAY  2 2016...........SUNRISE   600 AM MDT   SUNSET   751 PM MDT


-  INDICATES NEGATIVE NUMBERS.
R  INDICATES RECORD WAS SET OR TIED.
MM INDICATES DATA IS MISSING.
T  INDICATES TRACE AMOUNT.




$$
