000
CDUS46 KOTX 280825
CLIPUW


CLIMATE REPORT
NATIONAL WEATHER SERVICE SPOKANE, WA
125 AM PDT MON JUL 28 2014


...................................

...THE PULLMAN-MOSCOW  AIRPORT CLIMATE SUMMARY FOR JULY 27 2014...

CLIMATE NORMAL PERIOD 1981 TO 2010
CLIMATE RECORD PERIOD 9999 TO 9999


WEATHER ITEM   OBSERVED TIME   RECORD YEAR NORMAL DEPARTURE LAST
                VALUE   (LST)  VALUE       VALUE  FROM      YEAR
                                                  NORMAL
..................................................................
TEMPERATURE (F)
 YESTERDAY
  MAXIMUM         94    243 PM 102    1998  84     10       85
  MINIMUM         46    419 AM  39    1966  51     -5       48
  AVERAGE         70                        67      3       67

PRECIPITATION (IN)
  YESTERDAY        0.00          0.44 1970   0.02  -0.02     0.00
  MONTH TO DATE    0.33                      0.62  -0.29     0.12
  SINCE OCT 1     14.28                     15.41  -1.13    15.97
  SINCE JAN 1     10.94                     10.21   0.73     8.43

SNOWFALL (IN)
  YESTERDAY       MM            MM      MM  MM     MM       MM
  MONTH TO DATE   MM                        MM     MM       MM
  SINCE JUN 1     MM                        MM     MM       MM
  SINCE JUL 1     MM                        MM     MM       MM
  SNOW DEPTH      MM

DEGREE DAYS
 HEATING
  YESTERDAY        0                         1     -1        0
  MONTH TO DATE   10                        58    -48       21
  SINCE JUN 1    214                       264    -50      211
  SINCE JUL 1     10                        58    -48       21

 COOLING
  YESTERDAY        5                         4      1        2
  MONTH TO DATE  145                        66     79       99
  SINCE JUN 1    146                        79     67      132
  SINCE JAN 1    147                        84     63      144
..................................................................


WIND (MPH)
  HIGHEST WIND SPEED    10   HIGHEST WIND DIRECTION     E (90)
  HIGHEST GUST SPEED    15   HIGHEST GUST DIRECTION     E (80)
  AVERAGE WIND SPEED     3.5


SKY COVER
  POSSIBLE SUNSHINE  MM
  AVERAGE SKY COVER 0.0


WEATHER CONDITIONS
 THE FOLLOWING WEATHER WAS RECORDED YESTERDAY.
  NO SIGNIFICANT WEATHER WAS OBSERVED.


RELATIVE HUMIDITY (PERCENT)
 HIGHEST    77           500 AM
 LOWEST     14           200 PM
 AVERAGE    46

..........................................................


THE PULLMAN-MOSCOW  AIRPORT CLIMATE NORMALS FOR TODAY
                         NORMAL    RECORD    YEAR
 MAXIMUM TEMPERATURE (F)   84       102      1998
 MINIMUM TEMPERATURE (F)   51        37      1976


SUNRISE AND SUNSET
JULY 28 2014..........SUNRISE   524 AM PDT   SUNSET   825 PM PDT
JULY 29 2014..........SUNRISE   525 AM PDT   SUNSET   824 PM PDT


-  INDICATES NEGATIVE NUMBERS.
R  INDICATES RECORD WAS SET OR TIED.
MM INDICATES DATA IS MISSING.
T  INDICATES TRACE AMOUNT.




$$
