000
CDUS46 KOTX 240847
CLIPUW


CLIMATE REPORT
NATIONAL WEATHER SERVICE SPOKANE, WA
147 AM PDT SUN SEP 24 2017


...................................

...THE PULLMAN-MOSCOW  AIRPORT CLIMATE SUMMARY FOR SEPTEMBER 23 2017...

CLIMATE NORMAL PERIOD 1981 TO 2010
CLIMATE RECORD PERIOD 9999 TO 9999


WEATHER ITEM   OBSERVED TIME   RECORD YEAR NORMAL DEPARTURE LAST
                VALUE   (LST)  VALUE       VALUE  FROM      YEAR
                                                  NORMAL
..................................................................
TEMPERATURE (F)
 YESTERDAY
  MAXIMUM         61    303 PM  93    2009  70     -9       65
                                      2001
  MINIMUM         42    549 AM  21    2000  41      1       47
  AVERAGE         52                        56     -4       56

PRECIPITATION (IN)
  YESTERDAY        0.00                      0.03  -0.03     0.02
  MONTH TO DATE    0.68                      0.56   0.12     0.33
  SINCE OCT 1     24.02                     16.67   7.35    20.28
  SINCE JAN 1     15.61                     11.47   4.14    12.29

SNOWFALL (IN)
  YESTERDAY       MM

DEGREE DAYS
 HEATING
  YESTERDAY       13                        10      3        9
  MONTH TO DATE  151                       151      0      192
  SINCE SEP 1    151                       151      0      192
  SINCE JUL 1    174                       284   -110      294

 COOLING
  YESTERDAY        0                         0      0        0
  MONTH TO DATE   81                        21     60        0
  SINCE SEP 1     81                        21     60        0
  SINCE JAN 1    515                       211    304      197
..................................................................


WIND (MPH)
  HIGHEST WIND SPEED    13   HIGHEST WIND DIRECTION     E (90)
  HIGHEST GUST SPEED    14   HIGHEST GUST DIRECTION     E (100)
  AVERAGE WIND SPEED     4.8


SKY COVER
  POSSIBLE SUNSHINE  MM
  AVERAGE SKY COVER 0.8


WEATHER CONDITIONS
 THE FOLLOWING WEATHER WAS RECORDED YESTERDAY.
  NO SIGNIFICANT WEATHER WAS OBSERVED.


RELATIVE HUMIDITY (PERCENT)
 HIGHEST    89          1200 AM
 LOWEST     47           200 PM
 AVERAGE    68

..........................................................


THE PULLMAN-MOSCOW  AIRPORT CLIMATE NORMALS FOR TODAY
                         NORMAL    RECORD    YEAR
 MAXIMUM TEMPERATURE (F)   70        95      2011
 MINIMUM TEMPERATURE (F)   41        21      1926


SUNRISE AND SUNSET
SEPTEMBER 24 2017.....SUNRISE   638 AM PDT   SUNSET   641 PM PDT
SEPTEMBER 25 2017.....SUNRISE   640 AM PDT   SUNSET   639 PM PDT


-  INDICATES NEGATIVE NUMBERS.
R  INDICATES RECORD WAS SET OR TIED.
MM INDICATES DATA IS MISSING.
T  INDICATES TRACE AMOUNT.




$$
