000
CDUS46 KOTX 300821
CLIPUW


CLIMATE REPORT
NATIONAL WEATHER SERVICE SPOKANE, WA
121 AM PDT THU OCT 30 2014


...................................

...THE PULLMAN-MOSCOW  AIRPORT CLIMATE SUMMARY FOR OCTOBER 29 2014...

CLIMATE NORMAL PERIOD 1981 TO 2010
CLIMATE RECORD PERIOD 9999 TO 9999


WEATHER ITEM   OBSERVED TIME   RECORD YEAR NORMAL DEPARTURE LAST
                VALUE   (LST)  VALUE       VALUE  FROM      YEAR
                                                  NORMAL
..................................................................
TEMPERATURE (F)
 YESTERDAY
  MAXIMUM         60   1206 PM  74    1944  52      8       45
  MINIMUM         43    538 AM  14    1971  34      9       20
  AVERAGE         52                        43      9       33

PRECIPITATION (IN)
  YESTERDAY        0.00          0.83 1950   0.06  -0.06     0.00
  MONTH TO DATE    1.02                      1.24  -0.22     0.15
  SINCE OCT 1      1.02                      1.24  -0.22     0.15
  SINCE JAN 1     12.90                     12.93  -0.03    11.69

SNOWFALL (IN)
  YESTERDAY       MM

DEGREE DAYS
 HEATING
  YESTERDAY       13                        22     -9       32
  MONTH TO DATE  315                       500   -185      567
  SINCE SEP 1    443                       728   -285      746
  SINCE JUL 1    468                       861   -393      786

 COOLING
  YESTERDAY        0                         0      0        0
  MONTH TO DATE    0                         0      0        0
  SINCE SEP 1     19                        22     -3       72
  SINCE JAN 1    346                       212    134      334
..................................................................


WIND (MPH)
  HIGHEST WIND SPEED    17   HIGHEST WIND DIRECTION     W (250)
  HIGHEST GUST SPEED    23   HIGHEST GUST DIRECTION     W (270)
  AVERAGE WIND SPEED     5.3


SKY COVER
  POSSIBLE SUNSHINE  MM
  AVERAGE SKY COVER 0.5


WEATHER CONDITIONS
 THE FOLLOWING WEATHER WAS RECORDED YESTERDAY.
  HAZE


RELATIVE HUMIDITY (PERCENT)
 HIGHEST    92           600 AM
 LOWEST     57          1200 PM
 AVERAGE    75

..........................................................


THE PULLMAN-MOSCOW  AIRPORT CLIMATE NORMALS FOR TODAY
                         NORMAL    RECORD    YEAR
 MAXIMUM TEMPERATURE (F)   51        71      1944
 MINIMUM TEMPERATURE (F)   34        11      2002


SUNRISE AND SUNSET
OCTOBER 30 2014.......SUNRISE   728 AM PDT   SUNSET   536 PM PDT
OCTOBER 31 2014.......SUNRISE   729 AM PDT   SUNSET   534 PM PDT


-  INDICATES NEGATIVE NUMBERS.
R  INDICATES RECORD WAS SET OR TIED.
MM INDICATES DATA IS MISSING.
T  INDICATES TRACE AMOUNT.




$$
