000
CDUS46 KOTX 130827
CLIPUW


CLIMATE REPORT
NATIONAL WEATHER SERVICE SPOKANE, WA
1226 AM PST SAT FEB 13 2016


...................................

...THE PULLMAN-MOSCOW  AIRPORT CLIMATE SUMMARY FOR FEBRUARY 12 2016...

CLIMATE NORMAL PERIOD 1981 TO 2010
CLIMATE RECORD PERIOD 9999 TO 9999


WEATHER ITEM   OBSERVED TIME   RECORD YEAR NORMAL DEPARTURE LAST
                VALUE   (LST)  VALUE       VALUE  FROM      YEAR
                                                  NORMAL
..................................................................
TEMPERATURE (F)
 YESTERDAY
  MAXIMUM         52    226 PM  58    2015  41     11       58
  MINIMUM         40    646 AM  -3    1948  28     12       42
  AVERAGE         46                        34     12       50

PRECIPITATION (IN)
  YESTERDAY        0.09          0.86 1981   0.05   0.04      T
  MONTH TO DATE    0.30                      0.74  -0.44     1.86
  SINCE OCT 1     10.91                      7.76   3.15    10.32
  SINCE JAN 1      2.92                      2.56   0.36     3.47

SNOWFALL (IN)
  YESTERDAY       MM

DEGREE DAYS
 HEATING
  YESTERDAY       19                        31    -12       15
  MONTH TO DATE  308                       377    -69      244
  SINCE DEC 1   2266                      2492   -226     2079
  SINCE JUL 1   3723                      4236   -513     3416

 COOLING
  YESTERDAY        0                         0      0        0
  MONTH TO DATE    0                         0      0        0
  SINCE DEC 1      0                         0      0        0
  SINCE JAN 1      0                         0      0        0
..................................................................


WIND (MPH)
  HIGHEST WIND SPEED    20   HIGHEST WIND DIRECTION     W (280)
  HIGHEST GUST SPEED    23   HIGHEST GUST DIRECTION     W (280)
  AVERAGE WIND SPEED     8.8


SKY COVER
  POSSIBLE SUNSHINE  MM
  AVERAGE SKY COVER 0.9


WEATHER CONDITIONS
 THE FOLLOWING WEATHER WAS RECORDED YESTERDAY.
  LIGHT RAIN
  FOG


RELATIVE HUMIDITY (PERCENT)
 HIGHEST    96           900 PM
 LOWEST     63           200 PM
 AVERAGE    80

..........................................................


THE PULLMAN-MOSCOW  AIRPORT CLIMATE NORMALS FOR TODAY
                         NORMAL    RECORD    YEAR
 MAXIMUM TEMPERATURE (F)   41        58      1977
 MINIMUM TEMPERATURE (F)   28         0      1949


SUNRISE AND SUNSET
FEBRUARY 13 2016......SUNRISE   656 AM PST   SUNSET   510 PM PST
FEBRUARY 14 2016......SUNRISE   655 AM PST   SUNSET   511 PM PST


-  INDICATES NEGATIVE NUMBERS.
R  INDICATES RECORD WAS SET OR TIED.
MM INDICATES DATA IS MISSING.
T  INDICATES TRACE AMOUNT.




$$
