456
CDUS46 KOTX 160853
CLIPUW


CLIMATE REPORT
NATIONAL WEATHER SERVICE SPOKANE, WA
1253 AM PST MON JAN 16 2017


...................................

...THE PULLMAN-MOSCOW  AIRPORT CLIMATE SUMMARY FOR JANUARY 15 2017...

CLIMATE NORMAL PERIOD 1981 TO 2010
CLIMATE RECORD PERIOD 9999 TO 9999


WEATHER ITEM   OBSERVED TIME   RECORD YEAR NORMAL DEPARTURE LAST
                VALUE   (LST)  VALUE       VALUE  FROM      YEAR
                                                  NORMAL
..................................................................
TEMPERATURE (F)
 YESTERDAY
  MAXIMUM         11    142 PM  52    2011  36    -25       33
                                      2010
                                      1974
  MINIMUM         -2   1159 PM -16    1950  27    -29       23
  AVERAGE          5                        32    -27       28

PRECIPITATION (IN)
  YESTERDAY        T                         0.06  -0.06     0.03
  MONTH TO DATE    0.90                      0.70   0.20     0.73
  SINCE OCT 1      9.31                      5.90   3.41     8.72
  SINCE JAN 1      0.90                      0.70   0.20     0.73

SNOWFALL (IN)
  YESTERDAY       MM

DEGREE DAYS
 HEATING
  YESTERDAY       60                        33     27       37
  MONTH TO DATE  755                       514    241      536
  SINCE DEC 1   1985                      1594    391     1525
  SINCE JUL 1   3333                      3338     -5     2982

 COOLING
  YESTERDAY        0                         0      0        0
  MONTH TO DATE    0                         0      0        0
  SINCE DEC 1      0                         0      0        0
  SINCE JAN 1      0                         0      0        0
..................................................................


WIND (MPH)
  HIGHEST WIND SPEED     7   HIGHEST WIND DIRECTION     N (340)
  HIGHEST GUST SPEED     9   HIGHEST GUST DIRECTION    NW (330)
  AVERAGE WIND SPEED     1.7


SKY COVER
  POSSIBLE SUNSHINE  MM
  AVERAGE SKY COVER 0.7


WEATHER CONDITIONS
 THE FOLLOWING WEATHER WAS RECORDED YESTERDAY.
  LIGHT SNOW
  FOG
  FOG W/VISIBILITY <= 1/4 MILE


RELATIVE HUMIDITY (PERCENT)
 HIGHEST   100           900 AM
 LOWEST     83           400 AM
 AVERAGE    92

..........................................................


THE PULLMAN-MOSCOW  AIRPORT CLIMATE NORMALS FOR TODAY
                         NORMAL    RECORD    YEAR
 MAXIMUM TEMPERATURE (F)   36        55      2011
 MINIMUM TEMPERATURE (F)   27        -6      1957


SUNRISE AND SUNSET
JANUARY 16 2017.......SUNRISE   728 AM PST   SUNSET   429 PM PST
JANUARY 17 2017.......SUNRISE   727 AM PST   SUNSET   431 PM PST


-  INDICATES NEGATIVE NUMBERS.
R  INDICATES RECORD WAS SET OR TIED.
MM INDICATES DATA IS MISSING.
T  INDICATES TRACE AMOUNT.




$$
