000
CDUS46 KOTX 010837
CLIPUW


CLIMATE REPORT
NATIONAL WEATHER SERVICE SPOKANE, WA
137 AM PDT WED JUL 1 2015


...................................

...THE PULLMAN-MOSCOW  AIRPORT CLIMATE SUMMARY FOR JUNE 30 2015...

CLIMATE NORMAL PERIOD 1981 TO 2010
CLIMATE RECORD PERIOD 9999 TO 9999


WEATHER ITEM   OBSERVED TIME   RECORD YEAR NORMAL DEPARTURE LAST
                VALUE   (LST)  VALUE       VALUE  FROM      YEAR
                                                  NORMAL
..................................................................
TEMPERATURE (F)
 YESTERDAY
  MAXIMUM         92    433 PM  94    2008  77     15       77
  MINIMUM         58   1148 PM  35    1949  47     11       41
  AVERAGE         75                        62     13       59

PRECIPITATION (IN)
  YESTERDAY        0.00          0.37 1984   0.03  -0.03     0.00
  MONTH TO DATE    0.45                      1.08  -0.63     0.93
  SINCE OCT 1     16.09                     14.79   1.30    13.95
  SINCE JAN 1      9.24                      9.59  -0.35    10.61

SNOWFALL (IN)
  YESTERDAY       MM

DEGREE DAYS
 HEATING
  YESTERDAY        0                         4     -4        6
  MONTH TO DATE   79                       206   -127      204
  SINCE JUN 1     79                       206   -127      204
  SINCE JUL 1   5351                      6606  -1255     6644

 COOLING
  YESTERDAY       10                         1      9        0
  MONTH TO DATE   93                        13     80        1
  SINCE JUN 1     93                        13     80        1
  SINCE JAN 1    105                        18     87        2
..................................................................


WIND (MPH)
  HIGHEST WIND SPEED    15   HIGHEST WIND DIRECTION    SW (240)
  HIGHEST GUST SPEED    20   HIGHEST GUST DIRECTION     N (350)
  AVERAGE WIND SPEED     4.6


SKY COVER
  POSSIBLE SUNSHINE  MM
  AVERAGE SKY COVER 0.0


WEATHER CONDITIONS
 THE FOLLOWING WEATHER WAS RECORDED YESTERDAY.
  NO SIGNIFICANT WEATHER WAS OBSERVED.


RELATIVE HUMIDITY (PERCENT)
 HIGHEST    84          1200 AM
 LOWEST     23           300 PM
 AVERAGE    54

..........................................................


THE PULLMAN-MOSCOW  AIRPORT CLIMATE NORMALS FOR TODAY
                         NORMAL    RECORD    YEAR
 MAXIMUM TEMPERATURE (F)   77        96      2013
 MINIMUM TEMPERATURE (F)   47        38      1968


SUNRISE AND SUNSET
JULY  1 2015..........SUNRISE   458 AM PDT   SUNSET   846 PM PDT
JULY  2 2015..........SUNRISE   459 AM PDT   SUNSET   846 PM PDT


-  INDICATES NEGATIVE NUMBERS.
R  INDICATES RECORD WAS SET OR TIED.
MM INDICATES DATA IS MISSING.
T  INDICATES TRACE AMOUNT.




$$
