000
CDUS46 KOTX 030822
CLIPUW


CLIMATE REPORT
NATIONAL WEATHER SERVICE SPOKANE, WA
122 AM PDT MON AUG 3 2015


...................................

...THE PULLMAN-MOSCOW  AIRPORT CLIMATE SUMMARY FOR AUGUST 2 2015...

CLIMATE NORMAL PERIOD 1981 TO 2010
CLIMATE RECORD PERIOD 9999 TO 9999


WEATHER ITEM   OBSERVED TIME   RECORD YEAR NORMAL DEPARTURE LAST
                VALUE   (LST)  VALUE       VALUE  FROM      YEAR
                                                  NORMAL
..................................................................
TEMPERATURE (F)
 YESTERDAY
  MAXIMUM         98    108 PM 101    1961  84     14       96
  MINIMUM         49    326 AM  35    1957  51     -2       67
  AVERAGE         74                        68      6       82

PRECIPITATION (IN)
  YESTERDAY        0.00          0.30 1970   0.02  -0.02     0.01
  MONTH TO DATE    0.00                      0.04  -0.04     0.01
  SINCE OCT 1     16.63                     15.52   1.11    14.29
  SINCE JAN 1      9.78                     10.32  -0.54    10.95

SNOWFALL (IN)
  YESTERDAY       MM

DEGREE DAYS
 HEATING
  YESTERDAY        0                         1     -1        0
  MONTH TO DATE    0                         2     -2        0
  SINCE JUN 1     98                       272   -174      214
  SINCE JUL 1     19                        66    -47       10

 COOLING
  YESTERDAY        9                         4      5       17
  MONTH TO DATE   19                         8     11       31
  SINCE JUN 1    281                       103    178      221
  SINCE JAN 1    293                       108    185      222
..................................................................


WIND (MPH)
  HIGHEST WIND SPEED    14   HIGHEST WIND DIRECTION     W (270)
  HIGHEST GUST SPEED    16   HIGHEST GUST DIRECTION     W (260)
  AVERAGE WIND SPEED     3.8


SKY COVER
  POSSIBLE SUNSHINE  MM
  AVERAGE SKY COVER 0.0


WEATHER CONDITIONS
 THE FOLLOWING WEATHER WAS RECORDED YESTERDAY.
  HAZE


RELATIVE HUMIDITY (PERCENT)
 HIGHEST    44           300 AM
 LOWEST      8           200 PM
 AVERAGE    26

..........................................................


THE PULLMAN-MOSCOW  AIRPORT CLIMATE NORMALS FOR TODAY
                         NORMAL    RECORD    YEAR
 MAXIMUM TEMPERATURE (F)   84       102      1961
 MINIMUM TEMPERATURE (F)   51        34      2002


SUNRISE AND SUNSET
AUGUST  3 2015........SUNRISE   531 AM PDT   SUNSET   818 PM PDT
AUGUST  4 2015........SUNRISE   532 AM PDT   SUNSET   816 PM PDT


-  INDICATES NEGATIVE NUMBERS.
R  INDICATES RECORD WAS SET OR TIED.
MM INDICATES DATA IS MISSING.
T  INDICATES TRACE AMOUNT.




$$
