000
CDUS41 KBOX 170602
CLIPVD


CLIMATE REPORT
NATIONAL WEATHER SERVICE TAUNTON MA
159 AM EDT THU AUG 17 2017


...................................

...THE PROVIDENCE RI CLIMATE SUMMARY FOR AUGUST 16 2017...

CLIMATE NORMAL PERIOD 1981 TO 2010
CLIMATE RECORD PERIOD 1904 TO 2017


WEATHER ITEM   OBSERVED TIME   RECORD YEAR NORMAL DEPARTURE LAST
                VALUE   (LST)  VALUE       VALUE  FROM      YEAR
                                                  NORMAL
..................................................................
TEMPERATURE (F)
 YESTERDAY
  MAXIMUM         88    236 PM  97    1944  82      6       85
  MINIMUM         65   1254 AM  49    1964  64      1       71
  AVERAGE         77                        73      4       78

PRECIPITATION (IN)
  YESTERDAY        0.00          1.54 1981   0.12  -0.12      T
  MONTH TO DATE    0.82                      1.88  -1.06     1.97
  SINCE JUN 1      8.54                      8.81  -0.27     6.97
  SINCE JAN 1     33.56                     28.88   4.68    25.09

SNOWFALL (IN)
  YESTERDAY        0.0           0.0  2002   0.0    0.0      0.0
                                      2001
                                      2000
  MONTH TO DATE    0.0                       0.0    0.0      0.0
  SINCE JUN 1      0.0                       0.0    0.0      0.0
  SINCE JUL 1      0.0                       0.0    0.0      0.0
  SNOW DEPTH       0

DEGREE DAYS
 HEATING
  YESTERDAY        0                         0      0        0
  MONTH TO DATE    0                         0      0        0
  SINCE JUN 1     56                        46     10       12
  SINCE JUL 1      7                         3      4        0

 COOLING
  YESTERDAY       12                         8      4       13
  MONTH TO DATE  122                       134    -12      186
  SINCE JUN 1    545                       532     13      669
  SINCE JAN 1    603                       558     45      720
..................................................................


WIND (MPH)
  RESULTANT WIND SPEED   6   RESULTANT WIND DIRECTION   N (340)
  HIGHEST WIND SPEED    17   HIGHEST WIND DIRECTION     N (350)
  HIGHEST GUST SPEED    23   HIGHEST GUST DIRECTION     N (10)
  AVERAGE WIND SPEED     7.9


SKY COVER
  POSSIBLE SUNSHINE  MM
  AVERAGE SKY COVER 0.4


WEATHER CONDITIONS
 THE FOLLOWING WEATHER WAS RECORDED YESTERDAY.
  FOG


RELATIVE HUMIDITY (PERCENT)
 HIGHEST   100          1200 AM
 LOWEST     42           300 PM
 AVERAGE    71

..........................................................


THE PROVIDENCE RI CLIMATE NORMALS FOR TODAY
                         NORMAL    RECORD    YEAR
 MAXIMUM TEMPERATURE (F)   82        97      1944
 MINIMUM TEMPERATURE (F)   63        50      1981
                                             1912
                                             1905


SUNRISE AND SUNSET
AUGUST 17 2017........SUNRISE   556 AM EDT   SUNSET   742 PM EDT
AUGUST 18 2017........SUNRISE   557 AM EDT   SUNSET   741 PM EDT


-  INDICATES NEGATIVE NUMBERS.
R  INDICATES RECORD WAS SET OR TIED.
MM INDICATES DATA IS MISSING.
T  INDICATES TRACE AMOUNT.




$$
