000
CDUS41 KBOX 290547
CLIPVD


CLIMATE REPORT
NATIONAL WEATHER SERVICE TAUNTON MA
144 AM EDT WED MAR 29 2017


...................................

...THE PROVIDENCE RI CLIMATE SUMMARY FOR MARCH 28 2017...

CLIMATE NORMAL PERIOD 1981 TO 2010
CLIMATE RECORD PERIOD 1904 TO 2017


WEATHER ITEM   OBSERVED TIME   RECORD YEAR NORMAL DEPARTURE LAST
                VALUE   (LST)  VALUE       VALUE  FROM      YEAR
                                                  NORMAL
..................................................................
TEMPERATURE (F)
 YESTERDAY
  MAXIMUM         44    503 PM  83    1998  52     -8       49
  MINIMUM         39    910 AM   9    1923  34      5       40
  AVERAGE         42                        43     -1       45

PRECIPITATION (IN)
  YESTERDAY        0.35          3.40 2005   0.17   0.18     0.33
  MONTH TO DATE    2.95                      4.50  -1.55     2.68
  SINCE MAR 1      2.95                      4.50  -1.55     2.68
  SINCE JAN 1     10.13                     11.65  -1.52    11.03

SNOWFALL (IN)
  YESTERDAY        0.0           1.4  1940   0.1   -0.1      0.0
  MONTH TO DATE    7.7                       5.3    2.4      2.6
  SINCE MAR 1      7.7                       5.3    2.4      2.6
  SINCE JUL 1     45.9                      33.0   12.9     22.0
  SNOW DEPTH       0

DEGREE DAYS
 HEATING
  YESTERDAY       23                        22      1       20
  MONTH TO DATE  851                       744    107      598
  SINCE MAR 1    851                       744    107      598
  SINCE JUL 1   4409                      4806   -397     3969

 COOLING
  YESTERDAY        0                         0      0        0
  MONTH TO DATE    0                         0      0        0
  SINCE MAR 1      0                         0      0        0
  SINCE JAN 1      0                         0      0        0
..................................................................


WIND (MPH)
  RESULTANT WIND SPEED   5   RESULTANT WIND DIRECTION  NE (50)
  HIGHEST WIND SPEED    13   HIGHEST WIND DIRECTION     N (20)
  HIGHEST GUST SPEED    16   HIGHEST GUST DIRECTION     N (10)
  AVERAGE WIND SPEED     6.4


SKY COVER
  POSSIBLE SUNSHINE  MM
  AVERAGE SKY COVER 1.0


WEATHER CONDITIONS
 THE FOLLOWING WEATHER WAS RECORDED YESTERDAY.
  RAIN
  LIGHT RAIN
  FOG


RELATIVE HUMIDITY (PERCENT)
 HIGHEST    93          1200 AM
 LOWEST     82          1200 PM
 AVERAGE    88

..........................................................


THE PROVIDENCE RI CLIMATE NORMALS FOR TODAY
                         NORMAL    RECORD    YEAR
 MAXIMUM TEMPERATURE (F)   52        90      1945
 MINIMUM TEMPERATURE (F)   34         4      1923


SUNRISE AND SUNSET
MARCH 29 2017.........SUNRISE   633 AM EDT   SUNSET   708 PM EDT
MARCH 30 2017.........SUNRISE   632 AM EDT   SUNSET   709 PM EDT


-  INDICATES NEGATIVE NUMBERS.
R  INDICATES RECORD WAS SET OR TIED.
MM INDICATES DATA IS MISSING.
T  INDICATES TRACE AMOUNT.




$$
