000
CDUS43 KLOT 010638
CLIPWK


CLIMATE REPORT
NATIONAL WEATHER SERVICE CHICAGO IL
137 AM CDT WED OCT 1 2014


...................................

...THE CHICAGO EXECUTIVE CLIMATE SUMMARY FOR SEPTEMBER 30 2014...

CLIMATE NORMAL PERIOD 1981 TO 2010
CLIMATE RECORD PERIOD 1996 TO 2014


WEATHER ITEM   OBSERVED TIME   RECORD YEAR NORMAL DEPARTURE LAST
                VALUE   (LST)  VALUE       VALUE  FROM      YEAR
                                                  NORMAL
..................................................................
TEMPERATURE (F)
 YESTERDAY
  MAXIMUM         58   1227 PM  86    2002  68    -10       75
  MINIMUM         48    726 AM  37    2003  48      0       45
  AVERAGE         53                        58     -5       60

PRECIPITATION (IN)
  YESTERDAY        0.00          0.27 1998   0.14  -0.14     0.00
  MONTH TO DATE    1.91                      3.21  -1.30     2.03
  SINCE SEP 1      1.91                      3.21  -1.30     2.03
  SINCE JAN 1     27.43                     25.69   1.74    22.90

DEGREE DAYS
 HEATING
  YESTERDAY       12                         8      4        5
  MONTH TO DATE  115                       102     13       80
  SINCE SEP 1    115                       102     13       80
  SINCE JUL 1    119                       112      7       90

 COOLING
  YESTERDAY        0                         1     -1        0
  MONTH TO DATE   88                        81      7      136
  SINCE SEP 1     88                        81      7      136
  SINCE JAN 1    776                       778     -2      896
..................................................................


WIND (MPH)
  RESULTANT WIND SPEED   7   RESULTANT WIND DIRECTION   N (20)
  HIGHEST WIND SPEED    17   HIGHEST WIND DIRECTION     N (10)
  HIGHEST GUST SPEED    23   HIGHEST GUST DIRECTION    NE (50)
  AVERAGE WIND SPEED     7.5



WEATHER CONDITIONS
 THE FOLLOWING WEATHER WAS RECORDED YESTERDAY.
  FOG
  HAZE


..........................................................


THE CHICAGO EXECUTIVE CLIMATE NORMALS FOR TODAY
                         NORMAL    RECORD    YEAR
 MAXIMUM TEMPERATURE (F)   68        82      2002
                                             2000
 MINIMUM TEMPERATURE (F)   48        31      2003


SUNRISE AND SUNSET
OCTOBER  1 2014.......SUNRISE   649 AM CDT   SUNSET   633 PM CDT
OCTOBER  2 2014.......SUNRISE   650 AM CDT   SUNSET   631 PM CDT


-  INDICATES NEGATIVE NUMBERS.
R  INDICATES RECORD WAS SET OR TIED.
MM INDICATES DATA IS MISSING.
T  INDICATES TRACE AMOUNT.




$$
