000
CDUS43 KLOT 200632
CLIPWK


CLIMATE REPORT
NATIONAL WEATHER SERVICE CHICAGO IL
131 AM CDT SUN APR 20 2014


...................................

...THE CHICAGO EXECUTIVE CLIMATE SUMMARY FOR APRIL 19 2014...

CLIMATE NORMAL PERIOD 1981 TO 2010
CLIMATE RECORD PERIOD 1996 TO 2014


WEATHER ITEM   OBSERVED TIME   RECORD YEAR NORMAL DEPARTURE LAST
                VALUE   (LST)  VALUE       VALUE  FROM      YEAR
                                                  NORMAL
..................................................................
TEMPERATURE (F)
 YESTERDAY
  MAXIMUM         63    321 PM  81    2005  59      4       40
  MINIMUM         37    536 AM  31    2001  39     -2       32
  AVERAGE         50                        49      1       36

PRECIPITATION (IN)
  YESTERDAY        0.00          1.06 2011   0.10  -0.10    MM
  MONTH TO DATE    1.37                      1.59  -0.22     0.67
  SINCE MAR 1      1.92                      3.84  -1.92     1.49
  SINCE JAN 1      4.05                      6.42  -2.37     6.45

DEGREE DAYS
 HEATING
  YESTERDAY       15                        16     -1       29
  MONTH TO DATE  363                       367     -4      407
  SINCE MAR 1   1410                      1220    190     1432
  SINCE JUL 1   6769                      5958    811     5939

 COOLING
  YESTERDAY        0                         0      0        0
  MONTH TO DATE    0                         0      0        0
  SINCE MAR 1      0                         0      0        0
  SINCE JAN 1      0                         0      0        0
..................................................................


WIND (MPH)
  RESULTANT WIND SPEED   5   RESULTANT WIND DIRECTION   E (90)
  HIGHEST WIND SPEED    14   HIGHEST WIND DIRECTION    SE (140)
  HIGHEST GUST SPEED    17   HIGHEST GUST DIRECTION    SE (150)
  AVERAGE WIND SPEED     5.8



WEATHER CONDITIONS
 THE FOLLOWING WEATHER WAS RECORDED YESTERDAY.
  NO SIGNIFICANT WEATHER WAS OBSERVED.


..........................................................


THE CHICAGO EXECUTIVE CLIMATE NORMALS FOR TODAY
                         NORMAL    RECORD    YEAR
 MAXIMUM TEMPERATURE (F)   60        77      2001
 MINIMUM TEMPERATURE (F)   39        29      2013


SUNRISE AND SUNSET
APRIL 20 2014.........SUNRISE   603 AM CDT   SUNSET   738 PM CDT
APRIL 21 2014.........SUNRISE   602 AM CDT   SUNSET   740 PM CDT


-  INDICATES NEGATIVE NUMBERS.
R  INDICATES RECORD WAS SET OR TIED.
MM INDICATES DATA IS MISSING.
T  INDICATES TRACE AMOUNT.




$$
