000
CDUS43 KLOT 300637
CLIPWK


CLIMATE REPORT
NATIONAL WEATHER SERVICE CHICAGO IL
136 AM CDT TUE JUN 30 2015


...................................

...THE CHICAGO EXECUTIVE CLIMATE SUMMARY FOR JUNE 29 2015...

CLIMATE NORMAL PERIOD 1981 TO 2010
CLIMATE RECORD PERIOD 1996 TO 2015


WEATHER ITEM   OBSERVED TIME   RECORD YEAR NORMAL DEPARTURE LAST
                VALUE   (LST)  VALUE       VALUE  FROM      YEAR
                                                  NORMAL
..................................................................
TEMPERATURE (F)
 YESTERDAY
  MAXIMUM         75   1242 PM  92    2001  82     -7       86
  MINIMUM         63   1054 PM  55    2007  62      1       69
                                      2006
                                      2004
  AVERAGE         69                        72     -3       78

PRECIPITATION (IN)
  YESTERDAY        0.21          0.47 2008   0.07   0.14     0.12
  MONTH TO DATE    6.10                      3.64   2.46     5.42
  SINCE JUN 1      6.10                      3.64   2.46     5.42
  SINCE JAN 1     14.23                     15.13  -0.90    14.62

DEGREE DAYS
 HEATING
  YESTERDAY        0                         0      0        0
  MONTH TO DATE   56                        53      3       20
  SINCE JUN 1     56                        53      3       20
  SINCE JUL 1   6813                      6411    402     7146

 COOLING
  YESTERDAY        4                         8     -4       13
  MONTH TO DATE  109                       147    -38      165
  SINCE JUN 1    109                       147    -38      165
  SINCE JAN 1    160                       189    -29      223
..................................................................


WIND (MPH)
  RESULTANT WIND SPEED   2   RESULTANT WIND DIRECTION  SE (140)
  HIGHEST WIND SPEED    13   HIGHEST WIND DIRECTION    NE (50)
  HIGHEST GUST SPEED    16   HIGHEST GUST DIRECTION    NE (50)
  AVERAGE WIND SPEED     2.8



WEATHER CONDITIONS
 THE FOLLOWING WEATHER WAS RECORDED YESTERDAY.
  THUNDERSTORM
  RAIN
  LIGHT RAIN
  FOG


..........................................................


THE CHICAGO EXECUTIVE CLIMATE NORMALS FOR TODAY
                         NORMAL    RECORD    YEAR
 MAXIMUM TEMPERATURE (F)   83        95      2002
 MINIMUM TEMPERATURE (F)   62        50      2007


SUNRISE AND SUNSET
JUNE 30 2015..........SUNRISE   519 AM CDT   SUNSET   831 PM CDT
JULY  1 2015..........SUNRISE   519 AM CDT   SUNSET   831 PM CDT


-  INDICATES NEGATIVE NUMBERS.
R  INDICATES RECORD WAS SET OR TIED.
MM INDICATES DATA IS MISSING.
T  INDICATES TRACE AMOUNT.




$$
