000
CDUS41 KGYX 250803
CLIPWM


CLIMATE REPORT
NATIONAL WEATHER SERVICE GRAY ME
403 AM EDT SUN SEP 25 2016


...................................

...THE PORTLAND ME CLIMATE SUMMARY FOR SEPTEMBER 24 2016...

CLIMATE NORMAL PERIOD 1981 TO 2010
CLIMATE RECORD PERIOD 1941 TO 2016


WEATHER ITEM   OBSERVED TIME   RECORD YEAR NORMAL DEPARTURE LAST
                VALUE   (LST)  VALUE       VALUE  FROM      YEAR
                                                  NORMAL
..................................................................
TEMPERATURE (F)
 YESTERDAY
  MAXIMUM         67    252 PM  88    1959  67      0       74
  MINIMUM         43    407 AM  28    1953  47     -4       52
  AVERAGE         55                        57     -2       63

PRECIPITATION (IN)
  YESTERDAY        0.00          2.66 1882   0.13  -0.13     0.00
  MONTH TO DATE    0.62                      2.82  -2.20     1.16
  SINCE SEP 1      0.62                      2.82  -2.20     1.16
  SINCE JAN 1     24.15                     32.56  -8.41    27.92

SNOWFALL (IN)
  YESTERDAY        0.0           0.0  2002   0.0    0.0      0.0
                                      2001
                                      2000
  MONTH TO DATE    0.0                       0.0    0.0      0.0
  SINCE SEP 1      0.0                       0.0    0.0      0.0
  SINCE JUL 1      0.0                       0.0    0.0      0.0
  SNOW DEPTH       0

DEGREE DAYS
 HEATING
  YESTERDAY       10                         8      2        2
  MONTH TO DATE   40                       116    -76       37
  SINCE SEP 1     40                       116    -76       37
  SINCE JUL 1     54                       161   -107       47

 COOLING
  YESTERDAY        0                         0      0        0
  MONTH TO DATE   68                        27     41       93
  SINCE SEP 1     68                        27     41       93
  SINCE JAN 1    553                       355    198      488
..................................................................


WIND (MPH)
  RESULTANT WIND SPEED   7   RESULTANT WIND DIRECTION  NW (330)
  HIGHEST WIND SPEED    22   HIGHEST WIND DIRECTION     N (340)
  HIGHEST GUST SPEED    30   HIGHEST GUST DIRECTION     N (360)
  AVERAGE WIND SPEED     8.0


SKY COVER
  AVERAGE SKY COVER 0.2


WEATHER CONDITIONS
 THE FOLLOWING WEATHER WAS RECORDED YESTERDAY.
  NO SIGNIFICANT WEATHER WAS OBSERVED.


RELATIVE HUMIDITY (PERCENT)
 HIGHEST    92           300 AM
 LOWEST     26           100 PM
 AVERAGE    59

..........................................................


THE PORTLAND ME CLIMATE NORMALS FOR TODAY
                         NORMAL    RECORD    YEAR
 MAXIMUM TEMPERATURE (F)   67        88      1970
 MINIMUM TEMPERATURE (F)   47        29      1963


SUNRISE AND SUNSET
SEPTEMBER 25 2016.....SUNRISE   632 AM EDT   SUNSET   632 PM EDT
SEPTEMBER 26 2016.....SUNRISE   634 AM EDT   SUNSET   630 PM EDT


-  INDICATES NEGATIVE NUMBERS.
R  INDICATES RECORD WAS SET OR TIED.
MM INDICATES DATA IS MISSING.
T  INDICATES TRACE AMOUNT.




$$
