000
CDUS41 KGYX 230813
CLIPWM


CLIMATE REPORT
NATIONAL WEATHER SERVICE GRAY ME
412 AM EDT THU OCT 23 2014


...................................

...THE PORTLAND ME CLIMATE SUMMARY FOR OCTOBER 22 2014...

CLIMATE NORMAL PERIOD 1981 TO 2010
CLIMATE RECORD PERIOD 1941 TO 2014


WEATHER ITEM   OBSERVED TIME   RECORD YEAR NORMAL DEPARTURE LAST
                VALUE   (LST)  VALUE       VALUE  FROM      YEAR
                                                  NORMAL
..................................................................
TEMPERATURE (F)
 YESTERDAY
  MAXIMUM         51   1239 PM  81    1979  57     -6       60
  MINIMUM         48   1155 PM  20    1960  37     11       42
  AVERAGE         50                        47      3       51

PRECIPITATION (IN)
  YESTERDAY        1.05          2.18 1988   0.17   0.88      T
  MONTH TO DATE    4.84                      3.42   1.42     0.76
  SINCE SEP 1      5.71                      7.11  -1.40     7.48
  SINCE JAN 1     43.91                     36.85   7.06    35.70

SNOWFALL (IN)
  YESTERDAY        0.0           3.6  1969   0.0    0.0      0.0
  MONTH TO DATE    0.0                       0.0    0.0      0.0
  SINCE SEP 1      0.0                       0.0    0.0      0.0
  SINCE JUL 1      0.0                       0.0    0.0      0.0
  SNOW DEPTH       0

DEGREE DAYS
 HEATING
  YESTERDAY       15                        18     -3       14
  MONTH TO DATE  199                       325   -126      219
  SINCE SEP 1    385                       501   -116      405
  SINCE JUL 1    409                       546   -137      423

 COOLING
  YESTERDAY        0                         0      0        0
  MONTH TO DATE    8                         0      8        0
  SINCE SEP 1     53                        30     23       37
  SINCE JAN 1    351                       358     -7      454
..................................................................


WIND (MPH)
  RESULTANT WIND SPEED  15   RESULTANT WIND DIRECTION  NE (30)
  HIGHEST WIND SPEED    25   HIGHEST WIND DIRECTION    NE (30)
  HIGHEST GUST SPEED    36   HIGHEST GUST DIRECTION    NE (40)
  AVERAGE WIND SPEED    16.0


SKY COVER
  AVERAGE SKY COVER 1.0


WEATHER CONDITIONS
 THE FOLLOWING WEATHER WAS RECORDED YESTERDAY.
  HEAVY RAIN
  RAIN
  LIGHT RAIN
  FOG


RELATIVE HUMIDITY (PERCENT)
 HIGHEST    93          1200 AM
 LOWEST     86           600 AM
 AVERAGE    90

..........................................................


THE PORTLAND ME CLIMATE NORMALS FOR TODAY
                         NORMAL    RECORD    YEAR
 MAXIMUM TEMPERATURE (F)   56        83      1947
 MINIMUM TEMPERATURE (F)   37        22      1997


SUNRISE AND SUNSET
OCTOBER 23 2014.......SUNRISE   705 AM EDT   SUNSET   545 PM EDT
OCTOBER 24 2014.......SUNRISE   707 AM EDT   SUNSET   544 PM EDT


-  INDICATES NEGATIVE NUMBERS.
R  INDICATES RECORD WAS SET OR TIED.
MM INDICATES DATA IS MISSING.
T  INDICATES TRACE AMOUNT.




$$
