967
CDUS41 KGYX 260817
CLIPWM


CLIMATE REPORT
NATIONAL WEATHER SERVICE GRAY ME
417 AM EDT WED JUL 26 2017


...................................

...THE PORTLAND ME CLIMATE SUMMARY FOR JULY 25 2017...

CLIMATE NORMAL PERIOD 1981 TO 2010
CLIMATE RECORD PERIOD 1941 TO 2017


WEATHER ITEM   OBSERVED TIME   RECORD YEAR NORMAL DEPARTURE LAST
                VALUE   (LST)  VALUE       VALUE  FROM      YEAR
                                                  NORMAL
..................................................................
TEMPERATURE (F)
 YESTERDAY
  MAXIMUM         73    302 PM  91    1989  79     -6       84
  MINIMUM         55    108 AM  45    1957  60     -5       61
  AVERAGE         64                        70     -6       73

PRECIPITATION (IN)
  YESTERDAY        T             1.43 1890   0.11  -0.11     0.37
  MONTH TO DATE    1.05                      2.92  -1.87     1.66
  SINCE JUN 1      3.67                      6.71  -3.04     6.08
  SINCE JAN 1     27.71                     25.91   1.80    21.59

SNOWFALL (IN)
  YESTERDAY        0.0           0.0  2002   0.0    0.0      0.0
                                      2001
                                      2000
  MONTH TO DATE    0.0                       0.0    0.0      0.0
  SINCE JUN 1      0.0                       0.0    0.0      0.0
  SINCE JUL 1      0.0                       0.0    0.0      0.0
  SNOW DEPTH       0

DEGREE DAYS
 HEATING
  YESTERDAY        1                         0      1        0
  MONTH TO DATE   12                        12      0       13
  SINCE JUN 1     97                       118    -21       79
  SINCE JUL 1     12                        12      0       13

 COOLING
  YESTERDAY        0                         5     -5        8
  MONTH TO DATE  128                       115     13      161
  SINCE JUN 1    220                       172     48      193
  SINCE JAN 1    237                       179     58      209
..................................................................


WIND (MPH)
  RESULTANT WIND SPEED   2   RESULTANT WIND DIRECTION   E (100)
  HIGHEST WIND SPEED    15   HIGHEST WIND DIRECTION     N (360)
  HIGHEST GUST SPEED    21   HIGHEST GUST DIRECTION     N (10)
  AVERAGE WIND SPEED     6.5


SKY COVER
  AVERAGE SKY COVER 0.6


WEATHER CONDITIONS
 THE FOLLOWING WEATHER WAS RECORDED YESTERDAY.
  LIGHT RAIN


RELATIVE HUMIDITY (PERCENT)
 HIGHEST    93           100 AM
 LOWEST     49           200 PM
 AVERAGE    71

..........................................................


THE PORTLAND ME CLIMATE NORMALS FOR TODAY
                         NORMAL    RECORD    YEAR
 MAXIMUM TEMPERATURE (F)   79        95      1989
 MINIMUM TEMPERATURE (F)   60        45      1976


SUNRISE AND SUNSET
JULY 26 2017..........SUNRISE   524 AM EDT   SUNSET   811 PM EDT
JULY 27 2017..........SUNRISE   525 AM EDT   SUNSET   810 PM EDT


-  INDICATES NEGATIVE NUMBERS.
R  INDICATES RECORD WAS SET OR TIED.
MM INDICATES DATA IS MISSING.
T  INDICATES TRACE AMOUNT.




$$
