000
CDUS41 KGYX 301329
CLIPWM


CLIMATE REPORT
NATIONAL WEATHER SERVICE GRAY ME
929 AM EDT WED JUL 30 2014


...................................

...THE PORTLAND ME CLIMATE SUMMARY FOR JULY 29 2014...

CLIMATE NORMAL PERIOD 1981 TO 2010
CLIMATE RECORD PERIOD 1941 TO 2014


WEATHER ITEM   OBSERVED TIME   RECORD YEAR NORMAL DEPARTURE LAST
                VALUE   (LST)  VALUE       VALUE  FROM      YEAR
                                                  NORMAL
..................................................................
TEMPERATURE (F)
 YESTERDAY
  MAXIMUM         75   1139 AM  95    1949  79     -4       75
  MINIMUM         58   1036 PM  47    1987  60     -2       60
  AVERAGE         67                        70     -3       68

PRECIPITATION (IN)
  YESTERDAY        0.00          2.49 2011   0.11  -0.11     0.19
  MONTH TO DATE    6.11                      3.38   2.73     3.36
  SINCE JUN 1     10.41                      7.17   3.24    10.68
  SINCE JAN 1     29.63                     26.37   3.26    26.48

SNOWFALL (IN)
  YESTERDAY        0.0           0.0  2002   0.0    0.0      0.0
                                      2001
                                      2000
  MONTH TO DATE    0.0                       0.0    0.0      0.0
  SINCE JUN 1      0.0                       0.0    0.0      0.0
  SINCE JUL 1      0.0                       0.0    0.0      0.0
  SNOW DEPTH       0

DEGREE DAYS
 HEATING
  YESTERDAY        0                         0      0        0
  MONTH TO DATE    0                        12    -12        7
  SINCE JUN 1     77                       118    -41       88
  SINCE JUL 1      0                        12    -12        7

 COOLING
  YESTERDAY        2                         5     -3        3
  MONTH TO DATE  156                       135     21      208
  SINCE JUN 1    212                       192     20      291
  SINCE JAN 1    212                       199     13      306
..................................................................


WIND (MPH)
  RESULTANT WIND SPEED   3   RESULTANT WIND DIRECTION  SW (220)
  HIGHEST WIND SPEED    14   HIGHEST WIND DIRECTION    SE (120)
  HIGHEST GUST SPEED    MM   HIGHEST GUST DIRECTION    MM
  AVERAGE WIND SPEED     7.5


SKY COVER
  AVERAGE SKY COVER 0.5


WEATHER CONDITIONS
 THE FOLLOWING WEATHER WAS RECORDED YESTERDAY.
  NO SIGNIFICANT WEATHER WAS OBSERVED.


RELATIVE HUMIDITY (PERCENT)
 HIGHEST   100           200 AM
 LOWEST     57          1200 PM
 AVERAGE    79

..........................................................


THE PORTLAND ME CLIMATE NORMALS FOR TODAY
                         NORMAL    RECORD    YEAR
 MAXIMUM TEMPERATURE (F)   79        98      1949
 MINIMUM TEMPERATURE (F)   60        43      1956


SUNRISE AND SUNSET
JULY 30 2014..........SUNRISE   528 AM EDT   SUNSET   807 PM EDT
JULY 31 2014..........SUNRISE   529 AM EDT   SUNSET   805 PM EDT


-  INDICATES NEGATIVE NUMBERS.
R  INDICATES RECORD WAS SET OR TIED.
MM INDICATES DATA IS MISSING.
T  INDICATES TRACE AMOUNT.




$$
