000
CDUS41 KGYX 312042
CLIPWM


CLIMATE REPORT
NATIONAL WEATHER SERVICE GRAY ME
442 PM EDT WED AUG 31 2016


...................................

...THE PORTLAND ME CLIMATE SUMMARY FOR AUGUST 31 2016...
VALID TODAY AS OF 0400 PM LOCAL TIME.

CLIMATE NORMAL PERIOD 1981 TO 2010
CLIMATE RECORD PERIOD 1941 TO 2016


WEATHER ITEM   OBSERVED TIME   RECORD YEAR NORMAL DEPARTURE LAST
                VALUE   (LST)  VALUE       VALUE  FROM      YEAR
                                                  NORMAL
..................................................................
TEMPERATURE (F)
 TODAY
  MAXIMUM         82    137 PM  94    2010  75      7       86
  MINIMUM         60    152 AM  33    1965  56      4       61
  AVERAGE         71                        65      6       74

PRECIPITATION (IN)
  TODAY            T             2.26 1954   0.10  -0.10     0.00
  MONTH TO DATE    1.90                      3.14  -1.24     2.49
  SINCE JUN 1      8.02                     10.54  -2.52    10.15
  SINCE JAN 1     23.53                     29.74  -6.21    26.76

SNOWFALL (IN)
  TODAY            0.0           0.0  2002   0.0    0.0      0.0
                                      2001
                                      2000
  MONTH TO DATE    0.0                       0.0    0.0      0.0
  SINCE JUN 1      0.0                       0.0    0.0      0.0
  SINCE JUL 1      0.0                       0.0    0.0      0.0
  SNOW DEPTH       0

DEGREE DAYS
 HEATING
  TODAY            0                         2     -2        0
  MONTH TO DATE    1                        27    -26        0
  SINCE JUN 1     80                       151    -71      154
  SINCE JUL 1     14                        45    -31       10

 COOLING
  TODAY            6                         2      4        9
  MONTH TO DATE  221                       120    101      169
  SINCE JUN 1    469                       321    148      355
  SINCE JAN 1    485                       328    157      395
..................................................................


WIND (MPH)
  HIGHEST WIND SPEED    14   HIGHEST WIND DIRECTION     W (290)
  HIGHEST GUST SPEED    19   HIGHEST GUST DIRECTION     W (260)
  AVERAGE WIND SPEED     4.6


SKY COVER
  POSSIBLE SUNSHINE  MM
  AVERAGE SKY COVER 0.6


WEATHER CONDITIONS
 THE FOLLOWING WEATHER WAS RECORDED TODAY.
  NO SIGNIFICANT WEATHER WAS OBSERVED.


RELATIVE HUMIDITY (PERCENT)
 HIGHEST    93          1200 AM
 LOWEST     49           100 PM
 AVERAGE    71

..........................................................


THE PORTLAND ME CLIMATE NORMALS FOR TOMORROW
                         NORMAL    RECORD    YEAR
 MAXIMUM TEMPERATURE (F)   75        93      1969
 MINIMUM TEMPERATURE (F)   55        39      2002


SUNRISE AND SUNSET
AUGUST 31 2016........SUNRISE   604 AM EDT   SUNSET   718 PM EDT
SEPTEMBER  1 2016.....SUNRISE   605 AM EDT   SUNSET   716 PM EDT


-  INDICATES NEGATIVE NUMBERS.
R  INDICATES RECORD WAS SET OR TIED.
MM INDICATES DATA IS MISSING.
T  INDICATES TRACE AMOUNT.




$$
