876
CDUS41 KGYX 072147
CLIPWM


CLIMATE REPORT
NATIONAL WEATHER SERVICE GRAY ME
447 PM EST SUN FEB 7 2016


...................................

...THE PORTLAND ME CLIMATE SUMMARY FOR FEBRUARY 7 2016...
VALID TODAY AS OF 0400 PM LOCAL TIME.

CLIMATE NORMAL PERIOD 1981 TO 2010
CLIMATE RECORD PERIOD 1941 TO 2016


WEATHER ITEM   OBSERVED TIME   RECORD YEAR NORMAL DEPARTURE LAST
                VALUE   (LST)  VALUE       VALUE  FROM      YEAR
                                                  NORMAL
..................................................................
TEMPERATURE (F)
 TODAY
  MAXIMUM         44    218 PM  49    1951  33     11       28
  MINIMUM         21    652 AM -16    1993  15      6        8
  AVERAGE         33                        24      9       18

PRECIPITATION (IN)
  TODAY            0.00          1.90 1929   0.11  -0.11      T
  MONTH TO DATE    1.32                      0.76   0.56     1.16
  SINCE DEC 1     10.03                      8.16   1.87    12.10
  SINCE JAN 1      4.69                      4.14   0.55     5.83

SNOWFALL (IN)
  TODAY            0.0          12.0  1983   0.4   -0.4       T
  MONTH TO DATE    8.8                       3.2    5.6     12.4
  SINCE DEC 1     29.3                      35.6   -6.3     56.7
  SINCE JUL 1     29.3                      37.5   -8.2     67.0
  SNOW DEPTH       4

DEGREE DAYS
 HEATING
  TODAY           32                        41     -9       47
  MONTH TO DATE  198                       292    -94      365
  SINCE DEC 1   2199                      2737   -538     2681
  SINCE JUL 1   3445                      4228   -783     3992

 COOLING
  TODAY            0                         0      0        0
  MONTH TO DATE    0                         0      0        0
  SINCE DEC 1      0                         0      0        0
  SINCE JAN 1      0                         0      0        0
..................................................................


WIND (MPH)
  HIGHEST WIND SPEED    12   HIGHEST WIND DIRECTION    SW (230)
  HIGHEST GUST SPEED    17   HIGHEST GUST DIRECTION    SW (230)
  AVERAGE WIND SPEED     6.4


SKY COVER
  POSSIBLE SUNSHINE  MM
  AVERAGE SKY COVER 0.1


WEATHER CONDITIONS
 THE FOLLOWING WEATHER WAS RECORDED TODAY.
  NO SIGNIFICANT WEATHER WAS OBSERVED.


RELATIVE HUMIDITY (PERCENT)
 HIGHEST    92           700 AM
 LOWEST     43           100 PM
 AVERAGE    68

..........................................................


THE PORTLAND ME CLIMATE NORMALS FOR TOMORROW
                         NORMAL    RECORD    YEAR
 MAXIMUM TEMPERATURE (F)   33        51      2009
 MINIMUM TEMPERATURE (F)   15       -14      1950


SUNRISE AND SUNSET
FEBRUARY  7 2016......SUNRISE   651 AM EST   SUNSET   500 PM EST
FEBRUARY  8 2016......SUNRISE   650 AM EST   SUNSET   501 PM EST


-  INDICATES NEGATIVE NUMBERS.
R  INDICATES RECORD WAS SET OR TIED.
MM INDICATES DATA IS MISSING.
T  INDICATES TRACE AMOUNT.




$$
