000
CDUS41 KGYX 010802
CLIPWM


CLIMATE REPORT
NATIONAL WEATHER SERVICE GRAY ME
402 AM EDT WED OCT 1 2014


...................................

...THE PORTLAND ME CLIMATE SUMMARY FOR SEPTEMBER 30 2014...

CLIMATE NORMAL PERIOD 1981 TO 2010
CLIMATE RECORD PERIOD 1941 TO 2014


WEATHER ITEM   OBSERVED TIME   RECORD YEAR NORMAL DEPARTURE LAST
                VALUE   (LST)  VALUE       VALUE  FROM      YEAR
                                                  NORMAL
..................................................................
TEMPERATURE (F)
 YESTERDAY
  MAXIMUM         60    449 PM  85    1986  65     -5       61
  MINIMUM         52    746 AM  23    1941  45      7       40
  AVERAGE         56                        54      2       51

PRECIPITATION (IN)
  YESTERDAY        0.00          2.14 1920   0.15  -0.15     0.00
  MONTH TO DATE    0.87                      3.69  -2.82     6.72
  SINCE SEP 1      0.87                      3.69  -2.82     6.72
  SINCE JAN 1     39.07                     33.43   5.64    34.94

SNOWFALL (IN)
  YESTERDAY        0.0           T    1992   0.0    0.0      0.0
  MONTH TO DATE    0.0                       0.0    0.0      0.0
  SINCE SEP 1      0.0                       0.0    0.0      0.0
  SINCE JUL 1      0.0                       0.0    0.0      0.0
  SNOW DEPTH       0

DEGREE DAYS
 HEATING
  YESTERDAY        9                        11     -2       14
  MONTH TO DATE  186                       175     11      186
  SINCE SEP 1    186                       176     10      186
  SINCE JUL 1    210                       221    -11      204

 COOLING
  YESTERDAY        0                         0      0        0
  MONTH TO DATE   45                        30     15       37
  SINCE SEP 1     45                        30     15       37
  SINCE JAN 1    343                       358    -15      454
..................................................................


WIND (MPH)
  RESULTANT WIND SPEED   6   RESULTANT WIND DIRECTION   N (20)
  HIGHEST WIND SPEED    13   HIGHEST WIND DIRECTION     N (360)
  HIGHEST GUST SPEED    17   HIGHEST GUST DIRECTION     N (10)
  AVERAGE WIND SPEED     6.0


SKY COVER
  AVERAGE SKY COVER 1.0


WEATHER CONDITIONS
 THE FOLLOWING WEATHER WAS RECORDED YESTERDAY.
  FOG


RELATIVE HUMIDITY (PERCENT)
 HIGHEST    96           600 AM
 LOWEST     72           300 PM
 AVERAGE    84

..........................................................


THE PORTLAND ME CLIMATE NORMALS FOR TODAY
                         NORMAL    RECORD    YEAR
 MAXIMUM TEMPERATURE (F)   64        85      1954
 MINIMUM TEMPERATURE (F)   44        27      1963


SUNRISE AND SUNSET
OCTOBER  1 2014.......SUNRISE   639 AM EDT   SUNSET   622 PM EDT
OCTOBER  2 2014.......SUNRISE   640 AM EDT   SUNSET   621 PM EDT


-  INDICATES NEGATIVE NUMBERS.
R  INDICATES RECORD WAS SET OR TIED.
MM INDICATES DATA IS MISSING.
T  INDICATES TRACE AMOUNT.




$$
