000
CDUS46 KSGX 190119
CLIRAL


CLIMATE REPORT
NATIONAL WEATHER SERVICE SAN DIEGO, CA
518 PM PST SAT NOV 18 2017


...................................

...THE RIVERSIDE MUNI AIRPORT CA CLIMATE SUMMARY FOR NOVEMBER 18 2017...
VALID TODAY AS OF 0500 PM LOCAL TIME.

CLIMATE NORMAL PERIOD 1981 TO 2010
CLIMATE RECORD PERIOD 1893 TO 2017


WEATHER ITEM   OBSERVED TIME   RECORD YEAR NORMAL DEPARTURE LAST
                VALUE   (LST)  VALUE       VALUE  FROM      YEAR
                                                  NORMAL
..................................................................
TEMPERATURE (F)
 TODAY
  MAXIMUM         79    208 PM  94    2008  73      6       79
  MINIMUM         52    650 AM  30    1958  46      6       50
  AVERAGE         66                        60      6       65

PRECIPITATION (IN)
  TODAY            0.00          0.91 1940   0.03  -0.03     0.00
  MONTH TO DATE    0.01                      0.58  -0.57     0.00
  SINCE OCT 1      0.01                      0.86  -0.85     0.96
  SINCE JAN 1      8.47                     10.45  -1.98     5.24

DEGREE DAYS
 HEATING
  TODAY            0                         6     -6        0
  MONTH TO DATE   28                        76    -48       10
  SINCE SEP 1     29                       111    -82       13
  SINCE JUL 1     29                       111    -82       13

 COOLING
  TODAY            1                         1      0        0
  MONTH TO DATE   12                        24    -12       96
  SINCE SEP 1    612                       495    117      629
  SINCE JAN 1   2260                      1753    507     2298
..................................................................


WIND (MPH)
  RESULTANT WIND SPEED   5   RESULTANT WIND DIRECTION  NE (50)
  HIGHEST WIND SPEED    15   HIGHEST WIND DIRECTION    NE (40)
  HIGHEST GUST SPEED    23   HIGHEST GUST DIRECTION    NE (40)
  AVERAGE WIND SPEED     5.3


SKY COVER
  POSSIBLE SUNSHINE  MM
  AVERAGE SKY COVER 0.1


WEATHER CONDITIONS
 THE FOLLOWING WEATHER WAS RECORDED TODAY.
  NO SIGNIFICANT WEATHER WAS OBSERVED.


RELATIVE HUMIDITY (PERCENT)
 HIGHEST   100           200 AM
 LOWEST     14           100 PM
 AVERAGE    57

..........................................................


THE RIVERSIDE MUNI AIRPORT CA CLIMATE NORMALS FOR TOMORROW
                         NORMAL    RECORD    YEAR
 MAXIMUM TEMPERATURE (F)   73        95      1915
 MINIMUM TEMPERATURE (F)   46        28      1921


SUNRISE AND SUNSET
NOVEMBER 18 2017......SUNRISE   625 AM PST   SUNSET   444 PM PST
NOVEMBER 19 2017......SUNRISE   626 AM PST   SUNSET   444 PM PST


-  INDICATES NEGATIVE NUMBERS.
R  INDICATES RECORD WAS SET OR TIED.
MM INDICATES DATA IS MISSING.
T  INDICATES TRACE AMOUNT.




$$
