000
CDUS46 KSGX 220118
CLIRAL


CLIMATE REPORT
NATIONAL WEATHER SERVICE SAN DIEGO, CA
518 PM PST SUN JAN 21 2018


...................................

...THE RIVERSIDE MUNI AIRPORT CA CLIMATE SUMMARY FOR JANUARY 21 2018...
VALID TODAY AS OF 0500 PM LOCAL TIME.

CLIMATE NORMAL PERIOD 1981 TO 2010
CLIMATE RECORD PERIOD 1893 TO 2018


WEATHER ITEM   OBSERVED TIME   RECORD YEAR NORMAL DEPARTURE LAST
                VALUE   (LST)  VALUE       VALUE  FROM      YEAR
                                                  NORMAL
..................................................................
TEMPERATURE (F)
 TODAY
  MAXIMUM         62    123 PM  83    1968  67     -5       58
  MINIMUM         38    353 AM  23    1922  44     -6       45
  AVERAGE         50                        55     -5       52

PRECIPITATION (IN)
  TODAY            0.00          1.75 1909   0.09  -0.09     0.00
  MONTH TO DATE    1.55                      2.32  -0.77     3.41
  SINCE OCT 1      1.58                      5.13  -3.55     8.67
  SINCE JAN 1      1.55                      2.32  -0.77     3.41

DEGREE DAYS
 HEATING
  TODAY           15                        10      5       13
  MONTH TO DATE   93                       214   -121      238
  SINCE DEC 1    243                       540   -297      499
  SINCE JUL 1    289                       740   -451      603

 COOLING
  TODAY            0                         0      0        0
  MONTH TO DATE    4                         0      4        0
  SINCE DEC 1      7                         2      5        0
  SINCE JAN 1      4                         0      4        0
..................................................................


WIND (MPH)
  RESULTANT WIND SPEED   2   RESULTANT WIND DIRECTION   E (80)
  HIGHEST WIND SPEED    12   HIGHEST WIND DIRECTION     W (270)
  HIGHEST GUST SPEED    14   HIGHEST GUST DIRECTION     W (270)
  AVERAGE WIND SPEED     4.3


SKY COVER
  POSSIBLE SUNSHINE  MM
  AVERAGE SKY COVER 0.2


WEATHER CONDITIONS
 THE FOLLOWING WEATHER WAS RECORDED TODAY.
  NO SIGNIFICANT WEATHER WAS OBSERVED.


RELATIVE HUMIDITY (PERCENT)
 HIGHEST    76           400 AM
 LOWEST     25           100 PM
 AVERAGE    51

..........................................................


THE RIVERSIDE MUNI AIRPORT CA CLIMATE NORMALS FOR TOMORROW
                         NORMAL    RECORD    YEAR
 MAXIMUM TEMPERATURE (F)   67        85      1994
 MINIMUM TEMPERATURE (F)   44        21      1937


SUNRISE AND SUNSET
JANUARY 21 2018.......SUNRISE   653 AM PST   SUNSET   510 PM PST
JANUARY 22 2018.......SUNRISE   652 AM PST   SUNSET   511 PM PST


-  INDICATES NEGATIVE NUMBERS.
R  INDICATES RECORD WAS SET OR TIED.
MM INDICATES DATA IS MISSING.
T  INDICATES TRACE AMOUNT.




$$
