000
CDUS46 KSGX 051530
CLIRAL


CLIMATE REPORT
NATIONAL WEATHER SERVICE SAN DIEGO, CA
730 AM PST MON DEC 5 2016


...................................

...THE RIVERSIDE MUNI AIRPORT CA CLIMATE SUMMARY FOR DECEMBER 4 2016...

CLIMATE NORMAL PERIOD 1981 TO 2010
CLIMATE RECORD PERIOD 1893 TO 2016


WEATHER ITEM   OBSERVED TIME   RECORD YEAR NORMAL DEPARTURE LAST
                VALUE   (LST)  VALUE       VALUE  FROM      YEAR
                                                  NORMAL
..................................................................
TEMPERATURE (F)
 YESTERDAY
  MAXIMUM         75    256 PM  88    1979  68      7       65
                                      1940
                                      1939
  MINIMUM         42    712 AM  25    1909  43     -1       41
  AVERAGE         59                        56      3       53

PRECIPITATION (IN)
  YESTERDAY        0.00          1.32 1974   0.03  -0.03     0.00
  MONTH TO DATE    0.00                      0.14  -0.14     0.00
  SINCE OCT 1      1.92                      1.42   0.50     0.51
  SINCE JAN 1      6.20                     11.01  -4.81     6.85

DEGREE DAYS
 HEATING
  YESTERDAY        6                         9     -3       12
  MONTH TO DATE   29                        36     -7       28
  SINCE DEC 1     29                        36     -7       28
  SINCE JUL 1    133                       236   -103      190

 COOLING
  YESTERDAY        0                         0      0        0
  MONTH TO DATE    0                         0      0        0
  SINCE DEC 1      0                         0      0        0
  SINCE JAN 1   2298                      1754    544     2422
..................................................................


WIND (MPH)
  RESULTANT WIND SPEED   2   RESULTANT WIND DIRECTION  NE (60)
  HIGHEST WIND SPEED    10   HIGHEST WIND DIRECTION    NE (40)
  HIGHEST GUST SPEED    13   HIGHEST GUST DIRECTION    NE (30)
  AVERAGE WIND SPEED     3.6


SKY COVER
  POSSIBLE SUNSHINE  MM
  AVERAGE SKY COVER 0.0


WEATHER CONDITIONS
 THE FOLLOWING WEATHER WAS RECORDED YESTERDAY.
  NO SIGNIFICANT WEATHER WAS OBSERVED.


RELATIVE HUMIDITY (PERCENT)
 HIGHEST    63          1100 PM
 LOWEST     14           200 PM
 AVERAGE    39

..........................................................


THE RIVERSIDE MUNI AIRPORT CA CLIMATE NORMALS FOR TODAY
                         NORMAL    RECORD    YEAR
 MAXIMUM TEMPERATURE (F)   68        90      1939
 MINIMUM TEMPERATURE (F)   43        26      1948


SUNRISE AND SUNSET
DECEMBER  5 2016......SUNRISE   641 AM PST   SUNSET   441 PM PST
DECEMBER  6 2016......SUNRISE   642 AM PST   SUNSET   441 PM PST


-  INDICATES NEGATIVE NUMBERS.
R  INDICATES RECORD WAS SET OR TIED.
MM INDICATES DATA IS MISSING.
T  INDICATES TRACE AMOUNT.




$$
