000
CDUS46 KSGX 251417
CLIRAL


CLIMATE REPORT
NATIONAL WEATHER SERVICE SAN DIEGO, CA
617 AM PST SUN JAN 25 2015


...................................

...THE RIVERSIDE MUNI AIRPORT CA CLIMATE SUMMARY FOR JANUARY 24 2015...

CLIMATE NORMAL PERIOD 1981 TO 2010
CLIMATE RECORD PERIOD 1893 TO 2015


WEATHER ITEM   OBSERVED TIME   RECORD YEAR NORMAL DEPARTURE LAST
                VALUE   (LST)  VALUE       VALUE  FROM      YEAR
                                                  NORMAL
..................................................................
TEMPERATURE (F)
 YESTERDAY
  MAXIMUM         76    306 PM  86    1946  67      9       75
  MINIMUM         51   1124 PM  22    1937  44      7       61
  AVERAGE         64                        55      9       68

PRECIPITATION (IN)
  YESTERDAY        0.00          0.90 1969   0.06  -0.06     0.00
  MONTH TO DATE    0.20                      2.56  -2.36     0.00
  SINCE OCT 1      3.43                      5.37  -1.94     0.99
  SINCE JAN 1      0.20                      2.56  -2.36     0.00

SNOWFALL (IN)
  YESTERDAY        0.0
  MONTH TO DATE    0.0
  SINCE JAN 1      0.0
  SINCE JUL 1      0.0
  SNOW DEPTH       0

DEGREE DAYS
 HEATING
  YESTERDAY        1                        10     -9        0
  MONTH TO DATE  177                       244    -67       97
  SINCE DEC 1    436                       570   -134      342
  SINCE JUL 1    500                       770   -270      485

 COOLING
  YESTERDAY        0                         0      0        3
  MONTH TO DATE    5                         0      5       14
  SINCE DEC 1     10                         2      8       24
  SINCE JAN 1      5                         0      5       14
..................................................................


WIND (MPH)
  RESULTANT WIND SPEED  11   RESULTANT WIND DIRECTION  NE (30)
  HIGHEST WIND SPEED    24   HIGHEST WIND DIRECTION    NE (30)
  HIGHEST GUST SPEED    39   HIGHEST GUST DIRECTION     N (20)
  AVERAGE WIND SPEED    11.6


SKY COVER
  POSSIBLE SUNSHINE  MM
  AVERAGE SKY COVER 0.0


WEATHER CONDITIONS
 THE FOLLOWING WEATHER WAS RECORDED YESTERDAY.
  NO SIGNIFICANT WEATHER WAS OBSERVED.


RELATIVE HUMIDITY (PERCENT)
 HIGHEST    30          1000 PM
 LOWEST     13           200 AM
 AVERAGE    22

..........................................................


THE RIVERSIDE MUNI AIRPORT CA CLIMATE NORMALS FOR TODAY
                         NORMAL    RECORD    YEAR
 MAXIMUM TEMPERATURE (F)   67        87      1947
 MINIMUM TEMPERATURE (F)   44        25      1950
                                             1932


SUNRISE AND SUNSET
JANUARY 25 2015.......SUNRISE   651 AM PST   SUNSET   513 PM PST
JANUARY 26 2015.......SUNRISE   651 AM PST   SUNSET   514 PM PST


-  INDICATES NEGATIVE NUMBERS.
R  INDICATES RECORD WAS SET OR TIED.
MM INDICATES DATA IS MISSING.
T  INDICATES TRACE AMOUNT.




$$
