000
CDUS46 KSGX 281417
CLIRAL


CLIMATE REPORT
NATIONAL WEATHER SERVICE SAN DIEGO, CA
716 AM PDT FRI AUG 28 2015


...................................

...THE RIVERSIDE MUNI AIRPORT CA CLIMATE SUMMARY FOR AUGUST 27 2015...

CLIMATE NORMAL PERIOD 1981 TO 2010
CLIMATE RECORD PERIOD 1893 TO 2015


WEATHER ITEM   OBSERVED TIME   RECORD YEAR NORMAL DEPARTURE LAST
                VALUE   (LST)  VALUE       VALUE  FROM      YEAR
                                                  NORMAL
..................................................................
TEMPERATURE (F)
 YESTERDAY
  MAXIMUM        102    239 PM 110    1981  94      8       97
  MINIMUM         70    537 AM  40    1902  64      6       67
  AVERAGE         86                        79      7       82

PRECIPITATION (IN)
  YESTERDAY        0.00          0.09 1922   0.00   0.00     0.00
  MONTH TO DATE    0.01                      0.08  -0.07     0.14
  SINCE OCT 1      7.70                     12.15  -4.45     2.85
  SINCE JAN 1      4.47                      9.34  -4.87     1.86

DEGREE DAYS
 HEATING
  YESTERDAY        0                         0      0        0
  MONTH TO DATE    0                         0      0        0
  SINCE JUN 1      0                         2     -2        0
  SINCE JUL 1      0                         0      0        0

 COOLING
  YESTERDAY       21                        14      7       17
  MONTH TO DATE  439                       393     46      380
  SINCE JUN 1   1215                      1028    187     1143
  SINCE JAN 1   1524                      1205    319     1521
..................................................................


WIND (MPH)
  RESULTANT WIND SPEED   4   RESULTANT WIND DIRECTION   W (270)
  HIGHEST WIND SPEED    15   HIGHEST WIND DIRECTION     W (260)
  HIGHEST GUST SPEED    23   HIGHEST GUST DIRECTION     W (280)
  AVERAGE WIND SPEED     4.8


SKY COVER
  POSSIBLE SUNSHINE  MM
  AVERAGE SKY COVER 0.0


WEATHER CONDITIONS
 THE FOLLOWING WEATHER WAS RECORDED YESTERDAY.
  NO SIGNIFICANT WEATHER WAS OBSERVED.


RELATIVE HUMIDITY (PERCENT)
 HIGHEST    66           500 AM
 LOWEST     19           100 PM
 AVERAGE    43

..........................................................


THE RIVERSIDE MUNI AIRPORT CA CLIMATE NORMALS FOR TODAY
                         NORMAL    RECORD    YEAR
 MAXIMUM TEMPERATURE (F)   94       108      1981
 MINIMUM TEMPERATURE (F)   64        45      1902


SUNRISE AND SUNSET
AUGUST 28 2015........SUNRISE   621 AM PDT   SUNSET   721 PM PDT
AUGUST 29 2015........SUNRISE   621 AM PDT   SUNSET   720 PM PDT


-  INDICATES NEGATIVE NUMBERS.
R  INDICATES RECORD WAS SET OR TIED.
MM INDICATES DATA IS MISSING.
T  INDICATES TRACE AMOUNT.




$$
