832
CDUS46 KSGX 191520
CLIRAL


CLIMATE REPORT
NATIONAL WEATHER SERVICE SAN DIEGO, CA
719 AM PST THU JAN 19 2017


...................................

...THE RIVERSIDE MUNI AIRPORT CA CLIMATE SUMMARY FOR JANUARY 18 2017...

CLIMATE NORMAL PERIOD 1981 TO 2010
CLIMATE RECORD PERIOD 1893 TO 2017


WEATHER ITEM   OBSERVED TIME   RECORD YEAR NORMAL DEPARTURE LAST
                VALUE   (LST)  VALUE       VALUE  FROM      YEAR
                                                  NORMAL
..................................................................
TEMPERATURE (F)
 YESTERDAY
  MAXIMUM         59    216 PM  90    1971  67     -8       63
  MINIMUM         38    653 AM  27    2007  44     -6       48
                                      1949
  AVERAGE         49                        55     -6       56

PRECIPITATION (IN)
  YESTERDAY        0.01          1.42 1895   0.10  -0.09     0.00
  MONTH TO DATE    1.69                      2.03  -0.34     2.46
  SINCE OCT 1      6.95                      4.84   2.11     3.63
  SINCE JAN 1      1.69                      2.03  -0.34     2.46

DEGREE DAYS
 HEATING
  YESTERDAY       16                        10      6        9
  MONTH TO DATE  203                       184     19      209
  SINCE DEC 1    464                       510    -46      540
  SINCE JUL 1    568                       710   -142      702

 COOLING
  YESTERDAY        0                         0      0        0
  MONTH TO DATE    0                         0      0        0
  SINCE DEC 1      0                         2     -2        2
  SINCE JAN 1      0                         0      0        0
..................................................................


WIND (MPH)
  RESULTANT WIND SPEED   2   RESULTANT WIND DIRECTION   W (280)
  HIGHEST WIND SPEED    15   HIGHEST WIND DIRECTION     W (270)
  HIGHEST GUST SPEED    19   HIGHEST GUST DIRECTION     W (270)
  AVERAGE WIND SPEED     4.2


SKY COVER
  POSSIBLE SUNSHINE  MM
  AVERAGE SKY COVER 0.4


WEATHER CONDITIONS
 THE FOLLOWING WEATHER WAS RECORDED YESTERDAY.
  LIGHT RAIN


RELATIVE HUMIDITY (PERCENT)
 HIGHEST    92           400 AM
 LOWEST     63          1000 AM
 AVERAGE    78

..........................................................


THE RIVERSIDE MUNI AIRPORT CA CLIMATE NORMALS FOR TODAY
                         NORMAL    RECORD    YEAR
 MAXIMUM TEMPERATURE (F)   67        90      1971
 MINIMUM TEMPERATURE (F)   44        27      1947


SUNRISE AND SUNSET
JANUARY 19 2017.......SUNRISE   654 AM PST   SUNSET   508 PM PST
JANUARY 20 2017.......SUNRISE   653 AM PST   SUNSET   509 PM PST


-  INDICATES NEGATIVE NUMBERS.
R  INDICATES RECORD WAS SET OR TIED.
MM INDICATES DATA IS MISSING.
T  INDICATES TRACE AMOUNT.




$$
