000
CDUS46 KSGX 250019
CLIRAL


CLIMATE REPORT
NATIONAL WEATHER SERVICE SAN DIEGO, CA
519 PM PDT SUN SEP 24 2017


...................................

...THE RIVERSIDE MUNI AIRPORT CA CLIMATE SUMMARY FOR SEPTEMBER 24 2017...
VALID TODAY AS OF 0500 PM LOCAL TIME.

CLIMATE NORMAL PERIOD 1981 TO 2010
CLIMATE RECORD PERIOD 1893 TO 2017


WEATHER ITEM   OBSERVED TIME   RECORD YEAR NORMAL DEPARTURE LAST
                VALUE   (LST)  VALUE       VALUE  FROM      YEAR
                                                  NORMAL
..................................................................
TEMPERATURE (F)
 TODAY
  MAXIMUM         86    238 PM 109    1949  88     -2       97
  MINIMUM         53    559 AM  42    1923  61     -8       57
  AVERAGE         70                        74     -4       77

PRECIPITATION (IN)
  TODAY            0.00          0.72 1908   0.01  -0.01     0.00
  MONTH TO DATE    0.22                      0.18   0.04      T
  SINCE OCT 1     13.72                     12.33   1.39     5.45
  SINCE JAN 1      8.46                      9.52  -1.06     4.28

DEGREE DAYS
 HEATING
  TODAY            0                         0      0        0
  MONTH TO DATE    1                         0      1        0
  SINCE SEP 1      1                         0      1        0
  SINCE JUL 1      1                         0      1        0

 COOLING
  TODAY            5                         9     -4       12
  MONTH TO DATE  287                       283      4      247
  SINCE SEP 1    287                       283      4      247
  SINCE JAN 1   1935                      1541    394     1916
..................................................................


WIND (MPH)
  RESULTANT WIND SPEED   2   RESULTANT WIND DIRECTION   E (90)
  HIGHEST WIND SPEED    13   HIGHEST WIND DIRECTION     N (350)
  HIGHEST GUST SPEED    23   HIGHEST GUST DIRECTION     N (350)
  AVERAGE WIND SPEED     2.9


SKY COVER
  POSSIBLE SUNSHINE  MM
  AVERAGE SKY COVER 0.0


WEATHER CONDITIONS
 THE FOLLOWING WEATHER WAS RECORDED TODAY.
  NO SIGNIFICANT WEATHER WAS OBSERVED.


RELATIVE HUMIDITY (PERCENT)
 HIGHEST    89           400 AM
 LOWEST     12           100 PM
 AVERAGE    51

..........................................................


THE RIVERSIDE MUNI AIRPORT CA CLIMATE NORMALS FOR TOMORROW
                         NORMAL    RECORD    YEAR
 MAXIMUM TEMPERATURE (F)   88       108      2010
                                             1921
 MINIMUM TEMPERATURE (F)   60        41      1934


SUNRISE AND SUNSET
SEPTEMBER 24 2017.....SUNRISE   639 AM PDT   SUNSET   643 PM PDT
SEPTEMBER 25 2017.....SUNRISE   640 AM PDT   SUNSET   642 PM PDT


-  INDICATES NEGATIVE NUMBERS.
R  INDICATES RECORD WAS SET OR TIED.
MM INDICATES DATA IS MISSING.
T  INDICATES TRACE AMOUNT.




$$
