000
CDUS43 KUNR 250832
CLIRAP


CLIMATE REPORT
NATIONAL WEATHER SERVICE RAPID CITY SD
231 AM MDT SUN JUN 25 2017


...................................

...THE RAPID CITY AIRPORT SD CLIMATE SUMMARY FOR JUNE 24 2017...

CLIMATE NORMAL PERIOD 1981 TO 2010
CLIMATE RECORD PERIOD 1942 TO 2017


WEATHER ITEM   OBSERVED TIME   RECORD YEAR NORMAL DEPARTURE LAST
                VALUE   (LST)  VALUE       VALUE  FROM      YEAR
                                                  NORMAL
..................................................................
TEMPERATURE (F)
 YESTERDAY
  MAXIMUM         77    248 PM 106    1988  81     -4       99
  MINIMUM         43   1157 PM  36    1993  54    -11       65
  AVERAGE         60                        67     -7       82

PRECIPITATION (IN)
  YESTERDAY        0.00          1.78 1968   0.07  -0.07     0.01
  MONTH TO DATE    1.36                      2.18  -0.82     1.19
  SINCE JUN 1      1.36                      2.18  -0.82     1.19
  SINCE JAN 1      5.63                      8.87  -3.24     5.83

SNOWFALL (IN)
  YESTERDAY        0.0           0.0    MM   0.0    0.0      0.0
  MONTH TO DATE    0.0                       0.0    0.0      0.0
  SINCE JUN 1      0.0                       0.0    0.0      0.0
  SINCE JUL 1     35.7                      41.1   -5.4     36.3
  SNOW DEPTH       0

DEGREE DAYS
 HEATING
  YESTERDAY        5                         2      3        0
  MONTH TO DATE   24                        90    -66       10
  SINCE JUN 1     24                        90    -66       10
  SINCE JUL 1   6746                      7144   -398     6324

 COOLING
  YESTERDAY        0                         4     -4       17
  MONTH TO DATE   87                        53     34      160
  SINCE JUN 1     87                        53     34      160
  SINCE JAN 1     99                        68     31      160
..................................................................


WIND (MPH)
  HIGHEST WIND SPEED    30   HIGHEST WIND DIRECTION     N (340)
  HIGHEST GUST SPEED    37   HIGHEST GUST DIRECTION    NW (320)
  AVERAGE WIND SPEED    13.7


SKY COVER
  AVERAGE SKY COVER 0.1


WEATHER CONDITIONS
 THE FOLLOWING WEATHER WAS RECORDED YESTERDAY.
  NO SIGNIFICANT WEATHER WAS OBSERVED.


RELATIVE HUMIDITY (PERCENT)
 HIGHEST    54          1100 PM
 LOWEST     18           300 PM
 AVERAGE    36

..........................................................


THE RAPID CITY AIRPORT SD CLIMATE NORMALS FOR TODAY
                         NORMAL    RECORD    YEAR
 MAXIMUM TEMPERATURE (F)   82        98      1960
 MINIMUM TEMPERATURE (F)   54        36      1958


SUNRISE AND SUNSET
JUNE 25 2017..........SUNRISE   511 AM MDT   SUNSET   839 PM MDT
JUNE 26 2017..........SUNRISE   511 AM MDT   SUNSET   839 PM MDT


-  INDICATES NEGATIVE NUMBERS.
R  INDICATES RECORD WAS SET OR TIED.
MM INDICATES DATA IS MISSING.
T  INDICATES TRACE AMOUNT.




$$
