000
CDUS43 KUNR 280832
CLIRAP


CLIMATE REPORT
NATIONAL WEATHER SERVICE RAPID CITY SD
232 AM MDT FRI APR 28 2017


...................................

...THE RAPID CITY AIRPORT SD CLIMATE SUMMARY FOR APRIL 27 2017...

CLIMATE NORMAL PERIOD 1981 TO 2010
CLIMATE RECORD PERIOD 1942 TO 2017


WEATHER ITEM   OBSERVED TIME   RECORD YEAR NORMAL DEPARTURE LAST
                VALUE   (LST)  VALUE       VALUE  FROM      YEAR
                                                  NORMAL
..................................................................
TEMPERATURE (F)
 YESTERDAY
  MAXIMUM         48    321 PM  87    1952  62    -14       37
  MINIMUM         24    452 AM  17    1994  36    -12       32
  AVERAGE         36                        49    -13       35

PRECIPITATION (IN)
  YESTERDAY        T             1.22 2014   0.09  -0.09     0.41
  MONTH TO DATE    1.77                      1.54   0.23     1.83
  SINCE MAR 1      2.30                      2.47  -0.17     2.92
  SINCE JAN 1      3.11                      3.21  -0.10     3.78

SNOWFALL (IN)
  YESTERDAY       MM             4.6  1969   0.2   MM        1.0
  MONTH TO DATE    4.7                       7.4   -2.7      4.2
  SINCE MAR 1      5.2                      16.1  -10.9     10.2
  SINCE JUL 1     35.7                      39.5   -3.8     36.3
  SNOW DEPTH       0

DEGREE DAYS
 HEATING
  YESTERDAY       29                        16     13       30
  MONTH TO DATE  505                       555    -50      457
  SINCE MAR 1   1294                      1473   -179     1209
  SINCE JUL 1   6350                      6683   -333     5904

 COOLING
  YESTERDAY        0                         0      0        0
  MONTH TO DATE    0                         0      0        0
  SINCE MAR 1      0                         0      0        0
  SINCE JAN 1      0                         0      0        0
..................................................................


WIND (MPH)
  HIGHEST WIND SPEED    16   HIGHEST WIND DIRECTION     E (100)
  HIGHEST GUST SPEED    22   HIGHEST GUST DIRECTION     E (80)
  AVERAGE WIND SPEED     7.3


SKY COVER
  AVERAGE SKY COVER 0.6


WEATHER CONDITIONS
 THE FOLLOWING WEATHER WAS RECORDED YESTERDAY.
  LIGHT RAIN
  FOG


RELATIVE HUMIDITY (PERCENT)
 HIGHEST    92          1200 AM
 LOWEST     56           200 PM
 AVERAGE    74

..........................................................


THE RAPID CITY AIRPORT SD CLIMATE NORMALS FOR TODAY
                         NORMAL    RECORD    YEAR
 MAXIMUM TEMPERATURE (F)   63        89      1987
 MINIMUM TEMPERATURE (F)   36        18      1956


SUNRISE AND SUNSET
APRIL 28 2017.........SUNRISE   548 AM MDT   SUNSET   752 PM MDT
APRIL 29 2017.........SUNRISE   546 AM MDT   SUNSET   754 PM MDT


-  INDICATES NEGATIVE NUMBERS.
R  INDICATES RECORD WAS SET OR TIED.
MM INDICATES DATA IS MISSING.
T  INDICATES TRACE AMOUNT.




$$
