000
CDUS43 KUNR 240839
CLIRAP


CLIMATE REPORT
NATIONAL WEATHER SERVICE RAPID CITY SD
136 AM MST FRI NOV 24 2017


...................................

...THE RAPID CITY AIRPORT SD CLIMATE SUMMARY FOR NOVEMBER 23 2017...

CLIMATE NORMAL PERIOD 1981 TO 2010
CLIMATE RECORD PERIOD 1942 TO 2017


WEATHER ITEM   OBSERVED TIME   RECORD YEAR NORMAL DEPARTURE LAST
                VALUE   (LST)  VALUE       VALUE  FROM      YEAR
                                                  NORMAL
..................................................................
TEMPERATURE (F)
 YESTERDAY
  MAXIMUM         75R  1255 PM  69    2005  43     32       43
                                      1984
  MINIMUM         38    648 AM -14    1985  19     19       17
  AVERAGE         57                        31     26       30

PRECIPITATION (IN)
  YESTERDAY        0.00          0.28 1959   0.02  -0.02     0.00
  MONTH TO DATE    0.14                      0.45  -0.31     0.20
  SINCE SEP 1      1.86                      3.16  -1.30     1.50
  SINCE JAN 1     11.02                     15.79  -4.77    12.47

SNOWFALL (IN)
  YESTERDAY        0.0           5.3  1993   0.2   -0.2      0.0
  MONTH TO DATE    T                         4.8   -4.8      2.4
  SINCE SEP 1      T                         6.6   -6.6      2.4
  SINCE JUL 1      T                         6.6   -6.6      2.4
  SNOW DEPTH       0

DEGREE DAYS
 HEATING
  YESTERDAY        8                        34    -26       35
  MONTH TO DATE  646                       662    -16      454
  SINCE SEP 1   1389                      1387      2      971
  SINCE JUL 1   1396                      1424    -28     1003

 COOLING
  YESTERDAY        0                         0      0        0
  MONTH TO DATE    0                         0      0        0
  SINCE SEP 1     85                        64     21       30
  SINCE JAN 1    709                       636     73      646
..................................................................


WIND (MPH)
  HIGHEST WIND SPEED    21   HIGHEST WIND DIRECTION     W (270)
  HIGHEST GUST SPEED    24   HIGHEST GUST DIRECTION     W (260)
  AVERAGE WIND SPEED     6.3


SKY COVER
  AVERAGE SKY COVER 0.0


WEATHER CONDITIONS
 THE FOLLOWING WEATHER WAS RECORDED YESTERDAY.
  NO SIGNIFICANT WEATHER WAS OBSERVED.


RELATIVE HUMIDITY (PERCENT)
 HIGHEST    79           100 AM
 LOWEST     25           100 PM
 AVERAGE    52

..........................................................


THE RAPID CITY AIRPORT SD CLIMATE NORMALS FOR TODAY
                         NORMAL    RECORD    YEAR
 MAXIMUM TEMPERATURE (F)   43        74      1990
 MINIMUM TEMPERATURE (F)   18       -10      2010


SUNRISE AND SUNSET
NOVEMBER 24 2017......SUNRISE   659 AM MST   SUNSET   419 PM MST
NOVEMBER 25 2017......SUNRISE   700 AM MST   SUNSET   418 PM MST


-  INDICATES NEGATIVE NUMBERS.
R  INDICATES RECORD WAS SET OR TIED.
MM INDICATES DATA IS MISSING.
T  INDICATES TRACE AMOUNT.




$$
