000
CDUS43 KUNR 290830
CLIRAP


CLIMATE REPORT
NATIONAL WEATHER SERVICE RAPID CITY SD
230 AM MDT SAT AUG 29 2015


...................................

...THE RAPID CITY AIRPORT SD CLIMATE SUMMARY FOR AUGUST 28 2015...

CLIMATE NORMAL PERIOD 1981 TO 2010
CLIMATE RECORD PERIOD 1942 TO 2015


WEATHER ITEM   OBSERVED TIME   RECORD YEAR NORMAL DEPARTURE LAST
                VALUE   (LST)  VALUE       VALUE  FROM      YEAR
                                                  NORMAL
..................................................................
TEMPERATURE (F)
 YESTERDAY
  MAXIMUM         87    224 PM 100    2012  84      3       79
  MINIMUM         55    433 AM  41    2004  54      1       55
  AVERAGE         71                        69      2       67

PRECIPITATION (IN)
  YESTERDAY        0.00          0.41 1990   0.04  -0.04     0.00
  MONTH TO DATE    3.41                      1.43   1.98     3.12
  SINCE JUN 1     14.54                      5.81   8.73    10.31
  SINCE JAN 1     22.59                     12.50  10.09    15.70

SNOWFALL (IN)
  YESTERDAY        0.0           0.0    MM   0.0    0.0      0.0
  MONTH TO DATE    0.0                       0.0    0.0      0.0
  SINCE JUN 1      0.0                       0.0    0.0      0.0
  SINCE JUL 1      0.0                       0.0    0.0      0.0
  SNOW DEPTH       0

DEGREE DAYS
 HEATING
  YESTERDAY        0                         1     -1        0
  MONTH TO DATE   44                        12     32       11
  SINCE JUN 1     72                       126    -54      161
  SINCE JUL 1     45                        27     18       33

 COOLING
  YESTERDAY        6                         5      1        2
  MONTH TO DATE  174                       210    -36      148
  SINCE JUN 1    463                       544    -81      337
  SINCE JAN 1    463                       559    -96      357
..................................................................


WIND (MPH)
  HIGHEST WIND SPEED    13   HIGHEST WIND DIRECTION     N (340)
  HIGHEST GUST SPEED    17   HIGHEST GUST DIRECTION    NW (330)
  AVERAGE WIND SPEED     4.1


SKY COVER
  AVERAGE SKY COVER 0.0


WEATHER CONDITIONS
 THE FOLLOWING WEATHER WAS RECORDED YESTERDAY.
  HAZE


RELATIVE HUMIDITY (PERCENT)
 HIGHEST    93           100 AM
 LOWEST     34           200 PM
 AVERAGE    64

..........................................................


THE RAPID CITY AIRPORT SD CLIMATE NORMALS FOR TODAY
                         NORMAL    RECORD    YEAR
 MAXIMUM TEMPERATURE (F)   83       107      2012
 MINIMUM TEMPERATURE (F)   53        41      1988


SUNRISE AND SUNSET
AUGUST 29 2015........SUNRISE   612 AM MDT   SUNSET   734 PM MDT
AUGUST 30 2015........SUNRISE   613 AM MDT   SUNSET   732 PM MDT


-  INDICATES NEGATIVE NUMBERS.
R  INDICATES RECORD WAS SET OR TIED.
MM INDICATES DATA IS MISSING.
T  INDICATES TRACE AMOUNT.




$$
