000
CDUS43 KUNR 200836
CLIRAP


CLIMATE REPORT
NATIONAL WEATHER SERVICE RAPID CITY SD
234 AM MDT SUN APR 20 2014


...................................

...THE RAPID CITY AIRPORT SD CLIMATE SUMMARY FOR APRIL 19 2014...

CLIMATE NORMAL PERIOD 1981 TO 2010
CLIMATE RECORD PERIOD 1942 TO 2014


WEATHER ITEM   OBSERVED TIME   RECORD YEAR NORMAL DEPARTURE LAST
                VALUE   (LST)  VALUE       VALUE  FROM      YEAR
                                                  NORMAL
..................................................................
TEMPERATURE (F)
 YESTERDAY
  MAXIMUM         66    301 PM  85    1961  60      6       38
  MINIMUM         39    440 AM   8    1966  33      6       25
  AVERAGE         53                        46      7       32

PRECIPITATION (IN)
  YESTERDAY        0.00          1.20 2000   0.07  -0.07     0.06
  MONTH TO DATE    0.54                      0.95  -0.41     2.20
  SINCE MAR 1      1.63                      1.88  -0.25     3.02
  SINCE JAN 1      2.12                      2.62  -0.50     3.63

SNOWFALL (IN)
  YESTERDAY        0.0                       0.2   -0.2      0.7
  MONTH TO DATE    6.0                       5.6    0.4     36.8
  SINCE MAR 1     20.4                      14.3    6.1     49.7
  SINCE JUL 1     63.4                      37.7   25.7     70.1
  SNOW DEPTH       0

DEGREE DAYS
 HEATING
  YESTERDAY       12                        19     -7       33
  MONTH TO DATE  458                       415     43      609
  SINCE MAR 1   1475                      1333    142     1577
  SINCE JUL 1   7108                      6543    565     6566

 COOLING
  YESTERDAY        0                         0      0        0
  MONTH TO DATE    0                         0      0        0
  SINCE MAR 1      0                         0      0        0
  SINCE JAN 1      0                         0      0        0
..................................................................


WIND (MPH)
  HIGHEST WIND SPEED    40   HIGHEST WIND DIRECTION     N (340)
  HIGHEST GUST SPEED    49   HIGHEST GUST DIRECTION     N (340)
  AVERAGE WIND SPEED    10.0


SKY COVER
  AVERAGE SKY COVER 0.0


WEATHER CONDITIONS
 THE FOLLOWING WEATHER WAS RECORDED YESTERDAY.
  NO SIGNIFICANT WEATHER WAS OBSERVED.


RELATIVE HUMIDITY (PERCENT)
 HIGHEST    71          1200 AM
 LOWEST     18           800 AM
 AVERAGE    45

..........................................................


THE RAPID CITY AIRPORT SD CLIMATE NORMALS FOR TODAY
                         NORMAL    RECORD    YEAR
 MAXIMUM TEMPERATURE (F)   60        89      1962
 MINIMUM TEMPERATURE (F)   33         2      1966


SUNRISE AND SUNSET
APRIL 20 2014.........SUNRISE   601 AM MDT   SUNSET   742 PM MDT
APRIL 21 2014.........SUNRISE   559 AM MDT   SUNSET   744 PM MDT


-  INDICATES NEGATIVE NUMBERS.
R  INDICATES RECORD WAS SET OR TIED.
MM INDICATES DATA IS MISSING.
T  INDICATES TRACE AMOUNT.




$$
