000
CDUS43 KUNR 021848
CLIRAP


CLIMATE REPORT
NATIONAL WEATHER SERVICE RAPID CITY SD
1247 PM MDT TUE SEP 2 2014


...................................

...THE RAPID CITY AIRPORT SD CLIMATE SUMMARY FOR SEPTEMBER 2 2014...
VALID AS OF 1100 AM LOCAL TIME.

CLIMATE NORMAL PERIOD 1981 TO 2010
CLIMATE RECORD PERIOD 1942 TO 2014


WEATHER ITEM   OBSERVED TIME   RECORD YEAR NORMAL DEPARTURE LAST
                VALUE   (LST)  VALUE       VALUE  FROM      YEAR
                                                  NORMAL
..................................................................
TEMPERATURE (F)
 TODAY
  MAXIMUM         77   1059 AM 104    1960  82     -5       93
  MINIMUM         43    515 AM  38    2008  52     -9       50
                                      1974
  AVERAGE         60                        67     -7       72

PRECIPITATION (IN)
  TODAY            0.00          0.75 1986   0.05  -0.05     0.00
  MONTH TO DATE    0.05                      0.09  -0.04     0.00
  SINCE SEP 1      0.05                      0.09  -0.04     0.00
  SINCE JAN 1     16.65                     12.72   3.93    14.06

SNOWFALL (IN)
  TODAY            0.0                       0.0    0.0      0.0
  MONTH TO DATE    0.0                       0.0    0.0      0.0
  SINCE SEP 1      0.0                       0.0    0.0      0.0
  SINCE JUL 1      0.0                       0.0    0.0      0.0
  SNOW DEPTH       0

DEGREE DAYS
 HEATING
  TODAY            5                         2      3        0
  MONTH TO DATE   11                         4      7        0
  SINCE SEP 1     11                         4      7        0
  SINCE JUL 1     47                        41      6        5

 COOLING
  TODAY            0                         4     -4        7
  MONTH TO DATE    0                         8     -8       10
  SINCE SEP 1      0                         8     -8       10
  SINCE JAN 1    363                       580   -217      601
..................................................................


WIND (MPH)
  HIGHEST WIND SPEED    14   HIGHEST WIND DIRECTION     S (170)
  HIGHEST GUST SPEED    19   HIGHEST GUST DIRECTION     S (180)
  AVERAGE WIND SPEED     5.3


SKY COVER
  AVERAGE SKY COVER 0.0


WEATHER CONDITIONS
 THE FOLLOWING WEATHER WAS RECORDED TODAY.
  NO SIGNIFICANT WEATHER WAS OBSERVED.


RELATIVE HUMIDITY (PERCENT)
 HIGHEST    92          1200 AM
 LOWEST     36          1100 AM
 AVERAGE    64

..........................................................


THE RAPID CITY AIRPORT SD CLIMATE NORMALS FOR TOMORROW
                         NORMAL    RECORD    YEAR
 MAXIMUM TEMPERATURE (F)   82       100      2005
                                             1948
 MINIMUM TEMPERATURE (F)   51        36      1974


SUNRISE AND SUNSET
SEPTEMBER  2 2014.....SUNRISE   617 AM MDT   SUNSET   726 PM MDT
SEPTEMBER  3 2014.....SUNRISE   618 AM MDT   SUNSET   725 PM MDT


-  INDICATES NEGATIVE NUMBERS.
R  INDICATES RECORD WAS SET OR TIED.
MM INDICATES DATA IS MISSING.
T  INDICATES TRACE AMOUNT.




$$
