022
CDUS46 KMFR 070843
CLIRBG


CLIMATE REPORT
NATIONAL WEATHER SERVICE MEDFORD, OR
1243 AM PST SUN FEB 7 2016


...................................

...THE ROSEBURG OR CLIMATE SUMMARY FOR FEBRUARY 6 2016...

CLIMATE NORMAL PERIOD 1981 TO 2010
CLIMATE RECORD PERIOD 1931 TO 2016


WEATHER ITEM   OBSERVED TIME   RECORD YEAR NORMAL DEPARTURE LAST
                VALUE   (LST)  VALUE       VALUE  FROM      YEAR
                                                  NORMAL
..................................................................
TEMPERATURE (F)
 YESTERDAY
  MAXIMUM         53    618 PM  70    1963  52      1       60
  MINIMUM         47    810 AM  25    1957  37     10       51
  AVERAGE         50                        44      6       56

PRECIPITATION (IN)
  YESTERDAY        0.02          2.06 1938   0.17  -0.15     1.89
  MONTH TO DATE    0.39                      1.03  -0.64     3.31
  SINCE OCT 1     26.19                     21.77   4.42    18.97
  SINCE JAN 1      7.00                      6.12   0.88     4.69

SNOWFALL (IN)
  YESTERDAY       MM                        MM     MM       MM
  MONTH TO DATE   MM                        MM     MM       MM
  SINCE JUL 1      0.0                      MM     MM       MM
  SNOW DEPTH      MM

DEGREE DAYS
 HEATING
  YESTERDAY       15                        21     -6        9
  MONTH TO DATE  111                       126    -15       69
  SINCE DEC 1   1314                      1516   -202     1125
  SINCE JUL 1   2042                      2445   -403     1715

 COOLING
  YESTERDAY        0                         0      0        0
  MONTH TO DATE    0                         0      0        0
  SINCE DEC 1      0                         0      0        0
  SINCE JAN 1      0                         0      0        0
..................................................................


WIND (MPH)
  RESULTANT WIND SPEED   1   RESULTANT WIND DIRECTION  NW (330)
  HIGHEST WIND SPEED     7   HIGHEST WIND DIRECTION     N (360)
  HIGHEST GUST SPEED     9   HIGHEST GUST DIRECTION     N (360)
  AVERAGE WIND SPEED     2.1


SKY COVER
  POSSIBLE SUNSHINE  MM
  AVERAGE SKY COVER 0.8


WEATHER CONDITIONS
 THE FOLLOWING WEATHER WAS RECORDED YESTERDAY.
  LIGHT RAIN


RELATIVE HUMIDITY (PERCENT)
 HIGHEST    93           400 AM
 LOWEST     83           300 PM
 AVERAGE    88

..........................................................


THE ROSEBURG OR CLIMATE NORMALS FOR TODAY
                         NORMAL    RECORD    YEAR
 MAXIMUM TEMPERATURE (F)   52        65      1958
                                             1945
 MINIMUM TEMPERATURE (F)   37        24      1933


SUNRISE AND SUNSET
FEBRUARY  7 2016......SUNRISE   722 AM PST   SUNSET   533 PM PST
FEBRUARY  8 2016......SUNRISE   721 AM PST   SUNSET   535 PM PST


-  INDICATES NEGATIVE NUMBERS.
R  INDICATES RECORD WAS SET OR TIED.
MM INDICATES DATA IS MISSING.
T  INDICATES TRACE AMOUNT.




$$
