000
CDUS46 KMFR 210839
CLIRBG


CLIMATE REPORT
NATIONAL WEATHER SERVICE MEDFORD, OR
138 AM PDT THU SEP 21 2017


...................................

...THE ROSEBURG OR CLIMATE SUMMARY FOR SEPTEMBER 20 2017...

CLIMATE NORMAL PERIOD 1981 TO 2010
CLIMATE RECORD PERIOD 1931 TO 2017


WEATHER ITEM   OBSERVED TIME   RECORD YEAR NORMAL DEPARTURE LAST
                VALUE   (LST)  VALUE       VALUE  FROM      YEAR
                                                  NORMAL
..................................................................
TEMPERATURE (F)
 YESTERDAY
  MAXIMUM         61   1228 PM  98    2014  78    -17       74
                                      1974
  MINIMUM         50   1159 PM  38    1965  50      0       55
                                      1958
  AVERAGE         56                        64     -8       65

PRECIPITATION (IN)
  YESTERDAY        0.46          0.59 2013   0.04   0.42     0.00
  MONTH TO DATE    0.76                      0.55   0.21     0.03
  SINCE OCT 1     43.14                     35.85   7.29    38.48
  SINCE JAN 1     24.22                     20.20   4.02    19.29

SNOWFALL (IN)
  YESTERDAY       MM                        MM     MM       MM
  MONTH TO DATE   MM                        MM     MM       MM
  SINCE JUL 1     MM                        MM     MM       MM
  SNOW DEPTH      MM

DEGREE DAYS
 HEATING
  YESTERDAY        9                         3      6        0
  MONTH TO DATE   23                        29     -6        8
  SINCE SEP 1     23                        29     -6        8
  SINCE JUL 1     23                        50    -27       11

 COOLING
  YESTERDAY        0                         2     -2        0
  MONTH TO DATE  124                        56     68       44
  SINCE SEP 1    124                        56     68       44
  SINCE JAN 1    849                       467    382      705
..................................................................


WIND (MPH)
  RESULTANT WIND SPEED   2   RESULTANT WIND DIRECTION  SE (130)
  HIGHEST WIND SPEED    13   HIGHEST WIND DIRECTION    SW (230)
  HIGHEST GUST SPEED    19   HIGHEST GUST DIRECTION    SW (230)
  AVERAGE WIND SPEED     2.7


SKY COVER
  POSSIBLE SUNSHINE  MM
  AVERAGE SKY COVER 0.9


WEATHER CONDITIONS
 THE FOLLOWING WEATHER WAS RECORDED YESTERDAY.
  HEAVY RAIN
  RAIN
  LIGHT RAIN


RELATIVE HUMIDITY (PERCENT)
 HIGHEST    89          1000 PM
 LOWEST     67           900 AM
 AVERAGE    78

..........................................................


THE ROSEBURG OR CLIMATE NORMALS FOR TODAY
                         NORMAL    RECORD    YEAR
 MAXIMUM TEMPERATURE (F)   77        98      1939
 MINIMUM TEMPERATURE (F)   50        34      1955


SUNRISE AND SUNSET
SEPTEMBER 21 2017.....SUNRISE   700 AM PDT   SUNSET   712 PM PDT
SEPTEMBER 22 2017.....SUNRISE   701 AM PDT   SUNSET   710 PM PDT


-  INDICATES NEGATIVE NUMBERS.
R  INDICATES RECORD WAS SET OR TIED.
MM INDICATES DATA IS MISSING.
T  INDICATES TRACE AMOUNT.




$$
