000
CDUS46 KMFR 270859
CLIRBG


CLIMATE REPORT
NATIONAL WEATHER SERVICE MEDFORD, OR
1259 AM PST SAT DEC 27 2014


...................................

...THE ROSEBURG OR CLIMATE SUMMARY FOR DECEMBER 26 2014...

CLIMATE NORMAL PERIOD 1981 TO 2010
CLIMATE RECORD PERIOD 1931 TO 2014


WEATHER ITEM   OBSERVED TIME   RECORD YEAR NORMAL DEPARTURE LAST
                VALUE   (LST)  VALUE       VALUE  FROM      YEAR
                                                  NORMAL
..................................................................
TEMPERATURE (F)
 YESTERDAY
  MAXIMUM         52    229 PM  73    1980  48      4       46
  MINIMUM         39   1143 PM  18    1990  36      3       35
  AVERAGE         46                        42      4       41

PRECIPITATION (IN)
  YESTERDAY        0.00          1.91 1940   0.25  -0.25     0.00
  MONTH TO DATE    5.11                      5.48  -0.37     0.69
  SINCE SEP 1     15.38                     15.57  -0.19     7.54
  SINCE JAN 1     32.03                     35.22  -3.19    16.08

SNOWFALL (IN)
  YESTERDAY       MM                        MM     MM       MM
  MONTH TO DATE   MM                        MM     MM       MM
  SINCE JUL 1     MM                        MM     MM        0.0
  SNOW DEPTH      MM

DEGREE DAYS
 HEATING
  YESTERDAY       19                        23     -4       24
  MONTH TO DATE  355                       592   -237      698
  SINCE DEC 1    355                       592   -237      698
  SINCE JUL 1    945                      1521   -576     1657

 COOLING
  YESTERDAY        0                         0      0        0
  MONTH TO DATE    0                         0      0        0
  SINCE DEC 1      0                         0      0        0
  SINCE JAN 1    914                       480    434      823
..................................................................


WIND (MPH)
  RESULTANT WIND SPEED   0   RESULTANT WIND DIRECTION   E (90)
  HIGHEST WIND SPEED     6   HIGHEST WIND DIRECTION     N (20)
  HIGHEST GUST SPEED     7   HIGHEST GUST DIRECTION    NE (30)
  AVERAGE WIND SPEED     0.8


SKY COVER
  POSSIBLE SUNSHINE  MM
  AVERAGE SKY COVER 0.7


WEATHER CONDITIONS
 THE FOLLOWING WEATHER WAS RECORDED YESTERDAY.
  FOG


RELATIVE HUMIDITY (PERCENT)
 HIGHEST    93           300 AM
 LOWEST     66           400 PM
 AVERAGE    80

..........................................................


THE ROSEBURG OR CLIMATE NORMALS FOR TODAY
                         NORMAL    RECORD    YEAR
 MAXIMUM TEMPERATURE (F)   48        66      1980
 MINIMUM TEMPERATURE (F)   36        22      1962


SUNRISE AND SUNSET
DECEMBER 27 2014......SUNRISE   745 AM PST   SUNSET   445 PM PST
DECEMBER 28 2014......SUNRISE   745 AM PST   SUNSET   445 PM PST


-  INDICATES NEGATIVE NUMBERS.
R  INDICATES RECORD WAS SET OR TIED.
MM INDICATES DATA IS MISSING.
T  INDICATES TRACE AMOUNT.




$$
