487
CDUS46 KMFR 260835
CLIRBG


CLIMATE REPORT
NATIONAL WEATHER SERVICE MEDFORD, OR
135 AM PDT FRI MAY 26 2017


...................................

...THE ROSEBURG OR CLIMATE SUMMARY FOR MAY 25 2017...

CLIMATE NORMAL PERIOD 1981 TO 2010
CLIMATE RECORD PERIOD 1931 TO 2017


WEATHER ITEM   OBSERVED TIME   RECORD YEAR NORMAL DEPARTURE LAST
                VALUE   (LST)  VALUE       VALUE  FROM      YEAR
                                                  NORMAL
..................................................................
TEMPERATURE (F)
 YESTERDAY
  MAXIMUM         75    552 PM  95    1938  72      3       68
  MINIMUM         47    541 AM  37    1964  49     -2       55
  AVERAGE         61                        60      1       62

PRECIPITATION (IN)
  YESTERDAY        0.00          1.01 1946   0.06  -0.06     0.00
  MONTH TO DATE    1.14                      1.89  -0.75     0.85
  SINCE OCT 1     41.55                     32.90   8.65    36.82
  SINCE JAN 1     22.63                     17.25   5.38    17.63

SNOWFALL (IN)
  YESTERDAY        0.0                      MM     MM       MM
  MONTH TO DATE    0.0                      MM     MM       MM
  SINCE JUL 1      0.0                      MM     MM        0.0
  SNOW DEPTH       0

DEGREE DAYS
 HEATING
  YESTERDAY        4                         6     -2        3
  MONTH TO DATE  152                       187    -35      102
  SINCE MAR 1    965                      1082   -117      720
  SINCE JUL 1   3681                      3951   -270     3073

 COOLING
  YESTERDAY        0                         1     -1        0
  MONTH TO DATE   36                        13     23       19
  SINCE MAR 1     36                        14     22       37
  SINCE JAN 1     36                        14     22       37
..................................................................


WIND (MPH)
  RESULTANT WIND SPEED   5   RESULTANT WIND DIRECTION   N (0)
  HIGHEST WIND SPEED    14   HIGHEST WIND DIRECTION     N (10)
  HIGHEST GUST SPEED    20   HIGHEST GUST DIRECTION     N (10)
  AVERAGE WIND SPEED     5.2


SKY COVER
  POSSIBLE SUNSHINE  MM
  AVERAGE SKY COVER 0.0


WEATHER CONDITIONS
 THE FOLLOWING WEATHER WAS RECORDED YESTERDAY.
  NO SIGNIFICANT WEATHER WAS OBSERVED.


RELATIVE HUMIDITY (PERCENT)
 HIGHEST    86           500 AM
 LOWEST     29           600 PM
 AVERAGE    58

..........................................................


THE ROSEBURG OR CLIMATE NORMALS FOR TODAY
                         NORMAL    RECORD    YEAR
 MAXIMUM TEMPERATURE (F)   72        95      2005
 MINIMUM TEMPERATURE (F)   49        37      1954


SUNRISE AND SUNSET
MAY 26 2017...........SUNRISE   540 AM PDT   SUNSET   842 PM PDT
MAY 27 2017...........SUNRISE   539 AM PDT   SUNSET   843 PM PDT


-  INDICATES NEGATIVE NUMBERS.
R  INDICATES RECORD WAS SET OR TIED.
MM INDICATES DATA IS MISSING.
T  INDICATES TRACE AMOUNT.




$$
