000
CDUS46 KMFR 290036
CLIRBG


CLIMATE REPORT
NATIONAL WEATHER SERVICE MEDFORD, OR
536 PM PDT SAT MAY 28 2016


...................................

...THE ROSEBURG OR CLIMATE SUMMARY FOR MAY 28 2016...
VALID TODAY AS OF 0500 PM LOCAL TIME.

CLIMATE NORMAL PERIOD 1981 TO 2010
CLIMATE RECORD PERIOD 1931 TO 2016


WEATHER ITEM   OBSERVED TIME   RECORD YEAR NORMAL DEPARTURE LAST
                VALUE   (LST)  VALUE       VALUE  FROM      YEAR
                                                  NORMAL
..................................................................
TEMPERATURE (F)
 TODAY
  MAXIMUM         78    352 PM  90    2009  72      6       88
                                      2005
  MINIMUM         44    523 AM  37    1951  49     -5       55
  AVERAGE         61                        61      0       72

PRECIPITATION (IN)
  TODAY            0.00          0.84 2005   0.07  -0.07
  MONTH TO DATE    0.85                      2.09  -1.24
  SINCE OCT 1     36.82                     33.10   3.72
  SINCE JAN 1     17.63                     17.45   0.18

SNOWFALL (IN)
  TODAY           MM                        MM     MM       MM
  MONTH TO DATE   MM                        MM     MM       MM
  SINCE JUL 1      0.0                      MM     MM        0.0
  SNOW DEPTH      MM

DEGREE DAYS
 HEATING
  TODAY            4                         5     -1        0
  MONTH TO DATE  117                       203    -86      114
  SINCE MAR 1    735                      1098   -363      777
  SINCE JUL 1   3088                      3967   -879     2834

 COOLING
  TODAY            0                         1     -1        7
  MONTH TO DATE   19                        16      3       11
  SINCE MAR 1     37                        17     20       12
  SINCE JAN 1     37                        17     20       12
..................................................................







THE ROSEBURG OR CLIMATE NORMALS FOR TOMORROW
                         NORMAL    RECORD    YEAR
 MAXIMUM TEMPERATURE (F)   72        93      1931
 MINIMUM TEMPERATURE (F)   49        37      1959


SUNRISE AND SUNSET
MAY 28 2016...........SUNRISE   538 AM PDT   SUNSET   844 PM PDT
MAY 29 2016...........SUNRISE   538 AM PDT   SUNSET   845 PM PDT


-  INDICATES NEGATIVE NUMBERS.
R  INDICATES RECORD WAS SET OR TIED.
MM INDICATES DATA IS MISSING.
T  INDICATES TRACE AMOUNT.




$$
