000
CDUS46 KSTO 240837
CLIRDD

CLIMATE REPORT
NATIONAL WEATHER SERVICE SACRAMENTO, CA
1236 AM PST TUE JAN 24 2017


...................................

...THE REDDING AIRPORT CA CLIMATE SUMMARY FOR JANUARY 23 2017...

CLIMATE NORMAL PERIOD 1981 TO 2010
CLIMATE RECORD PERIOD 1986 TO 2017


WEATHER ITEM   OBSERVED RECORD YEAR NORMAL DEPARTURE LAST
                VALUE   VALUE       VALUE  FROM      YEAR
                                           NORMAL
...........................................................
TEMPERATURE (F)
 YESTERDAY
  MAXIMUM         49     75    2015  56     -7       56
  MINIMUM         42     26    2007  37      5       43
  AVERAGE         46

PRECIPITATION (IN)
  YESTERDAY        0.06   1.83 2010   0.18  -0.12     0.10
  MONTH TO DATE   11.44               4.52   6.92    10.58
  SINCE OCT 1     30.17              17.37  12.80    20.44
  SINCE JAN 1     11.44               4.52   6.92    10.58

SNOWFALL (IN)
  YESTERDAY        0.0    0.0  2002  MM              MM
  MONTH TO DATE    3.0               MM               0.0
  SINCE DEC 1      3.0               MM               0.0
  SINCE JUL 1      3.0               MM               0.0

DEGREE DAYS
 HEATING
  YESTERDAY       19

 COOLING
  YESTERDAY        0
...........................................................


WIND (MPH)
  RESULTANT WIND SPEED   4   RESULTANT WIND DIRECTION   S (190)
  HIGHEST WIND SPEED    15   HIGHEST WIND DIRECTION     S (170)
  HIGHEST GUST SPEED    19   HIGHEST GUST DIRECTION     S (170)


SKY COVER
  POSSIBLE SUNSHINE  MM
  AVERAGE SKY COVER 0.9


WEATHER CONDITIONS
 THE FOLLOWING WEATHER WAS RECORDED YESTERDAY.
  LIGHT RAIN
  FOG


RELATIVE HUMIDITY (PERCENT)
 HIGHEST   100
 LOWEST     66
 AVERAGE    83

..........................................................


THE REDDING AIRPORT CA CLIMATE NORMALS FOR TODAY
                         NORMAL    RECORD    YEAR
 MAXIMUM TEMPERATURE (F)   56        80      2015
 MINIMUM TEMPERATURE (F)   37        25      2007
                                             1991


SUNRISE AND SUNSET
JANUARY 24 2017.......SUNRISE   725 AM PST   SUNSET   518 PM PST
JANUARY 25 2017.......SUNRISE   724 AM PST   SUNSET   519 PM PST


-  INDICATES NEGATIVE NUMBERS.
R  INDICATES RECORD WAS SET OR TIED.
MM INDICATES DATA IS MISSING.
T  INDICATES TRACE AMOUNT.

&&
....................................................................

REDDING CITY CLIMATE DATA FOR JANUARY 23

CLIMATE RECORD PERIOD 1897-1986

RECORD HIGH..............     77 IN 1948
RECORD LOW...............     27 IN 1949

RECORD RAINFALL..........   4.16 IN 1970

$$
