000
CDUS46 KSTO 121503
CLIRDD

CLIMATE REPORT
NATIONAL WEATHER SERVICE SACRAMENTO, CA
800 AM PDT SAT JUL 12 2014

.........................................................

...THE REDDING AIRPORT CA CLIMATE SUMMARY FOR JULY 11 2014...

CLIMATE NORMAL PERIOD 1981 TO 2010
CLIMATE RECORD PERIOD 1986 TO 2014


WEATHER ITEM   OBSERVED RECORD YEAR NORMAL DEPARTURE LAST
                VALUE   VALUE       VALUE  FROM      YEAR
                                           NORMAL
...........................................................
TEMPERATURE (F)
 YESTERDAY
  MAXIMUM         96    114    1999  98     -2       96
  MINIMUM         68     58    1995  66      2       61
  AVERAGE         82

PRECIPITATION (IN)
  YESTERDAY        0.01R  0.00 2007   0.01   0.00     0.00
                               2006
                               2005
  MONTH TO DATE    0.01               0.04  -0.03      T
  SINCE JUL 1      0.01               0.04  -0.03      T
  SINCE JAN 1     14.28              20.90  -6.62     9.30

SNOWFALL (IN)
  YESTERDAY        0.0   MM      MM  MM               0.0
  MONTH TO DATE    0.0               MM               0.0
  SINCE JUN 1      0.0               MM               0.0
  SINCE JUL 1      0.0               MM               0.0

DEGREE DAYS
 HEATING
  YESTERDAY        0

 COOLING
  YESTERDAY       17
...........................................................


WIND (MPH)
  RESULTANT WIND SPEED   3   RESULTANT WIND DIRECTION   S (170)
  HIGHEST WIND SPEED    14   HIGHEST WIND DIRECTION     S (160)
  HIGHEST GUST SPEED    17   HIGHEST GUST DIRECTION     S (170)


SKY COVER
  POSSIBLE SUNSHINE  MM
  AVERAGE SKY COVER 0.2


WEATHER CONDITIONS
 THE FOLLOWING WEATHER WAS RECORDED YESTERDAY.
  LIGHT RAIN


RELATIVE HUMIDITY (PERCENT)
 HIGHEST    73
 LOWEST     18
 AVERAGE    46

..........................................................


THE REDDING AIRPORT CA CLIMATE NORMALS FOR TODAY
                         NORMAL    RECORD    YEAR
 MAXIMUM TEMPERATURE (F)   98       115      1999
 MINIMUM TEMPERATURE (F)   66        58      2009
                                             1995
                                             1989


SUNRISE AND SUNSET
JULY 12 2014..........SUNRISE   549 AM PDT   SUNSET   840 PM PDT
JULY 13 2014..........SUNRISE   550 AM PDT   SUNSET   839 PM PDT


-  INDICATES NEGATIVE NUMBERS.
R  INDICATES RECORD WAS SET OR TIED.
MM INDICATES DATA IS MISSING.
T  INDICATES TRACE AMOUNT.

&&
....................................................................

REDDING CITY CLIMATE DATA FOR JULY 11

CLIMATE RECORD PERIOD 1897-1986

RECORD HIGH..............    110 IN 1964
RECORD LOW...............     51 IN 1980

RECORD RAINFALL..........   0.02 IN 1952

$$
POWELL
