000
CDUS46 KSTO 050839
CLIRDD

CLIMATE REPORT
NATIONAL WEATHER SERVICE SACRAMENTO, CA
136 AM PDT WED AUG 5 2015


...................................

...THE REDDING AIRPORT CA CLIMATE SUMMARY FOR AUGUST 4 2015...

CLIMATE NORMAL PERIOD 1981 TO 2010
CLIMATE RECORD PERIOD 1986 TO 2015


WEATHER ITEM   OBSERVED RECORD YEAR NORMAL DEPARTURE LAST
                VALUE   VALUE       VALUE  FROM      YEAR
                                           NORMAL
...........................................................
TEMPERATURE (F)
 YESTERDAY
  MAXIMUM         92    112    1998  99     -7       89
  MINIMUM         65     58    1992  65      0       67
  AVERAGE         79

PRECIPITATION (IN)
  YESTERDAY        0.00   0.05 2014   0.00   0.00     0.05
  MONTH TO DATE    T                  0.01  -0.01     0.05
  SINCE OCT 1     23.08              33.81 -10.73    16.52
  SINCE JAN 1      6.83              20.96 -14.13    14.41

SNOWFALL (IN)
  YESTERDAY        0.0   MM      MM  MM               0.0
  MONTH TO DATE    0.0               MM               0.0
  SINCE JUN 1      0.0               MM               0.0
  SINCE JUL 1      0.0               MM               0.0

DEGREE DAYS
 HEATING
  YESTERDAY        0

 COOLING
  YESTERDAY       14
...........................................................


WIND (MPH)
  RESULTANT WIND SPEED   5   RESULTANT WIND DIRECTION   S (180)
  HIGHEST WIND SPEED    21   HIGHEST WIND DIRECTION     S (160)
  HIGHEST GUST SPEED    25   HIGHEST GUST DIRECTION     S (170)


SKY COVER
  POSSIBLE SUNSHINE  MM
  AVERAGE SKY COVER 0.0


WEATHER CONDITIONS
 THE FOLLOWING WEATHER WAS RECORDED YESTERDAY.
  NO SIGNIFICANT WEATHER WAS OBSERVED.


RELATIVE HUMIDITY (PERCENT)
 HIGHEST    58
 LOWEST     24
 AVERAGE    41

..........................................................


THE REDDING AIRPORT CA CLIMATE NORMALS FOR TODAY
                         NORMAL    RECORD    YEAR
 MAXIMUM TEMPERATURE (F)   99       113      1998
 MINIMUM TEMPERATURE (F)   65        55      2002


SUNRISE AND SUNSET
AUGUST  5 2015........SUNRISE   610 AM PDT   SUNSET   820 PM PDT
AUGUST  6 2015........SUNRISE   611 AM PDT   SUNSET   819 PM PDT


-  INDICATES NEGATIVE NUMBERS.
R  INDICATES RECORD WAS SET OR TIED.
MM INDICATES DATA IS MISSING.
T  INDICATES TRACE AMOUNT.




&&
....................................................................

REDDING CITY CLIMATE DATA FOR AUGUST 04

CLIMATE RECORD PERIOD 1897-1986

RECORD HIGH..............    109 IN 1914
RECORD LOW...............     55 IN 1984

RECORD RAINFALL..........   0.04 IN 1976

$$

NNNN
