000
CDUS46 KSTO 270836
CLIRDD

CLIMATE REPORT
NATIONAL WEATHER SERVICE SACRAMENTO, CA
135 AM PDT FRI MAY 27 2016


...................................

...THE REDDING AIRPORT CA CLIMATE SUMMARY FOR MAY 26 2016...

CLIMATE NORMAL PERIOD 1981 TO 2010
CLIMATE RECORD PERIOD 1986 TO 2016


WEATHER ITEM   OBSERVED RECORD YEAR NORMAL DEPARTURE LAST
                VALUE   VALUE       VALUE  FROM      YEAR
                                           NORMAL
...........................................................
TEMPERATURE (F)
 YESTERDAY
  MAXIMUM         86     98    2009  84      2       88
  MINIMUM         54     44    2012  57     -3       60
                               1998
  AVERAGE         70

PRECIPITATION (IN)
  YESTERDAY        0.00   0.86 1993   0.06  -0.06     0.00
  MONTH TO DATE    0.97               1.57  -0.60     0.34
  SINCE OCT 1     38.03              32.74   5.29    22.47
  SINCE JAN 1     28.17              19.89   8.28     6.22

SNOWFALL (IN)
  YESTERDAY        0.0   MM      MM  MM               0.0
  MONTH TO DATE    0.0               MM               0.0
  SINCE MAR 1      0.0               MM               0.0
  SINCE JUL 1      0.0               MM               0.0

DEGREE DAYS
 HEATING
  YESTERDAY        0

 COOLING
  YESTERDAY        5
...........................................................


WIND (MPH)
  RESULTANT WIND SPEED   1   RESULTANT WIND DIRECTION   N (350)
  HIGHEST WIND SPEED    10   HIGHEST WIND DIRECTION     W (250)
  HIGHEST GUST SPEED    13   HIGHEST GUST DIRECTION     S (180)


SKY COVER
  POSSIBLE SUNSHINE  MM
  AVERAGE SKY COVER 0.0


WEATHER CONDITIONS
 THE FOLLOWING WEATHER WAS RECORDED YESTERDAY.
  NO SIGNIFICANT WEATHER WAS OBSERVED.


RELATIVE HUMIDITY (PERCENT)
 HIGHEST    86
 LOWEST     14
 AVERAGE    50

..........................................................


THE REDDING AIRPORT CA CLIMATE NORMALS FOR TODAY
                         NORMAL    RECORD    YEAR
 MAXIMUM TEMPERATURE (F)   84       100      2009
 MINIMUM TEMPERATURE (F)   57        44      1998


SUNRISE AND SUNSET
MAY 27 2016...........SUNRISE   543 AM PDT   SUNSET   830 PM PDT
MAY 28 2016...........SUNRISE   543 AM PDT   SUNSET   831 PM PDT


-  INDICATES NEGATIVE NUMBERS.
R  INDICATES RECORD WAS SET OR TIED.
MM INDICATES DATA IS MISSING.
T  INDICATES TRACE AMOUNT.




&&
....................................................................

REDDING CITY CLIMATE DATA FOR MAY 26

CLIMATE RECORD PERIOD 1897-1986

RECORD HIGH..............    101 IN 1974
RECORD LOW...............     40 IN 1916

RECORD RAINFALL..........   0.95 IN 1946

$$

NNNN
