000
CDUS46 KSTO 060041
CLIRDD

CLIMATE REPORT
NATIONAL WEATHER SERVICE SACRAMENTO, CA
439 PM PST MON DEC 5 2016


...................................

...THE REDDING AIRPORT CA CLIMATE SUMMARY FOR DECEMBER 5 2016...
VALID TODAY AS OF 0400 PM LOCAL TIME.

CLIMATE NORMAL PERIOD 1981 TO 2010
CLIMATE RECORD PERIOD 1986 TO 2016


WEATHER ITEM   OBSERVED RECORD YEAR NORMAL DEPARTURE LAST
                VALUE   VALUE       VALUE  FROM      YEAR
                                           NORMAL
...........................................................
TEMPERATURE (F)
 TODAY
  MAXIMUM         57     69    2008  56      1       52
  MINIMUM         31     24    1992  37     -6       38
  AVERAGE         44

PRECIPITATION (IN)
  TODAY            0.00   1.24 2010   0.18  -0.18     0.03
  MONTH TO DATE    0.00               0.91  -0.91     0.79
  SINCE OCT 1     12.70               7.49   5.21     2.44
  SINCE JAN 1     43.33              29.26  14.07     9.82

SNOWFALL (IN)
  TODAY            0.0   MM      MM  MM               0.0
  MONTH TO DATE    0.0               MM               0.0
  SINCE DEC 1      0.0               MM               0.0
  SINCE JUL 1      0.0               MM               0.0

DEGREE DAYS
 HEATING
  TODAY           21

 COOLING
  TODAY            0
...........................................................


WIND (MPH)
  RESULTANT WIND SPEED   3   RESULTANT WIND DIRECTION   N (350)
  HIGHEST WIND SPEED    16   HIGHEST WIND DIRECTION     N (360)
  HIGHEST GUST SPEED    19   HIGHEST GUST DIRECTION     N (10)


SKY COVER
  POSSIBLE SUNSHINE  MM
  AVERAGE SKY COVER 0.0


WEATHER CONDITIONS
 THE FOLLOWING WEATHER WAS RECORDED TODAY.
  FOG


RELATIVE HUMIDITY (PERCENT)
 HIGHEST   100
 LOWEST     38
 AVERAGE    69

..........................................................


THE REDDING AIRPORT CA CLIMATE NORMALS FOR TOMORROW
                         NORMAL    RECORD    YEAR
 MAXIMUM TEMPERATURE (F)   56        69      1989
 MINIMUM TEMPERATURE (F)   37        20      2013
                                             2009


SUNRISE AND SUNSET
DECEMBER  5 2016......SUNRISE   718 AM PST   SUNSET   442 PM PST
DECEMBER  6 2016......SUNRISE   719 AM PST   SUNSET   442 PM PST


-  INDICATES NEGATIVE NUMBERS.
R  INDICATES RECORD WAS SET OR TIED.
MM INDICATES DATA IS MISSING.
T  INDICATES TRACE AMOUNT.




&&
....................................................................

REDDING CITY CLIMATE DATA FOR DECEMBER 05

CLIMATE RECORD PERIOD 1897-1986

RECORD HIGH..............     77 IN 1925
RECORD LOW...............     26 IN 1972

RECORD RAINFALL..........   1.70 IN 1922

$$

NNNN
