000
CDUS41 KPHI 260627
CLIRDG


CLIMATE REPORT
NATIONAL WEATHER SERVICE MOUNT HOLLY NJ
227 AM EDT MON SEP 26 2016


...................................

...THE READING PA CLIMATE SUMMARY FOR SEPTEMBER 25 2016...

CLIMATE NORMAL PERIOD 1981 TO 2010
CLIMATE RECORD PERIOD 1869 TO 2016


WEATHER ITEM   OBSERVED TIME   RECORD YEAR NORMAL DEPARTURE LAST
                VALUE   (LST)  VALUE       VALUE  FROM      YEAR
                                                  NORMAL
..................................................................
TEMPERATURE (F)
 YESTERDAY
  MAXIMUM         71    417 PM  92    1970  72     -1       75
  MINIMUM         45    622 AM  34    1974  51     -6       57
  AVERAGE         58                        62     -4       66

PRECIPITATION (IN)
  YESTERDAY        0.00          2.85 1975   0.16  -0.16     0.00
  MONTH TO DATE    2.53                      3.48  -0.95     4.19
  SINCE SEP 1      2.53                      3.48  -0.95     4.19
  SINCE JAN 1     27.04                     32.44  -5.40    29.57

SNOWFALL (IN)
  YESTERDAY       MM            MM      MM  MM     MM       MM
  MONTH TO DATE   MM                        MM     MM       MM
  SINCE SEP 1     MM                        MM     MM       MM
  SINCE JUL 1     MM                        MM     MM       MM
  SNOW DEPTH      MM

DEGREE DAYS
 HEATING
  YESTERDAY        7                         5      2        0
  MONTH TO DATE    8                        44    -36       12
  SINCE SEP 1      8                        44    -36       12
  SINCE JUL 1      8                        49    -41       12

 COOLING
  YESTERDAY        0                         1     -1        1
  MONTH TO DATE  191                        80    111      163
  SINCE SEP 1    191                        80    111      163
  SINCE JAN 1   1333                       883    450     1158
..................................................................


WIND (MPH)
  HIGHEST WIND SPEED     9   HIGHEST WIND DIRECTION    NW (330)
  HIGHEST GUST SPEED    14   HIGHEST GUST DIRECTION     N (10)
  AVERAGE WIND SPEED     2.1


SKY COVER
  POSSIBLE SUNSHINE  MM
  AVERAGE SKY COVER 0.0


WEATHER CONDITIONS
 THE FOLLOWING WEATHER WAS RECORDED YESTERDAY.
  NO SIGNIFICANT WEATHER WAS OBSERVED.


RELATIVE HUMIDITY (PERCENT)
 HIGHEST    93           400 AM
 LOWEST     33           500 PM
 AVERAGE    63

..........................................................


THE READING PA CLIMATE NORMALS FOR TODAY
                         NORMAL    RECORD    YEAR
 MAXIMUM TEMPERATURE (F)   71        92      1970
 MINIMUM TEMPERATURE (F)   51        38      1983


SUNRISE AND SUNSET
SEPTEMBER 26 2016.....SUNRISE   656 AM EDT   SUNSET   653 PM EDT
SEPTEMBER 27 2016.....SUNRISE   657 AM EDT   SUNSET   652 PM EDT


-  INDICATES NEGATIVE NUMBERS.
R  INDICATES RECORD WAS SET OR TIED.
MM INDICATES DATA IS MISSING.
T  INDICATES TRACE AMOUNT.




$$
