000
CDUS41 KPHI 142131
CLIRDG


CLIMATE REPORT
NATIONAL WEATHER SERVICE MOUNT HOLLY NJ
431 PM EST SUN FEB 14 2016


...................................

...THE READING PA CLIMATE SUMMARY FOR FEBRUARY 14 2016...
VALID TODAY AS OF 0400 PM LOCAL TIME.

CLIMATE NORMAL PERIOD 1981 TO 2010
CLIMATE RECORD PERIOD 1869 TO 2016


WEATHER ITEM   OBSERVED TIME   RECORD YEAR NORMAL DEPARTURE LAST
                VALUE   (LST)  VALUE       VALUE  FROM      YEAR
                                                  NORMAL
..................................................................
TEMPERATURE (F)
 TODAY
  MAXIMUM         16    359 PM  66    1946  41    -25       28
  MINIMUM          4    719 AM  -4    1983  23    -19       11
  AVERAGE         10                        32    -22       20

PRECIPITATION (IN)
  TODAY            0.00          1.60 2007   0.09  -0.09     0.08
  MONTH TO DATE    1.21                      1.21   0.00     0.97
  SINCE DEC 1      8.30                      7.55   0.75     6.18
  SINCE JAN 1      4.74                      4.26   0.48     3.28

SNOWFALL (IN)
  TODAY           MM            MM      MM  MM     MM       MM
  MONTH TO DATE   MM                        MM     MM       MM
  SINCE DEC 1     MM                        MM     MM       MM
  SINCE JUL 1     MM                        MM     MM       MM
  SNOW DEPTH      MM

DEGREE DAYS
 HEATING
  TODAY           55                        33     22       45
  MONTH TO DATE  480                       480      0      556
  SINCE DEC 1   2132                      2538   -406     2605
  SINCE JUL 1   2951                      3605   -654     3620

 COOLING
  TODAY            0                         0      0        0
  MONTH TO DATE    0                         0      0        0
  SINCE DEC 1      0                         0      0        0
  SINCE JAN 1      0                         0      0        0
..................................................................


WIND (MPH)
  HIGHEST WIND SPEED    23   HIGHEST WIND DIRECTION    NW (310)
  HIGHEST GUST SPEED    28   HIGHEST GUST DIRECTION    NW (330)
  AVERAGE WIND SPEED    11.9


SKY COVER
  POSSIBLE SUNSHINE  MM
  AVERAGE SKY COVER 0.0


WEATHER CONDITIONS
 THE FOLLOWING WEATHER WAS RECORDED TODAY.
  NO SIGNIFICANT WEATHER WAS OBSERVED.


RELATIVE HUMIDITY (PERCENT)
 HIGHEST    56           700 AM
 LOWEST     36           200 PM
 AVERAGE    46

..........................................................


THE READING PA CLIMATE NORMALS FOR TOMORROW
                         NORMAL    RECORD    YEAR
 MAXIMUM TEMPERATURE (F)   41        76      1949
 MINIMUM TEMPERATURE (F)   23        -2      1899


SUNRISE AND SUNSET
FEBRUARY 14 2016......SUNRISE   659 AM EST   SUNSET   537 PM EST
FEBRUARY 15 2016......SUNRISE   658 AM EST   SUNSET   539 PM EST


-  INDICATES NEGATIVE NUMBERS.
R  INDICATES RECORD WAS SET OR TIED.
MM INDICATES DATA IS MISSING.
T  INDICATES TRACE AMOUNT.




$$
