000
CDUS41 KPHI 210630
CLIRDG


CLIMATE REPORT
NATIONAL WEATHER SERVICE MOUNT HOLLY NJ
230 AM EDT MON APR 21 2014


...................................

...THE READING PA CLIMATE SUMMARY FOR APRIL 20 2014...

CLIMATE NORMAL PERIOD 1981 TO 2010
CLIMATE RECORD PERIOD 1869 TO 2014


WEATHER ITEM   OBSERVED TIME   RECORD YEAR NORMAL DEPARTURE LAST
                VALUE   (LST)  VALUE       VALUE  FROM      YEAR
                                                  NORMAL
..................................................................
TEMPERATURE (F)
 YESTERDAY
  MAXIMUM         62    420 PM  94    1976  64     -2       57
  MINIMUM         44    536 AM  26    1904  42      2       41
  AVERAGE         53                        53      0       49

PRECIPITATION (IN)
  YESTERDAY        0.00          1.50 1998   0.13  -0.13     0.03
                                      1874
  MONTH TO DATE    2.30                      2.61  -0.31     2.23
  SINCE MAR 1      4.47                      6.09  -1.62     4.33
  SINCE JAN 1     11.15                     11.62  -0.47     9.27

SNOWFALL (IN)
  YESTERDAY       MM            MM      MM  MM     MM       MM
  MONTH TO DATE   MM                        MM     MM       MM
  SINCE MAR 1     MM                        MM     MM       MM
  SINCE JUL 1     MM                        MM     MM       MM
  SNOW DEPTH      MM

DEGREE DAYS
 HEATING
  YESTERDAY       12                        12      0       16
  MONTH TO DATE  287                       305    -18      237
  SINCE MAR 1   1204                      1048    156     1013
  SINCE JUL 1   5514                      5090    424     4724

 COOLING
  YESTERDAY        0                         0      0        0
  MONTH TO DATE    9                         0      9       15
  SINCE MAR 1      9                         0      9       15
  SINCE JAN 1      9                         0      9       15
..................................................................


WIND (MPH)
  HIGHEST WIND SPEED    14   HIGHEST WIND DIRECTION    SE (130)
  HIGHEST GUST SPEED    19   HIGHEST GUST DIRECTION    SE (150)
  AVERAGE WIND SPEED     7.6


SKY COVER
  POSSIBLE SUNSHINE  MM
  AVERAGE SKY COVER 0.0


WEATHER CONDITIONS
 THE FOLLOWING WEATHER WAS RECORDED YESTERDAY.
  NO SIGNIFICANT WEATHER WAS OBSERVED.


RELATIVE HUMIDITY (PERCENT)
 HIGHEST    50           700 AM
 LOWEST     30           200 PM
 AVERAGE    40

..........................................................


THE READING PA CLIMATE NORMALS FOR TODAY
                         NORMAL    RECORD    YEAR
 MAXIMUM TEMPERATURE (F)   65        90      1985
 MINIMUM TEMPERATURE (F)   42        29      1981


SUNRISE AND SUNSET
APRIL 21 2014.........SUNRISE   617 AM EDT   SUNSET   749 PM EDT
APRIL 22 2014.........SUNRISE   615 AM EDT   SUNSET   750 PM EDT


-  INDICATES NEGATIVE NUMBERS.
R  INDICATES RECORD WAS SET OR TIED.
MM INDICATES DATA IS MISSING.
T  INDICATES TRACE AMOUNT.




$$
