000
CDUS41 KPHI 020637
CLIRDG


CLIMATE REPORT
NATIONAL WEATHER SERVICE MOUNT HOLLY NJ
235 AM EDT SUN AUG 2 2015


...................................

...THE READING PA CLIMATE SUMMARY FOR AUGUST 1 2015...

CLIMATE NORMAL PERIOD 1981 TO 2010
CLIMATE RECORD PERIOD 1869 TO 2015


WEATHER ITEM   OBSERVED TIME   RECORD YEAR NORMAL DEPARTURE LAST
                VALUE   (LST)  VALUE       VALUE  FROM      YEAR
                                                  NORMAL
..................................................................
TEMPERATURE (F)
 YESTERDAY
  MAXIMUM         87    158 PM  98    2002  85      2       85
                                      1955
  MINIMUM         65    436 AM  52    1903  64      1       65
  AVERAGE         76                        74      2       75

PRECIPITATION (IN)
  YESTERDAY        0.00          3.70 1985   0.13  -0.13     0.01
  MONTH TO DATE    0.00                      0.13  -0.13     0.01
  SINCE JUN 1     10.02                      8.43   1.59     8.75
  SINCE JAN 1     21.93                     25.45  -3.52    27.57

SNOWFALL (IN)
  YESTERDAY       MM            MM      MM  MM     MM       MM
  MONTH TO DATE   MM                        MM     MM       MM
  SINCE JUN 1     MM                        MM     MM       MM
  SINCE JUL 1     MM                        MM     MM       MM
  SNOW DEPTH      MM

DEGREE DAYS
 HEATING
  YESTERDAY        0                         0      0        0
  MONTH TO DATE    0                         0      0        0
  SINCE JUN 1     21                        25     -4        1
  SINCE JUL 1      0                         1     -1        0

 COOLING
  YESTERDAY       11                         9      2       10
  MONTH TO DATE   11                         9      2       10
  SINCE JUN 1    562                       501     61      547
  SINCE JAN 1    721                       561    160      609
..................................................................


WIND (MPH)
  HIGHEST WIND SPEED    17   HIGHEST WIND DIRECTION     W (280)
  HIGHEST GUST SPEED    24   HIGHEST GUST DIRECTION     W (270)
  AVERAGE WIND SPEED     5.4


SKY COVER
  POSSIBLE SUNSHINE  MM
  AVERAGE SKY COVER 0.3


WEATHER CONDITIONS
 THE FOLLOWING WEATHER WAS RECORDED YESTERDAY.
  NO SIGNIFICANT WEATHER WAS OBSERVED.


RELATIVE HUMIDITY (PERCENT)
 HIGHEST    87           400 AM
 LOWEST     32           100 PM
 AVERAGE    60

..........................................................


THE READING PA CLIMATE NORMALS FOR TODAY
                         NORMAL    RECORD    YEAR
 MAXIMUM TEMPERATURE (F)   85       102      1955
 MINIMUM TEMPERATURE (F)   64        50      1976


SUNRISE AND SUNSET
AUGUST  2 2015........SUNRISE   602 AM EDT   SUNSET   818 PM EDT
AUGUST  3 2015........SUNRISE   603 AM EDT   SUNSET   817 PM EDT


-  INDICATES NEGATIVE NUMBERS.
R  INDICATES RECORD WAS SET OR TIED.
MM INDICATES DATA IS MISSING.
T  INDICATES TRACE AMOUNT.




$$
