892
CDUS41 KPHI 260545
CLIRDG


CLIMATE REPORT
NATIONAL WEATHER SERVICE MOUNT HOLLY NJ
145 AM EDT WED JUL 26 2017


...................................

...THE READING PA CLIMATE SUMMARY FOR JULY 25 2017...

CLIMATE NORMAL PERIOD 1981 TO 2010
CLIMATE RECORD PERIOD 1869 TO 2017


WEATHER ITEM   OBSERVED TIME   RECORD YEAR NORMAL DEPARTURE LAST
                VALUE   (LST)  VALUE       VALUE  FROM      YEAR
                                                  NORMAL
..................................................................
TEMPERATURE (F)
 YESTERDAY
  MAXIMUM         76    409 PM  97    2016  85     -9       97
  MINIMUM         67    555 AM  52    1903  64      3       71
  AVERAGE         72                        75     -3       84

PRECIPITATION (IN)
  YESTERDAY        0.00          2.63 1925   0.15  -0.15     0.13
  MONTH TO DATE    7.84                      3.68   4.16     2.05
  SINCE JUN 1     13.11                      7.46   5.65     3.87
  SINCE JAN 1     26.53                     24.48   2.05    17.87

DEGREE DAYS
 HEATING
  YESTERDAY        0                         0      0        0
  MONTH TO DATE    0                         0      0        0
  SINCE JUN 1     16                        24     -8        9
  SINCE JUL 1      0                         0      0        0

 COOLING
  YESTERDAY        7                        10     -3       19
  MONTH TO DATE  315                       247     68      336
  SINCE JUN 1    549                       436    113      562
  SINCE JAN 1    624                       496    128      656
..................................................................


WIND (MPH)
  HIGHEST WIND SPEED    14   HIGHEST WIND DIRECTION    NW (330)
  HIGHEST GUST SPEED    17   HIGHEST GUST DIRECTION    NW (310)
  AVERAGE WIND SPEED     4.4


SKY COVER
  POSSIBLE SUNSHINE  MM
  AVERAGE SKY COVER 1.0


WEATHER CONDITIONS
 THE FOLLOWING WEATHER WAS RECORDED YESTERDAY.
  FOG


RELATIVE HUMIDITY (PERCENT)
 HIGHEST   100          1200 AM
 LOWEST     64          1200 PM
 AVERAGE    82

..........................................................


THE READING PA CLIMATE NORMALS FOR TODAY
                         NORMAL    RECORD    YEAR
 MAXIMUM TEMPERATURE (F)   85        99      1940
 MINIMUM TEMPERATURE (F)   64        52      1976
                                             1977


SUNRISE AND SUNSET
JULY 26 2017..........SUNRISE   556 AM EDT   SUNSET   824 PM EDT
JULY 27 2017..........SUNRISE   557 AM EDT   SUNSET   823 PM EDT


-  INDICATES NEGATIVE NUMBERS.
R  INDICATES RECORD WAS SET OR TIED.
MM INDICATES DATA IS MISSING.
T  INDICATES TRACE AMOUNT.




$$
