296
CDUS46 KPDT 180842 RRA
CLIRDM

CLIMATE REPORT
NATIONAL WEATHER SERVICE PENDLETON OR
126 AM PDT WED OCT 18 2017


...................................

...THE REDMOND OR CLIMATE SUMMARY FOR OCTOBER 17 2017...

CLIMATE NORMAL PERIOD 1981 TO 2010
CLIMATE RECORD PERIOD 1949 TO 2017


WEATHER ITEM   OBSERVED TIME   RECORD YEAR NORMAL DEPARTURE LAST
                VALUE   (LST)  VALUE       VALUE  FROM      YEAR
                                                  NORMAL
..................................................................
TEMPERATURE (F)
 YESTERDAY
  MAXIMUM         70    207 PM  85    1997  63      7       59
  MINIMUM         33    320 AM  15    1971  31      2       41
  AVERAGE         52                        47      5       50

PRECIPITATION (IN)
  YESTERDAY        0.00          0.29 2015   0.02  -0.02     0.03
  MONTH TO DATE    0.41                      0.30   0.11     0.34
  SINCE OCT 1      0.41                      0.30   0.11     0.34
  SINCE JAN 1      5.88                      6.44  -0.56     5.88

DEGREE DAYS
 HEATING
  YESTERDAY       13                        18     -5       15
  MONTH TO DATE  349                       261     88      256
  SINCE SEP 1    571                       511     60      525
  SINCE JUL 1    594                       660    -66      614

 COOLING
  YESTERDAY        0                         0      0        0
  MONTH TO DATE    0                         0      0        0
  SINCE SEP 1     56                        16     40        1
  SINCE JAN 1    434                       222    212      240
..................................................................


WIND (MPH)
  RESULTANT WIND SPEED   2   RESULTANT WIND DIRECTION   N (360)
  HIGHEST WIND SPEED    20   HIGHEST WIND DIRECTION    NW (300)
  HIGHEST GUST SPEED    25   HIGHEST GUST DIRECTION    NW (300)
  AVERAGE WIND SPEED     5.6


SKY COVER
  POSSIBLE SUNSHINE  MM
  AVERAGE SKY COVER 0.0


WEATHER CONDITIONS
 THE FOLLOWING WEATHER WAS RECORDED YESTERDAY.
  NO SIGNIFICANT WEATHER WAS OBSERVED.


RELATIVE HUMIDITY (PERCENT)
 HIGHEST    82          1200 AM
 LOWEST     15           300 PM
 AVERAGE    49

..........................................................


THE REDMOND OR CLIMATE NORMALS FOR TODAY
                         NORMAL    RECORD    YEAR
 MAXIMUM TEMPERATURE (F)   63        82      1977
 MINIMUM TEMPERATURE (F)   31        16      1976


SUNRISE AND SUNSET
OCTOBER 18 2017.......SUNRISE   724 AM PDT   SUNSET   615 PM PDT
OCTOBER 19 2017.......SUNRISE   725 AM PDT   SUNSET   613 PM PDT


-  INDICATES NEGATIVE NUMBERS.
R  INDICATES RECORD WAS SET OR TIED.
MM INDICATES DATA IS MISSING.
T  INDICATES TRACE AMOUNT.




$$
