281
CDUS46 KPDT 240033
CLIRDM

CLIMATE REPORT
NATIONAL WEATHER SERVICE PENDLETON OR
532 PM PDT THU MAR 23 2017


...................................

...THE REDMOND OR CLIMATE SUMMARY FOR MARCH 23 2017...
VALID TODAY AS OF 0500 PM LOCAL TIME.

CLIMATE NORMAL PERIOD 1981 TO 2010
CLIMATE RECORD PERIOD 1949 TO 2017


WEATHER ITEM   OBSERVED TIME   RECORD YEAR NORMAL DEPARTURE LAST
                VALUE   (LST)  VALUE       VALUE  FROM      YEAR
                                                  NORMAL
..................................................................
TEMPERATURE (F)
 TODAY
  MAXIMUM         59    226 PM  76    1960  55      4       59
  MINIMUM         21    602 AM  16    2014  27     -6       30
                                      2009
                                      1973
  AVERAGE         40                        41     -1       45

PRECIPITATION (IN)
  TODAY            0.00          0.31 2002   0.02  -0.02      T
  MONTH TO DATE    0.18                      0.48  -0.30     0.57
  SINCE OCT 1      6.69                      4.86   1.83     5.48
  SINCE JAN 1      2.94                      2.10   0.84     1.91

DEGREE DAYS
 HEATING
  TODAY           25                        24      1       20
  MONTH TO DATE  506                       591    -85      537
  SINCE MAR 1    506                       591    -85      537
  SINCE JUL 1   5383                      5264    119     4668

 COOLING
  TODAY            0                         0      0        0
  MONTH TO DATE    0                         0      0        0
  SINCE MAR 1      0                         0      0        0
  SINCE JAN 1      0                         0      0        0
..................................................................


WIND (MPH)
  RESULTANT WIND SPEED   5   RESULTANT WIND DIRECTION   S (180)
  HIGHEST WIND SPEED    16   HIGHEST WIND DIRECTION    SW (210)
  HIGHEST GUST SPEED    21   HIGHEST GUST DIRECTION     S (200)
  AVERAGE WIND SPEED     6.4


SKY COVER
  POSSIBLE SUNSHINE  MM
  AVERAGE SKY COVER 0.2


WEATHER CONDITIONS
 THE FOLLOWING WEATHER WAS RECORDED TODAY.
  NO SIGNIFICANT WEATHER WAS OBSERVED.


RELATIVE HUMIDITY (PERCENT)
 HIGHEST    88           500 AM
 LOWEST     15           200 PM
 AVERAGE    52

..........................................................


THE REDMOND OR CLIMATE NORMALS FOR TOMORROW
                         NORMAL    RECORD    YEAR
 MAXIMUM TEMPERATURE (F)   56        76      1960
 MINIMUM TEMPERATURE (F)   27        15      1969


SUNRISE AND SUNSET
MARCH 23 2017.........SUNRISE   702 AM PDT   SUNSET   721 PM PDT
MARCH 24 2017.........SUNRISE   700 AM PDT   SUNSET   722 PM PDT


-  INDICATES NEGATIVE NUMBERS.
R  INDICATES RECORD WAS SET OR TIED.
MM INDICATES DATA IS MISSING.
T  INDICATES TRACE AMOUNT.




$$
