000
CDUS46 KPDT 270931
CLIRDM

CLIMATE REPORT
NATIONAL WEATHER SERVICE PENDLETON OR
131 AM PST THU NOV 27 2014


...................................

...THE REDMOND OR CLIMATE SUMMARY FOR NOVEMBER 26 2014...

CLIMATE NORMAL PERIOD 1981 TO 2010
CLIMATE RECORD PERIOD 1949 TO 2014


WEATHER ITEM   OBSERVED TIME   RECORD YEAR NORMAL DEPARTURE LAST
                VALUE   (LST)  VALUE       VALUE  FROM      YEAR
                                                  NORMAL
..................................................................
TEMPERATURE (F)
 YESTERDAY
  MAXIMUM         57    324 PM  69    1950  44     13       48
  MINIMUM         29    335 AM  -6    1993  23      6       15
  AVERAGE         43                        34      9       32

PRECIPITATION (IN)
  YESTERDAY        0.00          0.28 1971   0.03  -0.03     0.00
  MONTH TO DATE    1.86                      0.82   1.04     0.20
  SINCE OCT 1      2.52                      1.46   1.06     0.34
  SINCE JAN 1      7.94                      7.60   0.34     4.43

DEGREE DAYS
 HEATING
  YESTERDAY       22                        31     -9       33
  MONTH TO DATE  844                       702    142      740
  SINCE SEP 1   1404                      1498    -94     1633
  SINCE JUL 1   1478                      1647   -169     1669

 COOLING
  YESTERDAY        0                         0      0        0
  MONTH TO DATE    0                         0      0        0
  SINCE SEP 1     14                        16     -2       36
  SINCE JAN 1    311                       222     89      350
..................................................................


WIND (MPH)
  RESULTANT WIND SPEED   4   RESULTANT WIND DIRECTION   E (110)
  HIGHEST WIND SPEED    17   HIGHEST WIND DIRECTION     S (180)
  HIGHEST GUST SPEED    21   HIGHEST GUST DIRECTION     S (180)
  AVERAGE WIND SPEED     4.8


SKY COVER
  POSSIBLE SUNSHINE  MM
  AVERAGE SKY COVER 0.0


WEATHER CONDITIONS
THE FOLLOWING WEATHER WAS RECORDED YESTERDAY.
  NO SIGNIFICANT WEATHER WAS OBSERVED.


RELATIVE HUMIDITY (PERCENT)
 HIGHEST   100           300 AM
 LOWEST     50           600 PM
 AVERAGE    75

..........................................................


THE REDMOND OR CLIMATE NORMALS FOR TODAY
                         NORMAL    RECORD    YEAR
 MAXIMUM TEMPERATURE (F)   44        62      2011
                                             1980
 MINIMUM TEMPERATURE (F)   23         4      1976


SUNRISE AND SUNSET
NOVEMBER 27 2014......SUNRISE   716 AM PST   SUNSET   429 PM PST
NOVEMBER 28 2014......SUNRISE   717 AM PST   SUNSET   428 PM PST


-  INDICATES NEGATIVE NUMBERS.
R  INDICATES RECORD WAS SET OR TIED.
MM INDICATES DATA IS MISSING.
T  INDICATES TRACE AMOUNT.

$$
