000
CDUS46 KPDT 270958
CLIRDM

CLIMATE REPORT
NATIONAL WEATHER SERVICE PENDLETON OR
158 AM PST TUE JAN 27 2015

...................................

...THE REDMOND OR CLIMATE SUMMARY FOR JANUARY 26 2015...

CLIMATE NORMAL PERIOD 1981 TO 2010
CLIMATE RECORD PERIOD 1949 TO 2015


WEATHER ITEM   OBSERVED TIME   RECORD YEAR NORMAL DEPARTURE LAST
                VALUE   (LST)  VALUE       VALUE  FROM      YEAR
                                                  NORMAL
..................................................................
TEMPERATURE (F)
 YESTERDAY
  MAXIMUM         66R   344 PM  62    1971  44     22       58
  MINIMUM         34   1159 PM -21    1957  24     10       18
  AVERAGE         50                        34     16       38

PRECIPITATION (IN)
  YESTERDAY        0.00          0.52 1967   0.03  -0.03     0.00
  MONTH TO DATE    0.28                      0.84  -0.56     0.26
  SINCE OCT 1      4.56                      3.60   0.96     0.97
  SINCE JAN 1      0.28                      0.84  -0.56     0.26

DEGREE DAYS
 HEATING
  YESTERDAY       15                        31    -16       27
  MONTH TO DATE  710                       844   -134      773
  SINCE DEC 1   1632                      1910   -278     1882
  SINCE JUL 1   3219                      3684   -465     3668

COOLING
  YESTERDAY        0                         0      0        0
  MONTH TO DATE    0                         0      0        0
  SINCE DEC 1      0                         0      0        0
  SINCE JAN 1      0                         0      0        0
..................................................................


WIND (MPH)
  RESULTANT WIND SPEED   3   RESULTANT WIND DIRECTION  SE (130)
  HIGHEST WIND SPEED    14   HIGHEST WIND DIRECTION    SE (150)
  HIGHEST GUST SPEED    18   HIGHEST GUST DIRECTION    SE (150)
  AVERAGE WIND SPEED     4.5


SKY COVER
  POSSIBLE SUNSHINE  MM
  AVERAGE SKY COVER 0.0


WEATHER CONDITIONS
 THE FOLLOWING WEATHER WAS RECORDED YESTERDAY.
  NO SIGNIFICANT WEATHER WAS OBSERVED.


RELATIVE HUMIDITY (PERCENT)
 HIGHEST    96          1100 PM
 LOWEST     34           100 PM
 AVERAGE    65

..........................................................


THE REDMOND OR CLIMATE NORMALS FOR TODAY
                         NORMAL    RECORD    YEAR
 MAXIMUM TEMPERATURE (F)   44        61      2011
                                             1984
 MINIMUM TEMPERATURE (F)   24       -22      1957


SUNRISE AND SUNSET
JANUARY 27 2015.......SUNRISE   728 AM PST   SUNSET   507 PM PST
JANUARY 28 2015.......SUNRISE   727 AM PST   SUNSET   509 PM PST


-  INDICATES NEGATIVE NUMBERS.
R  INDICATES RECORD WAS SET OR TIED.
MM INDICATES DATA IS MISSING.
T  INDICATES TRACE AMOUNT.

$$
