000
CDUS46 KPDT 060028
CLIRDM

CLIMATE REPORT
NATIONAL WEATHER SERVICE PENDLETON OR
425 PM PST FRI FEB 5 2016


...................................

...THE REDMOND OR CLIMATE SUMMARY FOR FEBRUARY 5 2016...
VALID TODAY AS OF 0400 PM LOCAL TIME.

CLIMATE NORMAL PERIOD 1981 TO 2010
CLIMATE RECORD PERIOD 1949 TO 2016


WEATHER ITEM   OBSERVED TIME   RECORD YEAR NORMAL DEPARTURE LAST
                VALUE   (LST)  VALUE       VALUE  FROM      YEAR
                                                  NORMAL
..................................................................
TEMPERATURE (F)
 TODAY
  MAXIMUM         52    247 PM  64    2007  45      7       56
  MINIMUM         28    416 AM -19    1989  24      4       46
  AVERAGE         40                        34      6       51

PRECIPITATION (IN)
  TODAY            0.00          0.44 1953   0.02  -0.02      T
  MONTH TO DATE    T                         0.12  -0.12     0.41
  SINCE OCT 1      4.79                      3.85   0.94     4.97
  SINCE JAN 1      1.22                      1.09   0.13     0.69

DEGREE DAYS
 HEATING
  TODAY           25                        31     -6       14
  MONTH TO DATE  149                       155     -6      112
  SINCE DEC 1   1876                      2221   -345     1881
  SINCE JUL 1   3594                      3995   -401     3468

 COOLING
  TODAY            0                         0      0        0
  MONTH TO DATE    0                         0      0        0
  SINCE DEC 1      0                         0      0        0
  SINCE JAN 1      0                         0      0        0
..................................................................


WIND (MPH)
  RESULTANT WIND SPEED   5   RESULTANT WIND DIRECTION  SE (140)
  HIGHEST WIND SPEED    13   HIGHEST WIND DIRECTION     S (170)
  HIGHEST GUST SPEED    15   HIGHEST GUST DIRECTION     S (160)
  AVERAGE WIND SPEED     5.6


SKY COVER
  POSSIBLE SUNSHINE  MM
  AVERAGE SKY COVER 0.1


WEATHER CONDITIONS
 THE FOLLOWING WEATHER WAS RECORDED TODAY.
  NO SIGNIFICANT WEATHER WAS OBSERVED.


RELATIVE HUMIDITY (PERCENT)
 HIGHEST    85           400 AM
 LOWEST     41           200 PM
 AVERAGE    63

..........................................................


THE REDMOND OR CLIMATE NORMALS FOR TOMORROW
                         NORMAL    RECORD    YEAR
 MAXIMUM TEMPERATURE (F)   45        66      1987
 MINIMUM TEMPERATURE (F)   24       -13      1989


SUNRISE AND SUNSET
FEBRUARY  5 2016......SUNRISE   718 AM PST   SUNSET   519 PM PST
FEBRUARY  6 2016......SUNRISE   717 AM PST   SUNSET   521 PM PST


-  INDICATES NEGATIVE NUMBERS.
R  INDICATES RECORD WAS SET OR TIED.
MM INDICATES DATA IS MISSING.
T  INDICATES TRACE AMOUNT.




$$
