000
CDUS46 KPDT 230836
CLIRDM

CLIMATE REPORT
NATIONAL WEATHER SERVICE PENDLETON OR
136 AM PDT WED APR 23 2014


...................................

...THE REDMOND OR CLIMATE SUMMARY FOR APRIL 22 2014...

CLIMATE NORMAL PERIOD 1981 TO 2010
CLIMATE RECORD PERIOD 1949 TO 2014


WEATHER ITEM   OBSERVED TIME   RECORD YEAR NORMAL DEPARTURE LAST
                VALUE   (LST)  VALUE       VALUE  FROM      YEAR
                                                  NORMAL
..................................................................
TEMPERATURE (F)
 YESTERDAY
  MAXIMUM         52    239 PM  86    2012  61     -9       57
  MINIMUM         36    955 PM  15    2011  30      6       26
                                      1972
  AVERAGE         44                        45     -1       42

PRECIPITATION (IN)
  YESTERDAY        0.02          0.26 2005   0.03  -0.01     0.00
  MONTH TO DATE    0.47                      0.52  -0.05     0.10
  SINCE OCT 1      3.69                      5.56  -1.87     4.76
  SINCE JAN 1      2.98                      2.80   0.18     0.85

DEGREE DAYS
 HEATING
  YESTERDAY       21                        20      1       23
  MONTH TO DATE  425                       471    -46      483
  SINCE MAR 1   1146                      1249   -103     1241
  SINCE JUL 1   5939                      5922     17     5708

 COOLING
  YESTERDAY        0                         0      0        0
  MONTH TO DATE    0                         0      0        0
  SINCE MAR 1      0                         0      0        0
  SINCE JAN 1      0                         0      0        0
..................................................................


WIND (MPH)
  RESULTANT WIND SPEED  10   RESULTANT WIND DIRECTION   W (290)
  HIGHEST WIND SPEED    25   HIGHEST WIND DIRECTION     W (290)
  HIGHEST GUST SPEED    33   HIGHEST GUST DIRECTION    NW (300)
  AVERAGE WIND SPEED    11.8


SKY COVER
  POSSIBLE SUNSHINE  MM
  AVERAGE SKY COVER 0.5


WEATHER CONDITIONS
 THE FOLLOWING WEATHER WAS RECORDED YESTERDAY.
  LIGHT RAIN


RELATIVE HUMIDITY (PERCENT)
 HIGHEST    92          1200 AM
 LOWEST     30           200 PM
 AVERAGE    61

..........................................................


THE REDMOND OR CLIMATE NORMALS FOR TODAY
                         NORMAL    RECORD    YEAR
 MAXIMUM TEMPERATURE (F)   61        86      2012
 MINIMUM TEMPERATURE (F)   30        18      2013


SUNRISE AND SUNSET
APRIL 23 2014.........SUNRISE   608 AM PDT   SUNSET   759 PM PDT
APRIL 24 2014.........SUNRISE   606 AM PDT   SUNSET   800 PM PDT


-  INDICATES NEGATIVE NUMBERS.
R  INDICATES RECORD WAS SET OR TIED.
MM INDICATES DATA IS MISSING.
T  INDICATES TRACE AMOUNT.


$$
