000
CDUS46 KPDT 290836
CLIRDM

CLIMATE REPORT
NATIONAL WEATHER SERVICE PENDLETON OR
132 AM PDT SAT APR 29 2017


...................................

...THE REDMOND OR CLIMATE SUMMARY FOR APRIL 28 2017...

CLIMATE NORMAL PERIOD 1981 TO 2010
CLIMATE RECORD PERIOD 1949 TO 2017


WEATHER ITEM   OBSERVED TIME   RECORD YEAR NORMAL DEPARTURE LAST
                VALUE   (LST)  VALUE       VALUE  FROM      YEAR
                                                  NORMAL
..................................................................
TEMPERATURE (F)
 YESTERDAY
  MAXIMUM         56    424 PM  88    1968  62     -6       61
  MINIMUM         25    457 AM  16    1999  31     -6       33
  AVERAGE         41                        47     -6       47

PRECIPITATION (IN)
  YESTERDAY        0.00          0.37 1983   0.03  -0.03     0.00
  MONTH TO DATE    0.89                      0.68   0.21     0.27
  SINCE OCT 1      7.97                      5.72   2.25     5.75
  SINCE JAN 1      4.22                      2.96   1.26     2.18

DEGREE DAYS
 HEATING
  YESTERDAY       24                        18      6       18
  MONTH TO DATE  607                       584     23      399
  SINCE MAR 1   1284                      1362    -78     1129
  SINCE JUL 1   6161                      6035    126     5260

 COOLING
  YESTERDAY        0                         0      0        0
  MONTH TO DATE    0                         0      0        0
  SINCE MAR 1      0                         0      0        0
  SINCE JAN 1      0                         0      0        0
..................................................................


WIND (MPH)
  RESULTANT WIND SPEED   5   RESULTANT WIND DIRECTION  NW (330)
  HIGHEST WIND SPEED    16   HIGHEST WIND DIRECTION     W (290)
  HIGHEST GUST SPEED    19   HIGHEST GUST DIRECTION     N (340)
  AVERAGE WIND SPEED     5.2


SKY COVER
  POSSIBLE SUNSHINE  MM
  AVERAGE SKY COVER 0.1


WEATHER CONDITIONS
 THE FOLLOWING WEATHER WAS RECORDED YESTERDAY.
  NO SIGNIFICANT WEATHER WAS OBSERVED.


RELATIVE HUMIDITY (PERCENT)
 HIGHEST    81           500 AM
 LOWEST     22           100 PM
 AVERAGE    52

..........................................................


THE REDMOND OR CLIMATE NORMALS FOR TODAY
                         NORMAL    RECORD    YEAR
 MAXIMUM TEMPERATURE (F)   63        89      1968
 MINIMUM TEMPERATURE (F)   31        14      1962


SUNRISE AND SUNSET
APRIL 29 2017.........SUNRISE   558 AM PDT   SUNSET   807 PM PDT
APRIL 30 2017.........SUNRISE   557 AM PDT   SUNSET   808 PM PDT


-  INDICATES NEGATIVE NUMBERS.
R  INDICATES RECORD WAS SET OR TIED.
MM INDICATES DATA IS MISSING.
T  INDICATES TRACE AMOUNT.

$$
