000
CDUS46 KPDT 300033
CLIRDM

CLIMATE REPORT
NATIONAL WEATHER SERVICE PENDLETON OR
532 PM PDT WED JUL 29 2015


...................................

...THE REDMOND OR CLIMATE SUMMARY FOR JULY 29 2015...
VALID TODAY AS OF 0500 PM LOCAL TIME.

CLIMATE NORMAL PERIOD 1981 TO 2010
CLIMATE RECORD PERIOD 1949 TO 2015


WEATHER ITEM   OBSERVED TIME   RECORD YEAR NORMAL DEPARTURE LAST
                VALUE   (LST)  VALUE       VALUE  FROM      YEAR
                                                  NORMAL
..................................................................
TEMPERATURE (F)
 TODAY
  MAXIMUM         92    316 PM 101    1999  88      4      100
  MINIMUM         46    527 AM  34    1950  47     -1       58
  AVERAGE         69                        68      1       79

PRECIPITATION (IN)
  TODAY            0.00          0.63 1964   0.01  -0.01      T
  MONTH TO DATE    0.44                      0.51  -0.07     0.29
  SINCE OCT 1      8.75                      7.95   0.80     4.75
  SINCE JAN 1      4.47                      5.19  -0.72     4.04

DEGREE DAYS
 HEATING
  TODAY            0                         1     -1        0
  MONTH TO DATE   48                        66    -18       31
  SINCE JUN 1    125                       283   -158      254
  SINCE JUL 1     48                        66    -18       31

 COOLING
  TODAY            4                         4      0       14
  MONTH TO DATE  112                        92     20      170
  SINCE JUN 1    219                       116    103      171
  SINCE JAN 1    228                       121    107      171
..................................................................


WIND (MPH)
  RESULTANT WIND SPEED   1   RESULTANT WIND DIRECTION   W (270)
  HIGHEST WIND SPEED    18   HIGHEST WIND DIRECTION     N (350)
  HIGHEST GUST SPEED    23   HIGHEST GUST DIRECTION     N (340)
  AVERAGE WIND SPEED     4.5


SKY COVER
  POSSIBLE SUNSHINE  MM
  AVERAGE SKY COVER 0.0


WEATHER CONDITIONS
 THE FOLLOWING WEATHER WAS RECORDED TODAY.
  NO SIGNIFICANT WEATHER WAS OBSERVED.


RELATIVE HUMIDITY (PERCENT)
 HIGHEST    60           400 AM
 LOWEST     10           300 PM
 AVERAGE    35

..........................................................


THE REDMOND OR CLIMATE NORMALS FOR TOMORROW
                         NORMAL    RECORD    YEAR
 MAXIMUM TEMPERATURE (F)   88       100      1999
 MINIMUM TEMPERATURE (F)   47        33      1981


SUNRISE AND SUNSET
JULY 29 2015..........SUNRISE   549 AM PDT   SUNSET   833 PM PDT
JULY 30 2015..........SUNRISE   550 AM PDT   SUNSET   832 PM PDT


-  INDICATES NEGATIVE NUMBERS.
R  INDICATES RECORD WAS SET OR TIED.
MM INDICATES DATA IS MISSING.
T  INDICATES TRACE AMOUNT.




$$
