000
CDUS42 KRAH 270902
CLIRDU


CLIMATE REPORT
NATIONAL WEATHER SERVICE RALEIGH NC
401 AM EST SAT DEC 27 2014


...................................

...THE RALEIGH-DURHAM INTL AIRPORT NC CLIMATE SUMMARY FOR DECEMBER 26 2014...

CLIMATE NORMAL PERIOD 1981 TO 2010
CLIMATE RECORD PERIOD 1887 TO 2014


WEATHER ITEM   OBSERVED TIME   RECORD YEAR NORMAL DEPARTURE LAST
                VALUE   (LST)  VALUE       VALUE  FROM      YEAR
                                                  NORMAL
..................................................................
TEMPERATURE (F)
 YESTERDAY
  MAXIMUM         58    351 PM  75    1889  51      7       53
  MINIMUM         30    758 AM   5    1983  31     -1       24
  AVERAGE         44                        41      3       39

PRECIPITATION (IN)
  YESTERDAY        0.00          2.00 1943   0.10  -0.10     0.03
  MONTH TO DATE    4.22                      2.58   1.64     3.97
  SINCE DEC 1      4.22                      2.58   1.64     3.97
  SINCE JAN 1     54.50                     42.85  11.65    48.75

SNOWFALL (IN)
  YESTERDAY        0.0           6.7  2010   0.0    0.0      0.0
  MONTH TO DATE    T                         0.4   -0.4      0.0
  SINCE DEC 1      T                         0.4   -0.4      0.0
  SINCE JUL 1      T                         0.5   -0.5       T
  SNOW DEPTH       0

DEGREE DAYS
 HEATING
  YESTERDAY       21                        24     -3       26
  MONTH TO DATE  518                       549    -31      475
  SINCE DEC 1    518                       549    -31      475
  SINCE JUL 1   1182                      1130     52     1127

 COOLING
  YESTERDAY        0                         0      0        0
  MONTH TO DATE    0                         0      0       13
  SINCE DEC 1      0                         0      0       13
  SINCE JAN 1   1657                      1728    -71     1565
..................................................................


WIND (MPH)
  HIGHEST WIND SPEED    12   HIGHEST WIND DIRECTION    SW (220)
  HIGHEST GUST SPEED    14   HIGHEST GUST DIRECTION    SW (230)
  AVERAGE WIND SPEED     1.6


SKY COVER
  POSSIBLE SUNSHINE  MM
  AVERAGE SKY COVER 0.3


WEATHER CONDITIONS
 THE FOLLOWING WEATHER WAS RECORDED YESTERDAY.
  FOG


RELATIVE HUMIDITY (PERCENT)
 HIGHEST    92           500 AM
 LOWEST     43           200 PM
 AVERAGE    68

..........................................................


THE RALEIGH-DURHAM INTL AIRPORT NC CLIMATE NORMALS FOR TODAY
                         NORMAL    RECORD    YEAR
 MAXIMUM TEMPERATURE (F)   51        73      1904
 MINIMUM TEMPERATURE (F)   31        12      1948


SUNRISE AND SUNSET
DECEMBER 27 2014......SUNRISE   724 AM EST   SUNSET   509 PM EST
DECEMBER 28 2014......SUNRISE   724 AM EST   SUNSET   509 PM EST


-  INDICATES NEGATIVE NUMBERS.
R  INDICATES RECORD WAS SET OR TIED.
MM INDICATES DATA IS MISSING.
T  INDICATES TRACE AMOUNT.

&&

CLIMATE REPORT NWS FORECAST OFFICE
NCSU CENTENNIAL CAMPUS
RALEIGH, NC

MAXIMUM TEMPERATURE... 59

MINIMUM TEMPERATURE... 31

PRECIPITATION... 0.00

$$
