000
CDUS42 KRAH 300758
CLIRDU


CLIMATE REPORT
NATIONAL WEATHER SERVICE RALEIGH NC
357 AM EDT MON MAR 30 2015


...................................

...THE RALEIGH-DURHAM INTL AIRPORT NC CLIMATE SUMMARY FOR MARCH 29 2015...

CLIMATE NORMAL PERIOD 1981 TO 2010
CLIMATE RECORD PERIOD 1887 TO 2015


WEATHER ITEM   OBSERVED TIME   RECORD YEAR NORMAL DEPARTURE LAST
                VALUE   (LST)  VALUE       VALUE  FROM      YEAR
                                                  NORMAL
..................................................................
TEMPERATURE (F)
 YESTERDAY
  MAXIMUM         52    448 PM  94    1907  68    -16       66
  MINIMUM         22    608 AM  20    1966  43    -21       56
  AVERAGE         37                        55    -18       61

PRECIPITATION (IN)
  YESTERDAY        0.00          2.65 1990   0.13  -0.13     0.49
  MONTH TO DATE    3.12                      3.86  -0.74     4.83
  SINCE MAR 1      3.12                      3.86  -0.74     4.83
  SINCE JAN 1      9.38                     10.59  -1.21     9.79

SNOWFALL (IN)
  YESTERDAY        0.0           0.0  2002   0.0    0.0      0.0
                                      2001
  MONTH TO DATE    0.0                       0.5   -0.5      0.2
  SINCE MAR 1      0.0                       0.5   -0.5      0.2
  SINCE JUL 1      7.9                       6.0    1.9      5.8
  SNOW DEPTH       0

DEGREE DAYS
 HEATING
  YESTERDAY       28                        10     18        4
  MONTH TO DATE  398                       405     -7      559
  SINCE MAR 1    398                       405     -7      559
  SINCE JUL 1   3295                      2977    318     3260

 COOLING
  YESTERDAY        0                         1     -1        0
  MONTH TO DATE    4                         1      3        0
  SINCE MAR 1      4                         1      3        0
  SINCE JAN 1      4                         2      2        0
..................................................................


WIND (MPH)
  HIGHEST WIND SPEED    14   HIGHEST WIND DIRECTION    SW (240)
  HIGHEST GUST SPEED    20   HIGHEST GUST DIRECTION    SW (230)
  AVERAGE WIND SPEED     4.6


SKY COVER
  POSSIBLE SUNSHINE  MM
  AVERAGE SKY COVER 0.2


WEATHER CONDITIONS
 THE FOLLOWING WEATHER WAS RECORDED YESTERDAY.
  NO SIGNIFICANT WEATHER WAS OBSERVED.


RELATIVE HUMIDITY (PERCENT)
 HIGHEST    68           700 AM
 LOWEST     19           200 PM
 AVERAGE    44

..........................................................


THE RALEIGH-DURHAM INTL AIRPORT NC CLIMATE NORMALS FOR TODAY
                         NORMAL    RECORD    YEAR
 MAXIMUM TEMPERATURE (F)   68        87      1985
                                             1910
                                             1907
 MINIMUM TEMPERATURE (F)   44        24      1893
                                             1887


SUNRISE AND SUNSET
MARCH 30 2015.........SUNRISE   705 AM EDT   SUNSET   735 PM EDT
MARCH 31 2015.........SUNRISE   703 AM EDT   SUNSET   736 PM EDT


-  INDICATES NEGATIVE NUMBERS.
R  INDICATES RECORD WAS SET OR TIED.
MM INDICATES DATA IS MISSING.
T  INDICATES TRACE AMOUNT.

&&

CLIMATE REPORT NWS FORECAST OFFICE
NCSU CENTENNIAL CAMPUS
RALEIGH, NC

MAXIMUM TEMPERATURE...51

MINIMUM TEMPERATURE...26

PRECIPITATION... 0.00

$$
