000
CDUS42 KRAH 202138
CLIRDU


CLIMATE REPORT
NATIONAL WEATHER SERVICE RALEIGH NC
434 PM EST FRI JAN 20 2017


...................................

...THE RALEIGH-DURHAM INTL AIRPORT NC CLIMATE SUMMARY FOR JANUARY 20 2017...
VALID TODAY AS OF 0434 PM LOCAL TIME.

CLIMATE NORMAL PERIOD 1981 TO 2010
CLIMATE RECORD PERIOD 1887 TO 2017


WEATHER ITEM   OBSERVED TIME   RECORD YEAR NORMAL DEPARTURE LAST
                VALUE   (LST)  VALUE       VALUE  FROM      YEAR
                                                  NORMAL
..................................................................
TEMPERATURE (F)
 TODAY
  MAXIMUM         59    431 PM  74    1951  51      8       39
                                      1890
  MINIMUM         46   1202 AM  -3    1985  31     15       18
  AVERAGE         53                        41     12       29

PRECIPITATION (IN)
  TODAY            0.09          1.15 1889   0.12  -0.03      T
  MONTH TO DATE    2.94                      2.27   0.67     0.77
  SINCE DEC 1      5.13                      5.34  -0.21     6.84
  SINCE JAN 1      2.94                      2.27   0.67     0.77

SNOWFALL (IN)
  TODAY            0.0           3.9  1918   0.1   -0.1       T
  MONTH TO DATE    0.5                       1.8   -1.3       T
  SINCE DEC 1      0.5                       2.4   -1.9       T
  SINCE JUL 1      0.5                       2.5   -2.0       T
  SNOW DEPTH       0

DEGREE DAYS
 HEATING
  TODAY           12                        24    -12       36
  MONTH TO DATE  384                       486   -102      516
  SINCE DEC 1   1011                      1156   -145      811
  SINCE JUL 1   1466                      1737   -271     1262

 COOLING
  TODAY            0                         0      0        0
  MONTH TO DATE    0                         0      0        0
  SINCE DEC 1      0                         2     -2       27
  SINCE JAN 1      0                         0      0        0
..................................................................


WIND (MPH)
  HIGHEST WIND SPEED     9   HIGHEST WIND DIRECTION    SE (140)
  HIGHEST GUST SPEED    12   HIGHEST GUST DIRECTION    SE (120)
  AVERAGE WIND SPEED     3.5


SKY COVER
  POSSIBLE SUNSHINE  MM
  AVERAGE SKY COVER 1.0


WEATHER CONDITIONS
 THE FOLLOWING WEATHER WAS RECORDED TODAY.
  RAIN
  LIGHT RAIN
  FOG


RELATIVE HUMIDITY (PERCENT)
 HIGHEST    96          1200 PM
 LOWEST     77          1200 AM
 AVERAGE    87

..........................................................


THE RALEIGH-DURHAM INTL AIRPORT NC CLIMATE NORMALS FOR TOMORROW
                         NORMAL    RECORD    YEAR
 MAXIMUM TEMPERATURE (F)   51        75      1933
 MINIMUM TEMPERATURE (F)   31        -9      1985


SUNRISE AND SUNSET
JANUARY 20 2017.......SUNRISE   723 AM EST   SUNSET   530 PM EST
JANUARY 21 2017.......SUNRISE   722 AM EST   SUNSET   531 PM EST


-  INDICATES NEGATIVE NUMBERS.
R  INDICATES RECORD WAS SET OR TIED.
MM INDICATES DATA IS MISSING.
T  INDICATES TRACE AMOUNT.

&&

CLIMATE REPORT
NWS FORECAST OFFICE
NCSU CENTENNIAL CAMPUS
RALEIGH NC

MAXIMUM TEMPERATURE... 61

MINIMUM TEMPERATURE... 44

PRECIPITATION... 0.12

$$
