000
CDUS42 KRAH 290047
CLIRDU


CLIMATE REPORT
NATIONAL WEATHER SERVICE RALEIGH NC
845 PM EDT WED SEP 28 2016


...................................

...THE RALEIGH-DURHAM INTL AIRPORT NC CLIMATE SUMMARY FOR SEPTEMBER 28 2016...
VALID AS OF 0845 PM LOCAL TIME.

CLIMATE NORMAL PERIOD 1981 TO 2010
CLIMATE RECORD PERIOD 1887 TO 2016


WEATHER ITEM   OBSERVED TIME   RECORD YEAR NORMAL DEPARTURE LAST
                VALUE   (LST)  VALUE       VALUE  FROM      YEAR
                                                  NORMAL
..................................................................
TEMPERATURE (F)
 TODAY
  MAXIMUM         86    206 PM  95    1998  78      8       80
  MINIMUM         70    725 AM  38    1947  57     13       70
  AVERAGE         78                        68     10       75

PRECIPITATION (IN)
  TODAY            0.02          2.17 1999   0.13  -0.11     0.28
  MONTH TO DATE    3.72                      4.10  -0.38     3.85
  SINCE SEP 1      3.72                      4.10  -0.38     3.85
  SINCE JAN 1     40.47                     33.64   6.83    37.87

DEGREE DAYS
 HEATING
  TODAY            0                         2     -2        0
  MONTH TO DATE    0                        14    -14        2
  SINCE SEP 1      0                        14    -14        2
  SINCE JUL 1      0                        15    -15        2

 COOLING
  TODAY           13                         4      9       10
  MONTH TO DATE  332                       218    114      240
  SINCE SEP 1    332                       218    114      240
  SINCE JAN 1   2000                      1659    341     1828
..................................................................


WIND (MPH)
  HIGHEST WIND SPEED    17   HIGHEST WIND DIRECTION     S (190)
  HIGHEST GUST SPEED    22   HIGHEST GUST DIRECTION     S (190)
  AVERAGE WIND SPEED     4.2


SKY COVER
  POSSIBLE SUNSHINE  MM
  AVERAGE SKY COVER 0.8


WEATHER CONDITIONS
 THE FOLLOWING WEATHER WAS RECORDED TODAY.
  THUNDERSTORM
  RAIN
  LIGHT RAIN
  FOG


RELATIVE HUMIDITY (PERCENT)
 HIGHEST   100           200 AM
 LOWEST     59           100 PM
 AVERAGE    80

..........................................................


THE RALEIGH-DURHAM INTL AIRPORT NC CLIMATE NORMALS FOR TOMORROW
                         NORMAL    RECORD    YEAR
 MAXIMUM TEMPERATURE (F)   78        92      1941
 MINIMUM TEMPERATURE (F)   56        39      1970
                                             1942


SUNRISE AND SUNSET
SEPTEMBER 28 2016.....SUNRISE   708 AM EDT   SUNSET   702 PM EDT
SEPTEMBER 29 2016.....SUNRISE   709 AM EDT   SUNSET   701 PM EDT


-  INDICATES NEGATIVE NUMBERS.
R  INDICATES RECORD WAS SET OR TIED.
MM INDICATES DATA IS MISSING.
T  INDICATES TRACE AMOUNT.

&&

CLIMATE REPORT
NWS FORECAST OFFICE
NCSU CENTENNIAL CAMPUS
RALEIGH NC

MAXIMUM TEMPERATURE... 83

MINIMUM TEMPERATURE... 68

PRECIPITATION... T

$$
