352
CDUS42 KRAH 230605
CLIRDU


CLIMATE REPORT
NATIONAL WEATHER SERVICE RALEIGH NC
201 AM EDT TUE MAY 23 2017


...................................

...THE RALEIGH-DURHAM INTL AIRPORT NC CLIMATE SUMMARY FOR MAY 22 2017...

CLIMATE NORMAL PERIOD 1981 TO 2010
CLIMATE RECORD PERIOD 1887 TO 2017


WEATHER ITEM   OBSERVED TIME   RECORD YEAR NORMAL DEPARTURE LAST
                VALUE   (LST)  VALUE       VALUE  FROM      YEAR
                                                  NORMAL
..................................................................
TEMPERATURE (F)
 YESTERDAY
  MAXIMUM         80    348 PM  97    1941  81     -1       70
  MINIMUM         68   1159 PM  40    1968  58     10       53
  AVERAGE         74                        70      4       62

PRECIPITATION (IN)
  YESTERDAY        0.30          2.95 1901   0.11   0.19     0.22
  MONTH TO DATE    3.62                      2.20   1.42     3.71
  SINCE MAR 1     15.41                      9.23   6.18    10.73
  SINCE JAN 1     19.84                     15.96   3.88    17.14

DEGREE DAYS
 HEATING
  YESTERDAY        0                         1     -1        3
  MONTH TO DATE   45                        46     -1       47
  SINCE MAR 1    533                       663   -130      461
  SINCE JUL 1   2506                      3235   -729     2604

 COOLING
  YESTERDAY        9                         6      3        0
  MONTH TO DATE  115                        87     28       69
  SINCE MAR 1    259                       147    112      164
  SINCE JAN 1    267                       148    119      164
..................................................................


WIND (MPH)
  HIGHEST WIND SPEED    22   HIGHEST WIND DIRECTION     W (250)
  HIGHEST GUST SPEED    28   HIGHEST GUST DIRECTION    SW (240)
  AVERAGE WIND SPEED     8.1


SKY COVER
  POSSIBLE SUNSHINE  MM
  AVERAGE SKY COVER 0.9


WEATHER CONDITIONS
 THE FOLLOWING WEATHER WAS RECORDED YESTERDAY.
  THUNDERSTORM
  RAIN
  LIGHT RAIN
  FOG
  HAZE


RELATIVE HUMIDITY (PERCENT)
 HIGHEST    97           800 AM
 LOWEST     62           300 PM
 AVERAGE    80

..........................................................


THE RALEIGH-DURHAM INTL AIRPORT NC CLIMATE NORMALS FOR TODAY
                         NORMAL    RECORD    YEAR
 MAXIMUM TEMPERATURE (F)   81        98      1941
 MINIMUM TEMPERATURE (F)   59        38      2002


SUNRISE AND SUNSET
MAY 23 2017...........SUNRISE   604 AM EDT   SUNSET   820 PM EDT
MAY 24 2017...........SUNRISE   604 AM EDT   SUNSET   821 PM EDT


-  INDICATES NEGATIVE NUMBERS.
R  INDICATES RECORD WAS SET OR TIED.
MM INDICATES DATA IS MISSING.
T  INDICATES TRACE AMOUNT.

&&

CLIMATE REPORT
NWS FORECAST OFFICE
NCSU CENTENNIAL CAMPUS
RALEIGH NC

MAXIMUM TEMPERATURE... 80

MINIMUM TEMPERATURE... 67

PRECIPITATION... 0.23

$$
