000
CDUS42 KRAH 230638
CLIRDU

CLIMATE REPORT
NATIONAL WEATHER SERVICE RALEIGH NC
232 AM EDT THU OCT 23 2014
...................................

...THE RALEIGH-DURHAM INTL AIRPORT NC CLIMATE SUMMARY FOR OCTOBER 22 2014...

CLIMATE NORMAL PERIOD 1981 TO 2010
CLIMATE RECORD PERIOD 1887 TO 2014


WEATHER ITEM   OBSERVED TIME   RECORD YEAR NORMAL DEPARTURE LAST
                VALUE   (LST)  VALUE       VALUE  FROM      YEAR
                                                  NORMAL
..................................................................
TEMPERATURE (F)
 YESTERDAY
  MAXIMUM         67    229 PM  86    1947  71     -4       64
  MINIMUM         48   1159 PM  26    1974  48      0       51
  AVERAGE         58                        59     -1       58

PRECIPITATION (IN)
  YESTERDAY        0.00          1.23 1912   0.10  -0.10      T
  MONTH TO DATE    2.00                      2.35  -0.35     1.41
  SINCE SEP 1      7.91                      6.71   1.20     4.32
  SINCE JAN 1     46.32                     36.25  10.07    41.79

DEGREE DAYS
 HEATING
  YESTERDAY        7                         7      0        7
  MONTH TO DATE   59                        97    -38       59
  SINCE SEP 1     69                       117    -48       70
  SINCE JUL 1     69                       118    -49       70

 COOLING
  YESTERDAY        0                         1     -1        0
  MONTH TO DATE   60                        44     16       53
  SINCE SEP 1    294                       271     23      242
  SINCE JAN 1   1652                      1712    -60     1548
..................................................................


WIND (MPH)
  HIGHEST WIND SPEED    15   HIGHEST WIND DIRECTION     W (290)
  HIGHEST GUST SPEED    24   HIGHEST GUST DIRECTION     N (10)
  AVERAGE WIND SPEED     6.1


SKY COVER
  POSSIBLE SUNSHINE  MM
  AVERAGE SKY COVER 0.3


WEATHER CONDITIONS
 THE FOLLOWING WEATHER WAS RECORDED YESTERDAY.
  NO SIGNIFICANT WEATHER WAS OBSERVED.


RELATIVE HUMIDITY (PERCENT)
 HIGHEST    77           500 AM
 LOWEST     40           200 PM
 AVERAGE    59

..........................................................


THE RALEIGH-DURHAM INTL AIRPORT NC CLIMATE NORMALS FOR TODAY
                         NORMAL    RECORD    YEAR
 MAXIMUM TEMPERATURE (F)   71        88      1941
 MINIMUM TEMPERATURE (F)   47        29      1998
                                             1987


SUNRISE AND SUNSET
OCTOBER 23 2014.......SUNRISE   729 AM EDT   SUNSET   629 PM EDT
OCTOBER 24 2014.......SUNRISE   730 AM EDT   SUNSET   628 PM EDT


-  INDICATES NEGATIVE NUMBERS.
R  INDICATES RECORD WAS SET OR TIED.
MM INDICATES DATA IS MISSING.
T  INDICATES TRACE AMOUNT.

&&

CLIMATE REPORT NWS FORECAST OFFICE
NCSU CENTENNIAL CAMPUS
RALEIGH, NC

MAXIMUM TEMPERATURE... 66

MINIMUM TEMPERATURE... 48

PRECIPITATION... 0

$$
