000
CDUS42 KRAH 090646
CLIRDU


CLIMATE REPORT
NATIONAL WEATHER SERVICE RALEIGH NC
145 AM EST TUE FEB 9 2016


...................................

...THE RALEIGH-DURHAM INTL AIRPORT NC CLIMATE SUMMARY FOR FEBRUARY 8 2016...

CLIMATE NORMAL PERIOD 1981 TO 2010
CLIMATE RECORD PERIOD 1887 TO 2016


WEATHER ITEM   OBSERVED TIME   RECORD YEAR NORMAL DEPARTURE LAST
                VALUE   (LST)  VALUE       VALUE  FROM      YEAR
                                                  NORMAL
..................................................................
TEMPERATURE (F)
 YESTERDAY
  MAXIMUM         56    206 PM  75    2009  54      2       72
                                      1937
  MINIMUM         28    737 AM   4    1895  33     -5       39
  AVERAGE         42                        43     -1       56

PRECIPITATION (IN)
  YESTERDAY        0.09          1.33 1906   0.11  -0.02     0.00
  MONTH TO DATE    1.63                      0.89   0.74     0.39
  SINCE DEC 1      9.43                      7.46   1.97     8.71
  SINCE JAN 1      3.36                      4.39  -1.03     3.74

SNOWFALL (IN)
  YESTERDAY        0.0           1.0  1964   0.1   -0.1      0.0
  MONTH TO DATE    0.0                       0.7   -0.7      0.0
  SINCE DEC 1      1.2                       4.2   -3.0       T
  SINCE JUL 1      1.2                       4.3   -3.1       T
  SNOW DEPTH       0

DEGREE DAYS
 HEATING
  YESTERDAY       23                        22      1        9
  MONTH TO DATE  132                       179    -47      187
  SINCE DEC 1   1218                      1595   -377     1584
  SINCE JUL 1   1669                      2176   -507     2248

 COOLING
  YESTERDAY        0                         0      0        0
  MONTH TO DATE    0                         0      0        0
  SINCE DEC 1     27                         2     25        0
  SINCE JAN 1      0                         0      0        0
..................................................................


WIND (MPH)
  HIGHEST WIND SPEED    23   HIGHEST WIND DIRECTION    SW (210)
  HIGHEST GUST SPEED    29   HIGHEST GUST DIRECTION    SW (220)
  AVERAGE WIND SPEED     3.7


SKY COVER
  POSSIBLE SUNSHINE  MM
  AVERAGE SKY COVER 0.6


WEATHER CONDITIONS
 THE FOLLOWING WEATHER WAS RECORDED YESTERDAY.
  RAIN
  LIGHT RAIN
  FOG
  FOG W/VISIBILITY <= 1/4 MILE


RELATIVE HUMIDITY (PERCENT)
 HIGHEST   100          1000 PM
 LOWEST     35           100 PM
 AVERAGE    68

..........................................................


THE RALEIGH-DURHAM INTL AIRPORT NC CLIMATE NORMALS FOR TODAY
                         NORMAL    RECORD    YEAR
 MAXIMUM TEMPERATURE (F)   54        74      1994
 MINIMUM TEMPERATURE (F)   33         9      1895


SUNRISE AND SUNSET
FEBRUARY  9 2016......SUNRISE   709 AM EST   SUNSET   550 PM EST
FEBRUARY 10 2016......SUNRISE   708 AM EST   SUNSET   551 PM EST


-  INDICATES NEGATIVE NUMBERS.
R  INDICATES RECORD WAS SET OR TIED.
MM INDICATES DATA IS MISSING.
T  INDICATES TRACE AMOUNT.

&&

CLIMATE REPORT NWS FORECAST OFFICE
NCSU CENTENNIAL CAMPUS
RALEIGH...NC

MAXIMUM TEMPERATURE... 53

MINIMUM TEMPERATURE... 30

PRECIPITATION... 0.13


$$
