000
CDUS42 KRAH 030552
CLIRDU


CLIMATE REPORT
NATIONAL WEATHER SERVICE RALEIGH NC
148 AM EDT WED JUN 3 2015


...................................

...THE RALEIGH-DURHAM INTL AIRPORT NC CLIMATE SUMMARY FOR JUNE 2 2015...

CLIMATE NORMAL PERIOD 1981 TO 2010
CLIMATE RECORD PERIOD 1887 TO 2015


WEATHER ITEM   OBSERVED TIME   RECORD YEAR NORMAL DEPARTURE LAST
                VALUE   (LST)  VALUE       VALUE  FROM      YEAR
                                                  NORMAL
..................................................................
TEMPERATURE (F)
 YESTERDAY
  MAXIMUM         82    145 PM  99    1951  84     -2       83
                                      1918
                                      1895
  MINIMUM         67   1127 PM  43    1966  62      5       52
  AVERAGE         75                        73      2       68

PRECIPITATION (IN)
  YESTERDAY        0.15          2.10 1888   0.13   0.02     0.00
  MONTH TO DATE    0.23                      0.26  -0.03     0.00
  SINCE JUN 1      0.23                      0.26  -0.03     0.00
  SINCE JAN 1     18.07                     17.29   0.78    19.27

DEGREE DAYS
 HEATING
  YESTERDAY        0                         0      0        0
  MONTH TO DATE    0                         0      0        0
  SINCE JUN 1      0                         0      0        0
  SINCE JUL 1   3484                      3243    241     3478

 COOLING
  YESTERDAY       10                         8      2        3
  MONTH TO DATE   24                        16      8        4
  SINCE JUN 1     24                        16      8        4
  SINCE JAN 1    294                       225     69      217
..................................................................


WIND (MPH)
  HIGHEST WIND SPEED    10   HIGHEST WIND DIRECTION     W (260)
  HIGHEST GUST SPEED    15   HIGHEST GUST DIRECTION    SW (240)
  AVERAGE WIND SPEED     3.7


SKY COVER
  POSSIBLE SUNSHINE  MM
  AVERAGE SKY COVER 0.9


WEATHER CONDITIONS
 THE FOLLOWING WEATHER WAS RECORDED YESTERDAY.
  RAIN
  LIGHT RAIN
  FOG


RELATIVE HUMIDITY (PERCENT)
 HIGHEST    97           800 AM
 LOWEST     67           200 PM
 AVERAGE    82

..........................................................


THE RALEIGH-DURHAM INTL AIRPORT NC CLIMATE NORMALS FOR TODAY
                         NORMAL    RECORD    YEAR
 MAXIMUM TEMPERATURE (F)   84       100      1895
 MINIMUM TEMPERATURE (F)   62        49      1956


SUNRISE AND SUNSET
JUNE  3 2015..........SUNRISE   600 AM EDT   SUNSET   827 PM EDT
JUNE  4 2015..........SUNRISE   559 AM EDT   SUNSET   828 PM EDT


-  INDICATES NEGATIVE NUMBERS.
R  INDICATES RECORD WAS SET OR TIED.
MM INDICATES DATA IS MISSING.
T  INDICATES TRACE AMOUNT.

&&

CLIMATE REPORT NWS FORECAST OFFICE
NCSU CENTENNIAL CAMPUS
RALEIGH, NC

MAXIMUM TEMPERATURE...80

MINIMUM TEMPERATURE...67

PRECIPITATION...0.21

$$
