000
CDUS42 KRAH 282143
CLIRDU


CLIMATE REPORT
NATIONAL WEATHER SERVICE RALEIGH NC
440 PM EST FRI NOV 28 2014


...................................

...THE RALEIGH-DURHAM INTL AIRPORT NC CLIMATE SUMMARY FOR NOVEMBER 28 2014...
VALID TODAY AS OF 0430 PM LOCAL TIME.

CLIMATE NORMAL PERIOD 1981 TO 2010
CLIMATE RECORD PERIOD 1887 TO 2014


WEATHER ITEM   OBSERVED TIME   RECORD YEAR NORMAL DEPARTURE LAST
                VALUE   (LST)  VALUE       VALUE  FROM      YEAR
                                                  NORMAL
..................................................................
TEMPERATURE (F)
 TODAY
  MAXIMUM         45    228 PM  81    2001  59    -14       45
  MINIMUM         26    701 AM  18    1903  38    -12       23
  AVERAGE         36                        48    -12       34

PRECIPITATION (IN)
  TODAY            0.00          1.74 1948   0.10  -0.10     0.00
  MONTH TO DATE    3.78                      2.91   0.87     2.99
  SINCE SEP 1     11.87                     10.52   1.35     7.31
  SINCE JAN 1     50.28                     40.06  10.22    44.78

SNOWFALL (IN)
  TODAY            0.0           3.1  1912   0.0    0.0      0.0
  MONTH TO DATE    T                         0.1   -0.1       T
  SINCE SEP 1      T                         0.1   -0.1       T
  SINCE JUL 1      T                         0.1   -0.1       T
  SNOW DEPTH       0

DEGREE DAYS
 HEATING
  TODAY           29                        17     12       31
  MONTH TO DATE  498                       357    141      438
  SINCE SEP 1    626                       545     81      597
  SINCE JUL 1    626                       546     80      597

 COOLING
  TODAY            0                         0      0        0
  MONTH TO DATE    1                         1      0        2
  SINCE SEP 1    299                       280     19      246
  SINCE JAN 1   1657                      1721    -64     1552
..................................................................


WIND (MPH)
  HIGHEST WIND SPEED    12   HIGHEST WIND DIRECTION     N (360)
  HIGHEST GUST SPEED    18   HIGHEST GUST DIRECTION     N (340)
  AVERAGE WIND SPEED     3.7


SKY COVER
  POSSIBLE SUNSHINE  MM
  AVERAGE SKY COVER 0.1


WEATHER CONDITIONS
 THE FOLLOWING WEATHER WAS RECORDED TODAY.
  NO SIGNIFICANT WEATHER WAS OBSERVED.


RELATIVE HUMIDITY (PERCENT)
 HIGHEST    81           700 AM
 LOWEST     36           300 PM
 AVERAGE    59

..........................................................


THE RALEIGH-DURHAM INTL AIRPORT NC CLIMATE NORMALS FOR TOMORROW
                         NORMAL    RECORD    YEAR
 MAXIMUM TEMPERATURE (F)   59        77      2001
 MINIMUM TEMPERATURE (F)   37        18      1955


SUNRISE AND SUNSET
NOVEMBER 28 2014......SUNRISE   704 AM EST   SUNSET   502 PM EST
NOVEMBER 29 2014......SUNRISE   705 AM EST   SUNSET   502 PM EST


-  INDICATES NEGATIVE NUMBERS.
R  INDICATES RECORD WAS SET OR TIED.
MM INDICATES DATA IS MISSING.
T  INDICATES TRACE AMOUNT.

&&

CLIMATE REPORT NWS FORECAST OFFICE
NCSU CENTENNIAL CAMPUS
RALEIGH, NC

MAXIMUM TEMPERATURE...45

MINIMUM TEMPERATURE...29

PRECIPITATION...0.00


$$
