000
CDUS42 KRAH 260831
CLIRDU

CLIMATE REPORT
NATIONAL WEATHER SERVICE RALEIGH NC
330 AM EST MON JAN 26 2015
...................................

...THE RALEIGH-DURHAM INTL AIRPORT NC CLIMATE SUMMARY FOR JANUARY 25 2015...

CLIMATE NORMAL PERIOD 1981 TO 2010
CLIMATE RECORD PERIOD 1887 TO 2015


WEATHER ITEM   OBSERVED TIME   RECORD YEAR NORMAL DEPARTURE LAST
                VALUE   (LST)  VALUE       VALUE  FROM      YEAR
                                                  NORMAL
..................................................................
TEMPERATURE (F)
 YESTERDAY
  MAXIMUM         55    356 PM  78    1950  52      3       40
  MINIMUM         29    700 AM   8    1963  31     -2       18
  AVERAGE         42                        41      1       29

PRECIPITATION (IN)
  YESTERDAY        0.00          2.03 2000   0.11  -0.11     0.00
  MONTH TO DATE    3.08                      2.83   0.25     1.78
  SINCE DEC 1      8.05                      5.90   2.15     7.69
  SINCE JAN 1      3.08                      2.83   0.25     1.78

SNOWFALL (IN)
  YESTERDAY        0.0          17.9  2000   0.1   -0.1      0.0
  MONTH TO DATE    0.0                       2.3   -2.3      0.5
  SINCE DEC 1      T                         2.9   -2.9      0.5
  SINCE JUL 1      T                         3.0   -3.0      0.5
  SNOW DEPTH       0

DEGREE DAYS
 HEATING
  YESTERDAY       23                        24     -1       36
  MONTH TO DATE  611                       606      5      672
  SINCE DEC 1   1233                      1276    -43     1252
  SINCE JUL 1   1897                      1857     40     1904

 COOLING
  YESTERDAY        0                         0      0        0
  MONTH TO DATE    0                         0      0        0
  SINCE DEC 1      0                         2     -2       13
  SINCE JAN 1      0                         0      0        0
..................................................................


WIND (MPH)
  HIGHEST WIND SPEED    13   HIGHEST WIND DIRECTION    SW (230)
  HIGHEST GUST SPEED    17   HIGHEST GUST DIRECTION    SW (230)
  AVERAGE WIND SPEED     4.7


SKY COVER
  POSSIBLE SUNSHINE  MM
  AVERAGE SKY COVER 0.3


WEATHER CONDITIONS
 THE FOLLOWING WEATHER WAS RECORDED YESTERDAY.
  NO SIGNIFICANT WEATHER WAS OBSERVED.


RELATIVE HUMIDITY (PERCENT)
 HIGHEST    78           400 AM
 LOWEST     45           300 PM
 AVERAGE    62

..........................................................


THE RALEIGH-DURHAM INTL AIRPORT NC CLIMATE NORMALS FOR TODAY
                         NORMAL    RECORD    YEAR
 MAXIMUM TEMPERATURE (F)   52        78      1950
 MINIMUM TEMPERATURE (F)   31        10      1940


SUNRISE AND SUNSET
JANUARY 26 2015.......SUNRISE   720 AM EST   SUNSET   536 PM EST
JANUARY 27 2015.......SUNRISE   719 AM EST   SUNSET   537 PM EST


-  INDICATES NEGATIVE NUMBERS.
R  INDICATES RECORD WAS SET OR TIED.
MM INDICATES DATA IS MISSING.
T  INDICATES TRACE AMOUNT.



&&

CLIMATE REPORT NWS FORECAST OFFICE
NCSU CENTENNIAL CAMPUS
RALEIGH, NC

MAXIMUM TEMPERATURE...54

MINIMUM TEMPERATURE...34

PRECIPITATION...0.00

$$
