000
CDUS42 KRAH 270115
CLIRDU


CLIMATE REPORT
NATIONAL WEATHER SERVICE RALEIGH NC
912 PM EDT THU MAY 26 2016


...................................

...THE RALEIGH-DURHAM INTL AIRPORT NC CLIMATE SUMMARY FOR MAY 26 2016...
VALID AS OF 0800 PM LOCAL TIME.

CLIMATE NORMAL PERIOD 1981 TO 2010
CLIMATE RECORD PERIOD 1887 TO 2016


WEATHER ITEM   OBSERVED TIME   RECORD YEAR NORMAL DEPARTURE LAST
                VALUE   (LST)  VALUE       VALUE  FROM      YEAR
                                                  NORMAL
..................................................................
TEMPERATURE (F)
 TODAY
  MAXIMUM         89    252 PM  94    1953  82      7       89
                                      1933
  MINIMUM         64    507 AM  43    1979  60      4       65
  AVERAGE         77                        71      6       77

PRECIPITATION (IN)
  TODAY            0.00          3.02 1946   0.12  -0.12     0.00
  MONTH TO DATE    3.73                      2.67   1.06     2.59
  SINCE MAR 1     10.75                      9.70   1.05    11.13
  SINCE JAN 1     17.16                     16.43   0.73    17.39

DEGREE DAYS
 HEATING
  TODAY            0                         1     -1        0
  MONTH TO DATE   52                        50      2       20
  SINCE MAR 1    466                       667   -201      587
  SINCE JUL 1   2609                      3239   -630     3484

 COOLING
  TODAY           12                         7      5       12
  MONTH TO DATE   91                       112    -21      150
  SINCE MAR 1    186                       172     14      206
  SINCE JAN 1    186                       173     13      206
..................................................................


WIND (MPH)
  HIGHEST WIND SPEED    15   HIGHEST WIND DIRECTION    SW (230)
  HIGHEST GUST SPEED    20   HIGHEST GUST DIRECTION    SW (230)
  AVERAGE WIND SPEED     6.2


SKY COVER
  POSSIBLE SUNSHINE  MM
  AVERAGE SKY COVER 0.5


WEATHER CONDITIONS
 THE FOLLOWING WEATHER WAS RECORDED TODAY.
  NO SIGNIFICANT WEATHER WAS OBSERVED.


RELATIVE HUMIDITY (PERCENT)
 HIGHEST    87           400 AM
 LOWEST     40           100 PM
 AVERAGE    64

..........................................................


THE RALEIGH-DURHAM INTL AIRPORT NC CLIMATE NORMALS FOR TOMORROW
                         NORMAL    RECORD    YEAR
 MAXIMUM TEMPERATURE (F)   82        96      1916
 MINIMUM TEMPERATURE (F)   60        41      1961


SUNRISE AND SUNSET
MAY 26 2016...........SUNRISE   602 AM EDT   SUNSET   822 PM EDT
MAY 27 2016...........SUNRISE   602 AM EDT   SUNSET   823 PM EDT


-  INDICATES NEGATIVE NUMBERS.
R  INDICATES RECORD WAS SET OR TIED.
MM INDICATES DATA IS MISSING.
T  INDICATES TRACE AMOUNT.

&&

CLIMATE REPORT
NWS FORECAST OFFICE
NCSU CENTENNIAL CAMPUS
RALEIGH NC

MAXIMUM TEMPERATURE... 89

MINIMUM TEMPERATURE... 64

PRECIPITATION... 0.00


$$
