803
CDUS42 KRAH 290523
CLIRDU


CLIMATE REPORT
NATIONAL WEATHER SERVICE RALEIGH NC
122 AM EDT FRI JUL 29 2016


...................................

...THE RALEIGH-DURHAM INTL AIRPORT NC CLIMATE SUMMARY FOR JULY 28 2016...

CLIMATE NORMAL PERIOD 1981 TO 2010
CLIMATE RECORD PERIOD 1887 TO 2016


WEATHER ITEM   OBSERVED TIME   RECORD YEAR NORMAL DEPARTURE LAST
                VALUE   (LST)  VALUE       VALUE  FROM      YEAR
                                                  NORMAL
..................................................................
TEMPERATURE (F)
 YESTERDAY
  MAXIMUM         96    450 PM 104    1952  90      6       90
  MINIMUM         74    602 AM  52    1962  70      4       73
  AVERAGE         85                        80      5       82

PRECIPITATION (IN)
  YESTERDAY        0.00          2.92 1903   0.15  -0.15      T
  MONTH TO DATE    7.95                      4.24   3.71     5.01
  SINCE JUN 1     13.97                      7.76   6.21    11.36
  SINCE JAN 1     33.58                     24.79   8.79    29.20

DEGREE DAYS
 HEATING
  YESTERDAY        0                         0      0        0
  MONTH TO DATE    0                         0      0        0
  SINCE JUN 1      0                         4     -4        0
  SINCE JUL 1      0                         0      0        0

 COOLING
  YESTERDAY       20                        15      5       17
  MONTH TO DATE  477                       420     57      419
  SINCE JUN 1    836                       767     69      856
  SINCE JAN 1   1072                       976     96     1126
..................................................................


WIND (MPH)
  HIGHEST WIND SPEED    20   HIGHEST WIND DIRECTION     W (250)
  HIGHEST GUST SPEED    24   HIGHEST GUST DIRECTION    SW (240)
  AVERAGE WIND SPEED     7.2


SKY COVER
  POSSIBLE SUNSHINE  MM
  AVERAGE SKY COVER 0.3


WEATHER CONDITIONS
 THE FOLLOWING WEATHER WAS RECORDED YESTERDAY.
  NO SIGNIFICANT WEATHER WAS OBSERVED.


RELATIVE HUMIDITY (PERCENT)
 HIGHEST    93           400 AM
 LOWEST     45           400 PM
 AVERAGE    69

..........................................................


THE RALEIGH-DURHAM INTL AIRPORT NC CLIMATE NORMALS FOR TODAY
                         NORMAL    RECORD    YEAR
 MAXIMUM TEMPERATURE (F)   90       104      2011
                                             1952
 MINIMUM TEMPERATURE (F)   70        55      1946


SUNRISE AND SUNSET
JULY 29 2016..........SUNRISE   621 AM EDT   SUNSET   822 PM EDT
JULY 30 2016..........SUNRISE   622 AM EDT   SUNSET   821 PM EDT


-  INDICATES NEGATIVE NUMBERS.
R  INDICATES RECORD WAS SET OR TIED.
MM INDICATES DATA IS MISSING.
T  INDICATES TRACE AMOUNT.




$$
