000
CDUS42 KRAH 240803
CLIRDU


CLIMATE REPORT
NATIONAL WEATHER SERVICE RALEIGH NC
401 AM EDT THU APR 24 2014


...................................

...THE RALEIGH-DURHAM INTL AIRPORT NC CLIMATE SUMMARY FOR APRIL 23 2014...

CLIMATE NORMAL PERIOD 1981 TO 2010
CLIMATE RECORD PERIOD 1887 TO 2014


WEATHER ITEM   OBSERVED TIME   RECORD YEAR NORMAL DEPARTURE LAST
                VALUE   (LST)  VALUE       VALUE  FROM      YEAR
                                                  NORMAL
..................................................................
TEMPERATURE (F)
 YESTERDAY
  MAXIMUM         71    513 PM  95    1980  74     -3       67
  MINIMUM         50   1141 PM  33    1986  50      0       47
                                      1971
  AVERAGE         61                        62     -1       57

PRECIPITATION (IN)
  YESTERDAY        0.00          1.11 1945   0.10  -0.10     0.13
  MONTH TO DATE    3.59                      2.30   1.29     2.55
  SINCE MAR 1      8.65                      6.41   2.24     5.50
  SINCE JAN 1     13.61                     13.14   0.47    12.68

SNOWFALL (IN)
  YESTERDAY        0.0           0.0  2002   0.0    0.0      0.0
  MONTH TO DATE    0.0                       0.1   -0.1       T
  SINCE MAR 1      0.2                       0.6   -0.4       T
  SINCE JUL 1      5.8                       6.1   -0.3      1.7
  SNOW DEPTH       0

DEGREE DAYS
 HEATING
  YESTERDAY        4                         5     -1        8
  MONTH TO DATE  147                       162    -15      151
  SINCE MAR 1    730                       586    144      766
  SINCE JUL 1   3431                      3158    273     3212

 COOLING
  YESTERDAY        0                         2     -2        0
  MONTH TO DATE   22                        33    -11       48
  SINCE MAR 1     22                        44    -22       48
  SINCE JAN 1     22                        45    -23       50
..................................................................


WIND (MPH)
  HIGHEST WIND SPEED    16   HIGHEST WIND DIRECTION     W (280)
  HIGHEST GUST SPEED    24   HIGHEST GUST DIRECTION    NW (320)
  AVERAGE WIND SPEED     6.1


SKY COVER
  POSSIBLE SUNSHINE  MM
  AVERAGE SKY COVER 0.2


WEATHER CONDITIONS
 THE FOLLOWING WEATHER WAS RECORDED YESTERDAY.
  NO SIGNIFICANT WEATHER WAS OBSERVED.


RELATIVE HUMIDITY (PERCENT)
 HIGHEST    86           400 AM
 LOWEST     17           500 PM
 AVERAGE    52

..........................................................


THE RALEIGH-DURHAM INTL AIRPORT NC CLIMATE NORMALS FOR TODAY
                         NORMAL    RECORD    YEAR
 MAXIMUM TEMPERATURE (F)   75        93      1960
                                             1925
 MINIMUM TEMPERATURE (F)   50        31      1986


SUNRISE AND SUNSET
APRIL 24 2014.........SUNRISE   631 AM EDT   SUNSET   756 PM EDT
APRIL 25 2014.........SUNRISE   630 AM EDT   SUNSET   757 PM EDT


-  INDICATES NEGATIVE NUMBERS.
R  INDICATES RECORD WAS SET OR TIED.
MM INDICATES DATA IS MISSING.
T  INDICATES TRACE AMOUNT.

&&

CLIMATE REPORT NWS FORECAST OFFICE
NCSU CENTENNIAL CAMPUS
RALEIGH, NC

MAXIMUM TEMPERATURE...72

MINIMUM TEMPERATURE...54

PRECIPITATION...0.00


$$
