000
CDUS46 KBOI 230931
CLIREO


CLIMATE REPORT
NATIONAL WEATHER SERVICE BOISE ID
331 AM MDT SAT JUL 23 2016


...................................

...THE ROME OR CLIMATE SUMMARY FOR JULY 22 2016...

CLIMATE NORMAL PERIOD 1981 TO 2010
CLIMATE RECORD PERIOD 9999 TO 9999


WEATHER ITEM   OBSERVED TIME   NORMAL DEPARTURE LAST
                VALUE   (LST)  VALUE  FROM      YEAR
                                      NORMAL
......................................................
TEMPERATURE (F)
 YESTERDAY
  MAXIMUM         91    440 PM  93     -2       86
  MINIMUM         63   1048 PM  53     10       55
  AVERAGE         77            73      4       71

PRECIPITATION (IN)
  YESTERDAY        0.00          0.02  -0.02     0.13
  MONTH TO DATE    0.09          0.26  -0.17     0.47
  SINCE OCT 1      8.10          8.07   0.03     7.67
  SINCE JAN 1      3.67          5.88  -2.21     5.67

DEGREE DAYS
 HEATING
  YESTERDAY        0             0      0        0
  MONTH TO DATE   14            11      3        0
  SINCE JUN 1     83           136    -53       10
  SINCE JUL 1     14            11      3        0

 COOLING
  YESTERDAY       12             8      4        6
  MONTH TO DATE  141           147     -6      200
  SINCE JUN 1    306           209     97      434
  SINCE JAN 1    312           219     93      449
......................................................


WIND (MPH)
  RESULTANT WIND SPEED   9   RESULTANT WIND DIRECTION  SW (240)
  HIGHEST WIND SPEED    26   HIGHEST WIND DIRECTION     W (250)
  HIGHEST GUST SPEED    32   HIGHEST GUST DIRECTION     W (250)
  AVERAGE WIND SPEED    13.1


SKY COVER
  AVERAGE SKY COVER 0.0


WEATHER CONDITIONS
 THE FOLLOWING WEATHER WAS RECORDED YESTERDAY.
  NO SIGNIFICANT WEATHER WAS OBSERVED.


RELATIVE HUMIDITY (PERCENT)
 HIGHEST    23           200 AM
 LOWEST      8          1200 PM
 AVERAGE    16

..........................................................


THE ROME OR CLIMATE NORMALS FOR TODAY
                         NORMAL    RECORD    YEAR
 MAXIMUM TEMPERATURE (F)   93        MM        MM
 MINIMUM TEMPERATURE (F)   53        MM        MM


SUNRISE AND SUNSET
JULY 23 2016..........SUNRISE   535 AM PDT   SUNSET   820 PM PDT
JULY 24 2016..........SUNRISE   536 AM PDT   SUNSET   819 PM PDT


-  INDICATES NEGATIVE NUMBERS.
R  INDICATES RECORD WAS SET OR TIED.
MM INDICATES DATA IS MISSING.
T  INDICATES TRACE AMOUNT.




$$
