000
CDUS46 KBOI 030931
CLIREO


CLIMATE REPORT
NATIONAL WEATHER SERVICE BOISE ID
331 AM MDT MON AUG 3 2015


...................................

...THE ROME OR CLIMATE SUMMARY FOR AUGUST 2 2015...

CLIMATE NORMAL PERIOD 1981 TO 2010
CLIMATE RECORD PERIOD 9999 TO 9999


WEATHER ITEM   OBSERVED TIME   NORMAL DEPARTURE LAST
                VALUE   (LST)  VALUE  FROM      YEAR
                                      NORMAL
......................................................
TEMPERATURE (F)
 YESTERDAY
  MAXIMUM        101    220 PM  92      9       98
  MINIMUM         67    145 AM  52     15       61
  AVERAGE         84            72     12       80

PRECIPITATION (IN)
  YESTERDAY        0.00          0.01  -0.01     0.00
  MONTH TO DATE    0.00          0.02  -0.02     0.00
  SINCE OCT 1      7.67          8.18  -0.51     2.38
  SINCE JAN 1      5.67          5.99  -0.32     2.19

DEGREE DAYS
 HEATING
  YESTERDAY        0             0      0        0
  MONTH TO DATE    0             0      0        0
  SINCE JUN 1     16           139   -123       59
  SINCE JUL 1      6            14     -8        0

 COOLING
  YESTERDAY       19             8     11       15
  MONTH TO DATE   36            16     20       27
  SINCE JUN 1    524           293    231      435
  SINCE JAN 1    539           303    236      446
......................................................


WIND (MPH)
  RESULTANT WIND SPEED   4   RESULTANT WIND DIRECTION   S (170)
  HIGHEST WIND SPEED    44   HIGHEST WIND DIRECTION     S (160)
  HIGHEST GUST SPEED    52   HIGHEST GUST DIRECTION     S (160)
  AVERAGE WIND SPEED    10.3


SKY COVER
  AVERAGE SKY COVER 0.0


WEATHER CONDITIONS
 THE FOLLOWING WEATHER WAS RECORDED YESTERDAY.
  NO SIGNIFICANT WEATHER WAS OBSERVED.


RELATIVE HUMIDITY (PERCENT)
 HIGHEST    44          1100 PM
 LOWEST     10           200 PM
 AVERAGE    27

..........................................................


THE ROME OR CLIMATE NORMALS FOR TODAY
                         NORMAL    RECORD    YEAR
 MAXIMUM TEMPERATURE (F)   92        MM        MM
 MINIMUM TEMPERATURE (F)   52        MM        MM


SUNRISE AND SUNSET
AUGUST  3 2015........SUNRISE   545 AM PDT   SUNSET   809 PM PDT
AUGUST  4 2015........SUNRISE   546 AM PDT   SUNSET   808 PM PDT


-  INDICATES NEGATIVE NUMBERS.
R  INDICATES RECORD WAS SET OR TIED.
MM INDICATES DATA IS MISSING.
T  INDICATES TRACE AMOUNT.




$$
