128
CDUS46 KBOI 220933
CLIREO


CLIMATE REPORT
NATIONAL WEATHER SERVICE BOISE ID
333 AM MDT MON MAY 22 2017


...................................

...THE ROME OR CLIMATE SUMMARY FOR MAY 21 2017...

CLIMATE NORMAL PERIOD 1981 TO 2010
CLIMATE RECORD PERIOD 9999 TO 9999


WEATHER ITEM   OBSERVED TIME   NORMAL DEPARTURE LAST
                VALUE   (LST)  VALUE  FROM      YEAR
                                      NORMAL
......................................................
TEMPERATURE (F)
 YESTERDAY
  MAXIMUM         77    535 PM  71      6       54
  MINIMUM         39    548 AM  39      0       36
  AVERAGE         58            55      3       45

PRECIPITATION (IN)
  YESTERDAY        0.00          0.04  -0.04     0.00
  MONTH TO DATE    0.39          0.95  -0.56     1.36
  SINCE OCT 1      7.57          6.51   1.06     7.81
  SINCE JAN 1      5.19          4.32   0.87     3.38

DEGREE DAYS
 HEATING
  YESTERDAY        7            10     -3       20
  MONTH TO DATE  235           270    -35      175
  SINCE MAR 1   1316          1630   -314     1178
  SINCE JUL 1   5896          6364   -468     5274

 COOLING
  YESTERDAY        0             0      0        0
  MONTH TO DATE    9             0      9        6
  SINCE MAR 1      9             0      9        6
  SINCE JAN 1      9             0      9        6
......................................................


WIND (MPH)
  RESULTANT WIND SPEED   3   RESULTANT WIND DIRECTION   E (70)
  HIGHEST WIND SPEED    13   HIGHEST WIND DIRECTION     N (10)
  HIGHEST GUST SPEED    17   HIGHEST GUST DIRECTION    NE (40)
  AVERAGE WIND SPEED     6.3


SKY COVER
  AVERAGE SKY COVER 0.0


WEATHER CONDITIONS
 THE FOLLOWING WEATHER WAS RECORDED YESTERDAY.
  NO SIGNIFICANT WEATHER WAS OBSERVED.


RELATIVE HUMIDITY (PERCENT)
 HIGHEST    92           400 AM
 LOWEST     23           500 PM
 AVERAGE    58

..........................................................


THE ROME OR CLIMATE NORMALS FOR TODAY
                         NORMAL    RECORD    YEAR
 MAXIMUM TEMPERATURE (F)   71        MM        MM
 MINIMUM TEMPERATURE (F)   39        MM        MM


SUNRISE AND SUNSET
MAY 22 2017...........SUNRISE   523 AM PDT   SUNSET   814 PM PDT
MAY 23 2017...........SUNRISE   522 AM PDT   SUNSET   815 PM PDT


-  INDICATES NEGATIVE NUMBERS.
R  INDICATES RECORD WAS SET OR TIED.
MM INDICATES DATA IS MISSING.
T  INDICATES TRACE AMOUNT.




$$
