720
CDUS43 KLOT 300644
CLIRFD


CLIMATE REPORT
NATIONAL WEATHER SERVICE CHICAGO IL
142 AM CDT SAT JUL 30 2016


...................................

...THE ROCKFORD IL CLIMATE SUMMARY FOR JULY 29 2016...

CLIMATE NORMAL PERIOD 1981 TO 2010
CLIMATE RECORD PERIOD 1905 TO 2016


WEATHER ITEM   OBSERVED TIME   RECORD YEAR NORMAL DEPARTURE LAST
                VALUE   (LST)  VALUE       VALUE  FROM      YEAR
                                                  NORMAL
..................................................................
TEMPERATURE (F)
 YESTERDAY
  MAXIMUM         79   1123 AM 104    1916  84     -5       86
  MINIMUM         67    348 PM  47    1925  63      4       66
  AVERAGE         73                        73      0       76

PRECIPITATION (IN)
  YESTERDAY        0.94          2.00 1989   0.13   0.81     0.00
  MONTH TO DATE    7.87                      3.67   4.20     3.50
  SINCE JUN 1     10.06                      8.32   1.74     8.14
  SINCE JAN 1     21.62                     20.79   0.83    19.33

SNOWFALL (IN)
  YESTERDAY        0.0           0.0    MM   0.0    0.0      0.0
  MONTH TO DATE    0.0                       0.0    0.0      0.0
  SINCE JUN 1      0.0                       0.0    0.0      0.0
  SINCE JUL 1      0.0                       0.0    0.0      0.0
  SNOW DEPTH       0

DEGREE DAYS
 HEATING
  YESTERDAY        0                         0      0        0
  MONTH TO DATE    0                         0      0        5
  SINCE JUN 1      6                        31    -25       21
  SINCE JUL 1      0                         0      0        5

 COOLING
  YESTERDAY        8                         8      0       11
  MONTH TO DATE  300                       258     42      221
  SINCE JUN 1    516                       433     83      373
  SINCE JAN 1    601                       488    113      433
..................................................................


WIND (MPH)
  HIGHEST WIND SPEED    26   HIGHEST WIND DIRECTION     E (100)
  HIGHEST GUST SPEED    34   HIGHEST GUST DIRECTION     E (110)
  AVERAGE WIND SPEED     8.6


SKY COVER
  POSSIBLE SUNSHINE  MM
  AVERAGE SKY COVER 1.0


WEATHER CONDITIONS
 THE FOLLOWING WEATHER WAS RECORDED YESTERDAY.
  THUNDERSTORM
  HEAVY RAIN
  RAIN
  LIGHT RAIN
  FOG
  HAZE


RELATIVE HUMIDITY (PERCENT)
 HIGHEST    90           700 PM
 LOWEST     74          1000 AM
 AVERAGE    82

..........................................................


THE ROCKFORD IL CLIMATE NORMALS FOR TODAY
                         NORMAL    RECORD    YEAR
 MAXIMUM TEMPERATURE (F)   84       104      1916
 MINIMUM TEMPERATURE (F)   63        47      1971


SUNRISE AND SUNSET
JULY 30 2016..........SUNRISE   548 AM CDT   SUNSET   817 PM CDT
JULY 31 2016..........SUNRISE   549 AM CDT   SUNSET   816 PM CDT


-  INDICATES NEGATIVE NUMBERS.
R  INDICATES RECORD WAS SET OR TIED.
MM INDICATES DATA IS MISSING.
T  INDICATES TRACE AMOUNT.




$$
