000
CDUS43 KLOT 312136
CLIRFD


CLIMATE REPORT
NATIONAL WEATHER SERVICE CHICAGO IL
434 PM CDT WED AUG 31 2016


...................................

...THE ROCKFORD IL CLIMATE SUMMARY FOR AUGUST 31 2016...
VALID TODAY AS OF 0400 PM LOCAL TIME.

CLIMATE NORMAL PERIOD 1981 TO 2010
CLIMATE RECORD PERIOD 1905 TO 2016


WEATHER ITEM   OBSERVED TIME   RECORD YEAR NORMAL DEPARTURE LAST
                VALUE   (LST)  VALUE       VALUE  FROM      YEAR
                                                  NORMAL
..................................................................
TEMPERATURE (F)
 TODAY
  MAXIMUM         79    259 PM 101    1953  81     -2       85
  MINIMUM         67    628 AM  41    1915  59      8       58
  AVERAGE         73                        70      3       72

PRECIPITATION (IN)
  TODAY            0.00          2.32 1981   0.14  -0.14     0.00
  MONTH TO DATE    4.30                      4.59  -0.29     5.20
  SINCE JUN 1     14.36                     13.19   1.17    13.34
  SINCE JAN 1     25.92                     25.66   0.26    24.53

SNOWFALL (IN)
  TODAY            0.0           0.0    MM   0.0    0.0      0.0
  MONTH TO DATE    0.0                       0.0    0.0      0.0
  SINCE JUN 1      0.0                       0.0    0.0      0.0
  SINCE JUL 1      0.0                       0.0    0.0      0.0

DEGREE DAYS
 HEATING
  TODAY            0                         1     -1        0
  MONTH TO DATE    0                         6     -6        5
  SINCE JUN 1      6                        45    -39       26
  SINCE JUL 1      0                        14    -14       10

 COOLING
  TODAY            8                         6      2        7
  MONTH TO DATE  305                       223     82      200
  SINCE JUN 1    835                       672    163      593
  SINCE JAN 1    920                       727    193      653
..................................................................


WIND (MPH)
  HIGHEST WIND SPEED    16   HIGHEST WIND DIRECTION     N (360)
  HIGHEST GUST SPEED    22   HIGHEST GUST DIRECTION     N (360)
  AVERAGE WIND SPEED     9.0


SKY COVER
  POSSIBLE SUNSHINE  MM
  AVERAGE SKY COVER 0.8


WEATHER CONDITIONS
 THE FOLLOWING WEATHER WAS RECORDED TODAY.
  NO SIGNIFICANT WEATHER WAS OBSERVED.


RELATIVE HUMIDITY (PERCENT)
 HIGHEST    90          1200 AM
 LOWEST     42           200 PM
 AVERAGE    66

..........................................................


THE ROCKFORD IL CLIMATE NORMALS FOR TOMORROW
                         NORMAL    RECORD    YEAR
 MAXIMUM TEMPERATURE (F)   80       102      1953
 MINIMUM TEMPERATURE (F)   59        41      1949
                                             1909


SUNRISE AND SUNSET
AUGUST 31 2016........SUNRISE   621 AM CDT   SUNSET   731 PM CDT
SEPTEMBER  1 2016.....SUNRISE   622 AM CDT   SUNSET   729 PM CDT


-  INDICATES NEGATIVE NUMBERS.
R  INDICATES RECORD WAS SET OR TIED.
MM INDICATES DATA IS MISSING.
T  INDICATES TRACE AMOUNT.




$$
