000
CDUS43 KGRB 170730
CLIRHI


CLIMATE REPORT
NATIONAL WEATHER SERVICE GREEN BAY
130 AM CST TUE JAN 17 2017


...................................

...THE RHINELANDER WI CLIMATE SUMMARY FOR JANUARY 16 2017...

CLIMATE NORMAL PERIOD 1981 TO 2010
CLIMATE RECORD PERIOD 1908 TO 2017


WEATHER ITEM   OBSERVED TIME   RECORD YEAR NORMAL DEPARTURE LAST
                VALUE   (LST)  VALUE       VALUE  FROM      YEAR
                                                  NORMAL
..................................................................
TEMPERATURE (F)
 YESTERDAY
  MAXIMUM         33    413 PM  46    1973  21     12       20
  MINIMUM          6    817 AM -40    1982   3      3      -11
  AVERAGE         20                        12      8        5

PRECIPITATION (IN)
  YESTERDAY        0.00          0.54 1935   0.04  -0.04      T
  MONTH TO DATE    1.11                      0.59   0.52     0.48
  SINCE DEC 1      3.18                      2.03   1.15     4.44
  SINCE JAN 1      1.11                      0.59   0.52     0.48

SNOWFALL (IN)
  YESTERDAY        0.0           7.0  1967  MM     MM         T
  MONTH TO DATE   12.3                      MM     MM        4.3
  SINCE DEC 1     31.9                      MM     MM       16.9
  SINCE JUL 1     38.5                      MM     MM       21.0
  SNOW DEPTH       0

DEGREE DAYS
 HEATING
  YESTERDAY       45                        53     -8       60
  MONTH TO DATE  916                       843     73      806
  SINCE DEC 1   2366                      2335     31     1915
  SINCE JUL 1   3848                      4469   -621     3632

 COOLING
  YESTERDAY        0                         0      0        0
  MONTH TO DATE    0                         0      0        0
  SINCE DEC 1      0                         0      0        0
  SINCE JAN 1      0                         0      0        0
..................................................................


WIND (MPH)
  HIGHEST WIND SPEED     8   HIGHEST WIND DIRECTION    SW (230)
  HIGHEST GUST SPEED    12   HIGHEST GUST DIRECTION    SW (240)
  AVERAGE WIND SPEED     2.1


SKY COVER
  POSSIBLE SUNSHINE  MM
  AVERAGE SKY COVER 0.1


WEATHER CONDITIONS
 THE FOLLOWING WEATHER WAS RECORDED YESTERDAY.
  FOG
  HAZE


RELATIVE HUMIDITY (PERCENT)
 HIGHEST   100           500 AM
 LOWEST     53           100 PM
 AVERAGE    77

..........................................................


THE RHINELANDER WI CLIMATE NORMALS FOR TODAY
                         NORMAL    RECORD    YEAR
 MAXIMUM TEMPERATURE (F)   21        45      1986
                                             1973
 MINIMUM TEMPERATURE (F)    3       -38      1982


SUNRISE AND SUNSET
JANUARY 17 2017.......SUNRISE   733 AM CST   SUNSET   443 PM CST
JANUARY 18 2017.......SUNRISE   732 AM CST   SUNSET   445 PM CST


-  INDICATES NEGATIVE NUMBERS.
R  INDICATES RECORD WAS SET OR TIED.
MM INDICATES DATA IS MISSING.
T  INDICATES TRACE AMOUNT.




$$
