000
CDUS43 KGRB 030645
CLIRHI


CLIMATE REPORT
NATIONAL WEATHER SERVICE GREEN BAY
144 AM CDT FRI JUL 3 2015


...................................

...THE RHINELANDER WI CLIMATE SUMMARY FOR JULY 2 2015...

CLIMATE NORMAL PERIOD 1981 TO 2010
CLIMATE RECORD PERIOD 1908 TO 2015


WEATHER ITEM   OBSERVED TIME   RECORD YEAR NORMAL DEPARTURE LAST
                VALUE   (LST)  VALUE       VALUE  FROM      YEAR
                                                  NORMAL
..................................................................
TEMPERATURE (F)
 YESTERDAY
  MAXIMUM         77    340 PM  98    1911  78     -1       68
  MINIMUM         42    422 AM  37    1924  54    -12       42
  AVERAGE         60                        66     -6       55

PRECIPITATION (IN)
  YESTERDAY        0.00          1.42 1997   0.14  -0.14      T
  MONTH TO DATE    0.00                      0.27  -0.27     0.03
  SINCE JUN 1      3.56                      4.16  -0.60     6.76
  SINCE JAN 1     12.16                     13.84  -1.68    17.87

SNOWFALL (IN)
  YESTERDAY        0.0           0.0    MM  MM     MM        0.0
  MONTH TO DATE    0.0                      MM     MM        0.0
  SINCE JUN 1      0.0                      MM     MM        0.0
  SINCE JUL 1      0.0                      MM     MM        0.0
  SNOW DEPTH       0

DEGREE DAYS
 HEATING
  YESTERDAY        5                         2      3       10
  MONTH TO DATE   16                         4     12       10
  SINCE JUN 1    148                       138     10      103
  SINCE JUL 1     16                         4     12       10

 COOLING
  YESTERDAY        0                         3     -3        0
  MONTH TO DATE    0                         6     -6        0
  SINCE JUN 1      3                        59    -56       62
  SINCE JAN 1      8                        71    -63       69
..................................................................


WIND (MPH)
  HIGHEST WIND SPEED     9   HIGHEST WIND DIRECTION     W (260)
  HIGHEST GUST SPEED    13   HIGHEST GUST DIRECTION     W (260)
  AVERAGE WIND SPEED     4.2


SKY COVER
  POSSIBLE SUNSHINE  MM
  AVERAGE SKY COVER 0.0


WEATHER CONDITIONS
 THE FOLLOWING WEATHER WAS RECORDED YESTERDAY.
  FOG


RELATIVE HUMIDITY (PERCENT)
 HIGHEST    93          1200 AM
 LOWEST     38           300 PM
 AVERAGE    66

..........................................................


THE RHINELANDER WI CLIMATE NORMALS FOR TODAY
                         NORMAL    RECORD    YEAR
 MAXIMUM TEMPERATURE (F)   78        93      1911
 MINIMUM TEMPERATURE (F)   54        38      1927
                                             1924


SUNRISE AND SUNSET
JULY  3 2015..........SUNRISE   513 AM CDT   SUNSET   850 PM CDT
JULY  4 2015..........SUNRISE   514 AM CDT   SUNSET   850 PM CDT


-  INDICATES NEGATIVE NUMBERS.
R  INDICATES RECORD WAS SET OR TIED.
MM INDICATES DATA IS MISSING.
T  INDICATES TRACE AMOUNT.




$$
