000
CDUS43 KGRB 290726
CLIRHI


CLIMATE REPORT
NATIONAL WEATHER SERVICE GREEN BAY
224 AM CDT MON MAY 29 2017


...................................

...THE RHINELANDER WI CLIMATE SUMMARY FOR MAY 28 2017...

CLIMATE NORMAL PERIOD 1981 TO 2010
CLIMATE RECORD PERIOD 1908 TO 2017


WEATHER ITEM   OBSERVED TIME   RECORD YEAR NORMAL DEPARTURE LAST
                VALUE   (LST)  VALUE       VALUE  FROM      YEAR
                                                  NORMAL
..................................................................
TEMPERATURE (F)
 YESTERDAY
  MAXIMUM         71    352 PM  91    1919  69      2       75
  MINIMUM         47    945 PM  27    1917  45      2       63
  AVERAGE         59                        56      3       69

PRECIPITATION (IN)
  YESTERDAY        0.18          0.91 1955   0.11   0.07     0.63
  MONTH TO DATE    5.66                      3.11   2.55     2.55
  SINCE MAR 1     13.80                      7.26   6.54     9.00
  SINCE JAN 1     17.16                      9.30   7.86    10.73

SNOWFALL (IN)
  YESTERDAY        0.0           T    1965  MM     MM        0.0
  MONTH TO DATE    0.0                      MM     MM         T
  SINCE MAR 1     14.3                      MM     MM       21.2
  SINCE JUL 1     65.8                      MM     MM       55.7
  SNOW DEPTH       0

DEGREE DAYS
 HEATING
  YESTERDAY        6                         9     -3        0
  MONTH TO DATE  363                       361      2      336
  SINCE MAR 1   2131                      2239   -108     2011
  SINCE JUL 1   7642                      8861  -1219     7694

 COOLING
  YESTERDAY        0                         1     -1        4
  MONTH TO DATE    2                         6     -4       15
  SINCE MAR 1      2                         7     -5       15
  SINCE JAN 1      2                         7     -5       15
..................................................................


WIND (MPH)
  HIGHEST WIND SPEED    28   HIGHEST WIND DIRECTION     W (260)
  HIGHEST GUST SPEED    35   HIGHEST GUST DIRECTION     W (290)
  AVERAGE WIND SPEED     8.2


SKY COVER
  POSSIBLE SUNSHINE  MM
  AVERAGE SKY COVER 0.6


WEATHER CONDITIONS
 THE FOLLOWING WEATHER WAS RECORDED YESTERDAY.
  THUNDERSTORM
  HEAVY RAIN
  LIGHT RAIN
  FOG


RELATIVE HUMIDITY (PERCENT)
 HIGHEST    96           100 AM
 LOWEST     37           400 PM
 AVERAGE    67

..........................................................


THE RHINELANDER WI CLIMATE NORMALS FOR TODAY
                         NORMAL    RECORD    YEAR
 MAXIMUM TEMPERATURE (F)   69        92      1919
 MINIMUM TEMPERATURE (F)   45        30      1965


SUNRISE AND SUNSET
MAY 29 2017...........SUNRISE   514 AM CDT   SUNSET   837 PM CDT
MAY 30 2017...........SUNRISE   513 AM CDT   SUNSET   838 PM CDT


-  INDICATES NEGATIVE NUMBERS.
R  INDICATES RECORD WAS SET OR TIED.
MM INDICATES DATA IS MISSING.
T  INDICATES TRACE AMOUNT.

$$
