000
CDUS43 KGRB 290800
CLIRHI


CLIMATE REPORT
NATIONAL WEATHER SERVICE GREEN BAY
259 AM CDT TUE JUL 29 2014


...................................

...THE RHINELANDER WI CLIMATE SUMMARY FOR JULY 28 2014...

CLIMATE NORMAL PERIOD 1981 TO 2010
CLIMATE RECORD PERIOD 1908 TO 2014


WEATHER ITEM   OBSERVED TIME   RECORD YEAR NORMAL DEPARTURE LAST
                VALUE   (LST)  VALUE       VALUE  FROM      YEAR
                                                  NORMAL
..................................................................
TEMPERATURE (F)
 YESTERDAY
  MAXIMUM         69    312 PM  95    1916  79    -10       59
  MINIMUM         47    401 AM  43    1978  54     -7       45
  AVERAGE         58                        67     -9       52

PRECIPITATION (IN)
  YESTERDAY        0.02          1.29 1964   0.12  -0.10     0.01
  MONTH TO DATE    3.93                      3.67   0.26     2.40
  SINCE JUN 1     10.66                      7.56   3.10     7.70
  SINCE JAN 1     21.77                     17.24   4.53    21.03

SNOWFALL (IN)
  YESTERDAY        0.0           0.0    MM  MM     MM        0.0
  MONTH TO DATE    0.0                      MM     MM        0.0
  SINCE JUN 1      0.0                      MM     MM        0.0
  SINCE JUL 1      0.0                      MM     MM        0.0
  SNOW DEPTH       0

DEGREE DAYS
 HEATING
  YESTERDAY        7                         1      6       13
  MONTH TO DATE  113                        54     59       69
  SINCE JUN 1    206                       188     18      243
  SINCE JUL 1    113                        54     59       69

 COOLING
  YESTERDAY        0                         3     -3        0
  MONTH TO DATE   49                        95    -46      132
  SINCE JUN 1    111                       148    -37      172
  SINCE JAN 1    118                       160    -42      186
..................................................................


WIND (MPH)
  HIGHEST WIND SPEED    14   HIGHEST WIND DIRECTION     N (340)
  HIGHEST GUST SPEED    23   HIGHEST GUST DIRECTION     N (340)
  AVERAGE WIND SPEED     6.4


SKY COVER
  POSSIBLE SUNSHINE  MM
  AVERAGE SKY COVER 0.5


WEATHER CONDITIONS
 THE FOLLOWING WEATHER WAS RECORDED YESTERDAY.
  LIGHT RAIN
  FOG


RELATIVE HUMIDITY (PERCENT)
 HIGHEST    93           300 AM
 LOWEST     49          1200 PM
 AVERAGE    71

..........................................................


THE RHINELANDER WI CLIMATE NORMALS FOR TODAY
                         NORMAL    RECORD    YEAR
 MAXIMUM TEMPERATURE (F)   79        98      1917
 MINIMUM TEMPERATURE (F)   54        39      1952


SUNRISE AND SUNSET
JULY 29 2014..........SUNRISE   538 AM CDT   SUNSET   830 PM CDT
JULY 30 2014..........SUNRISE   539 AM CDT   SUNSET   829 PM CDT


-  INDICATES NEGATIVE NUMBERS.
R  INDICATES RECORD WAS SET OR TIED.
MM INDICATES DATA IS MISSING.
T  INDICATES TRACE AMOUNT.




$$
