000
CDUS43 KGRB 232146
CLIRHI


CLIMATE REPORT
NATIONAL WEATHER SERVICE GREEN BAY
445 PM CDT SUN JUL 23 2017


...................................

...THE RHINELANDER WI CLIMATE SUMMARY FOR JULY 23 2017...
VALID TODAY AS OF 0400 PM LOCAL TIME.

CLIMATE NORMAL PERIOD 1981 TO 2010
CLIMATE RECORD PERIOD 1908 TO 2017


WEATHER ITEM   OBSERVED TIME   RECORD YEAR NORMAL DEPARTURE LAST
                VALUE   (LST)  VALUE       VALUE  FROM      YEAR
                                                  NORMAL
..................................................................
TEMPERATURE (F)
 TODAY
  MAXIMUM         72   1240 PM  99    1934  79     -7       84
  MINIMUM         56    252 AM  40    2000  55      1       59
  AVERAGE         64                        67     -3       72

PRECIPITATION (IN)
  TODAY            0.00          2.41 1914   0.12  -0.12     0.37
  MONTH TO DATE    1.37                      3.08  -1.71     2.64
  SINCE JUN 1      8.64                      6.97   1.67     9.66
  SINCE JAN 1     26.36                     16.65   9.71    20.74

SNOWFALL (IN)
  TODAY            0.0           0.0    MM  MM     MM        0.0
  MONTH TO DATE    0.0                      MM     MM        0.0
  SINCE JUN 1      0.0                      MM     MM        0.0
  SINCE JUL 1      0.0                      MM     MM        0.0
  SNOW DEPTH       0

DEGREE DAYS
 HEATING
  TODAY            1                         2     -1        0
  MONTH TO DATE   30                        46    -16       28
  SINCE JUN 1    128                       180    -52      120
  SINCE JUL 1     30                        46    -16       28

 COOLING
  TODAY            0                         3     -3        7
  MONTH TO DATE   61                        80    -19      102
  SINCE JUN 1    124                       133     -9      155
  SINCE JAN 1    126                       145    -19      170
..................................................................


WIND (MPH)
  HIGHEST WIND SPEED    13   HIGHEST WIND DIRECTION     N (350)
  HIGHEST GUST SPEED    19   HIGHEST GUST DIRECTION    NE (30)
  AVERAGE WIND SPEED     5.2


SKY COVER
  POSSIBLE SUNSHINE  MM
  AVERAGE SKY COVER 0.7


WEATHER CONDITIONS
 THE FOLLOWING WEATHER WAS RECORDED TODAY.
  FOG
  FOG W/VISIBILITY <= 1/4 MILE


RELATIVE HUMIDITY (PERCENT)
 HIGHEST   100           100 AM
 LOWEST     73           200 PM
 AVERAGE    87

..........................................................


THE RHINELANDER WI CLIMATE NORMALS FOR TOMORROW
                         NORMAL    RECORD    YEAR
 MAXIMUM TEMPERATURE (F)   79        95      1934
 MINIMUM TEMPERATURE (F)   55        41      2013
                                             1953


SUNRISE AND SUNSET
JULY 23 2017..........SUNRISE   531 AM CDT   SUNSET   836 PM CDT
JULY 24 2017..........SUNRISE   533 AM CDT   SUNSET   835 PM CDT


-  INDICATES NEGATIVE NUMBERS.
R  INDICATES RECORD WAS SET OR TIED.
MM INDICATES DATA IS MISSING.
T  INDICATES TRACE AMOUNT.




$$
