000
CDUS43 KGRB 020729
CLIRHI


CLIMATE REPORT
NATIONAL WEATHER SERVICE GREEN BAY
228 AM CDT TUE SEP 2 2014


...................................

...THE RHINELANDER WI CLIMATE SUMMARY FOR SEPTEMBER 1 2014...

CLIMATE NORMAL PERIOD 1981 TO 2010
CLIMATE RECORD PERIOD 1908 TO 2014


WEATHER ITEM   OBSERVED TIME   RECORD YEAR NORMAL DEPARTURE LAST
                VALUE   (LST)  VALUE       VALUE  FROM      YEAR
                                                  NORMAL
..................................................................
TEMPERATURE (F)
 YESTERDAY
  MAXIMUM         74    220 PM  91    1913  73      1       74
  MINIMUM         51   1159 PM  32    1935  50      1       57
  AVERAGE         63                        61      2       66

PRECIPITATION (IN)
  YESTERDAY        0.50          2.34 1948   0.13   0.37     0.13
  MONTH TO DATE    0.50                      0.13   0.37     0.13
  SINCE SEP 1      0.50                      0.13   0.37     0.13
  SINCE JAN 1     26.96                     21.01   5.95    26.97

SNOWFALL (IN)
  YESTERDAY        0.0           0.0    MM  MM     MM        0.0
  MONTH TO DATE    0.0                      MM     MM        0.0
  SINCE SEP 1      0.0                      MM     MM        0.0
  SINCE JUL 1      0.0                      MM     MM        0.0
  SNOW DEPTH       0

DEGREE DAYS
 HEATING
  YESTERDAY        2                         5     -3        0
  MONTH TO DATE    2                         5     -3        0
  SINCE SEP 1      2                         5     -3        0
  SINCE JUL 1    202                       132     70      190

 COOLING
  YESTERDAY        0                         1     -1        1
  MONTH TO DATE    0                         1     -1        1
  SINCE SEP 1      0                         1     -1        1
  SINCE JAN 1    147                       242    -95      265
..................................................................


WIND (MPH)
  HIGHEST WIND SPEED    22   HIGHEST WIND DIRECTION    SW (220)
  HIGHEST GUST SPEED    31   HIGHEST GUST DIRECTION    SW (220)
  AVERAGE WIND SPEED     8.9


SKY COVER
  POSSIBLE SUNSHINE  MM
  AVERAGE SKY COVER 0.3


WEATHER CONDITIONS
 THE FOLLOWING WEATHER WAS RECORDED YESTERDAY.
  THUNDERSTORM
  HEAVY RAIN
  RAIN
  LIGHT RAIN
  FOG


RELATIVE HUMIDITY (PERCENT)
 HIGHEST    93           200 AM
 LOWEST     57           500 PM
 AVERAGE    75

..........................................................


THE RHINELANDER WI CLIMATE NORMALS FOR TODAY
                         NORMAL    RECORD    YEAR
 MAXIMUM TEMPERATURE (F)   73        92      1929
 MINIMUM TEMPERATURE (F)   50        33      1976


SUNRISE AND SUNSET
SEPTEMBER  2 2014.....SUNRISE   620 AM CDT   SUNSET   734 PM CDT
SEPTEMBER  3 2014.....SUNRISE   621 AM CDT   SUNSET   732 PM CDT


-  INDICATES NEGATIVE NUMBERS.
R  INDICATES RECORD WAS SET OR TIED.
MM INDICATES DATA IS MISSING.
T  INDICATES TRACE AMOUNT.




$$
