963
CDUS43 KGRB 010735
CLIRHI


CLIMATE REPORT
NATIONAL WEATHER SERVICE GREEN BAY
233 AM CDT SUN MAY 1 2016


...................................

...THE RHINELANDER WI CLIMATE SUMMARY FOR APRIL 30 2016...

CLIMATE NORMAL PERIOD 1981 TO 2010
CLIMATE RECORD PERIOD 1908 TO 2016


WEATHER ITEM   OBSERVED TIME   RECORD YEAR NORMAL DEPARTURE LAST
                VALUE   (LST)  VALUE       VALUE  FROM      YEAR
                                                  NORMAL
..................................................................
TEMPERATURE (F)
 YESTERDAY
  MAXIMUM         56    354 PM  89    1952  61     -5       60
  MINIMUM         35    406 AM  20    1956  35      0       32
  AVERAGE         46                        48     -2       46

PRECIPITATION (IN)
  YESTERDAY        0.00          0.99 1954   0.10  -0.10     0.00
  MONTH TO DATE    2.78                      2.58   0.20     3.25
  SINCE MAR 1      6.45                      4.15   2.30     4.02
  SINCE JAN 1      8.18                      6.19   1.99     4.91

SNOWFALL (IN)
  YESTERDAY        0.0           2.7  1909  MM     MM        0.0
  MONTH TO DATE   11.9                      MM     MM       13.9
  SINCE MAR 1     21.2                      MM     MM       20.4
  SINCE JUL 1     55.9                      MM     MM       89.3
  SNOW DEPTH       0

DEGREE DAYS
 HEATING
  YESTERDAY       19                        17      2       19
  MONTH TO DATE  736                       703     33      685
  SINCE MAR 1   1675                      1878   -203     1815
  SINCE JUL 1   7358                      8500  -1142     9156

 COOLING
  YESTERDAY        0                         0      0        0
  MONTH TO DATE    0                         1     -1        0
  SINCE MAR 1      0                         1     -1        0
  SINCE JAN 1      0                         1     -1        0
..................................................................


WIND (MPH)
  HIGHEST WIND SPEED    16   HIGHEST WIND DIRECTION    NE (60)
  HIGHEST GUST SPEED    24   HIGHEST GUST DIRECTION     E (70)
  AVERAGE WIND SPEED     8.8


SKY COVER
  POSSIBLE SUNSHINE  MM
  AVERAGE SKY COVER 0.3


WEATHER CONDITIONS
 THE FOLLOWING WEATHER WAS RECORDED YESTERDAY.
  NO SIGNIFICANT WEATHER WAS OBSERVED.


RELATIVE HUMIDITY (PERCENT)
 HIGHEST    75           300 AM
 LOWEST     38          1200 PM
 AVERAGE    57

..........................................................


THE RHINELANDER WI CLIMATE NORMALS FOR TODAY
                         NORMAL    RECORD    YEAR
 MAXIMUM TEMPERATURE (F)   61        86      1952
 MINIMUM TEMPERATURE (F)   36        21      1909


SUNRISE AND SUNSET
MAY  1 2016...........SUNRISE   545 AM CDT   SUNSET   806 PM CDT
MAY  2 2016...........SUNRISE   543 AM CDT   SUNSET   807 PM CDT


-  INDICATES NEGATIVE NUMBERS.
R  INDICATES RECORD WAS SET OR TIED.
MM INDICATES DATA IS MISSING.
T  INDICATES TRACE AMOUNT.

$$
