000
CDUS43 KGRB 170632
CLIRHI


CLIMATE REPORT
NATIONAL WEATHER SERVICE GREEN BAY
1232 AM CST WED JAN 17 2018


...................................

...THE RHINELANDER WI CLIMATE SUMMARY FOR JANUARY 16 2018...

CLIMATE NORMAL PERIOD 1981 TO 2010
CLIMATE RECORD PERIOD 1908 TO 2018


WEATHER ITEM   OBSERVED TIME   RECORD YEAR NORMAL DEPARTURE LAST
                VALUE   (LST)  VALUE       VALUE  FROM      YEAR
                                                  NORMAL
..................................................................
TEMPERATURE (F)
 YESTERDAY
  MAXIMUM         20    203 PM  46    1973  21     -1       33
  MINIMUM          2    702 PM -40    1982   3     -1        6
  AVERAGE         11                        12     -1       20

PRECIPITATION (IN)
  YESTERDAY        T             0.54 1935   0.04  -0.04     0.00
  MONTH TO DATE    0.58                      0.59  -0.01     1.11
  SINCE DEC 1      2.31                      2.03   0.28     3.18
  SINCE JAN 1      0.58                      0.59  -0.01     1.11

SNOWFALL (IN)
  YESTERDAY        T             7.0  1967  MM     MM        0.0
  MONTH TO DATE    6.5                      MM     MM       12.3
  SINCE DEC 1     19.9                      MM     MM       31.9
  SINCE JUL 1     33.6                      MM     MM       38.5
  SNOW DEPTH       9

DEGREE DAYS
 HEATING
  YESTERDAY       54                        53      1       45
  MONTH TO DATE  920                       843     77      916
  SINCE DEC 1   2524                      2335    189     2366
  SINCE JUL 1   4497                      4469     28     3848

 COOLING
  YESTERDAY        0                         0      0        0
  MONTH TO DATE    0                         0      0        0
  SINCE DEC 1      0                         0      0        0
  SINCE JAN 1      0                         0      0        0
..................................................................


WIND (MPH)
  HIGHEST WIND SPEED    13   HIGHEST WIND DIRECTION     W (260)
  HIGHEST GUST SPEED    20   HIGHEST GUST DIRECTION     N (10)
  AVERAGE WIND SPEED     5.8


SKY COVER
  POSSIBLE SUNSHINE  MM
  AVERAGE SKY COVER 0.5


WEATHER CONDITIONS
 THE FOLLOWING WEATHER WAS RECORDED YESTERDAY.
  LIGHT SNOW
  FOG


RELATIVE HUMIDITY (PERCENT)
 HIGHEST   100           700 PM
 LOWEST     62           300 PM
 AVERAGE    81

..........................................................


THE RHINELANDER WI CLIMATE NORMALS FOR TODAY
                         NORMAL    RECORD    YEAR
 MAXIMUM TEMPERATURE (F)   21        45      1986
                                             1973
 MINIMUM TEMPERATURE (F)    3       -38      1982


SUNRISE AND SUNSET
JANUARY 17 2018.......SUNRISE   733 AM CST   SUNSET   443 PM CST
JANUARY 18 2018.......SUNRISE   733 AM CST   SUNSET   444 PM CST


-  INDICATES NEGATIVE NUMBERS.
R  INDICATES RECORD WAS SET OR TIED.
MM INDICATES DATA IS MISSING.
T  INDICATES TRACE AMOUNT.




$$
