000
CDUS43 KGRB 280800
CLIRHI


CLIMATE REPORT
NATIONAL WEATHER SERVICE GREEN BAY
257 AM CDT TUE MAR 28 2017


...................................

...THE RHINELANDER WI CLIMATE SUMMARY FOR MARCH 27 2017...

CLIMATE NORMAL PERIOD 1981 TO 2010
CLIMATE RECORD PERIOD 1908 TO 2017


WEATHER ITEM   OBSERVED TIME   RECORD YEAR NORMAL DEPARTURE LAST
                VALUE   (LST)  VALUE       VALUE  FROM      YEAR
                                                  NORMAL
..................................................................
TEMPERATURE (F)
 YESTERDAY
  MAXIMUM         47    449 PM  77    1910  42      5       41
  MINIMUM         27   1156 PM -16    1996  22      5       33
  AVERAGE         37                        32      5       37

PRECIPITATION (IN)
  YESTERDAY        T             0.80 2003   0.06  -0.06     0.04
  MONTH TO DATE    1.21                      1.33  -0.12     3.09
  SINCE MAR 1      1.21                      1.33  -0.12     3.09
  SINCE JAN 1      4.57                      3.37   1.20     4.82

SNOWFALL (IN)
  YESTERDAY        0.0           6.0  2003  MM     MM        0.0
  MONTH TO DATE    3.8                      MM     MM        7.9
  SINCE MAR 1      3.8                      MM     MM        7.9
  SINCE JUL 1     55.3                      MM     MM       42.4
  SNOW DEPTH       0

DEGREE DAYS
 HEATING
  YESTERDAY       28                        33     -5       28
  MONTH TO DATE 1050                      1046      4      839
  SINCE MAR 1   1050                      1046      4      839
  SINCE JUL 1   6561                      7668  -1107     6522

 COOLING
  YESTERDAY        0                         0      0        0
  MONTH TO DATE    0                         0      0        0
  SINCE MAR 1      0                         0      0        0
  SINCE JAN 1      0                         0      0        0
..................................................................


WIND (MPH)
  HIGHEST WIND SPEED     9   HIGHEST WIND DIRECTION    NE (30)
  HIGHEST GUST SPEED    14   HIGHEST GUST DIRECTION    NE (40)
  AVERAGE WIND SPEED     3.0


SKY COVER
  POSSIBLE SUNSHINE  MM
  AVERAGE SKY COVER 0.8


WEATHER CONDITIONS
 THE FOLLOWING WEATHER WAS RECORDED YESTERDAY.
  LIGHT RAIN
  FOG


RELATIVE HUMIDITY (PERCENT)
 HIGHEST   100          1200 AM
 LOWEST     58           500 PM
 AVERAGE    79

..........................................................


THE RHINELANDER WI CLIMATE NORMALS FOR TODAY
                         NORMAL    RECORD    YEAR
 MAXIMUM TEMPERATURE (F)   43        74      1946
                                             1910
 MINIMUM TEMPERATURE (F)   22        -9      1923


SUNRISE AND SUNSET
MARCH 28 2017.........SUNRISE   645 AM CDT   SUNSET   721 PM CDT
MARCH 29 2017.........SUNRISE   643 AM CDT   SUNSET   723 PM CDT


-  INDICATES NEGATIVE NUMBERS.
R  INDICATES RECORD WAS SET OR TIED.
MM INDICATES DATA IS MISSING.
T  INDICATES TRACE AMOUNT.

$$
