000
CDUS43 KGRB 240638
CLIRHI


CLIMATE REPORT
NATIONAL WEATHER SERVICE GREEN BAY
137 AM CDT SUN MAY 24 2015


...................................

...THE RHINELANDER WI CLIMATE SUMMARY FOR MAY 23 2015...

CLIMATE NORMAL PERIOD 1981 TO 2010
CLIMATE RECORD PERIOD 1908 TO 2015


WEATHER ITEM   OBSERVED TIME   RECORD YEAR NORMAL DEPARTURE LAST
                VALUE   (LST)  VALUE       VALUE  FROM      YEAR
                                                  NORMAL
..................................................................
TEMPERATURE (F)
 YESTERDAY
  MAXIMUM         77    240 PM  88    1964  67     10       72
                                      1921
  MINIMUM         34    258 AM  25    1931  43     -9       36
  AVERAGE         56                        55      1       54

PRECIPITATION (IN)
  YESTERDAY        0.00          1.26 2004   0.11  -0.11     0.00
  MONTH TO DATE    1.30                      2.54  -1.24     2.71
  SINCE MAR 1      5.32                      6.69  -1.37     8.33
  SINCE JAN 1      6.21                      8.73  -2.52    10.94

SNOWFALL (IN)
  YESTERDAY        0.0           0.0    MM  MM     MM        0.0
  MONTH TO DATE    T                        MM     MM        0.1
  SINCE MAR 1     20.4                      MM     MM       37.8
  SINCE JUL 1     89.3                      MM     MM      110.3
  SNOW DEPTH       0

DEGREE DAYS
 HEATING
  YESTERDAY        9                        11     -2       11
  MONTH TO DATE  272                       313    -41      364
  SINCE MAR 1   2087                      2191   -104     2702
  SINCE JUL 1   9428                      8813    615    10331

 COOLING
  YESTERDAY        0                         1     -1        0
  MONTH TO DATE    5                         1      4        0
  SINCE MAR 1      5                         2      3        0
  SINCE JAN 1      5                         2      3        0
..................................................................


WIND (MPH)
  HIGHEST WIND SPEED    18   HIGHEST WIND DIRECTION     W (270)
  HIGHEST GUST SPEED    22   HIGHEST GUST DIRECTION     W (270)
  AVERAGE WIND SPEED     5.6


SKY COVER
  POSSIBLE SUNSHINE  MM
  AVERAGE SKY COVER 0.3


WEATHER CONDITIONS
 THE FOLLOWING WEATHER WAS RECORDED YESTERDAY.
  NO SIGNIFICANT WEATHER WAS OBSERVED.


RELATIVE HUMIDITY (PERCENT)
 HIGHEST    92           200 AM
 LOWEST     20           200 PM
 AVERAGE    56

..........................................................


THE RHINELANDER WI CLIMATE NORMALS FOR TODAY
                         NORMAL    RECORD    YEAR
 MAXIMUM TEMPERATURE (F)   68        90      2010
 MINIMUM TEMPERATURE (F)   43        27      2013


SUNRISE AND SUNSET
MAY 24 2015...........SUNRISE   518 AM CDT   SUNSET   832 PM CDT
MAY 25 2015...........SUNRISE   517 AM CDT   SUNSET   833 PM CDT


-  INDICATES NEGATIVE NUMBERS.
R  INDICATES RECORD WAS SET OR TIED.
MM INDICATES DATA IS MISSING.
T  INDICATES TRACE AMOUNT.




$$
