000
CDUS43 KGRB 250702
CLIRHI


CLIMATE REPORT
NATIONAL WEATHER SERVICE GREEN BAY
200 AM CDT WED MAY 25 2016


...................................

...THE RHINELANDER WI CLIMATE SUMMARY FOR MAY 24 2016...

CLIMATE NORMAL PERIOD 1981 TO 2010
CLIMATE RECORD PERIOD 1908 TO 2016


WEATHER ITEM   OBSERVED TIME   RECORD YEAR NORMAL DEPARTURE LAST
                VALUE   (LST)  VALUE       VALUE  FROM      YEAR
                                                  NORMAL
..................................................................
TEMPERATURE (F)
 YESTERDAY
  MAXIMUM         78    452 PM  90    2010  68     10       73
  MINIMUM         51   1130 PM  27    2013  43      8       52
  AVERAGE         65                        55     10       63

PRECIPITATION (IN)
  YESTERDAY        0.25          1.79 2006   0.12   0.13     0.62
  MONTH TO DATE    0.89                      2.66  -1.77     1.92
  SINCE MAR 1      7.34                      6.81   0.53     5.94
  SINCE JAN 1      9.07                      8.85   0.22     6.83

SNOWFALL (IN)
  YESTERDAY        0.0           0.0    MM  MM     MM        0.0
  MONTH TO DATE    T                        MM     MM         T
  SINCE MAR 1     21.2                      MM     MM       20.4
  SINCE JUL 1     55.7                      MM     MM       89.3
  SNOW DEPTH       0

DEGREE DAYS
 HEATING
  YESTERDAY        0                        10    -10        2
  MONTH TO DATE  333                       323     10      274
  SINCE MAR 1   2008                      2201   -193     2089
  SINCE JUL 1   7691                      8823  -1132     9430

 COOLING
  YESTERDAY        0                         1     -1        0
  MONTH TO DATE   10                         2      8        5
  SINCE MAR 1     10                         3      7        5
  SINCE JAN 1     10                         3      7        5
..................................................................


WIND (MPH)
  HIGHEST WIND SPEED    16   HIGHEST WIND DIRECTION     W (260)
  HIGHEST GUST SPEED    19   HIGHEST GUST DIRECTION     W (260)
  AVERAGE WIND SPEED     5.3


SKY COVER
  POSSIBLE SUNSHINE  MM
  AVERAGE SKY COVER 0.6


WEATHER CONDITIONS
 THE FOLLOWING WEATHER WAS RECORDED YESTERDAY.
  LIGHT RAIN
  FOG
  FOG W/VISIBILITY <= 1/4 MILE


RELATIVE HUMIDITY (PERCENT)
 HIGHEST   100          1100 PM
 LOWEST     43           500 PM
 AVERAGE    72

..........................................................


THE RHINELANDER WI CLIMATE NORMALS FOR TODAY
                         NORMAL    RECORD    YEAR
 MAXIMUM TEMPERATURE (F)   68        89      1911
 MINIMUM TEMPERATURE (F)   43        25      1913


SUNRISE AND SUNSET
MAY 25 2016...........SUNRISE   516 AM CDT   SUNSET   834 PM CDT
MAY 26 2016...........SUNRISE   516 AM CDT   SUNSET   835 PM CDT


-  INDICATES NEGATIVE NUMBERS.
R  INDICATES RECORD WAS SET OR TIED.
MM INDICATES DATA IS MISSING.
T  INDICATES TRACE AMOUNT.

$$
