000
CDUS43 KGRB 310811
CLIRHI


CLIMATE REPORT
NATIONAL WEATHER SERVICE GREEN BAY
311 AM CDT FRI JUL 31 2015


...................................

...THE RHINELANDER WI CLIMATE SUMMARY FOR JULY 30 2015...

CLIMATE NORMAL PERIOD 1981 TO 2010
CLIMATE RECORD PERIOD 1908 TO 2015


WEATHER ITEM   OBSERVED TIME   RECORD YEAR NORMAL DEPARTURE LAST
                VALUE   (LST)  VALUE       VALUE  FROM      YEAR
                                                  NORMAL
..................................................................
TEMPERATURE (F)
 YESTERDAY
  MAXIMUM         83    236 PM  98    1999  79      4       73
  MINIMUM         58   1159 PM  32    1928  54      4       47
  AVERAGE         71                        67      4       60

PRECIPITATION (IN)
  YESTERDAY        0.00          1.59 1954   0.11  -0.11     0.00
  MONTH TO DATE    3.04                      3.90  -0.86     3.99
  SINCE JUN 1      6.60                      7.79  -1.19    10.72
  SINCE JAN 1     15.20                     17.47  -2.27    21.83

SNOWFALL (IN)
  YESTERDAY        0.0           0.0    MM  MM     MM        0.0
  MONTH TO DATE    0.0                      MM     MM        0.0
  SINCE JUN 1      0.0                      MM     MM        0.0
  SINCE JUL 1      0.0                      MM     MM        0.0
  SNOW DEPTH       0

DEGREE DAYS
 HEATING
  YESTERDAY        0                         1     -1        5
  MONTH TO DATE   49                        56     -7      122
  SINCE JUN 1    181                       190     -9      215
  SINCE JUL 1     49                        56     -7      122

 COOLING
  YESTERDAY        6                         3      3        0
  MONTH TO DATE   94                       101     -7       49
  SINCE JUN 1     97                       154    -57      111
  SINCE JAN 1    102                       166    -64      118
..................................................................


WIND (MPH)
  HIGHEST WIND SPEED    22   HIGHEST WIND DIRECTION     W (280)
  HIGHEST GUST SPEED    29   HIGHEST GUST DIRECTION     W (260)
  AVERAGE WIND SPEED    10.9


SKY COVER
  POSSIBLE SUNSHINE  MM
  AVERAGE SKY COVER 0.1


WEATHER CONDITIONS
 THE FOLLOWING WEATHER WAS RECORDED YESTERDAY.
  THUNDERSTORM


RELATIVE HUMIDITY (PERCENT)
 HIGHEST    84           800 PM
 LOWEST     34           100 PM
 AVERAGE    59

..........................................................


THE RHINELANDER WI CLIMATE NORMALS FOR TODAY
                         NORMAL    RECORD    YEAR
 MAXIMUM TEMPERATURE (F)   79        96      2006
 MINIMUM TEMPERATURE (F)   54        42      1952
                                             1910


SUNRISE AND SUNSET
JULY 31 2015..........SUNRISE   540 AM CDT   SUNSET   828 PM CDT
AUGUST  1 2015........SUNRISE   541 AM CDT   SUNSET   826 PM CDT


-  INDICATES NEGATIVE NUMBERS.
R  INDICATES RECORD WAS SET OR TIED.
MM INDICATES DATA IS MISSING.
T  INDICATES TRACE AMOUNT.




$$
