429
CDUS41 KAKQ 232229
CLIRIC


CLIMATE REPORT
NATIONAL WEATHER SERVICE WAKEFIELD, VA
529 PM EST TUE JAN 23 2018


...................................

...THE RICHMOND VA CLIMATE SUMMARY FOR JANUARY 23 2018...
VALID TODAY AS OF 0500 PM LOCAL TIME.

CLIMATE NORMAL PERIOD 1981 TO 2010
CLIMATE RECORD PERIOD 1871 TO 2018


WEATHER ITEM   OBSERVED TIME   RECORD YEAR NORMAL DEPARTURE LAST
                VALUE   (LST)  VALUE       VALUE  FROM      YEAR
                                                  NORMAL
..................................................................
TEMPERATURE (F)
 TODAY
  MAXIMUM         73    223 PM  76    1974  48     25       53
  MINIMUM         56    150 AM   6    1936  28     28       39
  AVERAGE         65

PRECIPITATION (IN)
  TODAY            0.48          2.51 1935   0.09   0.39     0.88
  MONTH TO DATE    1.92                      2.25  -0.33     4.23
  SINCE DEC 1      2.97                      5.51  -2.54     7.03
  SINCE JAN 1      1.92                      2.25  -0.33     4.23

SNOWFALL (IN)
  TODAY            0.0
  MONTH TO DATE    5.0
  SINCE NOV 1      8.1
  SINCE JUL 1      8.1
  SNOW DEPTH       0

DEGREE DAYS
 HEATING
  TODAY            0                        27    -27       19
  MONTH TO DATE  705                       621     84      544
  SINCE DEC 1   1480                      1364    116     1278
  SINCE JUL 1   2092                      2040     52     1868

 COOLING
  TODAY            0                         0      0        0
  MONTH TO DATE    0                         0      0        0
  SINCE DEC 1      0                         1     -1        0
  SINCE JAN 1      0                         0      0        0
..................................................................


WIND (MPH)
  RESULTANT WIND SPEED  13   RESULTANT WIND DIRECTION  SW (210)
  HIGHEST WIND SPEED    30   HIGHEST WIND DIRECTION    SW (230)
  HIGHEST GUST SPEED    42   HIGHEST GUST DIRECTION     S (170)


SKY COVER
  POSSIBLE SUNSHINE  MM
  AVERAGE SKY COVER 0.8


WEATHER CONDITIONS
 THE FOLLOWING WEATHER WAS RECORDED TODAY.
  HEAVY RAIN
  RAIN
  LIGHT RAIN
  FOG


RELATIVE HUMIDITY (PERCENT)
 HIGHEST   100
 LOWEST     31
 AVERAGE    66

..........................................................


THE RICHMOND VA CLIMATE NORMALS FOR TOMORROW
                         NORMAL    RECORD    YEAR
 MAXIMUM TEMPERATURE (F)   48        76      1950
 MINIMUM TEMPERATURE (F)   28         5      1936


SUNRISE AND SUNSET
JANUARY 23 2018.......SUNRISE   719 AM EST   SUNSET   524 PM EST
JANUARY 24 2018.......SUNRISE   719 AM EST   SUNSET   525 PM EST


-  INDICATES NEGATIVE NUMBERS.
R  INDICATES RECORD WAS SET OR TIED.
MM INDICATES DATA IS MISSING.
T  INDICATES TRACE AMOUNT.




$$
