854
CDUS41 KAKQ 302132
CLIRIC


CLIMATE REPORT
NATIONAL WEATHER SERVICE WAKEFIELD, VA
531 PM EDT SAT JUL 30 2016


...................................

...THE RICHMOND VA CLIMATE SUMMARY FOR JULY 30 2016...
VALID TODAY AS OF 0500 PM LOCAL TIME.

CLIMATE NORMAL PERIOD 1981 TO 2010
CLIMATE RECORD PERIOD 1871 TO 2016


WEATHER ITEM   OBSERVED TIME   RECORD YEAR NORMAL DEPARTURE LAST
                VALUE   (LST)  VALUE       VALUE  FROM      YEAR
                                                  NORMAL
..................................................................
TEMPERATURE (F)
 TODAY
  MAXIMUM         84   1059 AM 103    1953  89     -5       93
  MINIMUM         73   1215 PM  58    1946  69      4       74
                                      1914
  AVERAGE         79

PRECIPITATION (IN)
  TODAY            0.12          7.24 1923   0.15  -0.03     0.00
  MONTH TO DATE    4.41                      4.35   0.06     5.89
  SINCE JUN 1     12.22                      8.28   3.94    11.80
  SINCE JAN 1     32.85                     25.17   7.68    29.78

SNOWFALL (IN)
  TODAY            0.0
  MONTH TO DATE    0.0
  SINCE NOV 1     15.1
  SINCE JUL 1      0.0
  SNOW DEPTH       0

DEGREE DAYS
 HEATING
  TODAY            0                         0      0        0
  MONTH TO DATE    0                         0      0        0
  SINCE JUN 1      0                         7     -7        6
  SINCE JUL 1      0                         0      0        0

 COOLING
  TODAY           14                        14      0       19
  MONTH TO DATE  453                       429     24      432
  SINCE JUN 1    748                       744      4      833
  SINCE JAN 1    857                       905    -48     1095
..................................................................


WIND (MPH)
  RESULTANT WIND SPEED   4   RESULTANT WIND DIRECTION  SE (140)
  HIGHEST WIND SPEED    23   HIGHEST WIND DIRECTION     S (200)
  HIGHEST GUST SPEED    30   HIGHEST GUST DIRECTION     S (190)


SKY COVER
  POSSIBLE SUNSHINE  MM
  AVERAGE SKY COVER 0.6


WEATHER CONDITIONS
 THE FOLLOWING WEATHER WAS RECORDED TODAY.
  THUNDERSTORM
  RAIN
  FOG


RELATIVE HUMIDITY (PERCENT)
 HIGHEST    94
 LOWEST     74
 AVERAGE    84

..........................................................


THE RICHMOND VA CLIMATE NORMALS FOR TOMORROW
                         NORMAL    RECORD    YEAR
 MAXIMUM TEMPERATURE (F)   89       101      1954
 MINIMUM TEMPERATURE (F)   69        55      1932


SUNRISE AND SUNSET
JULY 30 2016..........SUNRISE   612 AM EDT   SUNSET   819 PM EDT
JULY 31 2016..........SUNRISE   613 AM EDT   SUNSET   818 PM EDT


-  INDICATES NEGATIVE NUMBERS.
R  INDICATES RECORD WAS SET OR TIED.
MM INDICATES DATA IS MISSING.
T  INDICATES TRACE AMOUNT.




$$
