000
CDUS41 KAKQ 262232
CLIRIC


CLIMATE REPORT
NATIONAL WEATHER SERVICE WAKEFIELD, VA
532 PM EST FRI DEC 26 2014


...................................

...THE RICHMOND VA CLIMATE SUMMARY FOR DECEMBER 26 2014...
VALID TODAY AS OF 0500 PM LOCAL TIME.

CLIMATE NORMAL PERIOD 1981 TO 2010
CLIMATE RECORD PERIOD 1871 TO 2014


WEATHER ITEM   OBSERVED TIME   RECORD YEAR NORMAL DEPARTURE LAST
                VALUE   (LST)  VALUE       VALUE  FROM      YEAR
                                                  NORMAL
..................................................................
TEMPERATURE (F)
 TODAY
  MAXIMUM         57    329 PM  74    1982  48      9       50
  MINIMUM         31    650 AM   5    1980  29      2       21
                                      1935
  AVERAGE         44

PRECIPITATION (IN)
  TODAY            0.00          1.50 1943   0.10  -0.10     0.00
  MONTH TO DATE    2.67                      2.79  -0.12     4.76
  SINCE DEC 1      2.67                      2.79  -0.12     4.76
  SINCE JAN 1     35.27                     43.13  -7.86    52.33

SNOWFALL (IN)
  TODAY            0.0
  MONTH TO DATE    0.0
  SINCE NOV 1      T
  SINCE JUL 1      T
  SNOW DEPTH       0

DEGREE DAYS
 HEATING
  TODAY           21                        26     -5       29
  MONTH TO DATE  541                       611    -70      548
  SINCE DEC 1    541                       611    -70      548
  SINCE JUL 1   1211                      1287    -76     1188

 COOLING
  TODAY            0                         0      0        0
  MONTH TO DATE    0                         0      0        4
  SINCE DEC 1      0                         0      0        4
  SINCE JAN 1   1679                      1548    131     1682
..................................................................


WIND (MPH)
  RESULTANT WIND SPEED   1   RESULTANT WIND DIRECTION  SE (150)
  HIGHEST WIND SPEED     8   HIGHEST WIND DIRECTION     S (190)
  HIGHEST GUST SPEED    12   HIGHEST GUST DIRECTION     S (180)


SKY COVER
  POSSIBLE SUNSHINE  MM
  AVERAGE SKY COVER 0.3


WEATHER CONDITIONS
 THE FOLLOWING WEATHER WAS RECORDED TODAY.
  NO SIGNIFICANT WEATHER WAS OBSERVED.


RELATIVE HUMIDITY (PERCENT)
 HIGHEST    85
 LOWEST     36
 AVERAGE    61

..........................................................


THE RICHMOND VA CLIMATE NORMALS FOR TOMORROW
                         NORMAL    RECORD    YEAR
 MAXIMUM TEMPERATURE (F)   48        73      1971
 MINIMUM TEMPERATURE (F)   29         4      1966


SUNRISE AND SUNSET
DECEMBER 26 2014......SUNRISE   722 AM EST   SUNSET   458 PM EST
DECEMBER 27 2014......SUNRISE   723 AM EST   SUNSET   458 PM EST


-  INDICATES NEGATIVE NUMBERS.
R  INDICATES RECORD WAS SET OR TIED.
MM INDICATES DATA IS MISSING.
T  INDICATES TRACE AMOUNT.




$$
