000
CDUS41 KAKQ 010550
CLIRIC


CLIMATE REPORT
NATIONAL WEATHER SERVICE WAKEFIELD, VA
150 AM EDT TUE SEP 1 2015


...................................

...THE RICHMOND VA CLIMATE SUMMARY FOR AUGUST 31 2015...

CLIMATE NORMAL PERIOD 1981 TO 2010
CLIMATE RECORD PERIOD 1871 TO 2015


WEATHER ITEM   OBSERVED TIME   RECORD YEAR NORMAL DEPARTURE LAST
                VALUE   (LST)  VALUE       VALUE  FROM      YEAR
                                                  NORMAL
..................................................................
TEMPERATURE (F)
 YESTERDAY
  MAXIMUM         87    243 PM 102    1953  86      1       94
  MINIMUM         71   1035 PM  46    1934  65      6       74
  AVERAGE         79                        76      3       84

PRECIPITATION (IN)
  YESTERDAY        T             1.88 1964   0.13  -0.13     0.00
  MONTH TO DATE    2.77                      4.66  -1.89     3.61
  SINCE JUN 1     14.57                     13.10   1.47     9.63
  SINCE JAN 1     32.55                     29.99   2.56    25.67

SNOWFALL (IN)
  YESTERDAY        0.0           0.0  2002   0.0    0.0
                                      2001
  MONTH TO DATE    0.0                       0.0    0.0
  SINCE NOV 1     12.8                      10.3    2.5
  SINCE JUL 1      0.0                       0.0    0.0
  SNOW DEPTH       0

DEGREE DAYS
 HEATING
  YESTERDAY        0                         0      0        0
  MONTH TO DATE    0                         0      0        0
  SINCE JUN 1      6                         8     -2        0
  SINCE JUL 1      0                         1     -1        0

 COOLING
  YESTERDAY       14                        11      3       19
  MONTH TO DATE  395                       388      7      358
  SINCE JUN 1   1245                      1146     99     1172
  SINCE JAN 1   1507                      1307    200     1380
..................................................................


WIND (MPH)
  HIGHEST WIND SPEED    16   HIGHEST WIND DIRECTION     S (190)
  HIGHEST GUST SPEED    20   HIGHEST GUST DIRECTION     S (190)
  AVERAGE WIND SPEED     6.9


SKY COVER
  POSSIBLE SUNSHINE  MM
  AVERAGE SKY COVER 0.8


WEATHER CONDITIONS
 THE FOLLOWING WEATHER WAS RECORDED YESTERDAY.
  LIGHT RAIN


RELATIVE HUMIDITY (PERCENT)
 HIGHEST    90          1000 PM
 LOWEST     55           200 PM
 AVERAGE    73

..........................................................


THE RICHMOND VA CLIMATE NORMALS FOR TODAY
                         NORMAL    RECORD    YEAR
 MAXIMUM TEMPERATURE (F)   86       102      1953
 MINIMUM TEMPERATURE (F)   65        49      1946


SUNRISE AND SUNSET
SEPTEMBER  1 2015.....SUNRISE   639 AM EDT   SUNSET   739 PM EDT
SEPTEMBER  2 2015.....SUNRISE   640 AM EDT   SUNSET   737 PM EDT


-  INDICATES NEGATIVE NUMBERS.
R  INDICATES RECORD WAS SET OR TIED.
MM INDICATES DATA IS MISSING.
T  INDICATES TRACE AMOUNT.




$$
