000
CDUS41 KAKQ 292132
CLIRIC


CLIMATE REPORT
NATIONAL WEATHER SERVICE WAKEFIELD, VA
532 PM EDT MON SEP 29 2014


...................................

...THE RICHMOND VA CLIMATE SUMMARY FOR SEPTEMBER 29 2014...
VALID TODAY AS OF 0500 PM LOCAL TIME.

CLIMATE NORMAL PERIOD 1981 TO 2010
CLIMATE RECORD PERIOD 1871 TO 2014


WEATHER ITEM   OBSERVED TIME   RECORD YEAR NORMAL DEPARTURE LAST
                VALUE   (LST)  VALUE       VALUE  FROM      YEAR
                                                  NORMAL
..................................................................
TEMPERATURE (F)
 TODAY
  MAXIMUM         71    312 PM  92    1973  76     -5       77
                                      1954
  MINIMUM         61    347 AM  38    1942  55      6       55
  AVERAGE         66

PRECIPITATION (IN)
  TODAY            0.07          2.25 2010   0.13  -0.06     0.00
  MONTH TO DATE    1.34                      4.01  -2.67     1.39
  SINCE SEP 1      1.34                      4.01  -2.67     1.39
  SINCE JAN 1     27.01                     34.00  -6.99    40.26

SNOWFALL (IN)
  TODAY            0.0
  MONTH TO DATE    0.0
  SINCE NOV 1     14.5
  SINCE JUL 1      0.0
  SNOW DEPTH       0

DEGREE DAYS
 HEATING
  TODAY            0                         3     -3        0
  MONTH TO DATE    7                        23    -16       13
  SINCE SEP 1      7                        23    -16       13
  SINCE JUL 1      7                        24    -17       13

 COOLING
  TODAY            1                         3     -2        1
  MONTH TO DATE  241                       194     47      193
  SINCE SEP 1    241                       194     47      193
  SINCE JAN 1   1621                      1501    120     1598
..................................................................


WIND (MPH)
  RESULTANT WIND SPEED   3   RESULTANT WIND DIRECTION   W (250)
  HIGHEST WIND SPEED    10   HIGHEST WIND DIRECTION     W (270)
  HIGHEST GUST SPEED    14   HIGHEST GUST DIRECTION     W (270)


SKY COVER
  POSSIBLE SUNSHINE  MM
  AVERAGE SKY COVER 1.0


WEATHER CONDITIONS
 THE FOLLOWING WEATHER WAS RECORDED TODAY.
  LIGHT RAIN
  FOG


RELATIVE HUMIDITY (PERCENT)
 HIGHEST    93
 LOWEST     73
 AVERAGE    83

..........................................................


THE RICHMOND VA CLIMATE NORMALS FOR TOMORROW
                         NORMAL    RECORD    YEAR
 MAXIMUM TEMPERATURE (F)   76        91      1986
                                             1954
 MINIMUM TEMPERATURE (F)   54        39      1961


SUNRISE AND SUNSET
SEPTEMBER 29 2014.....SUNRISE   703 AM EDT   SUNSET   656 PM EDT
SEPTEMBER 30 2014.....SUNRISE   704 AM EDT   SUNSET   654 PM EDT


-  INDICATES NEGATIVE NUMBERS.
R  INDICATES RECORD WAS SET OR TIED.
MM INDICATES DATA IS MISSING.
T  INDICATES TRACE AMOUNT.




$$
