000
CDUS41 KAKQ 282230
CLIRIC


CLIMATE REPORT
NATIONAL WEATHER SERVICE WAKEFIELD, VA
529 PM EST FRI NOV 28 2014


...................................

...THE RICHMOND VA CLIMATE SUMMARY FOR NOVEMBER 28 2014...
VALID TODAY AS OF 0500 PM LOCAL TIME.

CLIMATE NORMAL PERIOD 1981 TO 2010
CLIMATE RECORD PERIOD 1871 TO 2014


WEATHER ITEM   OBSERVED TIME   RECORD YEAR NORMAL DEPARTURE LAST
                VALUE   (LST)  VALUE       VALUE  FROM      YEAR
                                                  NORMAL
..................................................................
TEMPERATURE (F)
 TODAY
  MAXIMUM         44    256 PM  76    1990  57    -13       42
  MINIMUM         30    724 AM  12    1930  36     -6       27
  AVERAGE         37

PRECIPITATION (IN)
  TODAY            0.00          1.66 1984   0.11  -0.11     0.00
  MONTH TO DATE    2.95                      3.01  -0.06     3.06
  SINCE SEP 1      6.93                     10.12  -3.19     8.70
  SINCE JAN 1     32.60                     40.11  -7.51    47.57

SNOWFALL (IN)
  TODAY            0.0
  MONTH TO DATE    T
  SINCE NOV 1      T
  SINCE JUL 1      T
  SNOW DEPTH       0

DEGREE DAYS
 HEATING
  TODAY           28                        19      9       30
  MONTH TO DATE  496                       403     93      434
  SINCE SEP 1    631                       635     -4      584
  SINCE JUL 1    631                       636     -5      584

 COOLING
  TODAY            0                         0      0        0
  MONTH TO DATE    3                         0      3        8
  SINCE SEP 1    299                       236     63      273
  SINCE JAN 1   1679                      1543    136     1678
..................................................................


WIND (MPH)
  RESULTANT WIND SPEED   8   RESULTANT WIND DIRECTION  NW (310)
  HIGHEST WIND SPEED    18   HIGHEST WIND DIRECTION    NW (320)
  HIGHEST GUST SPEED    25   HIGHEST GUST DIRECTION    NW (300)


SKY COVER
  POSSIBLE SUNSHINE  MM
  AVERAGE SKY COVER 0.3


WEATHER CONDITIONS
 THE FOLLOWING WEATHER WAS RECORDED TODAY.
  NO SIGNIFICANT WEATHER WAS OBSERVED.


RELATIVE HUMIDITY (PERCENT)
 HIGHEST    78
 LOWEST     33
 AVERAGE    56

..........................................................


THE RICHMOND VA CLIMATE NORMALS FOR TOMORROW
                         NORMAL    RECORD    YEAR
 MAXIMUM TEMPERATURE (F)   56        76      1991
 MINIMUM TEMPERATURE (F)   36        10      1930


SUNRISE AND SUNSET
NOVEMBER 28 2014......SUNRISE   702 AM EST   SUNSET   452 PM EST
NOVEMBER 29 2014......SUNRISE   703 AM EST   SUNSET   452 PM EST


-  INDICATES NEGATIVE NUMBERS.
R  INDICATES RECORD WAS SET OR TIED.
MM INDICATES DATA IS MISSING.
T  INDICATES TRACE AMOUNT.




$$
