000
CDUS41 KAKQ 232145
CLIRIC


CLIMATE REPORT
NATIONAL WEATHER SERVICE WAKEFIELD, VA
545 PM EDT SAT SEP 23 2017


...................................

...THE RICHMOND VA CLIMATE SUMMARY FOR SEPTEMBER 23 2017...
VALID TODAY AS OF 0500 PM LOCAL TIME.

CLIMATE NORMAL PERIOD 1981 TO 2010
CLIMATE RECORD PERIOD 1871 TO 2017


WEATHER ITEM   OBSERVED TIME   RECORD YEAR NORMAL DEPARTURE LAST
                VALUE   (LST)  VALUE       VALUE  FROM      YEAR
                                                  NORMAL
..................................................................
TEMPERATURE (F)
 TODAY
  MAXIMUM         87    342 PM  98    2005  79      8       86
  MINIMUM         61    412 AM  37    1983  57      4       65
  AVERAGE         74

PRECIPITATION (IN)
  TODAY            0.00          2.08 1975   0.13  -0.13     0.00
  MONTH TO DATE    1.48                      3.25  -1.77     3.96
  SINCE SEP 1      1.48                      3.25  -1.77     3.96
  SINCE JAN 1     30.53                     33.24  -2.71    37.40

SNOWFALL (IN)
  TODAY            0.0
  MONTH TO DATE    0.0
  SINCE NOV 1      7.1
  SINCE JUL 1      0.0
  SNOW DEPTH       0

DEGREE DAYS
 HEATING
  TODAY            0                         1     -1        0
  MONTH TO DATE    9                        10     -1        0
  SINCE SEP 1      9                        10     -1        0
  SINCE JUL 1      9                        11     -2        0

 COOLING
  TODAY            9                         4      5       11
  MONTH TO DATE  143                       172    -29      241
  SINCE SEP 1    143                       172    -29      241
  SINCE JAN 1   1556                      1479     77     1595
..................................................................


WIND (MPH)
  RESULTANT WIND SPEED   5   RESULTANT WIND DIRECTION   N (10)
  HIGHEST WIND SPEED    14   HIGHEST WIND DIRECTION    NE (30)
  HIGHEST GUST SPEED    20   HIGHEST GUST DIRECTION    NE (40)


SKY COVER
  POSSIBLE SUNSHINE  MM
  AVERAGE SKY COVER 0.2


WEATHER CONDITIONS
 THE FOLLOWING WEATHER WAS RECORDED TODAY.
  FOG


RELATIVE HUMIDITY (PERCENT)
 HIGHEST   100
 LOWEST     44
 AVERAGE    72

..........................................................


THE RICHMOND VA CLIMATE NORMALS FOR TOMORROW
                         NORMAL    RECORD    YEAR
 MAXIMUM TEMPERATURE (F)   78        96      2010
 MINIMUM TEMPERATURE (F)   57        35      1974


SUNRISE AND SUNSET
SEPTEMBER 23 2017.....SUNRISE   658 AM EDT   SUNSET   704 PM EDT
SEPTEMBER 24 2017.....SUNRISE   659 AM EDT   SUNSET   703 PM EDT


-  INDICATES NEGATIVE NUMBERS.
R  INDICATES RECORD WAS SET OR TIED.
MM INDICATES DATA IS MISSING.
T  INDICATES TRACE AMOUNT.




$$
