609
CDUS45 KGJT 100007
CLIRIL


CLIMATE REPORT
NATIONAL WEATHER SERVICE GRAND JUNCTION CO
505 PM MST FRI DEC 9 2016


...................................

...THE RIFLE CO CLIMATE SUMMARY FOR DECEMBER 9 2016...
VALID TODAY AS OF 0500 PM LOCAL TIME.

CLIMATE NORMAL PERIOD 1981 TO 2010
CLIMATE RECORD PERIOD 9999 TO 9999


WEATHER ITEM   OBSERVED TIME   RECORD YEAR NORMAL DEPARTURE LAST
                VALUE   (LST)  VALUE       VALUE  FROM      YEAR
                                                  NORMAL
..................................................................
TEMPERATURE (F)
 TODAY
  MAXIMUM         34    359 PM  MM      MM  37     -3       40
  MINIMUM         24    731 AM  MM      MM  16      8       21
  AVERAGE         29                        26      3       31

PRECIPITATION (IN)
  TODAY            0.00         MM      MM   0.03  -0.03     0.00
  MONTH TO DATE    T                         0.27  -0.27      T
  SINCE DEC 1      T                         0.27  -0.27      T
  SINCE JAN 1      9.65                     13.73  -4.08    15.00

SNOWFALL (IN)
  TODAY          999.0          MM      MM  MM     MM       MM
  MONTH TO DATE  999.0                      MM     MM       MM
  SINCE DEC 1    999.0                      MM     MM       MM
  SINCE JUL 1    999.0                      MM     MM       MM
  SNOW DEPTH      MM

DEGREE DAYS
 HEATING
  TODAY           36                        39     -3       34
  MONTH TO DATE  359                       336     23      349
  SINCE DEC 1    359                       336     23      349
  SINCE JUL 1   1493                      1862   -369     1537

 COOLING
  TODAY            0                         0      0        0
  MONTH TO DATE    0                         0      0        0
  SINCE DEC 1      0                         0      0        0
  SINCE JAN 1    675                       541    134      633
..................................................................


WIND (MPH)
  HIGHEST WIND SPEED     5   HIGHEST WIND DIRECTION     W (250)
  HIGHEST GUST SPEED     5   HIGHEST GUST DIRECTION     E (100)
  AVERAGE WIND SPEED     0.5


SKY COVER
  POSSIBLE SUNSHINE  MM
  AVERAGE SKY COVER 1.0


WEATHER CONDITIONS
 THE FOLLOWING WEATHER WAS RECORDED TODAY.
  NO SIGNIFICANT WEATHER WAS OBSERVED.


RELATIVE HUMIDITY (PERCENT)
 HIGHEST    68          1200 AM
 LOWEST     54          1200 PM
 AVERAGE    61

..........................................................


THE RIFLE CO CLIMATE NORMALS FOR TOMORROW
                         NORMAL    RECORD    YEAR
 MAXIMUM TEMPERATURE (F)   36        MM        MM
 MINIMUM TEMPERATURE (F)   16        MM        MM


SUNRISE AND SUNSET
DECEMBER  9 2016......SUNRISE   720 AM MST   SUNSET   447 PM MST
DECEMBER 10 2016......SUNRISE   721 AM MST   SUNSET   447 PM MST


-  INDICATES NEGATIVE NUMBERS.
R  INDICATES RECORD WAS SET OR TIED.
MM INDICATES DATA IS MISSING.
T  INDICATES TRACE AMOUNT.




$$
