000
CDUS45 KRIW 100744
CLIRIW


CLIMATE REPORT
NATIONAL WEATHER SERVICE RIVERTON WY
1235 AM MST WED FEB 10 2016


...................................

...THE RIVERTON WY CLIMATE SUMMARY FOR FEBRUARY 9 2016...

CLIMATE NORMAL PERIOD 1981 TO 2010
CLIMATE RECORD PERIOD 1995 TO 2016


WEATHER ITEM   OBSERVED TIME   RECORD YEAR NORMAL DEPARTURE LAST
                VALUE   (LST)  VALUE       VALUE  FROM      YEAR
                                                  NORMAL
..................................................................
TEMPERATURE (F)
 YESTERDAY
  MAXIMUM         41    444 PM  61    1996  34      7       58
  MINIMUM         13    636 AM -18    2001  11      2       28
  AVERAGE         27                        22      5       43

PRECIPITATION (IN)
  YESTERDAY        0.00          T    2009   0.00   0.00     0.00
                                      2009
                                      2014
  MONTH TO DATE    0.24                      0.06   0.18     0.29
  SINCE DEC 1      0.72                      0.62   0.10     0.97
  SINCE JAN 1      0.64                      0.30   0.34     0.32

SNOWFALL (IN)
  YESTERDAY        0.0                                       0.0
  MONTH TO DATE    2.6                                       3.8
  SINCE DEC 1     10.1                                      11.1
  SINCE JUL 1     28.2                                      16.6
  SNOW DEPTH       2

DEGREE DAYS
 HEATING
  YESTERDAY       38                        43     -5       22
  MONTH TO DATE  395                       392      3      260
  SINCE DEC 1   3237                      3191     46     2875
  SINCE JUL 1   4776                      5107   -331     4652

 COOLING
  YESTERDAY        0                         0      0        0
  MONTH TO DATE    0                         0      0        0
  SINCE DEC 1      0                         0      0        0
  SINCE JAN 1      0                         0      0        0
..................................................................


WIND (MPH)
  HIGHEST WIND SPEED     8   HIGHEST WIND DIRECTION    SE (150)
  HIGHEST GUST SPEED     9   HIGHEST GUST DIRECTION     N (340)
  AVERAGE WIND SPEED     1.3


SKY COVER
  POSSIBLE SUNSHINE  MM
  AVERAGE SKY COVER 0.0


WEATHER CONDITIONS
 THE FOLLOWING WEATHER WAS RECORDED YESTERDAY.
  NO SIGNIFICANT WEATHER WAS OBSERVED.


RELATIVE HUMIDITY (PERCENT)
 HIGHEST    88           300 AM
 LOWEST     48           400 PM
 AVERAGE    68

..........................................................


THE RIVERTON WY CLIMATE NORMALS FOR TODAY
                         NORMAL    RECORD    YEAR
 MAXIMUM TEMPERATURE (F)   34        53      2015
 MINIMUM TEMPERATURE (F)   11       -15      2001


SUNRISE AND SUNSET
FEBRUARY 10 2016......SUNRISE   719 AM MST   SUNSET   538 PM MST
FEBRUARY 11 2016......SUNRISE   717 AM MST   SUNSET   539 PM MST


-  INDICATES NEGATIVE NUMBERS.
R  INDICATES RECORD WAS SET OR TIED.
MM INDICATES DATA IS MISSING.
T  INDICATES TRACE AMOUNT.




$$
