000
CDUS45 KRIW 020736
CLIRIW


CLIMATE REPORT
NATIONAL WEATHER SERVICE RIVERTON WY
134 AM MDT TUE SEP 2 2014


...................................

...THE RIVERTON WY CLIMATE SUMMARY FOR SEPTEMBER 1 2014...

CLIMATE NORMAL PERIOD 1981 TO 2010
CLIMATE RECORD PERIOD 1995 TO 2014


WEATHER ITEM   OBSERVED TIME   RECORD YEAR NORMAL DEPARTURE LAST
                VALUE   (LST)  VALUE       VALUE  FROM      YEAR
                                                  NORMAL
..................................................................
TEMPERATURE (F)
 YESTERDAY
  MAXIMUM         75    411 PM  91    2007  80     -5       86
  MINIMUM         44    556 AM  38    2008  50     -6       56
  AVERAGE         60                        65     -5       71

PRECIPITATION (IN)
  YESTERDAY        0.00          0.25 2008   0.02  -0.02     0.00
  MONTH TO DATE    0.00                      0.02  -0.02     0.00
  SINCE SEP 1      0.00                      0.02  -0.02     0.00
  SINCE JAN 1      5.37                      6.84  -1.47     4.06

SNOWFALL (IN)
  YESTERDAY        0.0                                       0.0
  MONTH TO DATE    0.0                                       0.0
  SINCE SEP 1      0.0                                       0.0
  SINCE JUL 1      0.0                                       0.0
  SNOW DEPTH       0

DEGREE DAYS
 HEATING
  YESTERDAY        5                         3      2        0
  MONTH TO DATE    5                         3      2        0
  SINCE SEP 1      5                         3      2        0
  SINCE JUL 1     55                        41     14        0

 COOLING
  YESTERDAY        0                         3     -3        6
  MONTH TO DATE    0                         3     -3        6
  SINCE SEP 1      0                         3     -3        6
  SINCE JAN 1    400                       471    -71      736
..................................................................


WIND (MPH)
  HIGHEST WIND SPEED    23   HIGHEST WIND DIRECTION    NW (320)
  HIGHEST GUST SPEED    29   HIGHEST GUST DIRECTION     N (340)
  AVERAGE WIND SPEED    10.2


SKY COVER
  POSSIBLE SUNSHINE  MM
  AVERAGE SKY COVER 0.0


WEATHER CONDITIONS
 THE FOLLOWING WEATHER WAS RECORDED YESTERDAY.
  NO SIGNIFICANT WEATHER WAS OBSERVED.


RELATIVE HUMIDITY (PERCENT)
 HIGHEST    77          1200 AM
 LOWEST     14           300 PM
 AVERAGE    46

..........................................................


THE RIVERTON WY CLIMATE NORMALS FOR TODAY
                         NORMAL    RECORD    YEAR
 MAXIMUM TEMPERATURE (F)   79        92      2007
 MINIMUM TEMPERATURE (F)   50        33      2008


SUNRISE AND SUNSET
SEPTEMBER  2 2014.....SUNRISE   639 AM MDT   SUNSET   747 PM MDT
SEPTEMBER  3 2014.....SUNRISE   640 AM MDT   SUNSET   745 PM MDT


-  INDICATES NEGATIVE NUMBERS.
R  INDICATES RECORD WAS SET OR TIED.
MM INDICATES DATA IS MISSING.
T  INDICATES TRACE AMOUNT.




$$
