000
CDUS45 KRIW 020731
CLIRIW


CLIMATE REPORT
NATIONAL WEATHER SERVICE RIVERTON WY
131 AM MDT THU OCT 2 2014


...................................

...THE RIVERTON WY CLIMATE SUMMARY FOR OCTOBER 1 2014...

CLIMATE NORMAL PERIOD 1981 TO 2010
CLIMATE RECORD PERIOD 1995 TO 2014


WEATHER ITEM   OBSERVED TIME   RECORD YEAR NORMAL DEPARTURE LAST
                VALUE   (LST)  VALUE       VALUE  FROM      YEAR
                                                  NORMAL
..................................................................
TEMPERATURE (F)
 YESTERDAY
  MAXIMUM         47    145 AM  84    2005  65    -18       69
  MINIMUM         34   1152 PM  30    2002  38     -4       40
  AVERAGE         41                        51    -10       55

PRECIPITATION (IN)
  YESTERDAY        0.08          0.62 2002   0.05   0.03     0.00
  MONTH TO DATE    0.08                      0.05   0.03     0.00
  SINCE SEP 1      0.89                      0.95  -0.06     3.01
  SINCE JAN 1      6.26                      7.77  -1.51     7.07

SNOWFALL (IN)
  YESTERDAY        0.0                                       0.0
  MONTH TO DATE    0.0                                       0.0
  SINCE SEP 1      0.3                                       7.3
  SINCE JUL 1      0.3                                       7.3
  SNOW DEPTH       0

DEGREE DAYS
 HEATING
  YESTERDAY       24                        14     10       10
  MONTH TO DATE   24                        14     10       10
  SINCE SEP 1    196                       240    -44      197
  SINCE JUL 1    246                       278    -32      197

 COOLING
  YESTERDAY        0                         0      0        0
  MONTH TO DATE    0                         0      0        0
  SINCE SEP 1     31                        26      5       68
  SINCE JAN 1    431                       494    -63      798
..................................................................


WIND (MPH)
  HIGHEST WIND SPEED    18   HIGHEST WIND DIRECTION     N (360)
  HIGHEST GUST SPEED    24   HIGHEST GUST DIRECTION     N (20)
  AVERAGE WIND SPEED    10.0


SKY COVER
  POSSIBLE SUNSHINE  MM
  AVERAGE SKY COVER 0.7


WEATHER CONDITIONS
 THE FOLLOWING WEATHER WAS RECORDED YESTERDAY.
  RAIN
  LIGHT RAIN
  FOG


RELATIVE HUMIDITY (PERCENT)
 HIGHEST    92           700 PM
 LOWEST     70           800 AM
 AVERAGE    81

..........................................................


THE RIVERTON WY CLIMATE NORMALS FOR TODAY
                         NORMAL    RECORD    YEAR
 MAXIMUM TEMPERATURE (F)   64        82      2012
 MINIMUM TEMPERATURE (F)   38        27      2009
                                             1999


SUNRISE AND SUNSET
OCTOBER  2 2014.......SUNRISE   712 AM MDT   SUNSET   653 PM MDT
OCTOBER  3 2014.......SUNRISE   713 AM MDT   SUNSET   651 PM MDT


-  INDICATES NEGATIVE NUMBERS.
R  INDICATES RECORD WAS SET OR TIED.
MM INDICATES DATA IS MISSING.
T  INDICATES TRACE AMOUNT.




$$
