000
CDUS45 KRIW 260732
CLIRIW


CLIMATE REPORT
NATIONAL WEATHER SERVICE RIVERTON WY
1231 AM MST SUN FEB 26 2017


...................................

...THE RIVERTON WY CLIMATE SUMMARY FOR FEBRUARY 25 2017...

CLIMATE NORMAL PERIOD 1981 TO 2010
CLIMATE RECORD PERIOD 1995 TO 2017


WEATHER ITEM   OBSERVED TIME   RECORD YEAR NORMAL DEPARTURE LAST
                VALUE   (LST)  VALUE       VALUE  FROM      YEAR
                                                  NORMAL
..................................................................
TEMPERATURE (F)
 YESTERDAY
  MAXIMUM         20    438 PM  58    2009  40    -20       48
  MINIMUM          5    541 AM -12    2002  16    -11       17
  AVERAGE         13                        28    -15       33

PRECIPITATION (IN)
  YESTERDAY        0.00          0.33 2000   0.01  -0.01     0.00
  MONTH TO DATE    0.85                      0.23   0.62     0.28
  SINCE DEC 1      2.63                      0.79   1.84     0.76
  SINCE JAN 1      1.86                      0.47   1.39     0.68

SNOWFALL (IN)
  YESTERDAY        0.0                                       0.0
  MONTH TO DATE   14.3                                       2.6
  SINCE DEC 1     43.3                                      10.1
  SINCE JUL 1     47.7                                      28.2
  SNOW DEPTH       5

DEGREE DAYS
 HEATING
  YESTERDAY       52                        37     15       32
  MONTH TO DATE  976                      1032    -56      847
  SINCE DEC 1   4129                      3831    298     3689
  SINCE JUL 1   5725                      5747    -22     5228

 COOLING
  YESTERDAY        0                         0      0        0
  MONTH TO DATE    0                         0      0        0
  SINCE DEC 1      0                         0      0        0
  SINCE JAN 1      0                         0      0        0
..................................................................


WIND (MPH)
  HIGHEST WIND SPEED    30   HIGHEST WIND DIRECTION    NW (300)
  HIGHEST GUST SPEED    36   HIGHEST GUST DIRECTION    NW (310)
  AVERAGE WIND SPEED    14.1


SKY COVER
  POSSIBLE SUNSHINE  MM
  AVERAGE SKY COVER 0.0


WEATHER CONDITIONS
 THE FOLLOWING WEATHER WAS RECORDED YESTERDAY.
  NO SIGNIFICANT WEATHER WAS OBSERVED.


RELATIVE HUMIDITY (PERCENT)
 HIGHEST    83          1200 AM
 LOWEST     45           300 PM
 AVERAGE    64

..........................................................


THE RIVERTON WY CLIMATE NORMALS FOR TODAY
                         NORMAL    RECORD    YEAR
 MAXIMUM TEMPERATURE (F)   40        55      2016
 MINIMUM TEMPERATURE (F)   17       -12      2002


SUNRISE AND SUNSET
FEBRUARY 26 2017......SUNRISE   654 AM MST   SUNSET   600 PM MST
FEBRUARY 27 2017......SUNRISE   652 AM MST   SUNSET   601 PM MST


-  INDICATES NEGATIVE NUMBERS.
R  INDICATES RECORD WAS SET OR TIED.
MM INDICATES DATA IS MISSING.
T  INDICATES TRACE AMOUNT.




$$
