000
CDUS45 KRIW 240028
CLIRIW


CLIMATE REPORT
NATIONAL WEATHER SERVICE RIVERTON WY
528 PM MST THU NOV 23 2017


...................................

...THE RIVERTON WY CLIMATE SUMMARY FOR NOVEMBER 23 2017...
VALID TODAY AS OF 0500 PM LOCAL TIME.

CLIMATE NORMAL PERIOD 1981 TO 2010
CLIMATE RECORD PERIOD 1995 TO 2017


WEATHER ITEM   OBSERVED TIME   RECORD YEAR NORMAL DEPARTURE LAST
                VALUE   (LST)  VALUE       VALUE  FROM      YEAR
                                                  NORMAL
..................................................................
TEMPERATURE (F)
 TODAY
  MAXIMUM         62R       MM  57    2006  38     24       39
  MINIMUM         38        MM  -1    2003  15     23       21
  AVERAGE         50                        26     24       30

PRECIPITATION (IN)
  TODAY            0.00          0.11 2002   0.01  -0.01     0.00
  MONTH TO DATE    0.43                      0.39   0.04     0.55
  SINCE SEP 1      2.77                      2.18   0.59     3.92
  SINCE JAN 1     14.22                      9.00   5.22    13.64

SNOWFALL (IN)
  TODAY            0.0                                       0.0
  MONTH TO DATE    4.2                                       4.3
  SINCE SEP 1      6.9                                       4.4
  SINCE JUL 1      6.9                                       4.4
  SNOW DEPTH       0

DEGREE DAYS
 HEATING
  TODAY           15                        39    -24       35
  MONTH TO DATE  687                       753    -66      590
  SINCE SEP 1   1636                      1595     41     1294
  SINCE JUL 1   1643                      1633     10     1345

 COOLING
  TODAY            0                         0      0        0
  MONTH TO DATE    0                         0      0        0
  SINCE SEP 1     67                        26     41       35
  SINCE JAN 1    547                       494     53      605
..................................................................


WIND (MPH)
  HIGHEST WIND SPEED    13   HIGHEST WIND DIRECTION     W (260)
  HIGHEST GUST SPEED    38   HIGHEST GUST DIRECTION     W (280)
  AVERAGE WIND SPEED     6.5


SKY COVER
  POSSIBLE SUNSHINE  MM
  AVERAGE SKY COVER 0.0


WEATHER CONDITIONS
 THE FOLLOWING WEATHER WAS RECORDED TODAY.
  NO SIGNIFICANT WEATHER WAS OBSERVED.


RELATIVE HUMIDITY (PERCENT)
 HIGHEST    79          1200 AM
 LOWEST     40           400 PM
 AVERAGE    60

..........................................................


THE RIVERTON WY CLIMATE NORMALS FOR TOMORROW
                         NORMAL    RECORD    YEAR
 MAXIMUM TEMPERATURE (F)   37        62      1995
 MINIMUM TEMPERATURE (F)   15        -6      2010


SUNRISE AND SUNSET
NOVEMBER 23 2017......SUNRISE   717 AM MST   SUNSET   444 PM MST
NOVEMBER 24 2017......SUNRISE   718 AM MST   SUNSET   443 PM MST


-  INDICATES NEGATIVE NUMBERS.
R  INDICATES RECORD WAS SET OR TIED.
MM INDICATES DATA IS MISSING.
T  INDICATES TRACE AMOUNT.




$$
