000
CDUS45 KRIW 290733
CLIRIW


CLIMATE REPORT
NATIONAL WEATHER SERVICE RIVERTON WY
133 AM MDT FRI AUG 29 2014


...................................

...THE RIVERTON WY CLIMATE SUMMARY FOR AUGUST 28 2014...

CLIMATE NORMAL PERIOD 1981 TO 2010
CLIMATE RECORD PERIOD 1995 TO 2014


WEATHER ITEM   OBSERVED TIME   RECORD YEAR NORMAL DEPARTURE LAST
                VALUE   (LST)  VALUE       VALUE  FROM      YEAR
                                                  NORMAL
..................................................................
TEMPERATURE (F)
 YESTERDAY
  MAXIMUM         80    403 PM  94    2012  81     -1       91
  MINIMUM         50    253 AM  43    2004  51     -1       58
  AVERAGE         65                        66     -1       75

PRECIPITATION (IN)
  YESTERDAY        0.00          0.09 2010   0.02  -0.02     0.00
  MONTH TO DATE    1.12                      0.51   0.61     0.02
  SINCE JUN 1      3.02                      2.68   0.34     0.61
  SINCE JAN 1      5.34                      6.76  -1.42     4.05

SNOWFALL (IN)
  YESTERDAY        0.0                                       0.0
  MONTH TO DATE    0.0                                       0.0
  SINCE JUN 1      0.0                                       0.0
  SINCE JUL 1      0.0                                       0.0
  SNOW DEPTH       0

DEGREE DAYS
 HEATING
  YESTERDAY        0                         2     -2        0
  MONTH TO DATE   39                        20     19        0
  SINCE JUN 1    169                       151     18       52
  SINCE JUL 1     43                        32     11        0

 COOLING
  YESTERDAY        0                         3     -3       10
  MONTH TO DATE  118                       165    -47      244
  SINCE JUN 1    379                       451    -72      688
  SINCE JAN 1    394                       460    -66      701
..................................................................


WIND (MPH)
  HIGHEST WIND SPEED    16   HIGHEST WIND DIRECTION     E (110)
  HIGHEST GUST SPEED    21   HIGHEST GUST DIRECTION     E (100)
  AVERAGE WIND SPEED     6.9


SKY COVER
  POSSIBLE SUNSHINE  MM
  AVERAGE SKY COVER 0.1


WEATHER CONDITIONS
 THE FOLLOWING WEATHER WAS RECORDED YESTERDAY.
  NO SIGNIFICANT WEATHER WAS OBSERVED.


RELATIVE HUMIDITY (PERCENT)
 HIGHEST    96           500 AM
 LOWEST     21           200 PM
 AVERAGE    59

..........................................................


THE RIVERTON WY CLIMATE NORMALS FOR TODAY
                         NORMAL    RECORD    YEAR
 MAXIMUM TEMPERATURE (F)   81        96      2012
 MINIMUM TEMPERATURE (F)   51        47      2007


SUNRISE AND SUNSET
AUGUST 29 2014........SUNRISE   635 AM MDT   SUNSET   754 PM MDT
AUGUST 30 2014........SUNRISE   636 AM MDT   SUNSET   752 PM MDT


-  INDICATES NEGATIVE NUMBERS.
R  INDICATES RECORD WAS SET OR TIED.
MM INDICATES DATA IS MISSING.
T  INDICATES TRACE AMOUNT.




$$
