000
CDUS45 KRIW 280745
CLIRIW


CLIMATE REPORT
NATIONAL WEATHER SERVICE RIVERTON WY
127 AM MDT TUE MAR 28 2017


...................................

...THE RIVERTON WY CLIMATE SUMMARY FOR MARCH 27 2017...

CLIMATE NORMAL PERIOD 1981 TO 2010
CLIMATE RECORD PERIOD 1995 TO 2017


WEATHER ITEM   OBSERVED TIME   RECORD YEAR NORMAL DEPARTURE LAST
                VALUE   (LST)  VALUE       VALUE  FROM      YEAR
                                                  NORMAL
..................................................................
TEMPERATURE (F)
 YESTERDAY
  MAXIMUM         55    332 PM  72    2015  51      4       54
  MINIMUM         30    546 AM   2    2009  27      3       24
  AVERAGE         43                        39      4       39

PRECIPITATION (IN)
  YESTERDAY        0.06          0.22 2003   0.03   0.03     0.00
  MONTH TO DATE    0.94                      0.44   0.50     0.91
  SINCE MAR 1      0.94                      0.44   0.50     0.91
  SINCE JAN 1      2.80                      0.95   1.85     1.59

SNOWFALL (IN)
  YESTERDAY        0.0                                       0.0
  MONTH TO DATE    T                                         4.9
  SINCE MAR 1      T                                         4.9
  SINCE JUL 1     47.7                                      33.1
  SNOW DEPTH       0

DEGREE DAYS
 HEATING
  YESTERDAY       22                        26     -4       26
  MONTH TO DATE  616                       816   -200      693
  SINCE MAR 1    616                       816   -200      693
  SINCE JUL 1   6490                      6670   -180     6014

 COOLING
  YESTERDAY        0                         0      0        0
  MONTH TO DATE    0                         0      0        0
  SINCE MAR 1      0                         0      0        0
  SINCE JAN 1      0                         0      0        0
..................................................................


WIND (MPH)
  HIGHEST WIND SPEED    18   HIGHEST WIND DIRECTION     N (10)
  HIGHEST GUST SPEED    24   HIGHEST GUST DIRECTION     N (20)
  AVERAGE WIND SPEED     8.0


SKY COVER
  POSSIBLE SUNSHINE  MM
  AVERAGE SKY COVER 0.2


WEATHER CONDITIONS
 THE FOLLOWING WEATHER WAS RECORDED YESTERDAY.
  LIGHT RAIN
  FOG


RELATIVE HUMIDITY (PERCENT)
 HIGHEST    79          1100 PM
 LOWEST     28           300 PM
 AVERAGE    54

..........................................................


THE RIVERTON WY CLIMATE NORMALS FOR TODAY
                         NORMAL    RECORD    YEAR
 MAXIMUM TEMPERATURE (F)   52        74      2015
 MINIMUM TEMPERATURE (F)   27        12      2008


SUNRISE AND SUNSET
MARCH 28 2017.........SUNRISE   702 AM MDT   SUNSET   736 PM MDT
MARCH 29 2017.........SUNRISE   701 AM MDT   SUNSET   737 PM MDT


-  INDICATES NEGATIVE NUMBERS.
R  INDICATES RECORD WAS SET OR TIED.
MM INDICATES DATA IS MISSING.
T  INDICATES TRACE AMOUNT.




$$
