036
CDUS45 KRIW 260035
CLIRIW


CLIMATE REPORT
NATIONAL WEATHER SERVICE RIVERTON WY
633 PM MDT SUN SEP 25 2016


...................................

...THE RIVERTON WY CLIMATE SUMMARY FOR SEPTEMBER 25 2016...
VALID TODAY AS OF 0500 PM LOCAL TIME.

CLIMATE NORMAL PERIOD 1981 TO 2010
CLIMATE RECORD PERIOD 1995 TO 2016


WEATHER ITEM   OBSERVED TIME   RECORD YEAR NORMAL DEPARTURE LAST
                VALUE   (LST)  VALUE       VALUE  FROM      YEAR
                                                  NORMAL
..................................................................
TEMPERATURE (F)
 TODAY
  MAXIMUM         61        MM  88    2015  68     -7       88
                                      2014
  MINIMUM         35        MM  25    2000  40     -5       48
  AVERAGE         48                        54     -6       68

PRECIPITATION (IN)
  TODAY            0.00          0.11 2005   0.05  -0.05     0.00
  MONTH TO DATE    1.98                      0.69   1.29     0.01
  SINCE SEP 1      1.98                      0.69   1.29     0.01
  SINCE JAN 1     11.70                      7.51   4.19     8.81

SNOWFALL (IN)
  TODAY            0.0                                       0.0
  MONTH TO DATE    0.0                                       0.0
  SINCE SEP 1      0.0                                       0.0
  SINCE JUL 1      0.0                                       0.0
  SNOW DEPTH       0

DEGREE DAYS
 HEATING
  TODAY           17                        11      6        0
  MONTH TO DATE  179                       164     15       52
  SINCE SEP 1    179                       164     15       52
  SINCE JUL 1    230                       202     28       87

 COOLING
  TODAY            0                         0      0        3
  MONTH TO DATE   35                        24     11       55
  SINCE SEP 1     35                        24     11       55
  SINCE JAN 1    605                       492    113      531
..................................................................


WIND (MPH)
  HIGHEST WIND SPEED     9   HIGHEST WIND DIRECTION    SW (210)
  HIGHEST GUST SPEED    MM   HIGHEST GUST DIRECTION    MM
  AVERAGE WIND SPEED     4.5


SKY COVER
  POSSIBLE SUNSHINE  MM
  AVERAGE SKY COVER 0.1


WEATHER CONDITIONS
 THE FOLLOWING WEATHER WAS RECORDED TODAY.
  NO SIGNIFICANT WEATHER WAS OBSERVED.


RELATIVE HUMIDITY (PERCENT)
 HIGHEST   100           300 AM
 LOWEST     42           300 PM
 AVERAGE    71

..........................................................


THE RIVERTON WY CLIMATE NORMALS FOR TOMORROW
                         NORMAL    RECORD    YEAR
 MAXIMUM TEMPERATURE (F)   67        89      2015
 MINIMUM TEMPERATURE (F)   40        24      1996


SUNRISE AND SUNSET
SEPTEMBER 25 2016.....SUNRISE   705 AM MDT   SUNSET   705 PM MDT
SEPTEMBER 26 2016.....SUNRISE   706 AM MDT   SUNSET   703 PM MDT


-  INDICATES NEGATIVE NUMBERS.
R  INDICATES RECORD WAS SET OR TIED.
MM INDICATES DATA IS MISSING.
T  INDICATES TRACE AMOUNT.




$$
