000
CDUS45 KRIW 200735
CLIRKS


CLIMATE REPORT
NATIONAL WEATHER SERVICE RIVERTON WY
132 AM MDT MON OCT 20 2014


...................................

...THE ROCK SPRINGS WY CLIMATE SUMMARY FOR OCTOBER 19 2014...

CLIMATE NORMAL PERIOD 1981 TO 2010
CLIMATE RECORD PERIOD 1948 TO 2014


WEATHER ITEM   OBSERVED TIME   RECORD YEAR NORMAL DEPARTURE LAST
                VALUE   (LST)  VALUE       VALUE  FROM      YEAR
                                                  NORMAL
..................................................................
TEMPERATURE (F)
 YESTERDAY
  MAXIMUM         66    407 PM  74    2003  55     11       56
                                      1974
  MINIMUM         38    543 AM  13    1976  32      6       32
  AVERAGE         52                        43      9       44

PRECIPITATION (IN)
  YESTERDAY        0.00          0.34 1996   0.03  -0.03     0.00
  MONTH TO DATE    0.20                      0.55  -0.35     0.81
  SINCE SEP 1      1.40                      1.47  -0.07     2.18
  SINCE JAN 1      3.88                      7.25  -3.37     4.38

DEGREE DAYS
 HEATING
  YESTERDAY       13                        22     -9       21
  MONTH TO DATE  287                       349    -62      435
  SINCE SEP 1    472                       613   -141      664
  SINCE JUL 1    563                       677   -114      665

 COOLING
  YESTERDAY        0                         0      0        0
  MONTH TO DATE    0                         0      0        0
  SINCE SEP 1      8                         9     -1       44
  SINCE JAN 1    307                       286     21      517
..................................................................


WIND (MPH)
  HIGHEST WIND SPEED     9   HIGHEST WIND DIRECTION     W (250)
  HIGHEST GUST SPEED    11   HIGHEST GUST DIRECTION     N (360)
  AVERAGE WIND SPEED     3.1


SKY COVER
  POSSIBLE SUNSHINE  MM
  AVERAGE SKY COVER 0.0


WEATHER CONDITIONS
 THE FOLLOWING WEATHER WAS RECORDED YESTERDAY.
  NO SIGNIFICANT WEATHER WAS OBSERVED.


RELATIVE HUMIDITY (PERCENT)
 HIGHEST    59           600 AM
 LOWEST     22           300 PM
 AVERAGE    41

..........................................................


THE ROCK SPRINGS WY CLIMATE NORMALS FOR TODAY
                         NORMAL    RECORD    YEAR
 MAXIMUM TEMPERATURE (F)   55        76      1974
 MINIMUM TEMPERATURE (F)   31        13      1984


SUNRISE AND SUNSET
OCTOBER 20 2014.......SUNRISE   734 AM MDT   SUNSET   627 PM MDT
OCTOBER 21 2014.......SUNRISE   735 AM MDT   SUNSET   626 PM MDT


-  INDICATES NEGATIVE NUMBERS.
R  INDICATES RECORD WAS SET OR TIED.
MM INDICATES DATA IS MISSING.
T  INDICATES TRACE AMOUNT.




$$
