000
CDUS45 KRIW 250739
CLIRKS


CLIMATE REPORT
NATIONAL WEATHER SERVICE RIVERTON WY
138 AM MDT THU MAY 25 2017


...................................

...THE ROCK SPRINGS WY CLIMATE SUMMARY FOR MAY 24 2017...

CLIMATE NORMAL PERIOD 1981 TO 2010
CLIMATE RECORD PERIOD 1948 TO 2017


WEATHER ITEM   OBSERVED TIME   RECORD YEAR NORMAL DEPARTURE LAST
                VALUE   (LST)  VALUE       VALUE  FROM      YEAR
                                                  NORMAL
..................................................................
TEMPERATURE (F)
 YESTERDAY
  MAXIMUM         76    148 PM  80    2003  67      9       66
                                      2001
  MINIMUM         49    430 AM  30    2007  40      9       37
  AVERAGE         63                        53     10       52

PRECIPITATION (IN)
  YESTERDAY        T             0.94 1957   0.03  -0.03      T
  MONTH TO DATE    0.62                      0.94  -0.32     2.10
  SINCE MAR 1      2.60                      2.53   0.07     4.14
  SINCE JAN 1      3.50                      3.46   0.04     4.36

DEGREE DAYS
 HEATING
  YESTERDAY        2                        12    -10       13
  MONTH TO DATE  344                       368    -24      420
  SINCE MAR 1   1798                      2048   -250     1978
  SINCE JUL 1   7536                      7900   -364     7495

 COOLING
  YESTERDAY        0                         0      0        0
  MONTH TO DATE    0                         0      0        0
  SINCE MAR 1      0                         0      0        0
  SINCE JAN 1      0                         0      0        0
..................................................................


WIND (MPH)
  HIGHEST WIND SPEED    39   HIGHEST WIND DIRECTION     W (260)
  HIGHEST GUST SPEED    49   HIGHEST GUST DIRECTION     W (250)
  AVERAGE WIND SPEED    21.2


SKY COVER
  POSSIBLE SUNSHINE  MM
  AVERAGE SKY COVER 0.4


WEATHER CONDITIONS
 THE FOLLOWING WEATHER WAS RECORDED YESTERDAY.
  LIGHT RAIN


RELATIVE HUMIDITY (PERCENT)
 HIGHEST    59          1200 AM
 LOWEST     19           100 PM
 AVERAGE    39

..........................................................


THE ROCK SPRINGS WY CLIMATE NORMALS FOR TODAY
                         NORMAL    RECORD    YEAR
 MAXIMUM TEMPERATURE (F)   67        82      2003
 MINIMUM TEMPERATURE (F)   40        26      1975


SUNRISE AND SUNSET
MAY 25 2017...........SUNRISE   548 AM MDT   SUNSET   839 PM MDT
MAY 26 2017...........SUNRISE   548 AM MDT   SUNSET   840 PM MDT


-  INDICATES NEGATIVE NUMBERS.
R  INDICATES RECORD WAS SET OR TIED.
MM INDICATES DATA IS MISSING.
T  INDICATES TRACE AMOUNT.




$$
