000
CDUS45 KRIW 010738
CLIRKS


CLIMATE REPORT
NATIONAL WEATHER SERVICE RIVERTON WY
1238 AM MST SUN MAR 1 2015


...................................

...THE ROCK SPRINGS WY CLIMATE SUMMARY FOR FEBRUARY 28 2015...

CLIMATE NORMAL PERIOD 1981 TO 2010
CLIMATE RECORD PERIOD 1948 TO 2015


WEATHER ITEM   OBSERVED TIME   RECORD YEAR NORMAL DEPARTURE LAST
                VALUE   (LST)  VALUE       VALUE  FROM      YEAR
                                                  NORMAL
..................................................................
TEMPERATURE (F)
 YESTERDAY
  MAXIMUM         27    237 PM  53    1986  38    -11       47
  MINIMUM          9    634 AM -13    1996  19    -10       30
  AVERAGE         18                        28    -10       39

PRECIPITATION (IN)
  YESTERDAY        T             0.19 1997   0.02  -0.02      T
  MONTH TO DATE    0.08                      0.48  -0.40     0.08
  SINCE DEC 1      0.20                      1.43  -1.23     0.33
  SINCE JAN 1      0.09                      0.93  -0.84     0.15

DEGREE DAYS
 HEATING
  YESTERDAY       47                        37     10       26
  MONTH TO DATE  935                      1146   -211     1059
  SINCE DEC 1   3297                      3859   -562     3544
  SINCE JUL 1   5113                      5852   -739     5452

 COOLING
  YESTERDAY        0                         0      0        0
  MONTH TO DATE    0                         0      0        0
  SINCE DEC 1      0                         0      0        0
  SINCE JAN 1      0                         0      0        0
..................................................................


WIND (MPH)
  HIGHEST WIND SPEED    24   HIGHEST WIND DIRECTION    NE (60)
  HIGHEST GUST SPEED    30   HIGHEST GUST DIRECTION    NE (60)
  AVERAGE WIND SPEED    16.0


SKY COVER
  POSSIBLE SUNSHINE  MM
  AVERAGE SKY COVER 0.8


WEATHER CONDITIONS
 THE FOLLOWING WEATHER WAS RECORDED YESTERDAY.
  LIGHT SNOW
  FOG
  HAZE


RELATIVE HUMIDITY (PERCENT)
 HIGHEST    91           500 AM
 LOWEST     60           100 PM
 AVERAGE    76

..........................................................


THE ROCK SPRINGS WY CLIMATE NORMALS FOR TODAY
                         NORMAL    RECORD    YEAR
 MAXIMUM TEMPERATURE (F)   38        57      1986
 MINIMUM TEMPERATURE (F)   19        -5      1993


SUNRISE AND SUNSET
MARCH  1 2015.........SUNRISE   651 AM MST   SUNSET   607 PM MST
MARCH  2 2015.........SUNRISE   650 AM MST   SUNSET   608 PM MST


-  INDICATES NEGATIVE NUMBERS.
R  INDICATES RECORD WAS SET OR TIED.
MM INDICATES DATA IS MISSING.
T  INDICATES TRACE AMOUNT.




$$
