000
CDUS45 KRIW 270052
CLIRKS


CLIMATE REPORT
NATIONAL WEATHER SERVICE RIVERTON WY
649 PM MDT TUE MAY 26 2015


...................................

...THE ROCK SPRINGS WY CLIMATE SUMMARY FOR MAY 26 2015...
VALID TODAY AS OF 0500 PM LOCAL TIME.

CLIMATE NORMAL PERIOD 1981 TO 2010
CLIMATE RECORD PERIOD 1948 TO 2015


WEATHER ITEM   OBSERVED TIME   RECORD YEAR NORMAL DEPARTURE LAST
                VALUE   (LST)  VALUE       VALUE  FROM      YEAR
                                                  NORMAL
..................................................................
TEMPERATURE (F)
 TODAY
  MAXIMUM         62        MM  87    1969  67     -5       78
  MINIMUM         40        MM  25    1975  40      0       43
  AVERAGE         51                        54     -3       61

PRECIPITATION (IN)
  TODAY            0.01                      0.04  -0.03     0.00
  MONTH TO DATE    2.64                      1.02   1.62     0.28
  SINCE MAR 1      3.53                      2.61   0.92     0.95
  SINCE JAN 1      3.62                      3.54   0.08     1.10

DEGREE DAYS
 HEATING
  TODAY           14                        11      3        4
  MONTH TO DATE  459                       391     68      347
  SINCE MAR 1   1904                      2071   -167     1890
  SINCE JUL 1   7017                      7923   -906     7342

 COOLING
  TODAY            0                         0      0        0
  MONTH TO DATE    0                         0      0        0
  SINCE MAR 1      0                         0      0        0
  SINCE JAN 1      0                         0      0        0
..................................................................


WIND (MPH)
  HIGHEST WIND SPEED    14   HIGHEST WIND DIRECTION     W (280)
  HIGHEST GUST SPEED    18   HIGHEST GUST DIRECTION     W (280)
  AVERAGE WIND SPEED     8.6


SKY COVER
  POSSIBLE SUNSHINE  MM
  AVERAGE SKY COVER 0.2


WEATHER CONDITIONS
 THE FOLLOWING WEATHER WAS RECORDED TODAY.
  THUNDERSTORM
  LIGHT RAIN


RELATIVE HUMIDITY (PERCENT)
 HIGHEST    92           300 AM
 LOWEST     46           100 PM
 AVERAGE    69

..........................................................


THE ROCK SPRINGS WY CLIMATE NORMALS FOR TOMORROW
                         NORMAL    RECORD    YEAR
 MAXIMUM TEMPERATURE (F)   68        85      1969
 MINIMUM TEMPERATURE (F)   41        27      1973


SUNRISE AND SUNSET
MAY 26 2015...........SUNRISE   548 AM MDT   SUNSET   839 PM MDT
MAY 27 2015...........SUNRISE   547 AM MDT   SUNSET   840 PM MDT


-  INDICATES NEGATIVE NUMBERS.
R  INDICATES RECORD WAS SET OR TIED.
MM INDICATES DATA IS MISSING.
T  INDICATES TRACE AMOUNT.




$$
