000
CDUS45 KRIW 260743
CLIRKS


CLIMATE REPORT
NATIONAL WEATHER SERVICE RIVERTON WY
127 AM MDT SUN MAR 26 2017


...................................

...THE ROCK SPRINGS WY CLIMATE SUMMARY FOR MARCH 25 2017...

CLIMATE NORMAL PERIOD 1981 TO 2010
CLIMATE RECORD PERIOD 1948 TO 2017


WEATHER ITEM   OBSERVED TIME   RECORD YEAR NORMAL DEPARTURE LAST
                VALUE   (LST)  VALUE       VALUE  FROM      YEAR
                                                  NORMAL
..................................................................
TEMPERATURE (F)
 YESTERDAY
  MAXIMUM         52    200 PM  67    2012  47      5       35
  MINIMUM         34    549 AM  -4    1996  25      9       25
  AVERAGE         43                        36      7       30

PRECIPITATION (IN)
  YESTERDAY        0.04          0.19 1950   0.03   0.01      T
  MONTH TO DATE    0.47                      0.53  -0.06     0.29
  SINCE MAR 1      0.47                      0.53  -0.06     0.29
  SINCE JAN 1      1.37                      1.46  -0.09     0.51

DEGREE DAYS
 HEATING
  YESTERDAY       22                        29     -7       35
  MONTH TO DATE  632                       810   -178      714
  SINCE MAR 1    632                       810   -178      714
  SINCE JUL 1   6370                      6662   -292     6231

 COOLING
  YESTERDAY        0                         0      0        0
  MONTH TO DATE    0                         0      0        0
  SINCE MAR 1      0                         0      0        0
  SINCE JAN 1      0                         0      0        0
..................................................................


WIND (MPH)
  HIGHEST WIND SPEED    20   HIGHEST WIND DIRECTION     N (340)
  HIGHEST GUST SPEED    24   HIGHEST GUST DIRECTION    NW (330)
  AVERAGE WIND SPEED     6.9


SKY COVER
  POSSIBLE SUNSHINE  MM
  AVERAGE SKY COVER 0.4


WEATHER CONDITIONS
 THE FOLLOWING WEATHER WAS RECORDED YESTERDAY.
  RAIN
  LIGHT RAIN
  FOG


RELATIVE HUMIDITY (PERCENT)
 HIGHEST    92           800 PM
 LOWEST     44           100 PM
 AVERAGE    68

..........................................................


THE ROCK SPRINGS WY CLIMATE NORMALS FOR TODAY
                         NORMAL    RECORD    YEAR
 MAXIMUM TEMPERATURE (F)   48        64      1971
 MINIMUM TEMPERATURE (F)   26        -2      1955


SUNRISE AND SUNSET
MARCH 26 2017.........SUNRISE   709 AM MDT   SUNSET   735 PM MDT
MARCH 27 2017.........SUNRISE   707 AM MDT   SUNSET   737 PM MDT


-  INDICATES NEGATIVE NUMBERS.
R  INDICATES RECORD WAS SET OR TIED.
MM INDICATES DATA IS MISSING.
T  INDICATES TRACE AMOUNT.




$$
