000
CDUS45 KRIW 280739
CLIRKS


CLIMATE REPORT
NATIONAL WEATHER SERVICE RIVERTON WY
129 AM MDT FRI AUG 28 2015


...................................

...THE ROCK SPRINGS WY CLIMATE SUMMARY FOR AUGUST 27 2015...

CLIMATE NORMAL PERIOD 1981 TO 2010
CLIMATE RECORD PERIOD 1948 TO 2015


WEATHER ITEM   OBSERVED TIME   RECORD YEAR NORMAL DEPARTURE LAST
                VALUE   (LST)  VALUE       VALUE  FROM      YEAR
                                                  NORMAL
..................................................................
TEMPERATURE (F)
 YESTERDAY
  MAXIMUM         80    226 PM  90    2011  79      1       58
  MINIMUM         54   1159 PM  35    1976  50      4       49
  AVERAGE         67                        64      3       54

PRECIPITATION (IN)
  YESTERDAY        T             0.09 2011   0.02  -0.02     0.02
  MONTH TO DATE    0.19                      0.53  -0.34     0.42
  SINCE JUN 1      3.42                      1.96   1.46     1.07
  SINCE JAN 1      7.50                      5.69   1.81     2.38

DEGREE DAYS
 HEATING
  YESTERDAY        0                         2     -2       11
  MONTH TO DATE   28                        27      1       63
  SINCE JUN 1    103                       218   -115      224
  SINCE JUL 1     54                        51      3       77

 COOLING
  YESTERDAY        2                         1      1        0
  MONTH TO DATE   71                        92    -21       70
  SINCE JUN 1    240                       271    -31      292
  SINCE JAN 1    240                       272    -32      299
..................................................................


WIND (MPH)
  HIGHEST WIND SPEED    41   HIGHEST WIND DIRECTION    NW (310)
  HIGHEST GUST SPEED    56   HIGHEST GUST DIRECTION    NW (300)
  AVERAGE WIND SPEED     9.7


SKY COVER
  POSSIBLE SUNSHINE  MM
  AVERAGE SKY COVER 0.5


WEATHER CONDITIONS
 THE FOLLOWING WEATHER WAS RECORDED YESTERDAY.
  LIGHT RAIN
  FOG


RELATIVE HUMIDITY (PERCENT)
 HIGHEST   100           700 AM
 LOWEST     27           300 PM
 AVERAGE    64

..........................................................


THE ROCK SPRINGS WY CLIMATE NORMALS FOR TODAY
                         NORMAL    RECORD    YEAR
 MAXIMUM TEMPERATURE (F)   78        89      1974
 MINIMUM TEMPERATURE (F)   50        38      1977


SUNRISE AND SUNSET
AUGUST 28 2015........SUNRISE   638 AM MDT   SUNSET   756 PM MDT
AUGUST 29 2015........SUNRISE   639 AM MDT   SUNSET   755 PM MDT


-  INDICATES NEGATIVE NUMBERS.
R  INDICATES RECORD WAS SET OR TIED.
MM INDICATES DATA IS MISSING.
T  INDICATES TRACE AMOUNT.




$$
