000
CDUS45 KRIW 270739
CLIRKS


CLIMATE REPORT
NATIONAL WEATHER SERVICE RIVERTON WY
1239 AM MST TUE JAN 27 2015


...................................

...THE ROCK SPRINGS WY CLIMATE SUMMARY FOR JANUARY 26 2015...

CLIMATE NORMAL PERIOD 1981 TO 2010
CLIMATE RECORD PERIOD 1948 TO 2015


WEATHER ITEM   OBSERVED TIME   RECORD YEAR NORMAL DEPARTURE LAST
                VALUE   (LST)  VALUE       VALUE  FROM      YEAR
                                                  NORMAL
..................................................................
TEMPERATURE (F)
 YESTERDAY
  MAXIMUM         53R   352 PM  48    1975  30     23       41
  MINIMUM         28    621 AM -23    1949  12     16       18
  AVERAGE         41                        21     20       30

PRECIPITATION (IN)
  YESTERDAY        0.00          0.53 1994   0.02  -0.02     0.00
  MONTH TO DATE    0.01                      0.37  -0.36     0.05
  SINCE DEC 1      0.12                      0.87  -0.75     0.23
  SINCE JAN 1      0.01                      0.37  -0.36     0.05

DEGREE DAYS
 HEATING
  YESTERDAY       24                        44    -20       35
  MONTH TO DATE  952                      1139   -187      975
  SINCE DEC 1   2208                      2498   -290     2273
  SINCE JUL 1   4024                      4491   -467     4181

 COOLING
  YESTERDAY        0                         0      0        0
  MONTH TO DATE    0                         0      0        0
  SINCE DEC 1      0                         0      0        0
  SINCE JAN 1      0                         0      0        0
..................................................................


WIND (MPH)
  HIGHEST WIND SPEED    15   HIGHEST WIND DIRECTION    SE (150)
  HIGHEST GUST SPEED    18   HIGHEST GUST DIRECTION    SE (150)
  AVERAGE WIND SPEED     5.3


SKY COVER
  POSSIBLE SUNSHINE  MM
  AVERAGE SKY COVER 0.0


WEATHER CONDITIONS
 THE FOLLOWING WEATHER WAS RECORDED YESTERDAY.
  NO SIGNIFICANT WEATHER WAS OBSERVED.


RELATIVE HUMIDITY (PERCENT)
 HIGHEST    85           600 AM
 LOWEST     38           300 PM
 AVERAGE    62

..........................................................


THE ROCK SPRINGS WY CLIMATE NORMALS FOR TODAY
                         NORMAL    RECORD    YEAR
 MAXIMUM TEMPERATURE (F)   30        52      2003
 MINIMUM TEMPERATURE (F)   12       -19      1961


SUNRISE AND SUNSET
JANUARY 27 2015.......SUNRISE   733 AM MST   SUNSET   526 PM MST
JANUARY 28 2015.......SUNRISE   732 AM MST   SUNSET   527 PM MST


-  INDICATES NEGATIVE NUMBERS.
R  INDICATES RECORD WAS SET OR TIED.
MM INDICATES DATA IS MISSING.
T  INDICATES TRACE AMOUNT.




$$
