000
CDUS45 KRIW 260734
CLIRKS


CLIMATE REPORT
NATIONAL WEATHER SERVICE RIVERTON WY
133 AM MDT FRI AUG 26 2016


...................................

...THE ROCK SPRINGS WY CLIMATE SUMMARY FOR AUGUST 25 2016...

CLIMATE NORMAL PERIOD 1981 TO 2010
CLIMATE RECORD PERIOD 1948 TO 2016


WEATHER ITEM   OBSERVED TIME   RECORD YEAR NORMAL DEPARTURE LAST
                VALUE   (LST)  VALUE       VALUE  FROM      YEAR
                                                  NORMAL
..................................................................
TEMPERATURE (F)
 YESTERDAY
  MAXIMUM         71    321 PM  91    1970  79     -8       89
  MINIMUM         43    605 AM  34    1975  50     -7       51
  AVERAGE         57                        65     -8       70

PRECIPITATION (IN)
  YESTERDAY        T             0.23 2006   0.02  -0.02     0.00
  MONTH TO DATE    0.20                      0.49  -0.29     0.17
  SINCE JUN 1      0.71                      1.92  -1.21     3.40
  SINCE JAN 1      5.17                      5.65  -0.48     7.48

DEGREE DAYS
 HEATING
  YESTERDAY        8                         2      6        0
  MONTH TO DATE   40                        23     17       28
  SINCE JUN 1     92                       214   -122      103
  SINCE JUL 1     53                        47      6       54

 COOLING
  YESTERDAY        0                         2     -2        5
  MONTH TO DATE   76                        89    -13       67
  SINCE JUN 1    331                       268     63      236
  SINCE JAN 1    331                       269     62      236
..................................................................


WIND (MPH)
  HIGHEST WIND SPEED    28   HIGHEST WIND DIRECTION    NE (60)
  HIGHEST GUST SPEED    34   HIGHEST GUST DIRECTION     E (70)
  AVERAGE WIND SPEED    11.8


SKY COVER
  POSSIBLE SUNSHINE  MM
  AVERAGE SKY COVER 0.3


WEATHER CONDITIONS
 THE FOLLOWING WEATHER WAS RECORDED YESTERDAY.
  NO SIGNIFICANT WEATHER WAS OBSERVED.


RELATIVE HUMIDITY (PERCENT)
 HIGHEST    59          1000 PM
 LOWEST     19           400 PM
 AVERAGE    39

..........................................................


THE ROCK SPRINGS WY CLIMATE NORMALS FOR TODAY
                         NORMAL    RECORD    YEAR
 MAXIMUM TEMPERATURE (F)   79        90      2011
                                             1969
 MINIMUM TEMPERATURE (F)   50        34      1992


SUNRISE AND SUNSET
AUGUST 26 2016........SUNRISE   637 AM MDT   SUNSET   758 PM MDT
AUGUST 27 2016........SUNRISE   638 AM MDT   SUNSET   757 PM MDT


-  INDICATES NEGATIVE NUMBERS.
R  INDICATES RECORD WAS SET OR TIED.
MM INDICATES DATA IS MISSING.
T  INDICATES TRACE AMOUNT.




$$
