000
CDUS45 KRIW 010029
CLIRKS


CLIMATE REPORT
NATIONAL WEATHER SERVICE RIVERTON WY
629 PM MDT TUE MAY 31 2016


...................................

...THE ROCK SPRINGS WY CLIMATE SUMMARY FOR MAY 31 2016...
VALID TODAY AS OF 0500 PM LOCAL TIME.

CLIMATE NORMAL PERIOD 1981 TO 2010
CLIMATE RECORD PERIOD 1948 TO 2016


WEATHER ITEM   OBSERVED TIME   RECORD YEAR NORMAL DEPARTURE LAST
                VALUE   (LST)  VALUE       VALUE  FROM      YEAR
                                                  NORMAL
..................................................................
TEMPERATURE (F)
 TODAY
  MAXIMUM         67        MM  90    2002  69     -2       80
  MINIMUM         39        MM  26    1978  42     -3       50
  AVERAGE         53                        55     -2       65

PRECIPITATION (IN)
  TODAY            0.00                      0.04  -0.04      T
  MONTH TO DATE    2.20                      1.21   0.99     3.10
  SINCE MAR 1      4.24                      2.80   1.44     3.99
  SINCE JAN 1      4.46                      3.73   0.73     4.08

DEGREE DAYS
 HEATING
  TODAY           12                        10      2        0
  MONTH TO DATE  510                       443     67      507
  SINCE MAR 1   2068                      2123    -55     1952
  SINCE JUL 1   7585                      7975   -390     7065

 COOLING
  TODAY            0                         0      0        0
  MONTH TO DATE    0                         1     -1        0
  SINCE MAR 1      0                         1     -1        0
  SINCE JAN 1      0                         1     -1        0
..................................................................


WIND (MPH)
  HIGHEST WIND SPEED    10   HIGHEST WIND DIRECTION     E (70)
  HIGHEST GUST SPEED    MM   HIGHEST GUST DIRECTION    MM
  AVERAGE WIND SPEED     5.1


SKY COVER
  POSSIBLE SUNSHINE  MM
  AVERAGE SKY COVER 0.2


WEATHER CONDITIONS
 THE FOLLOWING WEATHER WAS RECORDED TODAY.
  NO SIGNIFICANT WEATHER WAS OBSERVED.


RELATIVE HUMIDITY (PERCENT)
 HIGHEST    92           400 AM
 LOWEST     22           400 PM
 AVERAGE    57

..........................................................


THE ROCK SPRINGS WY CLIMATE NORMALS FOR TOMORROW
                         NORMAL    RECORD    YEAR
 MAXIMUM TEMPERATURE (F)   69        85      1977
 MINIMUM TEMPERATURE (F)   42        28      1951


SUNRISE AND SUNSET
MAY 31 2016...........SUNRISE   545 AM MDT   SUNSET   844 PM MDT
JUNE  1 2016..........SUNRISE   544 AM MDT   SUNSET   845 PM MDT


-  INDICATES NEGATIVE NUMBERS.
R  INDICATES RECORD WAS SET OR TIED.
MM INDICATES DATA IS MISSING.
T  INDICATES TRACE AMOUNT.




$$
