000
CDUS45 KRIW 300744
CLIRKS


CLIMATE REPORT
NATIONAL WEATHER SERVICE RIVERTON WY
135 AM MDT WED JUL 30 2014


...................................

...THE ROCK SPRINGS WY CLIMATE SUMMARY FOR JULY 29 2014...

CLIMATE NORMAL PERIOD 1981 TO 2010
CLIMATE RECORD PERIOD 1948 TO 2014


WEATHER ITEM   OBSERVED TIME   RECORD YEAR NORMAL DEPARTURE LAST
                VALUE   (LST)  VALUE       VALUE  FROM      YEAR
                                                  NORMAL
..................................................................
TEMPERATURE (F)
 YESTERDAY
  MAXIMUM         69    131 PM  95    2006  85    -16       80
  MINIMUM         56   1135 PM  42    1971  55      1       54
  AVERAGE         63                        70     -7       67

PRECIPITATION (IN)
  YESTERDAY        0.12          0.37 1950   0.03   0.09      T
  MONTH TO DATE    0.24                      0.60  -0.36     0.21
  SINCE JUN 1      0.53                      1.39  -0.86     0.21
  SINCE JAN 1      1.84                      5.12  -3.28     1.70

DEGREE DAYS
 HEATING
  YESTERDAY        2                         0      2        0
  MONTH TO DATE    5                        19    -14        0
  SINCE JUN 1    152                       186    -34       62
  SINCE JUL 1      5                        19    -14        0

 COOLING
  YESTERDAY        0                         5     -5        2
  MONTH TO DATE  205                       130     75      216
  SINCE JUN 1    222                       165     57      309
  SINCE JAN 1    229                       166     63      310
..................................................................


WIND (MPH)
  HIGHEST WIND SPEED    23   HIGHEST WIND DIRECTION     E (70)
  HIGHEST GUST SPEED    27   HIGHEST GUST DIRECTION     E (70)
  AVERAGE WIND SPEED    13.8


SKY COVER
  POSSIBLE SUNSHINE  MM
  AVERAGE SKY COVER 0.8


WEATHER CONDITIONS
 THE FOLLOWING WEATHER WAS RECORDED YESTERDAY.
  LIGHT RAIN
  FOG


RELATIVE HUMIDITY (PERCENT)
 HIGHEST    87           500 PM
 LOWEST     45          1200 AM
 AVERAGE    66

..........................................................


THE ROCK SPRINGS WY CLIMATE NORMALS FOR TODAY
                         NORMAL    RECORD    YEAR
 MAXIMUM TEMPERATURE (F)   85        95      1966
 MINIMUM TEMPERATURE (F)   55        40      1950


SUNRISE AND SUNSET
JULY 30 2014..........SUNRISE   609 AM MDT   SUNSET   836 PM MDT
JULY 31 2014..........SUNRISE   610 AM MDT   SUNSET   835 PM MDT


-  INDICATES NEGATIVE NUMBERS.
R  INDICATES RECORD WAS SET OR TIED.
MM INDICATES DATA IS MISSING.
T  INDICATES TRACE AMOUNT.




$$
