000
CDUS45 KRIW 260748
CLIRKS


CLIMATE REPORT
NATIONAL WEATHER SERVICE RIVERTON WY
131 AM MDT MON SEP 26 2016


...................................

...THE ROCK SPRINGS WY CLIMATE SUMMARY FOR SEPTEMBER 25 2016...

CLIMATE NORMAL PERIOD 1981 TO 2010
CLIMATE RECORD PERIOD 1948 TO 2016


WEATHER ITEM   OBSERVED TIME   RECORD YEAR NORMAL DEPARTURE LAST
                VALUE   (LST)  VALUE       VALUE  FROM      YEAR
                                                  NORMAL
..................................................................
TEMPERATURE (F)
 YESTERDAY
  MAXIMUM         59    450 PM  83    2001  66     -7       82
  MINIMUM         34    532 AM  18    2000  39     -5       47
  AVERAGE         47                        52     -5       65

PRECIPITATION (IN)
  YESTERDAY        0.00          0.35 1955   0.03  -0.03     0.00
  MONTH TO DATE    1.59                      0.76   0.83     0.55
  SINCE SEP 1      1.59                      0.76   0.83     0.55
  SINCE JAN 1      6.76                      6.54   0.22     8.23

DEGREE DAYS
 HEATING
  YESTERDAY       18                        13      5        0
  MONTH TO DATE  201                       195      6      101
  SINCE SEP 1    201                       195      6      101
  SINCE JUL 1    260                       259      1      156

 COOLING
  YESTERDAY        0                         0      0        0
  MONTH TO DATE   12                         7      5       12
  SINCE SEP 1     12                         7      5       12
  SINCE JAN 1    354                       284     70      264
..................................................................


WIND (MPH)
  HIGHEST WIND SPEED    15   HIGHEST WIND DIRECTION    SW (240)
  HIGHEST GUST SPEED    19   HIGHEST GUST DIRECTION     W (260)
  AVERAGE WIND SPEED     9.0


SKY COVER
  POSSIBLE SUNSHINE  MM
  AVERAGE SKY COVER 0.0


WEATHER CONDITIONS
 THE FOLLOWING WEATHER WAS RECORDED YESTERDAY.
  NO SIGNIFICANT WEATHER WAS OBSERVED.


RELATIVE HUMIDITY (PERCENT)
 HIGHEST    92           200 AM
 LOWEST     33           400 PM
 AVERAGE    63

..........................................................


THE ROCK SPRINGS WY CLIMATE NORMALS FOR TODAY
                         NORMAL    RECORD    YEAR
 MAXIMUM TEMPERATURE (F)   66        83      2015
 MINIMUM TEMPERATURE (F)   39        24      1996


SUNRISE AND SUNSET
SEPTEMBER 26 2016.....SUNRISE   708 AM MDT   SUNSET   706 PM MDT
SEPTEMBER 27 2016.....SUNRISE   709 AM MDT   SUNSET   704 PM MDT


-  INDICATES NEGATIVE NUMBERS.
R  INDICATES RECORD WAS SET OR TIED.
MM INDICATES DATA IS MISSING.
T  INDICATES TRACE AMOUNT.




$$
