534
CDUS45 KRIW 270735
CLIRKS


CLIMATE REPORT
NATIONAL WEATHER SERVICE RIVERTON WY
134 AM MDT THU JUL 27 2017


...................................

...THE ROCK SPRINGS WY CLIMATE SUMMARY FOR JULY 26 2017...

CLIMATE NORMAL PERIOD 1981 TO 2010
CLIMATE RECORD PERIOD 1948 TO 2017


WEATHER ITEM   OBSERVED TIME   RECORD YEAR NORMAL DEPARTURE LAST
                VALUE   (LST)  VALUE       VALUE  FROM      YEAR
                                                  NORMAL
..................................................................
TEMPERATURE (F)
 YESTERDAY
  MAXIMUM         78   1232 PM  93    2010  85     -7       91
  MINIMUM         56    333 AM  44    1993  55      1       58
  AVERAGE         67                        70     -3       75

PRECIPITATION (IN)
  YESTERDAY        0.06          0.72 1981   0.02   0.04      T
  MONTH TO DATE    0.14                      0.53  -0.39     0.22
  SINCE JUN 1      0.16                      1.32  -1.16     0.43
  SINCE JAN 1      3.68                      5.05  -1.37     4.89

DEGREE DAYS
 HEATING
  YESTERDAY        0                         0      0        0
  MONTH TO DATE    0                        19    -19       13
  SINCE JUN 1     86                       186   -100       52
  SINCE JUL 1      0                        19    -19       13

 COOLING
  YESTERDAY        2                         5     -3       10
  MONTH TO DATE  197                       115     82      131
  SINCE JUN 1    242                       150     92      212
  SINCE JAN 1    242                       151     91      212
..................................................................


WIND (MPH)
  HIGHEST WIND SPEED    23   HIGHEST WIND DIRECTION     S (170)
  HIGHEST GUST SPEED    27   HIGHEST GUST DIRECTION     S (170)
  AVERAGE WIND SPEED     5.5


SKY COVER
  POSSIBLE SUNSHINE  MM
  AVERAGE SKY COVER 0.5


WEATHER CONDITIONS
 THE FOLLOWING WEATHER WAS RECORDED YESTERDAY.
  THUNDERSTORM
  RAIN
  LIGHT RAIN


RELATIVE HUMIDITY (PERCENT)
 HIGHEST    86          1200 AM
 LOWEST     38           100 PM
 AVERAGE    62

..........................................................


THE ROCK SPRINGS WY CLIMATE NORMALS FOR TODAY
                         NORMAL    RECORD    YEAR
 MAXIMUM TEMPERATURE (F)   85        92      2016
 MINIMUM TEMPERATURE (F)   55        39      1981


SUNRISE AND SUNSET
JULY 27 2017..........SUNRISE   606 AM MDT   SUNSET   839 PM MDT
JULY 28 2017..........SUNRISE   607 AM MDT   SUNSET   838 PM MDT


-  INDICATES NEGATIVE NUMBERS.
R  INDICATES RECORD WAS SET OR TIED.
MM INDICATES DATA IS MISSING.
T  INDICATES TRACE AMOUNT.




$$
