000
CDUS42 KFFC 230818
CLIRMG


CLIMATE REPORT
NATIONAL WEATHER SERVICE PEACHTREE CITY GA
417 AM EDT SAT JUL 23 2016


...................................

...THE ROME  CLIMATE SUMMARY FOR JULY 22 2016...

CLIMATE NORMAL PERIOD 1981 TO 2010
CLIMATE RECORD PERIOD 9999 TO 9999


WEATHER ITEM   OBSERVED TIME   RECORD YEAR NORMAL DEPARTURE LAST
                VALUE   (LST)  VALUE       VALUE  FROM      YEAR
                                                  NORMAL
..................................................................
TEMPERATURE (F)
 YESTERDAY
  MAXIMUM         96    455 PM  MM      MM  90      6       91
  MINIMUM         71    630 AM  MM      MM  69      2       70
  AVERAGE         84                        80      4       81

PRECIPITATION (IN)
  YESTERDAY        0.00         MM      MM   0.11  -0.11     0.29
  MONTH TO DATE    0.91                      3.36  -2.45     2.29
  SINCE JUN 1      3.19                      7.46  -4.27     5.09
  SINCE JAN 1     20.31                     30.33 -10.02    24.73

DEGREE DAYS
 COOLING
  YESTERDAY       19                        15      4       16
  MONTH TO DATE  382                       316     66      334
  SINCE JUN 1    821                       646    175      752
  SINCE JAN 1   1046                       814    232     1009
..................................................................


WIND (MPH)
  RESULTANT WIND SPEED   1   RESULTANT WIND DIRECTION   S (170)
  HIGHEST WIND SPEED    12   HIGHEST WIND DIRECTION     S (180)
  HIGHEST GUST SPEED    16   HIGHEST GUST DIRECTION     S (180)
  AVERAGE WIND SPEED     3.3


SKY COVER
  AVERAGE SKY COVER 0.1


WEATHER CONDITIONS
 THE FOLLOWING WEATHER WAS RECORDED YESTERDAY.
  FOG


RELATIVE HUMIDITY (PERCENT)
 HIGHEST    94          1200 AM
 LOWEST     40           500 PM
 AVERAGE    67

..........................................................


THE ROME  CLIMATE NORMALS FOR TODAY
                         NORMAL    RECORD    YEAR
 MAXIMUM TEMPERATURE (F)   90        MM        MM
 MINIMUM TEMPERATURE (F)   69        MM        MM


SUNRISE AND SUNSET
JULY 23 2016..........SUNRISE   645 AM EDT   SUNSET   849 PM EDT
JULY 24 2016..........SUNRISE   646 AM EDT   SUNSET   848 PM EDT


-  INDICATES NEGATIVE NUMBERS.
R  INDICATES RECORD WAS SET OR TIED.
MM INDICATES DATA IS MISSING.
T  INDICATES TRACE AMOUNT.




$$
