000
CDUS42 KFFC 240027
CLIRMG


CLIMATE REPORT
NATIONAL WEATHER SERVICE PEACHTREE CITY GA
727 PM EST TUE JAN 23 2018


...................................

...THE ROME  CLIMATE SUMMARY FOR JANUARY 23 2018...
VALID AS OF 0700 PM LOCAL TIME.

CLIMATE NORMAL PERIOD 1981 TO 2010
CLIMATE RECORD PERIOD 9999 TO 9999


WEATHER ITEM   OBSERVED TIME   RECORD YEAR NORMAL DEPARTURE LAST
                VALUE   (LST)  VALUE       VALUE  FROM      YEAR
                                                  NORMAL
..................................................................
TEMPERATURE (F)
 TODAY
  MAXIMUM         59   1230 AM  MM      MM  52      7       59
  MINIMUM         41    706 AM  MM      MM  30     11       50
  AVERAGE         50                        41      9       55

PRECIPITATION (IN)
  TODAY            0.00         MM      MM   0.19  -0.19     0.58
  MONTH TO DATE    0.78                      3.31  -2.53     7.40
  SINCE DEC 1      5.59                      7.69  -2.10    10.81

SNOWFALL (IN)
  TODAY            0.0          MM      MM  MM     MM        0.0
  MONTH TO DATE    0.0                      MM     MM         T
  SINCE DEC 1      0.0                      MM     MM         T
  SINCE JUL 1      0.0                      MM     MM         T

DEGREE DAYS
 HEATING
  TODAY           15                        24     -9       10
  MONTH TO DATE  669                       552    117      248
  SINCE DEC 1   1314                      1245     69      848
  SINCE JUL 1   1834                      1852    -18     1201

 COOLING
  TODAY            0                         0      0        0
  MONTH TO DATE    0                         0      0        0
  SINCE DEC 1      0                         1     -1        0
  SINCE JAN 1      0                         0      0        0
..................................................................


WIND (MPH)
  RESULTANT WIND SPEED   8   RESULTANT WIND DIRECTION   W (260)
  HIGHEST WIND SPEED    17   HIGHEST WIND DIRECTION    NW (300)
  HIGHEST GUST SPEED    24   HIGHEST GUST DIRECTION     W (280)
  AVERAGE WIND SPEED     8.3


SKY COVER
  AVERAGE SKY COVER 0.0


WEATHER CONDITIONS
 THE FOLLOWING WEATHER WAS RECORDED TODAY.
  FOG


RELATIVE HUMIDITY (PERCENT)
 HIGHEST   100          1200 AM
 LOWEST     38           400 PM
 AVERAGE    69

..........................................................


THE ROME  CLIMATE NORMALS FOR TOMORROW
                         NORMAL    RECORD    YEAR
 MAXIMUM TEMPERATURE (F)   52        MM        MM
 MINIMUM TEMPERATURE (F)   30        MM        MM


SUNRISE AND SUNSET
JANUARY 23 2018.......SUNRISE   744 AM EST   SUNSET   602 PM EST
JANUARY 24 2018.......SUNRISE   743 AM EST   SUNSET   603 PM EST


-  INDICATES NEGATIVE NUMBERS.
R  INDICATES RECORD WAS SET OR TIED.
MM INDICATES DATA IS MISSING.
T  INDICATES TRACE AMOUNT.




$$
