000
CDUS42 KFFC 080023
CLIRMG


CLIMATE REPORT
NATIONAL WEATHER SERVICE PEACHTREE CITY GA
822 PM EDT TUE JUL 7 2015


...................................

...THE ROME  CLIMATE SUMMARY FOR JULY 7 2015...
VALID AS OF 0800 PM LOCAL TIME.

CLIMATE NORMAL PERIOD 1981 TO 2010
CLIMATE RECORD PERIOD 9999 TO 9999


WEATHER ITEM   OBSERVED TIME   RECORD YEAR NORMAL DEPARTURE LAST
                VALUE   (LST)  VALUE       VALUE  FROM      YEAR
                                                  NORMAL
..................................................................
TEMPERATURE (F)
 TODAY
  MAXIMUM         91    453 PM  MM      MM  90      1       90
  MINIMUM         68    623 AM  MM      MM  68      0       65
  AVERAGE         80                        79      1       78

PRECIPITATION (IN)
  TODAY            0.00         MM      MM   0.16  -0.16     0.00
  MONTH TO DATE    1.68                      1.24   0.44     0.00
  SINCE JUN 1      4.48                      5.34  -0.86     4.96

SNOWFALL (IN)
  TODAY           MM            MM      MM  MM     MM       MM
  MONTH TO DATE    0.0                      MM     MM        0.0
  SINCE JUN 1      0.0                      MM     MM        0.0
  SINCE JUL 1      0.0                      MM     MM        0.0

DEGREE DAYS
 HEATING
  TODAY            0                         0      0        0
  MONTH TO DATE    0                         0      0        0
  SINCE JUN 1      0                         1     -1        0
  SINCE JUL 1      0                         0      0        0

 COOLING
  TODAY           15                        14      1       13
  MONTH TO DATE   71                        98    -27       83
  SINCE JUN 1    489                       428     61      452
  SINCE JAN 1    746                       596    150      653
..................................................................


WIND (MPH)
  RESULTANT WIND SPEED   3   RESULTANT WIND DIRECTION  SW (220)
  HIGHEST WIND SPEED    13   HIGHEST WIND DIRECTION     W (270)
  HIGHEST GUST SPEED    20   HIGHEST GUST DIRECTION     W (260)
  AVERAGE WIND SPEED     4.0


SKY COVER
  AVERAGE SKY COVER 0.1


WEATHER CONDITIONS
 THE FOLLOWING WEATHER WAS RECORDED TODAY.
  FOG


RELATIVE HUMIDITY (PERCENT)
 HIGHEST   100           200 AM
 LOWEST     47           500 PM
 AVERAGE    74

..........................................................


THE ROME  CLIMATE NORMALS FOR TOMORROW
                         NORMAL    RECORD    YEAR
 MAXIMUM TEMPERATURE (F)   90        MM        MM
 MINIMUM TEMPERATURE (F)   68        MM        MM


SUNRISE AND SUNSET
JULY  7 2015..........SUNRISE   635 AM EDT   SUNSET   856 PM EDT
JULY  8 2015..........SUNRISE   635 AM EDT   SUNSET   856 PM EDT


-  INDICATES NEGATIVE NUMBERS.
R  INDICATES RECORD WAS SET OR TIED.
MM INDICATES DATA IS MISSING.
T  INDICATES TRACE AMOUNT.




$$
