711
CDUS42 KFFC 240823
CLIRMG


CLIMATE REPORT
NATIONAL WEATHER SERVICE PEACHTREE CITY GA
423 AM EDT TUE OCT 24 2017


...................................

...THE ROME  CLIMATE SUMMARY FOR OCTOBER 23 2017...

CLIMATE NORMAL PERIOD 1981 TO 2010
CLIMATE RECORD PERIOD 9999 TO 9999


WEATHER ITEM   OBSERVED TIME   RECORD YEAR NORMAL DEPARTURE LAST
                VALUE   (LST)  VALUE       VALUE  FROM      YEAR
                                                  NORMAL
..................................................................
TEMPERATURE (F)
 YESTERDAY
  MAXIMUM         72    303 PM  MM      MM  72      0       77
  MINIMUM         51   1159 PM  MM      MM  46      5       35
  AVERAGE         62                        59      3       56

PRECIPITATION (IN)
  YESTERDAY        0.93         MM      MM   0.11   0.82     0.00
  MONTH TO DATE    4.41                      2.91   1.50     0.01
  SINCE SEP 1      9.01                      6.32   2.69     0.25
  SINCE JAN 1     47.49                     41.74   5.75    27.52

SNOWFALL (IN)
  YESTERDAY        0.0          MM      MM  MM     MM        0.0
  MONTH TO DATE    0.0                      MM     MM        0.0
  SINCE SEP 1      0.0                      MM     MM        0.0
  SINCE JUL 1      0.0                      MM     MM        0.0
  SNOW DEPTH       0

DEGREE DAYS
 HEATING
  YESTERDAY        3                         7     -4        9
  MONTH TO DATE   40                        95    -55       35
  SINCE SEP 1     49                       109    -60       38
  SINCE JUL 1     49                       109    -60       38

 COOLING
  YESTERDAY        0                         1     -1        0
  MONTH TO DATE  106                        39     67      102
  SINCE SEP 1    342                       263     79      491
  SINCE JAN 1   1955                      1629    326     2236
..................................................................


WIND (MPH)
  RESULTANT WIND SPEED   4   RESULTANT WIND DIRECTION  SW (220)
  HIGHEST WIND SPEED    20   HIGHEST WIND DIRECTION     W (260)
  HIGHEST GUST SPEED    26   HIGHEST GUST DIRECTION     W (280)
  AVERAGE WIND SPEED     8.6


SKY COVER
  AVERAGE SKY COVER 0.7


WEATHER CONDITIONS
 THE FOLLOWING WEATHER WAS RECORDED YESTERDAY.
  HEAVY RAIN
  RAIN
  LIGHT RAIN
  FOG


RELATIVE HUMIDITY (PERCENT)
 HIGHEST   100           200 AM
 LOWEST     49           300 PM
 AVERAGE    75

..........................................................


THE ROME  CLIMATE NORMALS FOR TODAY
                         NORMAL    RECORD    YEAR
 MAXIMUM TEMPERATURE (F)   71        MM        MM
 MINIMUM TEMPERATURE (F)   46        MM        MM


SUNRISE AND SUNSET
OCTOBER 24 2017.......SUNRISE   754 AM EDT   SUNSET   655 PM EDT
OCTOBER 25 2017.......SUNRISE   755 AM EDT   SUNSET   654 PM EDT


-  INDICATES NEGATIVE NUMBERS.
R  INDICATES RECORD WAS SET OR TIED.
MM INDICATES DATA IS MISSING.
T  INDICATES TRACE AMOUNT.




$$
