000
CDUS42 KFFC 270818
CLIRMG


CLIMATE REPORT
NATIONAL WEATHER SERVICE PEACHTREE CITY GA
418 AM EDT WED MAY 27 2015


...................................

...THE ROME  CLIMATE SUMMARY FOR MAY 26 2015...

CLIMATE NORMAL PERIOD 1981 TO 2010
CLIMATE RECORD PERIOD 9999 TO 9999


WEATHER ITEM   OBSERVED TIME   RECORD YEAR NORMAL DEPARTURE LAST
                VALUE   (LST)  VALUE       VALUE  FROM      YEAR
                                                  NORMAL
..................................................................
TEMPERATURE (F)
 YESTERDAY
  MAXIMUM         82   1233 PM  MM      MM  83     -1       85
  MINIMUM         64   1106 PM  MM      MM  59      5       64
  AVERAGE         73                        71      2       75

PRECIPITATION (IN)
  YESTERDAY        0.04         MM      MM   0.12  -0.08     0.05
  MONTH TO DATE    1.91                      3.58  -1.67     2.78
  SINCE MAR 1     10.48                     12.58  -2.10    14.25
  SINCE JAN 1     18.56                     22.27  -3.71    21.93

DEGREE DAYS
 COOLING
  YESTERDAY        8                         7      1       10
  MONTH TO DATE  157                        99     58      127
  SINCE MAR 1    211                       132     79      149
  SINCE JAN 1    211                       132     79      149
..................................................................


WIND (MPH)
  RESULTANT WIND SPEED   4   RESULTANT WIND DIRECTION   S (160)
  HIGHEST WIND SPEED    16   HIGHEST WIND DIRECTION     S (160)
  HIGHEST GUST SPEED    21   HIGHEST GUST DIRECTION    SE (140)
  AVERAGE WIND SPEED     5.2


SKY COVER
  AVERAGE SKY COVER 0.7


WEATHER CONDITIONS
 THE FOLLOWING WEATHER WAS RECORDED YESTERDAY.
  THUNDERSTORM
  LIGHT RAIN


RELATIVE HUMIDITY (PERCENT)
 HIGHEST   100           400 AM
 LOWEST     69          1200 PM
 AVERAGE    85

..........................................................


THE ROME  CLIMATE NORMALS FOR TODAY
                         NORMAL    RECORD    YEAR
 MAXIMUM TEMPERATURE (F)   84        MM        MM
 MINIMUM TEMPERATURE (F)   59        MM        MM


SUNRISE AND SUNSET
MAY 27 2015...........SUNRISE   632 AM EDT   SUNSET   844 PM EDT
MAY 28 2015...........SUNRISE   631 AM EDT   SUNSET   845 PM EDT


-  INDICATES NEGATIVE NUMBERS.
R  INDICATES RECORD WAS SET OR TIED.
MM INDICATES DATA IS MISSING.
T  INDICATES TRACE AMOUNT.




$$
