000
CDUS41 KRNK 252226
CLIRNK


CLIMATE REPORT
NATIONAL WEATHER SERVICE BLACKSBURG VA
519 PM EST TUE NOV 25 2014


...................................

...THE BLACKSBURG VA CLIMATE SUMMARY FOR NOVEMBER 25 2014...
VALID TODAY AS OF 0500 PM LOCAL TIME.

CLIMATE NORMAL PERIOD 1981 TO 2010
CLIMATE RECORD PERIOD 1952 TO 2014


WEATHER ITEM   OBSERVED TIME   RECORD YEAR NORMAL DEPARTURE LAST
                VALUE   (LST)  VALUE       VALUE  FROM      YEAR
                                                  NORMAL
..................................................................
TEMPERATURE (F)
 TODAY
  MAXIMUM         52    400 PM  75    1973  51      1       35
  MINIMUM         41    900 AM   0    1970  29     12       13
  AVERAGE         47                        40      7       24

PRECIPITATION (IN)
  TODAY            0.00          0.93 1957   0.10  -0.10     0.00
  MONTH TO DATE    1.73                      2.38  -0.65     0.89
  SINCE SEP 1      9.88                      8.26   1.62     4.67
  SINCE JAN 1     35.65                     37.45  -1.80    44.22

SNOWFALL (IN)
  TODAY            0.0
  MONTH TO DATE    T
  SINCE SEP 1      T
  SINCE JUL 1      T
  SNOW DEPTH       0

DEGREE DAYS
 HEATING
  TODAY           18                        25     -7       41
  MONTH TO DATE  636                       521    115      586
  SINCE SEP 1   1035                      1030      5     1035
  SINCE JUL 1   1046                      1048     -2     1058

 COOLING
  TODAY            0                         0      0        0
  MONTH TO DATE    0                         0      0        0
  SINCE SEP 1     79                        61     18       62
  SINCE JAN 1    609                       573     36      568
..................................................................


WIND (MPH)
  HIGHEST WIND SPEED     9   HIGHEST WIND DIRECTION     W (290)
  HIGHEST GUST SPEED    MM   HIGHEST GUST DIRECTION    MM
  AVERAGE WIND SPEED     5.6


SKY COVER
  POSSIBLE SUNSHINE  MM
  AVERAGE SKY COVER 0.0


WEATHER CONDITIONS
 THE FOLLOWING WEATHER WAS RECORDED TODAY.
  NO SIGNIFICANT WEATHER WAS OBSERVED.


RELATIVE HUMIDITY (PERCENT)
 HIGHEST    89          1200 AM
 LOWEST     38           400 PM
 AVERAGE    64

..........................................................


THE BLACKSBURG VA CLIMATE NORMALS FOR TOMORROW
                         NORMAL    RECORD    YEAR
 MAXIMUM TEMPERATURE (F)   51        70      1973
 MINIMUM TEMPERATURE (F)   28         8      1971


SUNRISE AND SUNSET
NOVEMBER 25 2014......SUNRISE   711 AM EST   SUNSET   506 PM EST
NOVEMBER 26 2014......SUNRISE   712 AM EST   SUNSET   506 PM EST


-  INDICATES NEGATIVE NUMBERS.
R  INDICATES RECORD WAS SET OR TIED.
MM INDICATES DATA IS MISSING.
T  INDICATES TRACE AMOUNT.




$$
