000
CDUS41 KRNK 270645
CLIRNK


CLIMATE REPORT
NATIONAL WEATHER SERVICE BLACKSBURG VA
235 AM EDT THU APR 27 2017


...................................

...THE BLACKSBURG VA CLIMATE SUMMARY FOR APRIL 26 2017...

CLIMATE NORMAL PERIOD 1981 TO 2010
CLIMATE RECORD PERIOD 1952 TO 2017


WEATHER ITEM   OBSERVED RECORD YEAR NORMAL DEPARTURE LAST
                VALUE   VALUE       VALUE  FROM      YEAR
                                           NORMAL
...........................................................
TEMPERATURE (F)
 YESTERDAY
  MAXIMUM         79     85    2009  67     12       80
  MINIMUM         52     25    1972  41     11       51
  AVERAGE         66                 54     12       66

PRECIPITATION (IN)
  YESTERDAY        0.00   2.20 1978   0.12  -0.12     0.12
  MONTH TO DATE    5.69               3.02   2.67     1.25
  SINCE MAR 1      8.93               6.66   2.27     3.82
  SINCE JAN 1     14.71              12.55   2.16    10.96

SNOWFALL (IN)
  YESTERDAY        0.0                                0.0
  MONTH TO DATE    0.1                                0.6
  SINCE MAR 1      1.1                                1.6
  SINCE JUL 1      7.7                               25.6
  SNOW DEPTH       0

DEGREE DAYS
 HEATING
  YESTERDAY        0                 11    -11        0
  MONTH TO DATE  249                388   -139      352
  SINCE MAR 1    916               1115   -199      837
  SINCE JUL 1   4008               5163  -1155     4272

 COOLING
  YESTERDAY        1                  0      1        1
  MONTH TO DATE    4                  0      4        1
  SINCE MAR 1      4                  0      4        1
  SINCE JAN 1      4                  0      4        1
...........................................................


WIND (MPH)
  HIGHEST WIND SPEED     8   HIGHEST WIND DIRECTION     S (180)
  HIGHEST GUST SPEED    MM   HIGHEST GUST DIRECTION    MM
  AVERAGE WIND SPEED     2.0


SKY COVER
  AVERAGE SKY COVER 0.4


WEATHER CONDITIONS
 THE FOLLOWING WEATHER WAS RECORDED YESTERDAY.
  FOG
  FOG W/VISIBILITY <= 1/4 MILE


RELATIVE HUMIDITY (PERCENT)
 HIGHEST    96          1200 AM
 LOWEST     42           500 PM
 AVERAGE    69

..........................................................


THE BLACKSBURG VA CLIMATE NORMALS FOR TODAY
                         NORMAL    RECORD    YEAR
 MAXIMUM TEMPERATURE (F)   67        85      1994
 MINIMUM TEMPERATURE (F)   41        25      1974


SUNRISE AND SUNSET
APRIL 27 2017.........SUNRISE   631 AM EDT   SUNSET   808 PM EDT
APRIL 28 2017.........SUNRISE   630 AM EDT   SUNSET   809 PM EDT


-  INDICATES NEGATIVE NUMBERS.
R  INDICATES RECORD WAS SET OR TIED.
MM INDICATES DATA IS MISSING.
T  INDICATES TRACE AMOUNT.




$$
