000
CDUS41 KRNK 110915
CLIRNK


CLIMATE REPORT
NATIONAL WEATHER SERVICE BLACKSBURG VA
409 AM EST SUN DEC 11 2016


...................................

...THE BLACKSBURG VA CLIMATE SUMMARY FOR DECEMBER 10 2016...

CLIMATE NORMAL PERIOD 1981 TO 2010
CLIMATE RECORD PERIOD 1952 TO 2016


WEATHER ITEM   OBSERVED RECORD YEAR NORMAL DEPARTURE LAST
                VALUE   VALUE       VALUE  FROM      YEAR
                                           NORMAL
...........................................................
TEMPERATURE (F)
 YESTERDAY
  MAXIMUM         35     67    2007  45    -10       60
  MINIMUM         15      5    1995  25    -10       37
  AVERAGE         25                 35    -10       49

PRECIPITATION (IN)
  YESTERDAY        0.00   1.00 1972   0.10  -0.10     0.00
  MONTH TO DATE    1.67               1.02   0.65     1.75
  SINCE DEC 1      1.67               1.02   0.65     1.75
  SINCE JAN 1     40.62              38.96   1.66    45.73

SNOWFALL (IN)
  YESTERDAY        0.0                                0.0
  MONTH TO DATE    T                                  0.0
  SINCE DEC 1      T                                  0.0
  SINCE JUL 1      T                                   T
  SNOW DEPTH       0

DEGREE DAYS
 HEATING
  YESTERDAY       40                 30     10       16
  MONTH TO DATE  292                288      4      236
  SINCE DEC 1    292                288      4      236
  SINCE JUL 1   1065               1468   -403     1124

 COOLING
  YESTERDAY        0                  0      0        0
  MONTH TO DATE    0                  0      0        0
  SINCE DEC 1      0                  0      0        0
  SINCE JAN 1    914                573    341      820
...........................................................


WIND (MPH)
  HIGHEST WIND SPEED     9   HIGHEST WIND DIRECTION    NW (300)
  HIGHEST GUST SPEED    MM   HIGHEST GUST DIRECTION    MM
  AVERAGE WIND SPEED     4.5


SKY COVER
  AVERAGE SKY COVER 0.1


WEATHER CONDITIONS
 THE FOLLOWING WEATHER WAS RECORDED YESTERDAY.
  NO SIGNIFICANT WEATHER WAS OBSERVED.


RELATIVE HUMIDITY (PERCENT)
 HIGHEST    80           400 AM
 LOWEST     34           500 PM
 AVERAGE    57

..........................................................


THE BLACKSBURG VA CLIMATE NORMALS FOR TODAY
                         NORMAL    RECORD    YEAR
 MAXIMUM TEMPERATURE (F)   45        71      2007
 MINIMUM TEMPERATURE (F)   25         4      1995


SUNRISE AND SUNSET
DECEMBER 11 2016......SUNRISE   726 AM EST   SUNSET   505 PM EST
DECEMBER 12 2016......SUNRISE   726 AM EST   SUNSET   505 PM EST


-  INDICATES NEGATIVE NUMBERS.
R  INDICATES RECORD WAS SET OR TIED.
MM INDICATES DATA IS MISSING.
T  INDICATES TRACE AMOUNT.

$$

RAB
