000
CDUS41 KRNK 172149
CLIRNK


CLIMATE REPORT
NATIONAL WEATHER SERVICE BLACKSBURG VA
446 PM EST WED DEC 17 2014


...................................

...THE BLACKSBURG VA CLIMATE SUMMARY FOR DECEMBER 17 2014...
VALID TODAY AS OF 0400 PM LOCAL TIME.

CLIMATE NORMAL PERIOD 1981 TO 2010
CLIMATE RECORD PERIOD 1952 TO 2014


WEATHER ITEM   OBSERVED TIME   RECORD YEAR NORMAL DEPARTURE LAST
                VALUE   (LST)  VALUE       VALUE  FROM      YEAR
                                                  NORMAL
..................................................................
TEMPERATURE (F)
 TODAY
  MAXIMUM         46    100 PM  70    1971  43      3       51
  MINIMUM         39    800 AM   0    1989  23     16       25
  AVERAGE         43                        33     10       38

PRECIPITATION (IN)
  TODAY            0.00          0.90 1961   0.09  -0.09     0.04
  MONTH TO DATE    1.34                      1.69  -0.35     2.10
  SINCE DEC 1      1.34                      1.69  -0.35     2.10
  SINCE JAN 1     37.99                     39.63  -1.64    48.44

SNOWFALL (IN)
  TODAY            0.0
  MONTH TO DATE    0.1
  SINCE DEC 1      0.1
  SINCE JUL 1      2.5
  SNOW DEPTH       0

DEGREE DAYS
 HEATING
  TODAY           22                        32    -10       27
  MONTH TO DATE  435                       506    -71      473
  SINCE DEC 1    435                       506    -71      473
  SINCE JUL 1   1628                      1686    -58     1708

 COOLING
  TODAY            0                         0      0        0
  MONTH TO DATE    0                         0      0        0
  SINCE DEC 1      0                         0      0        0
  SINCE JAN 1    609                       573     36      568
..................................................................


WIND (MPH)
  HIGHEST WIND SPEED    18   HIGHEST WIND DIRECTION     W (290)
  HIGHEST GUST SPEED    30   HIGHEST GUST DIRECTION     W (270)
  AVERAGE WIND SPEED    13.2


SKY COVER
  POSSIBLE SUNSHINE  MM
  AVERAGE SKY COVER 0.7


WEATHER CONDITIONS
 THE FOLLOWING WEATHER WAS RECORDED TODAY.
  NO SIGNIFICANT WEATHER WAS OBSERVED.


RELATIVE HUMIDITY (PERCENT)
 HIGHEST    79           500 AM
 LOWEST     55           200 PM
 AVERAGE    67

..........................................................


THE BLACKSBURG VA CLIMATE NORMALS FOR TOMORROW
                         NORMAL    RECORD    YEAR
 MAXIMUM TEMPERATURE (F)   43        70      1984
 MINIMUM TEMPERATURE (F)   23         5      1973


SUNRISE AND SUNSET
DECEMBER 17 2014......SUNRISE   730 AM EST   SUNSET   506 PM EST
DECEMBER 18 2014......SUNRISE   730 AM EST   SUNSET   507 PM EST


-  INDICATES NEGATIVE NUMBERS.
R  INDICATES RECORD WAS SET OR TIED.
MM INDICATES DATA IS MISSING.
T  INDICATES TRACE AMOUNT.




$$
