000
CDUS46 KSGX 261133
CLIRNM


CLIMATE REPORT
NATIONAL WEATHER SERVICE SAN DIEGO, CA
432 AM PDT TUE SEP 26 2017


...................................

...THE RAMONA AIRPORT CA CLIMATE SUMMARY FOR SEPTEMBER 25 2017...

CLIMATE NORMAL PERIOD 1981 TO 2010
CLIMATE RECORD PERIOD 1974 TO 2017


WEATHER ITEM   OBSERVED TIME   RECORD YEAR NORMAL DEPARTURE LAST
                VALUE   (LST)  VALUE       VALUE  FROM      YEAR
                                                  NORMAL
..................................................................
TEMPERATURE (F)
 YESTERDAY
  MAXIMUM         86   1226 PM 104    1978  84      2       96
  MINIMUM         46    357 AM  39    2005  52     -6       48
  AVERAGE         66                        68     -2       72

PRECIPITATION (IN)
  YESTERDAY        0.00          1.08 1997   0.01  -0.01     0.00
  MONTH TO DATE    0.05                      0.25  -0.20     0.50
  SINCE OCT 1     22.96                     16.00   6.96    13.69
  SINCE JAN 1     15.94                     11.86   4.08    10.16

DEGREE DAYS
 HEATING
  YESTERDAY        0                         1     -1        0
  MONTH TO DATE   14                         6      8        8
  SINCE SEP 1     14                         6      8        8
  SINCE JUL 1     14                         9      5        8

 COOLING
  YESTERDAY        1                         4     -3        7
  MONTH TO DATE  187                       161     26      103
  SINCE SEP 1    187                       161     26      103
  SINCE JAN 1   1122                       774    348      899
..................................................................


WIND (MPH)
  RESULTANT WIND SPEED   2   RESULTANT WIND DIRECTION   W (260)
  HIGHEST WIND SPEED    18   HIGHEST WIND DIRECTION     W (270)
  HIGHEST GUST SPEED    23   HIGHEST GUST DIRECTION     W (270)
  AVERAGE WIND SPEED     5.2


SKY COVER
  POSSIBLE SUNSHINE  MM
  AVERAGE SKY COVER 0.0


WEATHER CONDITIONS
 THE FOLLOWING WEATHER WAS RECORDED YESTERDAY.
  NO SIGNIFICANT WEATHER WAS OBSERVED.


RELATIVE HUMIDITY (PERCENT)
 HIGHEST    71          1200 AM
 LOWEST     10          1000 AM
 AVERAGE    41

..........................................................


THE RAMONA AIRPORT CA CLIMATE NORMALS FOR TODAY
                         NORMAL    RECORD    YEAR
 MAXIMUM TEMPERATURE (F)   84       105      2010
 MINIMUM TEMPERATURE (F)   52        46      2013


SUNRISE AND SUNSET
SEPTEMBER 26 2017.....SUNRISE   639 AM PDT   SUNSET   638 PM PDT
SEPTEMBER 27 2017.....SUNRISE   639 AM PDT   SUNSET   637 PM PDT


-  INDICATES NEGATIVE NUMBERS.
R  INDICATES RECORD WAS SET OR TIED.
MM INDICATES DATA IS MISSING.
T  INDICATES TRACE AMOUNT.




$$
