000
CDUS46 KSGX 190125
CLIRNM


CLIMATE REPORT
NATIONAL WEATHER SERVICE SAN DIEGO, CA
524 PM PST SUN FEB 18 2018


...................................

...THE RAMONA AIRPORT CA CLIMATE SUMMARY FOR FEBRUARY 18 2018...
VALID TODAY AS OF 0500 PM LOCAL TIME.

CLIMATE NORMAL PERIOD 1981 TO 2010
CLIMATE RECORD PERIOD 1974 TO 2018


WEATHER ITEM   OBSERVED TIME   RECORD YEAR NORMAL DEPARTURE LAST
                VALUE   (LST)  VALUE       VALUE  FROM      YEAR
                                                  NORMAL
..................................................................
TEMPERATURE (F)
 TODAY
  MAXIMUM         67   1149 AM  88    1981  65      2       56
  MINIMUM         33    432 AM  27    2012  38     -5       47
                                      1975
                                      1974
  AVERAGE         50                        51     -1       52

PRECIPITATION (IN)
  TODAY            0.00          1.51 1980   0.12  -0.12     0.36
  MONTH TO DATE    0.05                      1.82  -1.77     1.88
  SINCE OCT 1      3.38                      9.28  -5.90    16.24
  SINCE JAN 1      3.34                      5.14  -1.80     9.22

DEGREE DAYS
 HEATING
  TODAY           15                        14      1       13
  MONTH TO DATE  158                       260   -102      176
  SINCE DEC 1    715                      1196   -481     1032
  SINCE JUL 1    896                      1607   -711     1283

 COOLING
  TODAY            0                         0      0        0
  MONTH TO DATE    0                         0      0        0
  SINCE DEC 1     17                         1     16        1
  SINCE JAN 1     16                         1     15        0
..................................................................


WIND (MPH)
  RESULTANT WIND SPEED   3   RESULTANT WIND DIRECTION   W (250)
  HIGHEST WIND SPEED    17   HIGHEST WIND DIRECTION    SW (240)
  HIGHEST GUST SPEED    23   HIGHEST GUST DIRECTION    SW (220)
  AVERAGE WIND SPEED     3.8


SKY COVER
  POSSIBLE SUNSHINE  MM
  AVERAGE SKY COVER 0.3


WEATHER CONDITIONS
 THE FOLLOWING WEATHER WAS RECORDED TODAY.
  NO SIGNIFICANT WEATHER WAS OBSERVED.


RELATIVE HUMIDITY (PERCENT)
 HIGHEST    76           600 AM
 LOWEST     40          1000 AM
 AVERAGE    58

..........................................................


THE RAMONA AIRPORT CA CLIMATE NORMALS FOR TOMORROW
                         NORMAL    RECORD    YEAR
 MAXIMUM TEMPERATURE (F)   65        88      1995
 MINIMUM TEMPERATURE (F)   38        28      1974


SUNRISE AND SUNSET
FEBRUARY 18 2018......SUNRISE   628 AM PST   SUNSET   536 PM PST
FEBRUARY 19 2018......SUNRISE   627 AM PST   SUNSET   536 PM PST


-  INDICATES NEGATIVE NUMBERS.
R  INDICATES RECORD WAS SET OR TIED.
MM INDICATES DATA IS MISSING.
T  INDICATES TRACE AMOUNT.




$$
