000
CDUS46 KSGX 210120
CLIRNM


CLIMATE REPORT
NATIONAL WEATHER SERVICE SAN DIEGO, CA
519 PM PST FRI JAN 20 2017


...................................

...THE RAMONA AIRPORT CA CLIMATE SUMMARY FOR JANUARY 20 2017...
VALID TODAY AS OF 0500 PM LOCAL TIME.

CLIMATE NORMAL PERIOD 1981 TO 2010
CLIMATE RECORD PERIOD 1974 TO 2017


WEATHER ITEM   OBSERVED TIME   RECORD YEAR NORMAL DEPARTURE LAST
                VALUE   (LST)  VALUE       VALUE  FROM      YEAR
                                                  NORMAL
..................................................................
TEMPERATURE (F)
 TODAY
  MAXIMUM         52    310 PM  81    1975  66    -14       67
  MINIMUM         47    651 AM  24    2007  35     12       49
                                      1996
  AVERAGE         50                        50      0       58

PRECIPITATION (IN)
  TODAY            1.81R         1.67 2010   0.12   1.69     0.00
  MONTH TO DATE    4.48                      2.42   2.06     5.53
  SINCE OCT 1     11.50                      6.56   4.94     9.06
  SINCE JAN 1      4.48                      2.42   2.06     5.53

DEGREE DAYS
 HEATING
  TODAY           15                        15      0        7
  MONTH TO DATE  287                       300    -13      310
  SINCE DEC 1    679                       777    -98      810
  SINCE JUL 1    930                      1188   -258     1149

 COOLING
  TODAY            0                         0      0        0
  MONTH TO DATE    0                         0      0        0
  SINCE DEC 1      1                         0      1        0
  SINCE JAN 1      0                         0      0        0
..................................................................


WIND (MPH)
  RESULTANT WIND SPEED  10   RESULTANT WIND DIRECTION   S (200)
  HIGHEST WIND SPEED    29   HIGHEST WIND DIRECTION    SW (240)
  HIGHEST GUST SPEED    46   HIGHEST GUST DIRECTION     W (260)
  AVERAGE WIND SPEED    10.9


SKY COVER
  POSSIBLE SUNSHINE  MM
  AVERAGE SKY COVER 0.9


WEATHER CONDITIONS
 THE FOLLOWING WEATHER WAS RECORDED TODAY.
  HEAVY RAIN
  RAIN
  LIGHT RAIN
  FOG


RELATIVE HUMIDITY (PERCENT)
 HIGHEST   100           100 AM
 LOWEST     93           700 AM
 AVERAGE    97

..........................................................


THE RAMONA AIRPORT CA CLIMATE NORMALS FOR TOMORROW
                         NORMAL    RECORD    YEAR
 MAXIMUM TEMPERATURE (F)   65        80      2014
                                             1994
 MINIMUM TEMPERATURE (F)   35        22      2006


SUNRISE AND SUNSET
JANUARY 20 2017.......SUNRISE   649 AM PST   SUNSET   509 PM PST
JANUARY 21 2017.......SUNRISE   649 AM PST   SUNSET   510 PM PST


-  INDICATES NEGATIVE NUMBERS.
R  INDICATES RECORD WAS SET OR TIED.
MM INDICATES DATA IS MISSING.
T  INDICATES TRACE AMOUNT.




$$
