000
CDUS46 KSGX 281419
CLIRNM


CLIMATE REPORT
NATIONAL WEATHER SERVICE SAN DIEGO, CA
719 AM PDT SAT MAR 28 2015


...................................

...THE RAMONA AIRPORT CA CLIMATE SUMMARY FOR MARCH 27 2015...

CLIMATE NORMAL PERIOD 1981 TO 2010
CLIMATE RECORD PERIOD 1974 TO 2015


WEATHER ITEM   OBSERVED TIME   RECORD YEAR NORMAL DEPARTURE LAST
                VALUE   (LST)  VALUE       VALUE  FROM      YEAR
                                                  NORMAL
..................................................................
TEMPERATURE (F)
 YESTERDAY
  MAXIMUM         91R   143 PM  87    1988  67     24       60
  MINIMUM         43    536 AM  30    1975  40      3       40
  AVERAGE         67                        54     13       50

PRECIPITATION (IN)
  YESTERDAY        0.00          1.52 1991   0.06  -0.06     0.05
  MONTH TO DATE    1.23                      2.85  -1.62     0.98
  SINCE OCT 1      7.44                     13.42  -5.98     6.77
  SINCE JAN 1      2.84                      9.28  -6.44     4.10

SNOWFALL (IN)
  YESTERDAY        0.0
  MONTH TO DATE    0.0
  SINCE MAR 1      0.0
  SINCE JUL 1      0.0
  SNOW DEPTH       0

DEGREE DAYS
 HEATING
  YESTERDAY        0                        12    -12       15
  MONTH TO DATE  181                       332   -151      202
  SINCE MAR 1    181                       332   -151      202
  SINCE JUL 1   1365                      2073   -708     1623

 COOLING
  YESTERDAY        2                         0      2        0
  MONTH TO DATE    7                         0      7        0
  SINCE MAR 1      7                         0      7        0
  SINCE JAN 1      9                         1      8        0
..................................................................


WIND (MPH)
  RESULTANT WIND SPEED   2   RESULTANT WIND DIRECTION   W (270)
  HIGHEST WIND SPEED    20   HIGHEST WIND DIRECTION     W (270)
  HIGHEST GUST SPEED    23   HIGHEST GUST DIRECTION     W (270)
  AVERAGE WIND SPEED     4.4


SKY COVER
  POSSIBLE SUNSHINE  MM
  AVERAGE SKY COVER 0.0


WEATHER CONDITIONS
 THE FOLLOWING WEATHER WAS RECORDED YESTERDAY.
  NO SIGNIFICANT WEATHER WAS OBSERVED.


RELATIVE HUMIDITY (PERCENT)
 HIGHEST    65           200 AM
 LOWEST     10          1100 AM
 AVERAGE    38

..........................................................


THE RAMONA AIRPORT CA CLIMATE NORMALS FOR TODAY
                         NORMAL    RECORD    YEAR
 MAXIMUM TEMPERATURE (F)   67        86      2004
 MINIMUM TEMPERATURE (F)   40        30      2007


SUNRISE AND SUNSET
MARCH 28 2015.........SUNRISE   641 AM PDT   SUNSET   705 PM PDT
MARCH 29 2015.........SUNRISE   640 AM PDT   SUNSET   706 PM PDT


-  INDICATES NEGATIVE NUMBERS.
R  INDICATES RECORD WAS SET OR TIED.
MM INDICATES DATA IS MISSING.
T  INDICATES TRACE AMOUNT.




$$
