000
CDUS46 KSGX 240023
CLIRNM


CLIMATE REPORT
NATIONAL WEATHER SERVICE SAN DIEGO, CA
523 PM PDT THU OCT 23 2014


...................................

...THE RAMONA AIRPORT CA CLIMATE SUMMARY FOR OCTOBER 23 2014...
VALID TODAY AS OF 0500 PM LOCAL TIME.

CLIMATE NORMAL PERIOD 1981 TO 2010
CLIMATE RECORD PERIOD 1974 TO 2014


WEATHER ITEM   OBSERVED TIME   RECORD YEAR NORMAL DEPARTURE LAST
                VALUE   (LST)  VALUE       VALUE  FROM      YEAR
                                                  NORMAL
..................................................................
TEMPERATURE (F)
 TODAY
  MAXIMUM         90    117 PM  97    2003  78     12       71
  MINIMUM         46    520 AM  33    1996  46      0       51
  AVERAGE         68                        62      6       61

PRECIPITATION (IN)
  TODAY            0.00          0.38 1992   0.02  -0.02     0.01
  MONTH TO DATE    T                         0.47  -0.47     1.11
  SINCE JUL 1      0.41                      1.04  -0.63     1.20
  SINCE JAN 1      5.50                     12.37  -6.87     5.70

SNOWFALL (IN)
  TODAY            0.0
  MONTH TO DATE    0.0
  SINCE JAN 1      0.0
  SINCE JUL 1      0.0
  SNOW DEPTH       0

DEGREE DAYS
 HEATING
  TODAY            0                         4     -4        4
  MONTH TO DATE    6                        62    -56       87
  SINCE SEP 1      6                        77    -71      101
  SINCE JUL 1      6                        80    -74      102

 COOLING
  TODAY            3                         1      2        0
  MONTH TO DATE   75                        43     32        9
  SINCE SEP 1    370                       223    147      228
  SINCE JAN 1   1109                       836    273      892
..................................................................


WIND (MPH)
  RESULTANT WIND SPEED   3   RESULTANT WIND DIRECTION   W (290)
  HIGHEST WIND SPEED    13   HIGHEST WIND DIRECTION     W (280)
  HIGHEST GUST SPEED    17   HIGHEST GUST DIRECTION    NW (320)
  AVERAGE WIND SPEED     4.0


SKY COVER
  POSSIBLE SUNSHINE  MM
  AVERAGE SKY COVER 0.0


WEATHER CONDITIONS
 THE FOLLOWING WEATHER WAS RECORDED TODAY.
  NO SIGNIFICANT WEATHER WAS OBSERVED.


RELATIVE HUMIDITY (PERCENT)
 HIGHEST    71          1200 AM
 LOWEST     15           900 AM
 AVERAGE    43

..........................................................


THE RAMONA AIRPORT CA CLIMATE NORMALS FOR TOMORROW
                         NORMAL    RECORD    YEAR
 MAXIMUM TEMPERATURE (F)   78        96      2007
 MINIMUM TEMPERATURE (F)   46        36      1996


SUNRISE AND SUNSET
OCTOBER 23 2014.......SUNRISE   658 AM PDT   SUNSET   605 PM PDT
OCTOBER 24 2014.......SUNRISE   659 AM PDT   SUNSET   604 PM PDT


-  INDICATES NEGATIVE NUMBERS.
R  INDICATES RECORD WAS SET OR TIED.
MM INDICATES DATA IS MISSING.
T  INDICATES TRACE AMOUNT.




$$
