000
CDUS46 KSGX 250117
CLIRNM


CLIMATE REPORT
NATIONAL WEATHER SERVICE SAN DIEGO, CA
517 PM PST FRI NOV 24 2017


...................................

...THE RAMONA AIRPORT CA CLIMATE SUMMARY FOR NOVEMBER 24 2017...
VALID TODAY AS OF 0500 PM LOCAL TIME.

CLIMATE NORMAL PERIOD 1981 TO 2010
CLIMATE RECORD PERIOD 1974 TO 2017


WEATHER ITEM   OBSERVED TIME   RECORD YEAR NORMAL DEPARTURE LAST
                VALUE   (LST)  VALUE       VALUE  FROM      YEAR
                                                  NORMAL
..................................................................
TEMPERATURE (F)
 TODAY
  MAXIMUM         90        MM  91    1995  68     22       78
  MINIMUM         MM        MM  28    1999  37     MM       35
  AVERAGE         MM                        53     MM       57

PRECIPITATION (IN)
  TODAY            0.00          1.02 1978   0.04  -0.04     0.00
  MONTH TO DATE    T                         0.98  -0.98     0.53
  SINCE OCT 1      T                         1.70  -1.70     0.71
  SINCE JAN 1     15.94                     13.60   2.34    10.87

DEGREE DAYS
 HEATING
  TODAY           MM                        12     MM        8
  MONTH TO DATE   95                       212   -117      111
  SINCE SEP 1    138                       328   -190      161
  SINCE JUL 1    138                       331   -193      161

 COOLING
  TODAY           MM                         0     MM        0
  MONTH TO DATE   28                         4     24       17
  SINCE SEP 1    347                       235    112      223
  SINCE JAN 1   1282                       848    434     1019
..................................................................


WIND (MPH)
  RESULTANT WIND SPEED   2   RESULTANT WIND DIRECTION   W (290)
  HIGHEST WIND SPEED     8   HIGHEST WIND DIRECTION     W (290)
  HIGHEST GUST SPEED    MM   HIGHEST GUST DIRECTION    MM
  AVERAGE WIND SPEED     5.1


SKY COVER
  POSSIBLE SUNSHINE  MM
  AVERAGE SKY COVER 0.0


WEATHER CONDITIONS
 THE FOLLOWING WEATHER WAS RECORDED TODAY.
  NO SIGNIFICANT WEATHER WAS OBSERVED.


RELATIVE HUMIDITY (PERCENT)
 HIGHEST    20          1000 AM
 LOWEST     16           200 PM
 AVERAGE    18

..........................................................


THE RAMONA AIRPORT CA CLIMATE NORMALS FOR TOMORROW
                         NORMAL    RECORD    YEAR
 MAXIMUM TEMPERATURE (F)   68        92      1977
 MINIMUM TEMPERATURE (F)   37        26      2010


SUNRISE AND SUNSET
NOVEMBER 24 2017......SUNRISE   627 AM PST   SUNSET   442 PM PST
NOVEMBER 25 2017......SUNRISE   628 AM PST   SUNSET   442 PM PST


-  INDICATES NEGATIVE NUMBERS.
R  INDICATES RECORD WAS SET OR TIED.
MM INDICATES DATA IS MISSING.
T  INDICATES TRACE AMOUNT.




$$
