000
CDUS46 KSGX 231427
CLIRNM


CLIMATE REPORT
NATIONAL WEATHER SERVICE SAN DIEGO, CA
726 AM PDT SAT AUG 23 2014


...................................

...THE RAMONA AIRPORT CA CLIMATE SUMMARY FOR AUGUST 22 2014...

CLIMATE NORMAL PERIOD 1981 TO 2010
CLIMATE RECORD PERIOD 1974 TO 2014


WEATHER ITEM   OBSERVED TIME   RECORD YEAR NORMAL DEPARTURE LAST
                VALUE   (LST)  VALUE       VALUE  FROM      YEAR
                                                  NORMAL
..................................................................
TEMPERATURE (F)
 YESTERDAY
  MAXIMUM         87   1233 PM 101    1982  91     -4       97
  MINIMUM         57   1159 PM  43    1978  58     -1       59
  AVERAGE         72                        74     -2       78

PRECIPITATION (IN)
  YESTERDAY        0.00          0.08 2012   0.01  -0.01     0.00
  MONTH TO DATE    0.25                      0.09   0.16     0.00
  SINCE JUL 1      0.41                      0.22   0.19     0.08
  SINCE JAN 1      5.50                     11.55  -6.05     4.58

SNOWFALL (IN)
  YESTERDAY        0.0
  MONTH TO DATE    0.0
  SINCE JAN 1      0.0
  SINCE JUL 1      0.0
  SNOW DEPTH       0

DEGREE DAYS
 HEATING
  YESTERDAY        0                         0      0        0
  MONTH TO DATE    0                         0      0        1
  SINCE JUN 1      7                        29    -22        3
  SINCE JUL 1      0                         2     -2        1

 COOLING
  YESTERDAY        7                         9     -2       13
  MONTH TO DATE  197                       197      0      127
  SINCE JUN 1    576                       505     71      486
  SINCE JAN 1    659                       532    127      534
..................................................................


WIND (MPH)
  RESULTANT WIND SPEED   4   RESULTANT WIND DIRECTION   W (290)
  HIGHEST WIND SPEED    16   HIGHEST WIND DIRECTION     W (290)
  HIGHEST GUST SPEED    23   HIGHEST GUST DIRECTION     W (280)
  AVERAGE WIND SPEED     4.9


SKY COVER
  POSSIBLE SUNSHINE  MM
  AVERAGE SKY COVER 0.0


WEATHER CONDITIONS
 THE FOLLOWING WEATHER WAS RECORDED YESTERDAY.
  FOG


RELATIVE HUMIDITY (PERCENT)
 HIGHEST    97           400 AM
 LOWEST     36           500 PM
 AVERAGE    67

..........................................................


THE RAMONA AIRPORT CA CLIMATE NORMALS FOR TODAY
                         NORMAL    RECORD    YEAR
 MAXIMUM TEMPERATURE (F)   91       103      1996
 MINIMUM TEMPERATURE (F)   58        38      1978


SUNRISE AND SUNSET
AUGUST 23 2014........SUNRISE   616 AM PDT   SUNSET   724 PM PDT
AUGUST 24 2014........SUNRISE   617 AM PDT   SUNSET   723 PM PDT


-  INDICATES NEGATIVE NUMBERS.
R  INDICATES RECORD WAS SET OR TIED.
MM INDICATES DATA IS MISSING.
T  INDICATES TRACE AMOUNT.




$$
