000
CDUS46 KSGX 221417
CLIRNM


CLIMATE REPORT
NATIONAL WEATHER SERVICE SAN DIEGO, CA
717 AM PDT WED OCT 22 2014


...................................

...THE RAMONA AIRPORT CA CLIMATE SUMMARY FOR OCTOBER 21 2014...

CLIMATE NORMAL PERIOD 1981 TO 2010
CLIMATE RECORD PERIOD 1974 TO 2014


WEATHER ITEM   OBSERVED TIME   RECORD YEAR NORMAL DEPARTURE LAST
                VALUE   (LST)  VALUE       VALUE  FROM      YEAR
                                                  NORMAL
..................................................................
TEMPERATURE (F)
 YESTERDAY
  MAXIMUM         82   1253 PM 100    2003  78      4       81
  MINIMUM         48   1151 PM  37    2013  47      1       37
  AVERAGE         65                        62      3       59

PRECIPITATION (IN)
  YESTERDAY        0.00          0.18 2004   0.03  -0.03     0.00
  MONTH TO DATE    T                         0.42  -0.42     1.10
  SINCE JUL 1      0.41                      0.99  -0.58     1.19
  SINCE JAN 1      5.50                     12.32  -6.82     5.69

SNOWFALL (IN)
  YESTERDAY        0.0
  MONTH TO DATE    0.0
  SINCE JAN 1      0.0
  SINCE JUL 1      0.0
  SNOW DEPTH       0

DEGREE DAYS
 HEATING
  YESTERDAY        0                         4     -4        6
  MONTH TO DATE    6                        54    -48       76
  SINCE SEP 1      6                        69    -63       90
  SINCE JUL 1      6                        72    -66       91

 COOLING
  YESTERDAY        0                         1     -1        0
  MONTH TO DATE   71                        41     30        9
  SINCE SEP 1    366                       221    145      228
  SINCE JAN 1   1105                       834    271      892
..................................................................


WIND (MPH)
  RESULTANT WIND SPEED   3   RESULTANT WIND DIRECTION   W (290)
  HIGHEST WIND SPEED    16   HIGHEST WIND DIRECTION     W (270)
  HIGHEST GUST SPEED    20   HIGHEST GUST DIRECTION     W (290)
  AVERAGE WIND SPEED     4.3


SKY COVER
  POSSIBLE SUNSHINE  MM
  AVERAGE SKY COVER 0.4


WEATHER CONDITIONS
 THE FOLLOWING WEATHER WAS RECORDED YESTERDAY.
  FOG
  FOG W/VISIBILITY <= 1/4 MILE
  HAZE


RELATIVE HUMIDITY (PERCENT)
 HIGHEST    97           200 AM
 LOWEST     37           100 PM
 AVERAGE    67

..........................................................


THE RAMONA AIRPORT CA CLIMATE NORMALS FOR TODAY
                         NORMAL    RECORD    YEAR
 MAXIMUM TEMPERATURE (F)   78        98      2003
 MINIMUM TEMPERATURE (F)   46        36      2013


SUNRISE AND SUNSET
OCTOBER 22 2014.......SUNRISE   657 AM PDT   SUNSET   606 PM PDT
OCTOBER 23 2014.......SUNRISE   658 AM PDT   SUNSET   605 PM PDT


-  INDICATES NEGATIVE NUMBERS.
R  INDICATES RECORD WAS SET OR TIED.
MM INDICATES DATA IS MISSING.
T  INDICATES TRACE AMOUNT.




$$
