054
CDUS46 KSGX 290019
CLIRNM


CLIMATE REPORT
NATIONAL WEATHER SERVICE SAN DIEGO, CA
518 PM PDT TUE MAR 28 2017


...................................

...THE RAMONA AIRPORT CA CLIMATE SUMMARY FOR MARCH 28 2017...
VALID TODAY AS OF 0500 PM LOCAL TIME.

CLIMATE NORMAL PERIOD 1981 TO 2010
CLIMATE RECORD PERIOD 1974 TO 2017


WEATHER ITEM   OBSERVED TIME   RECORD YEAR NORMAL DEPARTURE LAST
                VALUE   (LST)  VALUE       VALUE  FROM      YEAR
                                                  NORMAL
..................................................................
TEMPERATURE (F)
 TODAY
  MAXIMUM         72    246 PM  87    2015  67      5       61
  MINIMUM         36    555 AM  30    2007  40     -4       46
  AVERAGE         54                        54      0       54

PRECIPITATION (IN)
  TODAY            0.00          1.56 1998   0.06  -0.06     0.01
  MONTH TO DATE    0.09                      2.91  -2.82     1.20
  SINCE OCT 1     21.58                     13.48   8.10    11.38
  SINCE JAN 1     14.56                      9.34   5.22     7.85

DEGREE DAYS
 HEATING
  TODAY           11                        11      0       11
  MONTH TO DATE  186                       343   -157      266
  SINCE MAR 1    186                       343   -157      266
  SINCE JUL 1   1621                      2084   -463     1769

 COOLING
  TODAY            0                         0      0        0
  MONTH TO DATE    3                         0      3        0
  SINCE MAR 1      3                         0      3        0
  SINCE JAN 1      3                         1      2        5
..................................................................


WIND (MPH)
  RESULTANT WIND SPEED   3   RESULTANT WIND DIRECTION   W (280)
  HIGHEST WIND SPEED    14   HIGHEST WIND DIRECTION     W (290)
  HIGHEST GUST SPEED    32   HIGHEST GUST DIRECTION    NW (330)
  AVERAGE WIND SPEED     4.3


SKY COVER
  POSSIBLE SUNSHINE  MM
  AVERAGE SKY COVER 0.0


WEATHER CONDITIONS
 THE FOLLOWING WEATHER WAS RECORDED TODAY.
  FOG
  FOG W/VISIBILITY <= 1/4 MILE


RELATIVE HUMIDITY (PERCENT)
 HIGHEST   100          1200 AM
 LOWEST     31          1200 PM
 AVERAGE    66

..........................................................


THE RAMONA AIRPORT CA CLIMATE NORMALS FOR TOMORROW
                         NORMAL    RECORD    YEAR
 MAXIMUM TEMPERATURE (F)   67        91      2004
 MINIMUM TEMPERATURE (F)   40        28      1975


SUNRISE AND SUNSET
MARCH 28 2017.........SUNRISE   640 AM PDT   SUNSET   705 PM PDT
MARCH 29 2017.........SUNRISE   639 AM PDT   SUNSET   706 PM PDT


-  INDICATES NEGATIVE NUMBERS.
R  INDICATES RECORD WAS SET OR TIED.
MM INDICATES DATA IS MISSING.
T  INDICATES TRACE AMOUNT.




$$
