000
CDUS45 KREV 010849
CLIRNO


CLIMATE REPORT
NATIONAL WEATHER SERVICE RENO NV
1249 AM PST SUN MAR 1 2015


...................................

...THE RENO TAHOE AIRPORT NV CLIMATE SUMMARY FOR FEBRUARY 28 2015...

CLIMATE NORMAL PERIOD 1981 TO 2010
CLIMATE RECORD PERIOD 1888 TO 2015


WEATHER ITEM   OBSERVED TIME   RECORD YEAR NORMAL DEPARTURE LAST
                VALUE   (LST)  VALUE       VALUE  FROM      YEAR
                                                  NORMAL
..................................................................
TEMPERATURE (F)
 YESTERDAY
  MAXIMUM         39    252 PM  75    1986  55    -16       50
  MINIMUM         33    923 AM   7    1951  31      2       36
  AVERAGE         36                        43     -7       43

PRECIPITATION (IN)
  YESTERDAY        0.21          0.43 1940   0.04   0.17     0.15
  MONTH TO DATE    1.43                      1.02   0.41     0.69
  SINCE OCT 1      2.91                      4.41  -1.50     2.03
  SINCE JAN 1      1.49                      2.05  -0.56     1.07

SNOWFALL (IN)
  YESTERDAY        0.5           2.4  1958   0.2    0.3      0.0
  MONTH TO DATE    0.5                       5.0   -4.5      1.1
  SINCE DEC 1      2.7                      15.5  -12.8      5.8
  SINCE JUL 1      2.7                      19.0  -16.3      6.2
  SNOW DEPTH       T

DEGREE DAYS
 HEATING
  YESTERDAY       29                        22      7       22
  MONTH TO DATE  517                       701   -184      563
  SINCE DEC 1   2040                      2535   -495     2466
  SINCE JUL 1   2865                      3638   -773     3584

 COOLING
  YESTERDAY        0                         0      0        0
  MONTH TO DATE    0                         0      0        0
  SINCE DEC 1      0                         0      0        0
  SINCE JAN 1      0                         0      0        0
..................................................................


WIND (MPH)
  RESULTANT WIND SPEED   4   RESULTANT WIND DIRECTION   N (340)
  HIGHEST WIND SPEED    15   HIGHEST WIND DIRECTION     N (340)
  HIGHEST GUST SPEED    21   HIGHEST GUST DIRECTION    NW (320)
  AVERAGE WIND SPEED     4.9



WEATHER CONDITIONS
 THE FOLLOWING WEATHER WAS RECORDED YESTERDAY.
  LIGHT RAIN
  SNOW
  LIGHT SNOW
  FOG


RELATIVE HUMIDITY (PERCENT)
 HIGHEST   100           300 AM
 LOWEST     82          1200 AM
 AVERAGE    91

..........................................................


THE RENO TAHOE AIRPORT NV CLIMATE NORMALS FOR TODAY
                         NORMAL    RECORD    YEAR
 MAXIMUM TEMPERATURE (F)   55        72      1934
 MINIMUM TEMPERATURE (F)   31         3      1971


SUNRISE AND SUNSET
MARCH  1 2015.........SUNRISE   632 AM PST   SUNSET   551 PM PST
MARCH  2 2015.........SUNRISE   631 AM PST   SUNSET   552 PM PST


-  INDICATES NEGATIVE NUMBERS.
R  INDICATES RECORD WAS SET OR TIED.
MM INDICATES DATA IS MISSING.
T  INDICATES TRACE AMOUNT.




$$
