000
CDUS45 KREV 200900
CLIRNO


CLIMATE REPORT
NATIONAL WEATHER SERVICE RENO NV
1259 AM PST SAT JAN 20 2018


...................................

...THE RENO-TAHOE INTL AIRPORT NV CLIMATE SUMMARY FOR JANUARY 19 2018...

CLIMATE NORMAL PERIOD 1981 TO 2010
CLIMATE RECORD PERIOD 1888 TO 2018


WEATHER ITEM   OBSERVED TIME   RECORD YEAR NORMAL DEPARTURE LAST
                VALUE   (LST)  VALUE       VALUE  FROM      YEAR
                                                  NORMAL
..................................................................
TEMPERATURE (F)
 YESTERDAY
  MAXIMUM         46    234 PM  67    1986  46      0       46
  MINIMUM         33   1159 PM  -4    1952  26      7       33
                                      1890
  AVERAGE         40                        36      4       40

PRECIPITATION (IN)
  YESTERDAY        T             0.73 1969   0.03  -0.03     0.03
  MONTH TO DATE    0.54                      0.69  -0.15     4.71
  SINCE OCT 1      2.11                      3.05  -0.94     8.50
  SINCE JAN 1      0.54                      0.69  -0.15     4.71

SNOWFALL (IN)
  YESTERDAY        T            10.5  1933   0.1   -0.1      0.1
  MONTH TO DATE    T                         4.1   -4.1      9.5
  SINCE DEC 1      1.0                       9.0   -8.0     10.3
  SINCE JUL 1      1.0                      12.5  -11.5     10.9
  SNOW DEPTH       0

DEGREE DAYS
 HEATING
  YESTERDAY       25                        29     -4       25
  MONTH TO DATE  401                       569   -168      591
  SINCE DEC 1   1279                      1490   -211     1454
  SINCE JUL 1   2219                      2593   -374     2332

 COOLING
  YESTERDAY        0                         0      0        0
  MONTH TO DATE    0                         0      0        0
  SINCE DEC 1      0                         0      0        0
  SINCE JAN 1      0                         0      0        0
..................................................................


WIND (MPH)
  RESULTANT WIND SPEED   8   RESULTANT WIND DIRECTION  NW (320)
  HIGHEST WIND SPEED    22   HIGHEST WIND DIRECTION    NW (310)
  HIGHEST GUST SPEED    31   HIGHEST GUST DIRECTION    NW (330)
  AVERAGE WIND SPEED    11.5



WEATHER CONDITIONS
 THE FOLLOWING WEATHER WAS RECORDED YESTERDAY.
  NO SIGNIFICANT WEATHER WAS OBSERVED.


RELATIVE HUMIDITY (PERCENT)
 HIGHEST    69           800 PM
 LOWEST     23          1200 PM
 AVERAGE    46

..........................................................


THE RENO-TAHOE INTL AIRPORT NV CLIMATE NORMALS FOR TODAY
                         NORMAL    RECORD    YEAR
 MAXIMUM TEMPERATURE (F)   46        65      1950
 MINIMUM TEMPERATURE (F)   26       -12      1937


SUNRISE AND SUNSET
JANUARY 20 2018.......SUNRISE   715 AM PST   SUNSET   505 PM PST
JANUARY 21 2018.......SUNRISE   715 AM PST   SUNSET   507 PM PST


-  INDICATES NEGATIVE NUMBERS.
R  INDICATES RECORD WAS SET OR TIED.
MM INDICATES DATA IS MISSING.
T  INDICATES TRACE AMOUNT.




$$
