000
CDUS45 KREV 030839
CLIRNO


CLIMATE REPORT
NATIONAL WEATHER SERVICE RENO NV
138 AM PDT TUE MAY 3 2016


...................................

...THE RENO TAHOE AIRPORT NV CLIMATE SUMMARY FOR MAY 2 2016...

CLIMATE NORMAL PERIOD 1981 TO 2010
CLIMATE RECORD PERIOD 1888 TO 2016


WEATHER ITEM   OBSERVED TIME   RECORD YEAR NORMAL DEPARTURE LAST
                VALUE   (LST)  VALUE       VALUE  FROM      YEAR
                                                  NORMAL
..................................................................
TEMPERATURE (F)
 YESTERDAY
  MAXIMUM         71    533 PM  88    2004  69      2       82
  MINIMUM         42    525 AM  18    1964  42      0       50
  AVERAGE         57                        55      2       66

PRECIPITATION (IN)
  YESTERDAY        0.00          0.36 1905   0.02  -0.02     0.00
  MONTH TO DATE    0.00                      0.03  -0.03     0.00
  SINCE OCT 1      8.00                      5.67   2.33     3.27
  SINCE JAN 1      4.05                      3.31   0.74     1.85

SNOWFALL (IN)
  YESTERDAY        0.0           2.2  1938   0.0    0.0      0.0
  MONTH TO DATE    0.0                       0.0    0.0      0.0
  SINCE MAR 1      6.8                       2.5    4.3       T
  SINCE JUL 1     30.9                      21.5    9.4      2.7
  SNOW DEPTH       0

DEGREE DAYS
 HEATING
  YESTERDAY        8                        10     -2        0
  MONTH TO DATE   20                        20      0        0
  SINCE MAR 1    828                      1044   -216      768
  SINCE JUL 1   4165                      4682   -517     3633

 COOLING
  YESTERDAY        0                         0      0        1
  MONTH TO DATE    0                         0      0        2
  SINCE MAR 1      0                         1     -1        2
  SINCE JAN 1      0                         1     -1        2
..................................................................


WIND (MPH)
  RESULTANT WIND SPEED   1   RESULTANT WIND DIRECTION  SE (130)
  HIGHEST WIND SPEED    14   HIGHEST WIND DIRECTION    SE (150)
  HIGHEST GUST SPEED    18   HIGHEST GUST DIRECTION    SE (150)
  AVERAGE WIND SPEED     3.5



WEATHER CONDITIONS
 THE FOLLOWING WEATHER WAS RECORDED YESTERDAY.
  NO SIGNIFICANT WEATHER WAS OBSERVED.


RELATIVE HUMIDITY (PERCENT)
 HIGHEST    70           500 AM
 LOWEST     22           500 PM
 AVERAGE    46

..........................................................


THE RENO TAHOE AIRPORT NV CLIMATE NORMALS FOR TODAY
                         NORMAL    RECORD    YEAR
 MAXIMUM TEMPERATURE (F)   69        89      2004
 MINIMUM TEMPERATURE (F)   42        20      1965


SUNRISE AND SUNSET
MAY  3 2016...........SUNRISE   557 AM PDT   SUNSET   755 PM PDT
MAY  4 2016...........SUNRISE   556 AM PDT   SUNSET   756 PM PDT


-  INDICATES NEGATIVE NUMBERS.
R  INDICATES RECORD WAS SET OR TIED.
MM INDICATES DATA IS MISSING.
T  INDICATES TRACE AMOUNT.




$$
