000
CDUS45 KREV 260839
CLIRNO


CLIMATE REPORT
NATIONAL WEATHER SERVICE RENO NV
139 AM PDT TUE JUL 26 2016


...................................

...THE RENO TAHOE AIRPORT NV CLIMATE SUMMARY FOR JULY 25 2016...

CLIMATE NORMAL PERIOD 1981 TO 2010
CLIMATE RECORD PERIOD 1888 TO 2016


WEATHER ITEM   OBSERVED TIME   RECORD YEAR NORMAL DEPARTURE LAST
                VALUE   (LST)  VALUE       VALUE  FROM      YEAR
                                                  NORMAL
..................................................................
TEMPERATURE (F)
 YESTERDAY
  MAXIMUM         97    322 PM 104    1980  94      3       89
  MINIMUM         57    445 AM  38    1947  59     -2       56
  AVERAGE         77                        76      1       73

PRECIPITATION (IN)
  YESTERDAY        0.00          0.51 1946   0.01  -0.01     0.00
  MONTH TO DATE    0.00                      0.14  -0.14     0.51
  SINCE OCT 1      9.16                      6.78   2.38     5.72
  SINCE JAN 1      5.21                      4.42   0.79     4.30

SNOWFALL (IN)
  YESTERDAY        0.0           0.0    MM   0.0    0.0      0.0
  MONTH TO DATE    0.0                       0.0    0.0      0.0
  SINCE JUN 1      0.0                       T      0.0      0.0
  SINCE JUL 1      0.0                       0.0    0.0      0.0
  SNOW DEPTH       0

DEGREE DAYS
 HEATING
  YESTERDAY        0                         0      0        0
  MONTH TO DATE    0                         0      0        1
  SINCE JUN 1     15                        56    -41        8
  SINCE JUL 1      0                         0      0        1

 COOLING
  YESTERDAY       12                        11      1        8
  MONTH TO DATE  252                       248      4      259
  SINCE JUN 1    516                       384    132      544
  SINCE JAN 1    544                       421    123      578
..................................................................


WIND (MPH)
  RESULTANT WIND SPEED   4   RESULTANT WIND DIRECTION  NW (300)
  HIGHEST WIND SPEED    21   HIGHEST WIND DIRECTION     W (270)
  HIGHEST GUST SPEED    27   HIGHEST GUST DIRECTION    NW (310)
  AVERAGE WIND SPEED     6.3



WEATHER CONDITIONS
 THE FOLLOWING WEATHER WAS RECORDED YESTERDAY.
  NO SIGNIFICANT WEATHER WAS OBSERVED.


RELATIVE HUMIDITY (PERCENT)
 HIGHEST    40           400 AM
 LOWEST      7           100 PM
 AVERAGE    24

..........................................................


THE RENO TAHOE AIRPORT NV CLIMATE NORMALS FOR TODAY
                         NORMAL    RECORD    YEAR
 MAXIMUM TEMPERATURE (F)   94       104      1980
                                             1945
 MINIMUM TEMPERATURE (F)   59        39      1967
                                             1966


SUNRISE AND SUNSET
JULY 26 2016..........SUNRISE   554 AM PDT   SUNSET   817 PM PDT
JULY 27 2016..........SUNRISE   555 AM PDT   SUNSET   816 PM PDT


-  INDICATES NEGATIVE NUMBERS.
R  INDICATES RECORD WAS SET OR TIED.
MM INDICATES DATA IS MISSING.
T  INDICATES TRACE AMOUNT.




$$
