000
CDUS41 KRNK 230925
CLIROA


CLIMATE REPORT
NATIONAL WEATHER SERVICE BLACKSBURG VA
524 AM EDT TUE SEP 23 2014


...................................

...THE ROANOKE VA CLIMATE SUMMARY FOR SEPTEMBER 22 2014...

CLIMATE NORMAL PERIOD 1981 TO 2010
CLIMATE RECORD PERIOD 1912 TO 2014


WEATHER ITEM   OBSERVED TIME   RECORD YEAR NORMAL DEPARTURE LAST
                VALUE   (LST)  VALUE       VALUE  FROM      YEAR
                                                  NORMAL
..................................................................
TEMPERATURE (F)
 YESTERDAY
  MAXIMUM         73    244 PM  97    1931  76     -3       75
  MINIMUM         55    412 AM  35    1918  55      0       50
  AVERAGE         64                        66     -2       63

PRECIPITATION (IN)
  YESTERDAY        0.00          1.24 1989   0.12  -0.12     0.00
  MONTH TO DATE    1.22                      2.97  -1.75     1.11
  SINCE SEP 1      1.22                      2.97  -1.75     1.11
  SINCE JAN 1     29.80                     31.10  -1.30    43.42

SNOWFALL (IN)
  YESTERDAY        0.0
  MONTH TO DATE    0.0
  SINCE SEP 1      0.0
  SINCE JUL 1      0.0
  SNOW DEPTH       0

DEGREE DAYS
 HEATING
  YESTERDAY        1                         2     -1        2
  MONTH TO DATE    4                        19    -15       20
  SINCE SEP 1      4                        19    -15       20
  SINCE JUL 1      4                        20    -16       21

 COOLING
  YESTERDAY        0                         3     -3        0
  MONTH TO DATE  127                       121      6      123
  SINCE SEP 1    127                       121      6      123
  SINCE JAN 1   1097                      1168    -71     1183
..................................................................


WIND (MPH)
  HIGHEST WIND SPEED    20   HIGHEST WIND DIRECTION     N (350)
  HIGHEST GUST SPEED    24   HIGHEST GUST DIRECTION     N (340)
  AVERAGE WIND SPEED     8.2


SKY COVER
  POSSIBLE SUNSHINE  MM
  AVERAGE SKY COVER 0.5


WEATHER CONDITIONS
 THE FOLLOWING WEATHER WAS RECORDED YESTERDAY.
  NO SIGNIFICANT WEATHER WAS OBSERVED.


RELATIVE HUMIDITY (PERCENT)
 HIGHEST    72           600 AM
 LOWEST     44           200 PM
 AVERAGE    58

..........................................................


THE ROANOKE VA CLIMATE NORMALS FOR TODAY
                         NORMAL    RECORD    YEAR
 MAXIMUM TEMPERATURE (F)   76        97      1931
 MINIMUM TEMPERATURE (F)   55        36      1976
                                             1918


SUNRISE AND SUNSET
SEPTEMBER 23 2014.....SUNRISE   708 AM EDT   SUNSET   715 PM EDT
SEPTEMBER 24 2014.....SUNRISE   709 AM EDT   SUNSET   714 PM EDT


-  INDICATES NEGATIVE NUMBERS.
R  INDICATES RECORD WAS SET OR TIED.
MM INDICATES DATA IS MISSING.
T  INDICATES TRACE AMOUNT.




$$
