000
CDUS41 KRNK 162111
CLIROA


CLIMATE REPORT
NATIONAL WEATHER SERVICE BLACKSBURG VA
510 PM EDT WED AUG 16 2017


...................................

...THE ROANOKE VA CLIMATE SUMMARY FOR AUGUST 16 2017...
VALID TODAY AS OF 0500 PM LOCAL TIME.

CLIMATE NORMAL PERIOD 1981 TO 2010
CLIMATE RECORD PERIOD 1912 TO 2017


WEATHER ITEM   OBSERVED TIME   RECORD YEAR NORMAL DEPARTURE LAST
                VALUE   (LST)  VALUE       VALUE  FROM      YEAR
                                                  NORMAL
..................................................................
TEMPERATURE (F)
 TODAY
  MAXIMUM         92    313 PM 102    2007  86      6       89
  MINIMUM         67    606 AM  47    1979  65      2       71
  AVERAGE         80                        76      4       80

PRECIPITATION (IN)
  TODAY            0.00          3.23 1928   0.11  -0.11     0.00
  MONTH TO DATE    0.91                      1.81  -0.90     3.21
  SINCE JUN 1      7.48                      9.68  -2.20    14.79
  SINCE JAN 1     28.50                     26.38   2.12    32.52

SNOWFALL (IN)
  TODAY            0.0                                       0.0
  MONTH TO DATE    0.0                                       0.0
  SINCE JUN 1      0.0                                       0.0
  SINCE JUL 1      0.0                                       0.0
  SNOW DEPTH       0

DEGREE DAYS
 HEATING
  TODAY            0                         0      0        0
  MONTH TO DATE    0                         0      0        0
  SINCE JUN 1      4                        11     -7        0
  SINCE JUL 1      0                         0      0        0

 COOLING
  TODAY           15                        11      4       15
  MONTH TO DATE  163                       178    -15      207
  SINCE JUN 1    835                       785     50      932
  SINCE JAN 1   1019                       901    118     1057
..................................................................


WIND (MPH)
  HIGHEST WIND SPEED    10   HIGHEST WIND DIRECTION     N (360)
  HIGHEST GUST SPEED    14   HIGHEST GUST DIRECTION     W (280)
  AVERAGE WIND SPEED     2.4


SKY COVER
  AVERAGE SKY COVER 0.2


WEATHER CONDITIONS
 THE FOLLOWING WEATHER WAS RECORDED TODAY.
  NO SIGNIFICANT WEATHER WAS OBSERVED.


RELATIVE HUMIDITY (PERCENT)
 HIGHEST    97           400 AM
 LOWEST     41           300 PM
 AVERAGE    69

..........................................................


THE ROANOKE VA CLIMATE NORMALS FOR TOMORROW
                         NORMAL    RECORD    YEAR
 MAXIMUM TEMPERATURE (F)   86       102      1988
 MINIMUM TEMPERATURE (F)   65        48      1979


SUNRISE AND SUNSET
AUGUST 16 2017........SUNRISE   637 AM EDT   SUNSET   810 PM EDT
AUGUST 17 2017........SUNRISE   638 AM EDT   SUNSET   809 PM EDT


-  INDICATES NEGATIVE NUMBERS.
R  INDICATES RECORD WAS SET OR TIED.
MM INDICATES DATA IS MISSING.
T  INDICATES TRACE AMOUNT.




$$
