000
CDUS41 KRNK 280751
CLIROA


CLIMATE REPORT
NATIONAL WEATHER SERVICE BLACKSBURG VA
349 AM EDT THU JUL 28 2016


...................................

...THE ROANOKE VA CLIMATE SUMMARY FOR JULY 27 2016...

CLIMATE NORMAL PERIOD 1981 TO 2010
CLIMATE RECORD PERIOD 1912 TO 2016


WEATHER ITEM   OBSERVED TIME   RECORD YEAR NORMAL DEPARTURE LAST
                VALUE   (LST)  VALUE       VALUE  FROM      YEAR
                                                  NORMAL
..................................................................
TEMPERATURE (F)
 YESTERDAY
  MAXIMUM         92   1255 PM 103    1936  87      5       87
  MINIMUM         73    430 PM  53    1977  66      7       70
                                      1924
  AVERAGE         83                        77      6       79

PRECIPITATION (IN)
  YESTERDAY        0.66          2.84 1934   0.13   0.53     0.01
  MONTH TO DATE    3.00                      3.51  -0.51     4.27
  SINCE JUN 1      9.03                      7.34   1.69    13.34
  SINCE JAN 1     26.76                     24.04   2.72    28.32

SNOWFALL (IN)
  YESTERDAY        0.0                                       0.0
  MONTH TO DATE    0.0                                       0.0
  SINCE JUN 1      0.0                                        T
  SINCE JUL 1      0.0                                       0.0
  SNOW DEPTH       0

DEGREE DAYS
 HEATING
  YESTERDAY        0                         0      0        0
  MONTH TO DATE    0                         0      0        0
  SINCE JUN 1      0                        11    -11        7
  SINCE JUL 1      0                         0      0        0

 COOLING
  YESTERDAY       18                        12      6       14
  MONTH TO DATE  383                       319     64      330
  SINCE JUN 1    663                       565     98      656
  SINCE JAN 1    788                       681    107      824
..................................................................


WIND (MPH)
  HIGHEST WIND SPEED    15   HIGHEST WIND DIRECTION    SW (240)
  HIGHEST GUST SPEED    19   HIGHEST GUST DIRECTION     W (250)
  AVERAGE WIND SPEED     2.9


SKY COVER
  AVERAGE SKY COVER 0.4


WEATHER CONDITIONS
 THE FOLLOWING WEATHER WAS RECORDED YESTERDAY.
  THUNDERSTORM
  HEAVY RAIN
  RAIN
  LIGHT RAIN
  FOG


RELATIVE HUMIDITY (PERCENT)
 HIGHEST    94           100 AM
 LOWEST     52          1200 PM
 AVERAGE    73

..........................................................


THE ROANOKE VA CLIMATE NORMALS FOR TODAY
                         NORMAL    RECORD    YEAR
 MAXIMUM TEMPERATURE (F)   87       104      1930
 MINIMUM TEMPERATURE (F)   66        50      1962


SUNRISE AND SUNSET
JULY 28 2016..........SUNRISE   622 AM EDT   SUNSET   831 PM EDT
JULY 29 2016..........SUNRISE   622 AM EDT   SUNSET   830 PM EDT


-  INDICATES NEGATIVE NUMBERS.
R  INDICATES RECORD WAS SET OR TIED.
MM INDICATES DATA IS MISSING.
T  INDICATES TRACE AMOUNT.




$$
