000
CDUS41 KRNK 280723
CLIROA


CLIMATE REPORT
NATIONAL WEATHER SERVICE BLACKSBURG VA
322 AM EDT SAT MAR 28 2015


...................................

...THE ROANOKE VA CLIMATE SUMMARY FOR MARCH 27 2015...

CLIMATE NORMAL PERIOD 1981 TO 2010
CLIMATE RECORD PERIOD 1912 TO 2015


WEATHER ITEM   OBSERVED TIME   RECORD YEAR NORMAL DEPARTURE LAST
                VALUE   (LST)  VALUE       VALUE  FROM      YEAR
                                                  NORMAL
..................................................................
TEMPERATURE (F)
 YESTERDAY
  MAXIMUM         50    541 PM  85    1921  62    -12       56
  MINIMUM         36   1159 PM  18    1955  40     -4       23
  AVERAGE         43                        51     -8       40

PRECIPITATION (IN)
  YESTERDAY        0.39          1.83 1994   0.13   0.26     0.00
  MONTH TO DATE    4.31                      2.98   1.33     2.17
  SINCE MAR 1      4.31                      2.98   1.33     2.17
  SINCE JAN 1      8.23                      8.79  -0.56     8.45

SNOWFALL (IN)
  YESTERDAY        0.0
  MONTH TO DATE    1.9
  SINCE MAR 1      1.9
  SINCE JUL 1     21.7
  SNOW DEPTH       0

DEGREE DAYS
 HEATING
  YESTERDAY       22                        14      8       25
  MONTH TO DATE  464                       497    -33      596
  SINCE MAR 1    464                       497    -33      596
  SINCE JUL 1   3893                      3702    191     3998

 COOLING
  YESTERDAY        0                         0      0        0
  MONTH TO DATE    0                         0      0        0
  SINCE MAR 1      0                         0      0        0
  SINCE JAN 1      0                         0      0        0
..................................................................


WIND (MPH)
  HIGHEST WIND SPEED    24   HIGHEST WIND DIRECTION    NW (310)
  HIGHEST GUST SPEED    31   HIGHEST GUST DIRECTION    NW (320)
  AVERAGE WIND SPEED     9.8


SKY COVER
  POSSIBLE SUNSHINE  MM
  AVERAGE SKY COVER 0.8


WEATHER CONDITIONS
 THE FOLLOWING WEATHER WAS RECORDED YESTERDAY.
  RAIN
  LIGHT RAIN
  FOG


RELATIVE HUMIDITY (PERCENT)
 HIGHEST    86           100 AM
 LOWEST     39           500 PM
 AVERAGE    63

..........................................................


THE ROANOKE VA CLIMATE NORMALS FOR TODAY
                         NORMAL    RECORD    YEAR
 MAXIMUM TEMPERATURE (F)   62        85      1945
 MINIMUM TEMPERATURE (F)   40        17      1982


SUNRISE AND SUNSET
MARCH 28 2015.........SUNRISE   712 AM EDT   SUNSET   739 PM EDT
MARCH 29 2015.........SUNRISE   710 AM EDT   SUNSET   740 PM EDT


-  INDICATES NEGATIVE NUMBERS.
R  INDICATES RECORD WAS SET OR TIED.
MM INDICATES DATA IS MISSING.
T  INDICATES TRACE AMOUNT.




$$
