000
CDUS41 KRNK 260606
CLIROA


CLIMATE REPORT
NATIONAL WEATHER SERVICE BLACKSBURG VA
205 AM EDT MON SEP 26 2016


...................................

...THE ROANOKE VA CLIMATE SUMMARY FOR SEPTEMBER 25 2016...

CLIMATE NORMAL PERIOD 1981 TO 2010
CLIMATE RECORD PERIOD 1912 TO 2016


WEATHER ITEM   OBSERVED TIME   RECORD YEAR NORMAL DEPARTURE LAST
                VALUE   (LST)  VALUE       VALUE  FROM      YEAR
                                                  NORMAL
..................................................................
TEMPERATURE (F)
 YESTERDAY
  MAXIMUM         72    108 AM  97    1930  75     -3       65
  MINIMUM         65   1159 PM  35    1983  54     11       60
                                      1963
  AVERAGE         69                        64      5       63

PRECIPITATION (IN)
  YESTERDAY        0.00          1.16 2000   0.12  -0.12     0.23
  MONTH TO DATE    1.16                      3.31  -2.15     2.88
  SINCE SEP 1      1.16                      3.31  -2.15     2.88
  SINCE JAN 1     34.93                     31.44   3.49    34.31

SNOWFALL (IN)
  YESTERDAY        0.0                                       0.0
  MONTH TO DATE    0.0                                       0.0
  SINCE SEP 1      0.0                                       0.0
  SINCE JUL 1      0.0                                       0.0
  SNOW DEPTH       0

DEGREE DAYS
 HEATING
  YESTERDAY        0                         3     -3        2
  MONTH TO DATE    0                        28    -28       14
  SINCE SEP 1      0                        28    -28       14
  SINCE JUL 1      0                        29    -29       14

 COOLING
  YESTERDAY        4                         2      2        0
  MONTH TO DATE  243                       129    114      163
  SINCE SEP 1    243                       129    114      163
  SINCE JAN 1   1492                      1176    316     1379
..................................................................


WIND (MPH)
  HIGHEST WIND SPEED    13   HIGHEST WIND DIRECTION    SE (140)
  HIGHEST GUST SPEED    15   HIGHEST GUST DIRECTION    SE (140)
  AVERAGE WIND SPEED     7.9


SKY COVER
  AVERAGE SKY COVER 1.0


WEATHER CONDITIONS
 THE FOLLOWING WEATHER WAS RECORDED YESTERDAY.
  FOG


RELATIVE HUMIDITY (PERCENT)
 HIGHEST   100          1100 PM
 LOWEST     76           700 PM
 AVERAGE    88

..........................................................


THE ROANOKE VA CLIMATE NORMALS FOR TODAY
                         NORMAL    RECORD    YEAR
 MAXIMUM TEMPERATURE (F)   75        97      1933
 MINIMUM TEMPERATURE (F)   54        35      1928


SUNRISE AND SUNSET
SEPTEMBER 26 2016.....SUNRISE   711 AM EDT   SUNSET   710 PM EDT
SEPTEMBER 27 2016.....SUNRISE   712 AM EDT   SUNSET   708 PM EDT


-  INDICATES NEGATIVE NUMBERS.
R  INDICATES RECORD WAS SET OR TIED.
MM INDICATES DATA IS MISSING.
T  INDICATES TRACE AMOUNT.




$$
