000
CDUS41 KBUF 122039
CLIROC


CLIMATE REPORT
NATIONAL WEATHER SERVICE BUFFALO NY
439 PM EDT SAT JUL 12 2014


...................................

...THE ROCHESTER NY CLIMATE SUMMARY FOR JULY 12 2014...
VALID TODAY AS OF 400 PM LOCAL TIME.

CLIMATE NORMAL PERIOD 1981 TO 2010
CLIMATE RECORD PERIOD 1871 TO 2014


WEATHER ITEM   OBSERVED TIME   RECORD YEAR NORMAL DEPARTURE LAST
                VALUE   (LST)  VALUE       VALUE  FROM      YEAR
                                                  NORMAL
..................................................................
TEMPERATURE (F)
 TODAY
  MAXIMUM         85    144 PM  94    1966  81      4       76
  MINIMUM         60    429 AM  45    1898  61     -1       61
  AVERAGE         73                        71      2       69

PRECIPITATION (IN)
  TODAY            0.00          3.33 2006   0.10  -0.10     0.00
  MONTH TO DATE    1.96                      1.26   0.70     3.22
  SINCE JUN 1      4.02                      4.60  -0.58     9.49
  SINCE JAN 1     17.02                     17.06  -0.04    21.32

SNOWFALL (IN)
  TODAY            0.0           0.0    MM   0.0    0.0      0.0
  MONTH TO DATE    0.0                       0.0    0.0      0.0
  SINCE JUN 1      0.0                       0.0    0.0      0.0
  SINCE JUL 1      0.0                       0.0    0.0      0.0
  SNOW DEPTH       0

DEGREE DAYS
 HEATING
  TODAY            0                         0      0        0
  MONTH TO DATE    1                         6     -5        0
  SINCE JUN 1     30                        74    -44       58
  SINCE JUL 1      1                         6     -5        0

 COOLING
  TODAY            8                         6      2        4
  MONTH TO DATE   70                        72     -2      117
  SINCE JUN 1    220                       178     42      224
  SINCE JAN 1    259                       208     51      295
..................................................................


WIND (MPH)
  HIGHEST WIND SPEED    12   HIGHEST WIND DIRECTION     W (290)
  HIGHEST GUST SPEED    15   HIGHEST GUST DIRECTION    NW (330)
  AVERAGE WIND SPEED     3.5


SKY COVER
  AVERAGE SKY COVER 0.4


WEATHER CONDITIONS
 THE FOLLOWING WEATHER WAS RECORDED TODAY.
  NO SIGNIFICANT WEATHER WAS OBSERVED.


RELATIVE HUMIDITY (PERCENT)
 HIGHEST    90           200 AM
 LOWEST     47          1100 AM
 AVERAGE    69

..........................................................


THE ROCHESTER NY CLIMATE NORMALS FOR TOMORROW
                         NORMAL    RECORD    YEAR
 MAXIMUM TEMPERATURE (F)   81        98      1952
 MINIMUM TEMPERATURE (F)   61        49      1955
                                             1888


SUNRISE AND SUNSET
JULY 12 2014..........SUNRISE   542 AM EDT   SUNSET   850 PM EDT
JULY 13 2014..........SUNRISE   543 AM EDT   SUNSET   849 PM EDT


-  INDICATES NEGATIVE NUMBERS.
R  INDICATES RECORD WAS SET OR TIED.
MM INDICATES DATA IS MISSING.
T  INDICATES TRACE AMOUNT.




$$
