000
CDUS41 KBUF 241027
CLIROC


CLIMATE REPORT
NATIONAL WEATHER SERVICE BUFFALO NY
626 AM EDT TUE MAY 24 2016


...................................

...THE ROCHESTER NY CLIMATE SUMMARY FOR MAY 23 2016...

CLIMATE NORMAL PERIOD 1981 TO 2010
CLIMATE RECORD PERIOD 1871 TO 2016


WEATHER ITEM   OBSERVED TIME   RECORD YEAR NORMAL DEPARTURE LAST
                VALUE   (LST)  VALUE       VALUE  FROM      YEAR
                                                  NORMAL
..................................................................
TEMPERATURE (F)
 YESTERDAY
  MAXIMUM         78    449 PM  90    1930  70      8       67
                                      1893
  MINIMUM         49    459 AM  31    1967  49      0       32
  AVERAGE         64                        59      5       50

PRECIPITATION (IN)
  YESTERDAY        0.00          1.49 1931   0.10  -0.10     0.00
  MONTH TO DATE    1.38                      2.12  -0.74     0.98
  SINCE MAR 1      4.76                      7.35  -2.59     5.02
  SINCE JAN 1     10.06                     11.71  -1.65     9.27

SNOWFALL (IN)
  YESTERDAY        0.0           0.0    MM   0.0    0.0      0.0
  MONTH TO DATE    T                         0.4   -0.4      0.0
  SINCE MAR 1     12.0                      20.6   -8.6     13.3
  SINCE JUL 1     63.7                      99.5  -35.8    101.9
  SNOW DEPTH       0

DEGREE DAYS
 HEATING
  YESTERDAY        1                         7     -6       15
  MONTH TO DATE  255                       228     27      118
  SINCE MAR 1   1691                      1745    -54     1710
  SINCE JUL 1   5608                      6531   -923     6804

 COOLING
  YESTERDAY        0                         1     -1        0
  MONTH TO DATE    0                        14    -14       55
  SINCE MAR 1      0                        18    -18       55
  SINCE JAN 1      0                        18    -18       55
..................................................................


WIND (MPH)
  HIGHEST WIND SPEED    16   HIGHEST WIND DIRECTION     N (10)
  HIGHEST GUST SPEED    21   HIGHEST GUST DIRECTION     N (10)
  AVERAGE WIND SPEED     5.7


SKY COVER
  AVERAGE SKY COVER 0.2


WEATHER CONDITIONS
 THE FOLLOWING WEATHER WAS RECORDED YESTERDAY.
  NO SIGNIFICANT WEATHER WAS OBSERVED.


RELATIVE HUMIDITY (PERCENT)
 HIGHEST    89           300 AM
 LOWEST     27          1200 PM
 AVERAGE    58

..........................................................


THE ROCHESTER NY CLIMATE NORMALS FOR TODAY
                         NORMAL    RECORD    YEAR
 MAXIMUM TEMPERATURE (F)   70        91      2007
 MINIMUM TEMPERATURE (F)   49        31      1956


SUNRISE AND SUNSET
MAY 24 2016...........SUNRISE   539 AM EDT   SUNSET   837 PM EDT
MAY 25 2016...........SUNRISE   538 AM EDT   SUNSET   838 PM EDT


-  INDICATES NEGATIVE NUMBERS.
R  INDICATES RECORD WAS SET OR TIED.
MM INDICATES DATA IS MISSING.
T  INDICATES TRACE AMOUNT.

$$
