000
CDUS41 KBUF 160705
CLIROC


CLIMATE REPORT
NATIONAL WEATHER SERVICE BUFFALO NY
305 AM EDT TUE SEP 16 2014


...................................

...THE ROCHESTER NY CLIMATE SUMMARY FOR SEPTEMBER 15 2014...

CLIMATE NORMAL PERIOD 1981 TO 2010
CLIMATE RECORD PERIOD 1871 TO 2014


WEATHER ITEM   OBSERVED TIME   RECORD YEAR NORMAL DEPARTURE LAST
                VALUE   (LST)  VALUE       VALUE  FROM      YEAR
                                                  NORMAL
..................................................................
TEMPERATURE (F)
 YESTERDAY
  MAXIMUM         69    133 PM  96    1939  72     -3       69
  MINIMUM         49    625 AM  37    1964  52     -3       46
                                      1895
  AVERAGE         59                        62     -3       58

PRECIPITATION (IN)
  YESTERDAY        0.10          1.22 1952   0.11  -0.01     0.11
  MONTH TO DATE    0.82                      1.66  -0.84     1.30
  SINCE SEP 1      0.82                      1.66  -0.84     1.30
  SINCE JAN 1     25.85                     24.26   1.59    26.51

SNOWFALL (IN)
  YESTERDAY       MM             0.0    MM   0.0   MM        0.0
  MONTH TO DATE    0.0                       0.0    0.0      0.0
  SINCE SEP 1      0.0                       0.0    0.0      0.0
  SINCE JUL 1      0.0                       0.0    0.0      0.0
  SNOW DEPTH       0

DEGREE DAYS
 HEATING
  YESTERDAY        6                         4      2        7
  MONTH TO DATE   50                        43      7       60
  SINCE SEP 1     50                        43      7       60
  SINCE JUL 1     75                        77     -2       78

 COOLING
  YESTERDAY        0                         2     -2        0
  MONTH TO DATE   60                        37     23       53
  SINCE SEP 1     60                        37     23       53
  SINCE JAN 1    524                       521      3      644
..................................................................


WIND (MPH)
  HIGHEST WIND SPEED    13   HIGHEST WIND DIRECTION    SW (230)
  HIGHEST GUST SPEED    16   HIGHEST GUST DIRECTION    SW (230)
  AVERAGE WIND SPEED     4.6


SKY COVER
  AVERAGE SKY COVER 0.9


WEATHER CONDITIONS
 THE FOLLOWING WEATHER WAS RECORDED YESTERDAY.
  RAIN
  LIGHT RAIN
  FOG


RELATIVE HUMIDITY (PERCENT)
 HIGHEST    93          1100 PM
 LOWEST     45           200 PM
 AVERAGE    69

..........................................................


THE ROCHESTER NY CLIMATE NORMALS FOR TODAY
                         NORMAL    RECORD    YEAR
 MAXIMUM TEMPERATURE (F)   72        97      1939
 MINIMUM TEMPERATURE (F)   52        34      1964


SUNRISE AND SUNSET
SEPTEMBER 16 2014.....SUNRISE   651 AM EDT   SUNSET   719 PM EDT
SEPTEMBER 17 2014.....SUNRISE   652 AM EDT   SUNSET   717 PM EDT


-  INDICATES NEGATIVE NUMBERS.
R  INDICATES RECORD WAS SET OR TIED.
MM INDICATES DATA IS MISSING.
T  INDICATES TRACE AMOUNT.




$$
