000
CDUS45 KABQ 280828
CLIROW


CLIMATE REPORT
NATIONAL WEATHER SERVICE ALBUQUERQUE NM
227 AM MDT TUE MAR 28 2017


...................................

...THE ROSWELL NM CLIMATE SUMMARY FOR MARCH 27 2017...

CLIMATE NORMAL PERIOD 1981 TO 2010
CLIMATE RECORD PERIOD 1893 TO 2017


WEATHER ITEM   OBSERVED TIME   RECORD YEAR NORMAL DEPARTURE
                VALUE   (LST)  VALUE       VALUE  FROM
                                                  NORMAL
...............................................................
TEMPERATURE (F)
 YESTERDAY
  MAXIMUM         78    440 PM  95    1971  72      6
  MINIMUM         39    603 AM  16    1931  39      0
  AVERAGE         59                        55      4

PRECIPITATION (IN)
  YESTERDAY        0.00          0.76 1930   0.01  -0.01
  MONTH TO DATE    T                         0.44  -0.44
  SINCE MAR 1      T                         0.44  -0.44
  SINCE JAN 1      1.25                      1.24   0.01

SNOWFALL (IN)
  YESTERDAY        0.0
  MONTH TO DATE    0.0
  SINCE MAR 1      0.0
  SINCE JUL 1      2.5

DEGREE DAYS
 HEATING
  YESTERDAY        6                        10     -4
  MONTH TO DATE  153                       351   -198
  SINCE MAR 1    153                       351   -198
  SINCE JUL 1   2298                      3058   -760

 COOLING
  YESTERDAY        0                         0      0
  MONTH TO DATE   32                         0     32
  SINCE MAR 1     32                         0     32
  SINCE JAN 1     32                         0     32
...............................................................


WIND (MPH)
  HIGHEST WIND SPEED    18   HIGHEST WIND DIRECTION    SE (150)
  HIGHEST GUST SPEED    31   HIGHEST GUST DIRECTION     S (170)
  AVERAGE WIND SPEED     9.7


SKY COVER
  AVERAGE SKY COVER 0.0


WEATHER CONDITIONS
 THE FOLLOWING WEATHER WAS RECORDED YESTERDAY.
  NO SIGNIFICANT WEATHER WAS OBSERVED.


RELATIVE HUMIDITY (PERCENT)
 HIGHEST    53           300 AM
 LOWEST     14           800 PM
 AVERAGE    34

..........................................................


THE ROSWELL NM CLIMATE NORMALS FOR TODAY
                         NORMAL    RECORD    YEAR
 MAXIMUM TEMPERATURE (F)   72        94      1967
 MINIMUM TEMPERATURE (F)   39        17      1955


SUNRISE AND SUNSET
MARCH 28 2017.........SUNRISE   651 AM MDT   SUNSET   716 PM MDT
MARCH 29 2017.........SUNRISE   649 AM MDT   SUNSET   717 PM MDT


-  INDICATES NEGATIVE NUMBERS.
R  INDICATES RECORD WAS SET OR TIED.
MM INDICATES DATA IS MISSING.
T  INDICATES TRACE AMOUNT.




$$
