000
CDUS45 KABQ 050830
CLIROW


CLIMATE REPORT
NATIONAL WEATHER SERVICE ALBUQUERQUE NM
229 AM MDT SUN JUL 5 2015


...................................

...THE ROSWELL NM CLIMATE SUMMARY FOR JULY 4 2015...

CLIMATE NORMAL PERIOD 1981 TO 2010
CLIMATE RECORD PERIOD 1893 TO 2015


WEATHER ITEM   OBSERVED TIME   RECORD YEAR NORMAL DEPARTURE
                VALUE   (LST)  VALUE       VALUE  FROM
                                                  NORMAL
...............................................................
TEMPERATURE (F)
 YESTERDAY
  MAXIMUM         93    241 PM 105    1957  95     -2
  MINIMUM         66    539 AM  57    1924  67     -1
                                      1908
                                      1906
  AVERAGE         80                        81     -1

PRECIPITATION (IN)
  YESTERDAY        0.00          4.52 1898   0.08  -0.08
  MONTH TO DATE    T                         0.31  -0.31
  SINCE JUN 1      2.90                      2.04   0.86
  SINCE JAN 1     10.59                      5.21   5.38

SNOWFALL (IN)
  YESTERDAY        0.0
  MONTH TO DATE    0.0
  SINCE JUN 1      0.0
  SINCE JUL 1      0.0

DEGREE DAYS
 HEATING
  YESTERDAY        0                         0      0
  MONTH TO DATE    0                         0      0
  SINCE JUN 1      0                         1     -1
  SINCE JUL 1      0                         0      0

 COOLING
  YESTERDAY       15                        16     -1
  MONTH TO DATE   59                        62     -3
  SINCE JUN 1    467                       459      8
  SINCE JAN 1    574                       684   -110
...............................................................


WIND (MPH)
  HIGHEST WIND SPEED    18   HIGHEST WIND DIRECTION    SE (130)
  HIGHEST GUST SPEED    26   HIGHEST GUST DIRECTION    SE (130)
  AVERAGE WIND SPEED     6.2


SKY COVER
  AVERAGE SKY COVER 0.0


WEATHER CONDITIONS
 THE FOLLOWING WEATHER WAS RECORDED YESTERDAY.
  NO SIGNIFICANT WEATHER WAS OBSERVED.


RELATIVE HUMIDITY (PERCENT)
 HIGHEST    81           100 AM
 LOWEST     29           300 PM
 AVERAGE    55

..........................................................


THE ROSWELL NM CLIMATE NORMALS FOR TODAY
                         NORMAL    RECORD    YEAR
 MAXIMUM TEMPERATURE (F)   94       106      1971
 MINIMUM TEMPERATURE (F)   67        53      1905


SUNRISE AND SUNSET
JULY  5 2015..........SUNRISE   554 AM MDT   SUNSET   811 PM MDT
JULY  6 2015..........SUNRISE   555 AM MDT   SUNSET   811 PM MDT


-  INDICATES NEGATIVE NUMBERS.
R  INDICATES RECORD WAS SET OR TIED.
MM INDICATES DATA IS MISSING.
T  INDICATES TRACE AMOUNT.




$$
