126
CDUS45 KABQ 270830
CLIROW


CLIMATE REPORT
NATIONAL WEATHER SERVICE ALBUQUERQUE NM
130 AM MST MON FEB 27 2017


...................................

...THE ROSWELL NM CLIMATE SUMMARY FOR FEBRUARY 26 2017...

CLIMATE NORMAL PERIOD 1981 TO 2010
CLIMATE RECORD PERIOD 1893 TO 2017


WEATHER ITEM   OBSERVED TIME   RECORD YEAR NORMAL DEPARTURE
                VALUE   (LST)  VALUE       VALUE  FROM
                                                  NORMAL
...............................................................
TEMPERATURE (F)
 YESTERDAY
  MAXIMUM         67    416 PM  85    2009  63      4
                                      1986
  MINIMUM         26   1159 PM  13    1952  33     -7
  AVERAGE         47                        48     -1

PRECIPITATION (IN)
  YESTERDAY        0.00          0.18 1987   0.02  -0.02
  MONTH TO DATE    0.16                      0.39  -0.23
  SINCE DEC 1      1.55                      1.41   0.14
  SINCE JAN 1      1.25                      0.77   0.48

SNOWFALL (IN)
  YESTERDAY        0.0
  MONTH TO DATE    T
  SINCE DEC 1      2.5
  SINCE JUL 1      2.5

DEGREE DAYS
 HEATING
  YESTERDAY       18                        17      1
  MONTH TO DATE  365                       508   -143
  SINCE DEC 1   1744                      2028   -284
  SINCE JUL 1   2130                      2674   -544

 COOLING
  YESTERDAY        0                         0      0
  MONTH TO DATE    0                         0      0
  SINCE DEC 1      0                         0      0
  SINCE JAN 1      0                         0      0
...............................................................


WIND (MPH)
  HIGHEST WIND SPEED    17   HIGHEST WIND DIRECTION    NW (300)
  HIGHEST GUST SPEED    27   HIGHEST GUST DIRECTION    NW (300)
  AVERAGE WIND SPEED     8.3


SKY COVER
  AVERAGE SKY COVER 0.2


WEATHER CONDITIONS
 THE FOLLOWING WEATHER WAS RECORDED YESTERDAY.
  NO SIGNIFICANT WEATHER WAS OBSERVED.


RELATIVE HUMIDITY (PERCENT)
 HIGHEST    49          1100 PM
 LOWEST     12          1200 PM
 AVERAGE    31

..........................................................


THE ROSWELL NM CLIMATE NORMALS FOR TODAY
                         NORMAL    RECORD    YEAR
 MAXIMUM TEMPERATURE (F)   64        85      1904
 MINIMUM TEMPERATURE (F)   34        11      1922


SUNRISE AND SUNSET
FEBRUARY 27 2017......SUNRISE   628 AM MST   SUNSET   554 PM MST
FEBRUARY 28 2017......SUNRISE   627 AM MST   SUNSET   554 PM MST


-  INDICATES NEGATIVE NUMBERS.
R  INDICATES RECORD WAS SET OR TIED.
MM INDICATES DATA IS MISSING.
T  INDICATES TRACE AMOUNT.




$$
