000
CDUS45 KABQ 060835
CLIROW


CLIMATE REPORT
NATIONAL WEATHER SERVICE ALBUQUERQUE NM
229 AM MDT FRI MAY 6 2016


...................................

...THE ROSWELL NM CLIMATE SUMMARY FOR MAY 5 2016...

CLIMATE NORMAL PERIOD 1981 TO 2010
CLIMATE RECORD PERIOD 1893 TO 2016


WEATHER ITEM   OBSERVED TIME   RECORD YEAR NORMAL DEPARTURE
                VALUE   (LST)  VALUE       VALUE  FROM
                                                  NORMAL
...............................................................
TEMPERATURE (F)
 YESTERDAY
  MAXIMUM         88    347 PM 101    2000  82      6
  MINIMUM         46    244 AM  31    1913  51     -5
  AVERAGE         67                        67      0

PRECIPITATION (IN)
  YESTERDAY        0.00          1.46 1981   0.03  -0.03
  MONTH TO DATE    0.01                      0.16  -0.15
  SINCE MAR 1      0.78                      1.28  -0.50
  SINCE JAN 1      1.34                      2.08  -0.74

SNOWFALL (IN)
  YESTERDAY        0.0
  MONTH TO DATE    0.0
  SINCE MAR 1      T
  SINCE JUL 1     17.8

DEGREE DAYS
 HEATING
  YESTERDAY        0                         2     -2
  MONTH TO DATE   36                        10     26
  SINCE MAR 1    451                       561   -110
  SINCE JUL 1   3011                      3268   -257

 COOLING
  YESTERDAY        2                         3     -1
  MONTH TO DATE    2                        15    -13
  SINCE MAR 1     22                        55    -33
  SINCE JAN 1     22                        55    -33
...............................................................


WIND (MPH)
  HIGHEST WIND SPEED    22   HIGHEST WIND DIRECTION     S (170)
  HIGHEST GUST SPEED    35   HIGHEST GUST DIRECTION     S (170)
  AVERAGE WIND SPEED     8.1


SKY COVER
  AVERAGE SKY COVER 0.0


WEATHER CONDITIONS
 THE FOLLOWING WEATHER WAS RECORDED YESTERDAY.
  NO SIGNIFICANT WEATHER WAS OBSERVED.


RELATIVE HUMIDITY (PERCENT)
 HIGHEST    39           200 AM
 LOWEST      7           400 PM
 AVERAGE    23

..........................................................


THE ROSWELL NM CLIMATE NORMALS FOR TODAY
                         NORMAL    RECORD    YEAR
 MAXIMUM TEMPERATURE (F)   82       101      2000
 MINIMUM TEMPERATURE (F)   52        32      1917


SUNRISE AND SUNSET
MAY  6 2016...........SUNRISE   605 AM MDT   SUNSET   745 PM MDT
MAY  7 2016...........SUNRISE   604 AM MDT   SUNSET   746 PM MDT


-  INDICATES NEGATIVE NUMBERS.
R  INDICATES RECORD WAS SET OR TIED.
MM INDICATES DATA IS MISSING.
T  INDICATES TRACE AMOUNT.




$$
