000
CDUS45 KABQ 220831
CLIROW


CLIMATE REPORT
NATIONAL WEATHER SERVICE ALBUQUERQUE NM
229 AM MDT FRI AUG 22 2014


...................................

...THE ROSWELL NM CLIMATE SUMMARY FOR AUGUST 21 2014...

CLIMATE NORMAL PERIOD 1981 TO 2010
CLIMATE RECORD PERIOD 1893 TO 2014


WEATHER ITEM   OBSERVED TIME   RECORD YEAR NORMAL DEPARTURE
                VALUE   (LST)  VALUE       VALUE  FROM
                                                  NORMAL
...............................................................
TEMPERATURE (F)
 YESTERDAY
  MAXIMUM         97    407 PM 101    1911  92      5
  MINIMUM         65    451 AM  31    1944  66     -1
  AVERAGE         81                        78      3

PRECIPITATION (IN)
  YESTERDAY        0.00          0.82 1958   0.07  -0.07
  MONTH TO DATE    2.36                      1.37   0.99
  SINCE JUN 1      7.21                      5.16   2.05
  SINCE JAN 1     12.07                      8.33   3.74

SNOWFALL (IN)
  YESTERDAY        0.0
  MONTH TO DATE    0.0
  SINCE JUN 1      0.0
  SINCE JUL 1      0.0

DEGREE DAYS
 HEATING
  YESTERDAY        0                         0      0
  MONTH TO DATE    0                         0      0
  SINCE JUN 1      0                         1     -1
  SINCE JUL 1      0                         0      0

 COOLING
  YESTERDAY       16                        13      3
  MONTH TO DATE  299                       301     -2
  SINCE JUN 1   1277                      1174    103
  SINCE JAN 1   1531                      1399    132
...............................................................


WIND (MPH)
  HIGHEST WIND SPEED    20   HIGHEST WIND DIRECTION     S (160)
  HIGHEST GUST SPEED    26   HIGHEST GUST DIRECTION     S (160)
  AVERAGE WIND SPEED     7.7


SKY COVER
  AVERAGE SKY COVER 0.1


WEATHER CONDITIONS
 THE FOLLOWING WEATHER WAS RECORDED YESTERDAY.
  NO SIGNIFICANT WEATHER WAS OBSERVED.


RELATIVE HUMIDITY (PERCENT)
 HIGHEST    87           500 AM
 LOWEST     21           400 PM
 AVERAGE    54

..........................................................


THE ROSWELL NM CLIMATE NORMALS FOR TODAY
                         NORMAL    RECORD    YEAR
 MAXIMUM TEMPERATURE (F)   91        99      2011
                                             1999
                                             1985
 MINIMUM TEMPERATURE (F)   65        55      1967


SUNRISE AND SUNSET
AUGUST 22 2014........SUNRISE   626 AM MDT   SUNSET   736 PM MDT
AUGUST 23 2014........SUNRISE   626 AM MDT   SUNSET   735 PM MDT


-  INDICATES NEGATIVE NUMBERS.
R  INDICATES RECORD WAS SET OR TIED.
MM INDICATES DATA IS MISSING.
T  INDICATES TRACE AMOUNT.

$$
