000
CDUS45 KABQ 110828
CLIROW


CLIMATE REPORT
NATIONAL WEATHER SERVICE ALBUQUERQUE NM
127 AM MST THU FEB 11 2016


...................................

...THE ROSWELL NM CLIMATE SUMMARY FOR FEBRUARY 10 2016...

CLIMATE NORMAL PERIOD 1981 TO 2010
CLIMATE RECORD PERIOD 1893 TO 2016


WEATHER ITEM   OBSERVED TIME   RECORD YEAR NORMAL DEPARTURE
                VALUE   (LST)  VALUE       VALUE  FROM
                                                  NORMAL
...............................................................
TEMPERATURE (F)
 YESTERDAY
  MAXIMUM         75    333 PM  82    1962  60     15
  MINIMUM         27    701 AM   0    1929  30     -3
  AVERAGE         51                        45      6

PRECIPITATION (IN)
  YESTERDAY        0.00          0.36 1935   0.02  -0.02
  MONTH TO DATE    0.00                      0.15  -0.15
  SINCE DEC 1      0.78                      1.17  -0.39
  SINCE JAN 1      0.16                      0.53  -0.37

SNOWFALL (IN)
  YESTERDAY        0.0
  MONTH TO DATE    0.0
  SINCE DEC 1     17.8
  SINCE JUL 1     17.8

DEGREE DAYS
 HEATING
  YESTERDAY       14                        20     -6
  MONTH TO DATE  243                       213     30
  SINCE DEC 1   1757                      1733     24
  SINCE JUL 1   2325                      2379    -54

 COOLING
  YESTERDAY        0                         0      0
  MONTH TO DATE    0                         0      0
  SINCE DEC 1      0                         0      0
  SINCE JAN 1      0                         0      0
...............................................................


WIND (MPH)
  HIGHEST WIND SPEED    15   HIGHEST WIND DIRECTION     W (280)
  HIGHEST GUST SPEED    17   HIGHEST GUST DIRECTION     W (280)
  AVERAGE WIND SPEED     5.3


SKY COVER
  AVERAGE SKY COVER 0.0


WEATHER CONDITIONS
 THE FOLLOWING WEATHER WAS RECORDED YESTERDAY.
  NO SIGNIFICANT WEATHER WAS OBSERVED.


RELATIVE HUMIDITY (PERCENT)
 HIGHEST    68           700 AM
 LOWEST     12           300 PM
 AVERAGE    40

..........................................................


THE ROSWELL NM CLIMATE NORMALS FOR TODAY
                         NORMAL    RECORD    YEAR
 MAXIMUM TEMPERATURE (F)   60        84      1962
 MINIMUM TEMPERATURE (F)   30         1      1929


SUNRISE AND SUNSET
FEBRUARY 11 2016......SUNRISE   646 AM MST   SUNSET   539 PM MST
FEBRUARY 12 2016......SUNRISE   645 AM MST   SUNSET   540 PM MST


-  INDICATES NEGATIVE NUMBERS.
R  INDICATES RECORD WAS SET OR TIED.
MM INDICATES DATA IS MISSING.
T  INDICATES TRACE AMOUNT.




$$
