989
CDUS45 KABQ 040846
CLIROW


CLIMATE REPORT
NATIONAL WEATHER SERVICE ALBUQUERQUE NM
145 AM MST SUN DEC 4 2016


...................................

...THE ROSWELL NM CLIMATE SUMMARY FOR DECEMBER 3 2016...

CLIMATE NORMAL PERIOD 1981 TO 2010
CLIMATE RECORD PERIOD 1893 TO 2016


WEATHER ITEM   OBSERVED TIME   RECORD YEAR NORMAL DEPARTURE
                VALUE   (LST)  VALUE       VALUE  FROM
                                                  NORMAL
...............................................................
TEMPERATURE (F)
 YESTERDAY
  MAXIMUM         41    557 PM  80    1977  57    -16
  MINIMUM         34   1143 PM   4    1931  28      6
  AVERAGE         38                        43     -5

PRECIPITATION (IN)
  YESTERDAY        0.16          0.55 2002   0.02   0.14
  MONTH TO DATE    0.18                      0.06   0.12
  SINCE DEC 1      0.18                      0.06   0.12
  SINCE JAN 1     10.52                     12.33  -1.81

SNOWFALL (IN)
  YESTERDAY        T
  MONTH TO DATE    T
  SINCE DEC 1      T
  SINCE JUL 1      T

DEGREE DAYS
 HEATING
  YESTERDAY       27                        22      5
  MONTH TO DATE   79                        66     13
  SINCE DEC 1     79                        66     13
  SINCE JUL 1    465                       712   -247

 COOLING
  YESTERDAY        0                         0      0
  MONTH TO DATE    0                         0      0
  SINCE DEC 1      0                         0      0
  SINCE JAN 1   2066                      1789    277
...............................................................


WIND (MPH)
  HIGHEST WIND SPEED    20   HIGHEST WIND DIRECTION     N (10)
  HIGHEST GUST SPEED    24   HIGHEST GUST DIRECTION     N (10)
  AVERAGE WIND SPEED     8.4


SKY COVER
  AVERAGE SKY COVER 0.9


WEATHER CONDITIONS
 THE FOLLOWING WEATHER WAS RECORDED YESTERDAY.
  RAIN
  LIGHT RAIN
  LIGHT SNOW
  FOG


RELATIVE HUMIDITY (PERCENT)
 HIGHEST    96           400 AM
 LOWEST     79           100 PM
 AVERAGE    88

..........................................................


THE ROSWELL NM CLIMATE NORMALS FOR TODAY
                         NORMAL    RECORD    YEAR
 MAXIMUM TEMPERATURE (F)   57        84      1958
 MINIMUM TEMPERATURE (F)   28         4      1931


SUNRISE AND SUNSET
DECEMBER  4 2016......SUNRISE   647 AM MST   SUNSET   450 PM MST
DECEMBER  5 2016......SUNRISE   647 AM MST   SUNSET   450 PM MST


-  INDICATES NEGATIVE NUMBERS.
R  INDICATES RECORD WAS SET OR TIED.
MM INDICATES DATA IS MISSING.
T  INDICATES TRACE AMOUNT.




$$
