000
CDUS43 KARX 012230
CLIRST


CLIMATE REPORT
NATIONAL WEATHER SERVICE LA CROSSE WI
529 PM CDT FRI AUG 1 2014


...................................

...THE ROCHESTER MN CLIMATE SUMMARY FOR AUGUST 1 2014...
VALID TODAY AS OF 0528 PM LOCAL TIME.

CLIMATE NORMAL PERIOD 1981 TO 2010
CLIMATE RECORD PERIOD 1886 TO 2014


WEATHER ITEM   OBSERVED TIME   RECORD YEAR NORMAL DEPARTURE LAST
                VALUE   (LST)  VALUE       VALUE  FROM      YEAR
                                                  NORMAL
..................................................................
TEMPERATURE (F)
 TODAY
  MAXIMUM         82    251 PM  99    1988  80      2       81
  MINIMUM         57    423 AM  38    1920  61     -4       54
  AVERAGE         70                        70      0       68

PRECIPITATION (IN)
  TODAY            0.00          3.27 1931   0.15  -0.15     0.00
  MONTH TO DATE    0.00                      0.15  -0.15     0.00
  SINCE JUN 1      8.73                      9.38  -0.65     9.00
  SINCE JAN 1     20.06                     19.82   0.24    32.90

SNOWFALL (IN)
  TODAY            0.0           0.0  2012   0.0    0.0      0.0
  MONTH TO DATE    0.0                       0.0    0.0      0.0
  SINCE JUL 1      0.0                       0.0    0.0      0.0
  SNOW DEPTH       0

DEGREE DAYS
 HEATING
  TODAY            0                         0      0        0
  MONTH TO DATE    0                         0      0        0
  SINCE JUL 1     22                        11     11       23

 COOLING
  TODAY            5                         6     -1        3
  MONTH TO DATE    5                         6     -1        3
  SINCE JAN 1    285                       377    -92      388
..................................................................


WIND (MPH)
  HIGHEST WIND SPEED     9   HIGHEST WIND DIRECTION     W (270)
  HIGHEST GUST SPEED    11   HIGHEST GUST DIRECTION     W (290)
  AVERAGE WIND SPEED     5.8


SKY COVER
  POSSIBLE SUNSHINE  MM
  AVERAGE SKY COVER 0.0


WEATHER CONDITIONS
 THE FOLLOWING WEATHER WAS RECORDED TODAY.
  NO SIGNIFICANT WEATHER WAS OBSERVED.


RELATIVE HUMIDITY (PERCENT)
 HIGHEST    86           400 AM
 LOWEST     45          1200 PM
 AVERAGE    66

..........................................................


THE ROCHESTER MN CLIMATE NORMALS FOR TOMORROW
                         NORMAL    RECORD    YEAR
 MAXIMUM TEMPERATURE (F)   80        98      1988
 MINIMUM TEMPERATURE (F)   61        40      1920


SUNRISE AND SUNSET
AUGUST  1 2014........SUNRISE   558 AM CDT   SUNSET   834 PM CDT
AUGUST  2 2014........SUNRISE   600 AM CDT   SUNSET   832 PM CDT


-  INDICATES NEGATIVE NUMBERS.
R  INDICATES RECORD WAS SET OR TIED.
MM INDICATES DATA IS MISSING.
T  INDICATES TRACE AMOUNT.




$$
