000
CDUS43 KARX 270701
CLIRST


CLIMATE REPORT
NATIONAL WEATHER SERVICE LA CROSSE WI
100 AM CST SAT DEC 27 2014


...................................

...THE ROCHESTER MN CLIMATE SUMMARY FOR DECEMBER 26 2014...

CLIMATE NORMAL PERIOD 1981 TO 2010
CLIMATE RECORD PERIOD 1886 TO 2014


WEATHER ITEM   OBSERVED TIME   RECORD YEAR NORMAL DEPARTURE LAST
                VALUE   (LST)  VALUE       VALUE  FROM      YEAR
                                                  NORMAL
..................................................................
TEMPERATURE (F)
 YESTERDAY
  MAXIMUM         33    349 PM  54    1936  25      8       27
  MINIMUM         23    731 AM -26    1950   9     14       13
                                      1914
  AVERAGE         28                        17     11       20

PRECIPITATION (IN)
  YESTERDAY        0.17          0.77 1936   0.03   0.14      T
  MONTH TO DATE    0.87                      1.08  -0.21     0.95
  SINCE DEC 1      0.87                      1.08  -0.21     0.95
  SINCE JAN 1     33.88                     32.87   1.01    41.61

SNOWFALL (IN)
  YESTERDAY        2.0           4.3  1941   0.3    1.7       T
  MONTH TO DATE    6.0                      10.7   -4.7     10.0
  SINCE JUL 1     15.2                      17.6   -2.4     11.3
  SNOW DEPTH       1

DEGREE DAYS
 HEATING
  YESTERDAY       37                        48    -11       45
  MONTH TO DATE  976                      1163   -187     1331
  SINCE JUL 1   2923                      2835     88     3024

 COOLING
  YESTERDAY        0                         0      0        0
  MONTH TO DATE    0                         0      0        0
  SINCE JAN 1    491                       585    -94      656
..................................................................


WIND (MPH)
  HIGHEST WIND SPEED    17   HIGHEST WIND DIRECTION     N (10)
  HIGHEST GUST SPEED    20   HIGHEST GUST DIRECTION     N (10)
  AVERAGE WIND SPEED     9.2


SKY COVER
  POSSIBLE SUNSHINE  MM
  AVERAGE SKY COVER 0.8


WEATHER CONDITIONS
 THE FOLLOWING WEATHER WAS RECORDED YESTERDAY.
  SNOW
  LIGHT SNOW
  FOG
  FOG W/VISIBILITY <= 1/4 MILE


RELATIVE HUMIDITY (PERCENT)
 HIGHEST   100           100 AM
 LOWEST     85           400 PM
 AVERAGE    93

..........................................................


THE ROCHESTER MN CLIMATE NORMALS FOR TODAY
                         NORMAL    RECORD    YEAR
 MAXIMUM TEMPERATURE (F)   24        51      1936
 MINIMUM TEMPERATURE (F)    9       -31      1950


SUNRISE AND SUNSET
DECEMBER 27 2014......SUNRISE   744 AM CST   SUNSET   439 PM CST
DECEMBER 28 2014......SUNRISE   744 AM CST   SUNSET   440 PM CST


-  INDICATES NEGATIVE NUMBERS.
R  INDICATES RECORD WAS SET OR TIED.
MM INDICATES DATA IS MISSING.
T  INDICATES TRACE AMOUNT.




$$
