000
CDUS43 KARX 010637
CLIRST


CLIMATE REPORT
NATIONAL WEATHER SERVICE LA CROSSE WI
136 AM CDT TUE SEP 1 2015


...................................

...THE ROCHESTER MN CLIMATE SUMMARY FOR AUGUST 31 2015...

CLIMATE NORMAL PERIOD 1981 TO 2010
CLIMATE RECORD PERIOD 1886 TO 2015


WEATHER ITEM   OBSERVED TIME   RECORD YEAR NORMAL DEPARTURE LAST
                VALUE   (LST)  VALUE       VALUE  FROM      YEAR
                                                  NORMAL
..................................................................
TEMPERATURE (F)
 YESTERDAY
  MAXIMUM         82    405 PM  93    1960  77      5       84
                                      1953
  MINIMUM         60    212 AM  38    1967  57      3       63
                                      1886
  AVERAGE         71                        67      4       74

PRECIPITATION (IN)
  YESTERDAY        0.00          1.87 1981   0.14  -0.14     0.33
  MONTH TO DATE    3.16                      4.52  -1.36     5.36
  SINCE JUN 1     12.56                     13.75  -1.19    14.86
  SINCE JAN 1     25.17                     24.19   0.98    26.19

SNOWFALL (IN)
  YESTERDAY        0.0           0.0  2012   0.0    0.0      0.0
  MONTH TO DATE    0.0                       0.0    0.0      0.0
  SINCE JUL 1      0.0                       0.0    0.0      0.0
  SNOW DEPTH       0

DEGREE DAYS
 HEATING
  YESTERDAY        0                         2     -2        0
  MONTH TO DATE   42                        30     12        3
  SINCE JUL 1     59                        38     21       25

 COOLING
  YESTERDAY        6                         4      2        9
  MONTH TO DATE   98                       154    -56      180
  SINCE JAN 1    375                       525   -150      460
..................................................................


WIND (MPH)
  HIGHEST WIND SPEED    20   HIGHEST WIND DIRECTION     S (190)
  HIGHEST GUST SPEED    25   HIGHEST GUST DIRECTION     S (190)
  AVERAGE WIND SPEED    10.8


SKY COVER
  POSSIBLE SUNSHINE  MM
  AVERAGE SKY COVER 0.5


WEATHER CONDITIONS
 THE FOLLOWING WEATHER WAS RECORDED YESTERDAY.
  FOG
  FOG W/VISIBILITY <= 1/4 MILE
  HAZE


RELATIVE HUMIDITY (PERCENT)
 HIGHEST   100           300 AM
 LOWEST     69           400 PM
 AVERAGE    85

..........................................................


THE ROCHESTER MN CLIMATE NORMALS FOR TODAY
                         NORMAL    RECORD    YEAR
 MAXIMUM TEMPERATURE (F)   76        94      1937
 MINIMUM TEMPERATURE (F)   56        34      1909


SUNRISE AND SUNSET
SEPTEMBER  1 2015.....SUNRISE   633 AM CDT   SUNSET   746 PM CDT
SEPTEMBER  2 2015.....SUNRISE   634 AM CDT   SUNSET   744 PM CDT


-  INDICATES NEGATIVE NUMBERS.
R  INDICATES RECORD WAS SET OR TIED.
MM INDICATES DATA IS MISSING.
T  INDICATES TRACE AMOUNT.




$$
